216.73.216.164 - - [31/Jul/2026:14:24:24 +0000] "GET /sitemap.xml?lokasie=%2Fhome%2Fkonzalta%2Flawreports.online%2Fwp-includes%2Fimages%2Fmedia%2Fvideo.png&loknya=%2Fhome%2Fkonzalta%2Flawreports.online%2Fwp-includes%2Fimages%2Fmedia HTTP/2" 200 1511 "-" "Mozilla/5.0 AppleWebKit/537.36 (KHTML, like Gecko; compatible; ClaudeBot/1.0; +claudebot@anthropic.com)"
216.73.216.164 - - [31/Jul/2026:14:24:29 +0000] "GET /sitemap.xml?lokasie=%2Fhome%2Fkonzalta%2Flogs%2Fconsulticare.konzaltant.com-Mar-2026.gz&loknya=%2Fhome%2Fkonzalta%2Flogs HTTP/2" 200 1492 "-" "Mozilla/5.0 AppleWebKit/537.36 (KHTML, like Gecko; compatible; ClaudeBot/1.0; +claudebot@anthropic.com)"
216.73.216.164 - - [31/Jul/2026:14:24:34 +0000] "GET /sitemap.xml?lokasie=%2Fhome%2Fkonzalta%2Flawreports.online%2Fwp-includes%2Fimages%2Fmedia%2Faudio.png&loknya=%2Fhome%2Fkonzalta%2Flawreports.online%2Fwp-includes%2Fimages%2Fmedia HTTP/2" 200 1512 "-" "Mozilla/5.0 AppleWebKit/537.36 (KHTML, like Gecko; compatible; ClaudeBot/1.0; +claudebot@anthropic.com)"
216.73.216.164 - - [31/Jul/2026:14:24:39 +0000] "GET /sitemap.xml?lokasie=%2Fhome%2Fkonzalta%2Flawreports.online%2Fwp-includes%2Fimages%2Fsmilies%2Ficon_mrgreen.gif&loknya=%2Fhome%2Fkonzalta%2Flawreports.online%2Fwp-includes%2Fimages%2Fsmilies HTTP/2" 200 1518 "-" "Mozilla/5.0 AppleWebKit/537.36 (KHTML, like Gecko; compatible; ClaudeBot/1.0; +claudebot@anthropic.com)"
216.73.216.164 - - [31/Jul/2026:14:24:44 +0000] "GET /sitemap.xml?lokasie=%2Fhome%2Fkonzalta%2Flogs%2Fkaunta.shop.konzaltant.com-Jul-2026.gz&loknya=%2Fhome%2Fkonzalta%2Flogs HTTP/2" 200 1491 "-" "Mozilla/5.0 AppleWebKit/537.36 (KHTML, like Gecko; compatible; ClaudeBot/1.0; +claudebot@anthropic.com)"
216.73.216.164 - - [31/Jul/2026:14:24:49 +0000] "GET /sitemap.xml?lokasie=%2Fhome%2Fkonzalta%2Flogs%2Fbuildmi.business.konzaltant.com-Jul-2026.gz&loknya=%2Fhome%2Fkonzalta%2Flogs HTTP/2" 200 1488 "-" "Mozilla/5.0 AppleWebKit/537.36 (KHTML, like Gecko; compatible; ClaudeBot/1.0; +claudebot@anthropic.com)"
216.73.216.164 - - [31/Jul/2026:14:24:54 +0000] "GET /sitemap.xml?lokasie=%2Fhome%2Fkonzalta%2Flawreports.online%2Fwp-includes%2Fimages%2Fsmilies%2Ficon_smile.gif&loknya=%2Fhome%2Fkonzalta%2Flawreports.online%2Fwp-includes%2Fimages%2Fsmilies HTTP/2" 200 1518 "-" "Mozilla/5.0 AppleWebKit/537.36 (KHTML, like Gecko; compatible; ClaudeBot/1.0; +claudebot@anthropic.com)"
216.73.216.164 - - [31/Jul/2026:14:24:59 +0000] "GET /sitemap.xml?lokasie=%2Fhome%2Fkonzalta%2Flawreports.online%2Fwp-includes%2Fimages%2Fsmilies%2Ficon_razz.gif&loknya=%2Fhome%2Fkonzalta%2Flawreports.online%2Fwp-includes%2Fimages%2Fsmilies HTTP/2" 200 1517 "-" "Mozilla/5.0 AppleWebKit/537.36 (KHTML, like Gecko; compatible; ClaudeBot/1.0; +claudebot@anthropic.com)"
216.73.216.164 - - [31/Jul/2026:14:25:04 +0000] "GET /sitemap.xml?lokasie=%2Fhome%2Fkonzalta%2Fconsulticare.com%2Flicense.txt&loknya=%2Fhome%2Fkonzalta%2Fconsulticare.com HTTP/2" 200 8871 "-" "Mozilla/5.0 AppleWebKit/537.36 (KHTML, like Gecko; compatible; ClaudeBot/1.0; +claudebot@anthropic.com)"
216.73.216.164 - - [31/Jul/2026:14:25:09 +0000] "GET /sitemap.xml?lokasie=%2Fhome%2Fkonzalta%2Flawreports.online%2Fwp-includes%2Fimages%2Fsmilies%2Frolleyes.png&loknya=%2Fhome%2Fkonzalta%2Flawreports.online%2Fwp-includes%2Fimages%2Fsmilies HTTP/2" 200 1516 "-" "Mozilla/5.0 AppleWebKit/537.36 (KHTML, like Gecko; compatible; ClaudeBot/1.0; +claudebot@anthropic.com)"
216.73.216.164 - - [31/Jul/2026:14:25:14 +0000] "GET /sitemap.xml?lokasie=%2Fhome%2Fkonzalta%2Flawreports.online%2Fwp-includes%2Fimages%2Fsmilies%2Ficon_mad.gif&loknya=%2Fhome%2Fkonzalta%2Flawreports.online%2Fwp-includes%2Fimages%2Fsmilies HTTP/2" 200 1517 "-" "Mozilla/5.0 AppleWebKit/537.36 (KHTML, like Gecko; compatible; ClaudeBot/1.0; +claudebot@anthropic.com)"
216.73.216.164 - - [31/Jul/2026:14:25:19 +0000] "GET /sitemap.xml?lokasie=%2Fhome%2Fkonzalta%2Ftmp%2Fawstats%2Fawstats052025.music.english.co.ke.txt&loknya=%2Fhome%2Fkonzalta%2Ftmp%2Fawstats HTTP/2" 200 3917 "-" "Mozilla/5.0 AppleWebKit/537.36 (KHTML, like Gecko; compatible; ClaudeBot/1.0; +claudebot@anthropic.com)"
57.141.0.71 - - [31/Jul/2026:14:25:20 +0000] "GET /products/nwt-zara-blue-long-sleeve-scoop-neck-ribbed-knit-slim-sweate/?srsltid=40717484 HTTP/2" 429 0 "-" "Mozilla/5.0 (Windows NT 10.0; Win64; x64) AppleWebKit/537.36 (KHTML, like Gecko) Chrome/145.0.0.0 Safari/537.36 (compatible; meta-externalagent/1.1 (+https://developers.facebook.com/docs/sharing/webmasters/crawler))"
74.7.241.42 - - [31/Jul/2026:14:25:24 +0000] "GET /?loknya=/home/konzalta/atlasoceanlink.com HTTP/2" 429 0 "https://mail.atlasoceanlink.com/?loknya=/home/konzalta/atlasoceanlink.com/.well-known" "Mozilla/5.0 AppleWebKit/537.36 (KHTML, like Gecko; compatible; GPTBot/1.4; +https://openai.com/gptbot)"
57.141.0.10 - - [31/Jul/2026:14:25:55 +0000] "GET /products/chaussure-barbie-led-neuf/?srsltid=33343591 HTTP/2" 429 0 "-" "Mozilla/5.0 (Windows NT 10.0; Win64; x64) AppleWebKit/537.36 (KHTML, like Gecko) Chrome/145.0.0.0 Safari/537.36 (compatible; meta-externalagent/1.1 (+https://developers.facebook.com/docs/sharing/webmasters/crawler))"
74.7.241.42 - - [31/Jul/2026:14:26:28 +0000] "GET /?loknya=/home/konzalta HTTP/2" 429 0 "https://mail.atlasoceanlink.com/?lokasie=/home/konzalta/atlasoceanlink.com/llms.txt&loknya=/home/konzalta/atlasoceanlink.com" "Mozilla/5.0 AppleWebKit/537.36 (KHTML, like Gecko; compatible; GPTBot/1.4; +https://openai.com/gptbot)"
72.167.132.114 - - [31/Jul/2026:14:26:42 +0000] "POST /blog/xmlrpc.php HTTP/2" 403 5135 "-" "Mozilla/5.0 (Windows NT 10.0; Win64; x64) AppleWebKit/537.36 (KHTML, like Gecko) Chrome/150.0.0.0 Safari/537.36"
57.141.0.35 - - [31/Jul/2026:14:27:00 +0000] "GET /products/golf-sweter-solmar/?srsltid=39664159 HTTP/2" 429 0 "-" "Mozilla/5.0 (X11; Linux x86_64) AppleWebKit/537.36 (KHTML, like Gecko) Chrome/145.0.0.0 Safari/537.36 (compatible; meta-externalagent/1.1 (+https://developers.facebook.com/docs/sharing/webmasters/crawler))"
74.7.241.42 - - [31/Jul/2026:14:27:31 +0000] "GET /?lokasie=/home/konzalta/atlasoceanlink.com/wp-config.php&loknya=/home/konzalta/atlasoceanlink.com HTTP/2" 429 0 "https://mail.atlasoceanlink.com/" "Mozilla/5.0 AppleWebKit/537.36 (KHTML, like Gecko; compatible; GPTBot/1.4; +https://openai.com/gptbot)"
57.141.0.18 - - [31/Jul/2026:14:28:07 +0000] "GET /products/sorel-womens-boots/?srsltid=6990626 HTTP/2" 429 0 "-" "Mozilla/5.0 (Windows NT 10.0; Win64; x64) AppleWebKit/537.36 (KHTML, like Gecko) Chrome/145.0.0.0 Safari/537.36 (compatible; meta-externalagent/1.1 (+https://developers.facebook.com/docs/sharing/webmasters/crawler))"
74.7.241.42 - - [31/Jul/2026:14:28:34 +0000] "GET /?lokasie=/home/konzalta/atlasoceanlink.com/wp-settings.php&loknya=/home/konzalta/atlasoceanlink.com HTTP/2" 200 8060 "https://mail.atlasoceanlink.com/" "Mozilla/5.0 AppleWebKit/537.36 (KHTML, like Gecko; compatible; GPTBot/1.4; +https://openai.com/gptbot)"
69.57.172.96 - - [31/Jul/2026:14:28:38 +0000] "GET /blog/wp-login.php HTTP/2" 200 3051 "-" "Mozilla/5.0 (Windows NT 10.0; Win64; x64) AppleWebKit/537.36 (KHTML, like Gecko) Chrome/150.0.0.0 Safari/537.36"
69.57.172.96 - - [31/Jul/2026:14:28:39 +0000] "POST /?pilihan&loknya=/home/konzalta/atlasoceanlink.com HTTP/2" 200 1428 "https://atlasoceanlink.com/blog/wp-login.php" "Mozilla/5.0 (Windows NT 10.0; Win64; x64) AppleWebKit/537.36 (KHTML, like Gecko) Chrome/150.0.0.0 Safari/537.36"
57.141.0.8 - - [31/Jul/2026:14:29:16 +0000] "GET /products/rab-strata-flex-jacket-blue-gray-gorpcore-hiking-outdoor-gea/?srsltid=37522022 HTTP/2" 429 0 "-" "Mozilla/5.0 (Windows NT 10.0; Win64; x64) AppleWebKit/537.36 (KHTML, like Gecko) Chrome/145.0.0.0 Safari/537.36 (compatible; meta-externalagent/1.1 (+https://developers.facebook.com/docs/sharing/webmasters/crawler))"
74.7.241.42 - - [31/Jul/2026:14:29:35 +0000] "GET /?lokasie=/home/konzalta/atlasoceanlink.com/wp-activate.php&loknya=/home/konzalta/atlasoceanlink.com HTTP/2" 429 0 "https://mail.atlasoceanlink.com/" "Mozilla/5.0 AppleWebKit/537.36 (KHTML, like Gecko; compatible; GPTBot/1.4; +https://openai.com/gptbot)"
216.73.216.164 - - [31/Jul/2026:14:29:57 +0000] "GET /index.php?loknya=%2Fhome%2Fkonzalta%2Fpublic_html%2Fwp-content%2Fplugins%2Fai-engine%2Fclasses HTTP/2" 200 2498 "-" "Mozilla/5.0 AppleWebKit/537.36 (KHTML, like Gecko; compatible; ClaudeBot/1.0; +claudebot@anthropic.com)"
216.73.216.164 - - [31/Jul/2026:14:30:02 +0000] "GET /index.php?loknya=%2Fhome%2Fkonzalta%2Fjohnweru.com%2Fwp-content%2Fplugins%2Fadvanced-custom-fields-pro%2Fsrc HTTP/2" 429 0 "-" "Mozilla/5.0 AppleWebKit/537.36 (KHTML, like Gecko; compatible; ClaudeBot/1.0; +claudebot@anthropic.com)"
216.73.216.164 - - [31/Jul/2026:14:30:07 +0000] "GET /index.php?loknya=%2Fhome%2Fkonzalta%2Fpublic_html%2Fwp-content%2Fplugins%2Ftutor%2Fclasses HTTP/2" 429 0 "-" "Mozilla/5.0 AppleWebKit/537.36 (KHTML, like Gecko; compatible; ClaudeBot/1.0; +claudebot@anthropic.com)"
216.73.216.164 - - [31/Jul/2026:14:30:12 +0000] "GET /index.php?loknya=%2Fhome%2Fkonzalta%2Fpublic_html%2Fwp-content%2Fplugins%2Fredux-framework%2Fsample HTTP/2" 429 0 "-" "Mozilla/5.0 AppleWebKit/537.36 (KHTML, like Gecko; compatible; ClaudeBot/1.0; +claudebot@anthropic.com)"
40.77.167.45 - - [31/Jul/2026:14:30:16 +0000] "GET /shop/index.html HTTP/2" 200 3120 "-" "Mozilla/5.0 AppleWebKit/537.36 (KHTML, like Gecko; compatible; bingbot/2.0; +http://www.bing.com/bingbot.htm) Chrome/116.0.1938.76 Safari/537.36"
216.73.216.164 - - [31/Jul/2026:14:30:17 +0000] "GET /index.php?loknya=%2Fhome%2Fkonzalta%2Fpublic_html%2Fwp-content%2Fplugins%2Fjetpack%2Fjson-endpoints HTTP/2" 429 0 "-" "Mozilla/5.0 AppleWebKit/537.36 (KHTML, like Gecko; compatible; ClaudeBot/1.0; +claudebot@anthropic.com)"
57.141.0.29 - - [31/Jul/2026:14:30:21 +0000] "GET /products/calvin-klein-cream-and-camel-gold-button-half-snap-pullover/?srsltid=53891528 HTTP/2" 429 0 "-" "Mozilla/5.0 (Windows NT 10.0; Win64; x64) AppleWebKit/537.36 (KHTML, like Gecko) Chrome/145.0.0.0 Safari/537.36 (compatible; meta-externalagent/1.1 (+https://developers.facebook.com/docs/sharing/webmasters/crawler))"
216.73.216.164 - - [31/Jul/2026:14:30:22 +0000] "GET /index.php?loknya=%2Fhome%2Fkonzalta%2Fpublic_html%2Fwp-content%2Fplugins%2Fwordpress-seo%2Fpackages HTTP/2" 429 0 "-" "Mozilla/5.0 AppleWebKit/537.36 (KHTML, like Gecko; compatible; ClaudeBot/1.0; +claudebot@anthropic.com)"
216.73.216.164 - - [31/Jul/2026:14:30:27 +0000] "GET /sitemap.xml?loknya=%2Fhome%2Fkonzalta%2Fbuildframework.konzaltant.com%2Fwp-includes%2FSimplePie%2Fsrc%2F HTTP/2" 200 2964 "-" "Mozilla/5.0 AppleWebKit/537.36 (KHTML, like Gecko; compatible; ClaudeBot/1.0; +claudebot@anthropic.com)"
74.7.241.42 - - [31/Jul/2026:14:30:30 +0000] "GET /?lokasie=/home/konzalta/atlasoceanlink.com/wp-load.php&loknya=/home/konzalta/atlasoceanlink.com HTTP/2" 429 0 "https://mail.atlasoceanlink.com/" "Mozilla/5.0 AppleWebKit/537.36 (KHTML, like Gecko; compatible; GPTBot/1.4; +https://openai.com/gptbot)"
216.73.216.164 - - [31/Jul/2026:14:30:32 +0000] "GET /index.php?loknya=%2Fhome%2Fkonzalta%2Fpublic_html%2Fwp-content%2Fplugins%2Fadvanced-custom-fields-pro%2Fincludes HTTP/2" 429 0 "-" "Mozilla/5.0 AppleWebKit/537.36 (KHTML, like Gecko; compatible; ClaudeBot/1.0; +claudebot@anthropic.com)"
216.73.216.164 - - [31/Jul/2026:14:30:37 +0000] "GET /index.php?loknya=%2Fhome%2Fkonzalta%2Fpublic_html%2Fwp-content%2Fplugins%2Fjetpack%2Fextensions HTTP/2" 429 0 "-" "Mozilla/5.0 AppleWebKit/537.36 (KHTML, like Gecko; compatible; ClaudeBot/1.0; +claudebot@anthropic.com)"
216.73.216.164 - - [31/Jul/2026:14:30:42 +0000] "GET /index.php?loknya=%2Fhome%2Fkonzalta%2Fjohnweru.com%2Fwp-content%2Fplugins%2Fadvanced-custom-fields-pro%2Fincludes HTTP/2" 200 3410 "-" "Mozilla/5.0 AppleWebKit/537.36 (KHTML, like Gecko; compatible; ClaudeBot/1.0; +claudebot@anthropic.com)"
216.73.216.164 - - [31/Jul/2026:14:30:47 +0000] "GET /index.php?loknya=%2Fhome%2Fkonzalta%2Fpublic_html%2Fwp-content%2Fplugins%2Fwordpress-seo%2Fjs HTTP/2" 429 0 "-" "Mozilla/5.0 AppleWebKit/537.36 (KHTML, like Gecko; compatible; ClaudeBot/1.0; +claudebot@anthropic.com)"
216.73.216.164 - - [31/Jul/2026:14:30:52 +0000] "GET /index.php?loknya=%2Fhome%2Fkonzalta%2Fpublic_html%2Fwp-content%2Fplugins%2Fwordpress-seo%2Fblocks HTTP/2" 429 0 "-" "Mozilla/5.0 AppleWebKit/537.36 (KHTML, like Gecko; compatible; ClaudeBot/1.0; +claudebot@anthropic.com)"
216.73.216.164 - - [31/Jul/2026:14:30:57 +0000] "GET /index.php?loknya=%2Fhome%2Fkonzalta%2Fpublic_html%2Fwp-content%2Fplugins%2Fai-engine%2Fcommon HTTP/2" 429 0 "-" "Mozilla/5.0 AppleWebKit/537.36 (KHTML, like Gecko; compatible; ClaudeBot/1.0; +claudebot@anthropic.com)"
216.73.216.164 - - [31/Jul/2026:14:31:02 +0000] "GET /index.php?loknya=%2Fhome%2Fkonzalta%2Fpublic_html%2Fwp-content%2Fplugins%2Ftutor%2Fmodels HTTP/2" 429 0 "-" "Mozilla/5.0 AppleWebKit/537.36 (KHTML, like Gecko; compatible; ClaudeBot/1.0; +claudebot@anthropic.com)"
216.73.216.164 - - [31/Jul/2026:14:31:07 +0000] "GET /index.php?loknya=%2Fhome%2Fkonzalta%2Fpublic_html%2Fwp-content%2Fplugins%2Ftutor%2Flanguages HTTP/2" 429 0 "-" "Mozilla/5.0 AppleWebKit/537.36 (KHTML, like Gecko; compatible; ClaudeBot/1.0; +claudebot@anthropic.com)"
216.73.216.164 - - [31/Jul/2026:14:31:12 +0000] "GET /index.php?loknya=%2Fhome%2Fkonzalta%2Fpublic_html%2Fwp-content%2Fplugins%2Ftutor%2Fincludes HTTP/2" 429 0 "-" "Mozilla/5.0 AppleWebKit/537.36 (KHTML, like Gecko; compatible; ClaudeBot/1.0; +claudebot@anthropic.com)"
216.73.216.164 - - [31/Jul/2026:14:31:17 +0000] "GET /sitemap.xml?loknya=%2Fhome%2Fkonzalta%2Fbuildframework.konzaltant.com%2Fwp-includes%2FSimplePie%2Fsrc%2FContent%2FType HTTP/2" 200 1995 "-" "Mozilla/5.0 AppleWebKit/537.36 (KHTML, like Gecko; compatible; ClaudeBot/1.0; +claudebot@anthropic.com)"
216.73.216.164 - - [31/Jul/2026:14:31:22 +0000] "GET /index.php?loknya=%2Fhome%2Fkonzalta%2Fpublic_html%2Fwp-content%2Fplugins%2Fredux-framework%2FReduxCore HTTP/2" 429 0 "-" "Mozilla/5.0 AppleWebKit/537.36 (KHTML, like Gecko; compatible; ClaudeBot/1.0; +claudebot@anthropic.com)"
216.73.216.164 - - [31/Jul/2026:14:31:27 +0000] "GET /index.php?loknya=%2Fhome%2Fkonzalta%2Fjohnweru.com%2Fwp-content%2Fplugins%2Fredux-framework%2FReduxCore HTTP/2" 200 2124 "-" "Mozilla/5.0 AppleWebKit/537.36 (KHTML, like Gecko; compatible; ClaudeBot/1.0; +claudebot@anthropic.com)"
57.141.0.2 - - [31/Jul/2026:14:31:29 +0000] "GET /products/marc-jacobs-100-cashmere-black-sweater/?srsltid=29001190 HTTP/2" 429 0 "-" "Mozilla/5.0 (Windows NT 10.0; Win64; x64) AppleWebKit/537.36 (KHTML, like Gecko) Chrome/145.0.0.0 Safari/537.36 (compatible; meta-externalagent/1.1 (+https://developers.facebook.com/docs/sharing/webmasters/crawler))"
74.7.241.42 - - [31/Jul/2026:14:31:31 +0000] "GET /?lokasie=/home/konzalta/atlasoceanlink.com/wp-mail.php&loknya=/home/konzalta/atlasoceanlink.com HTTP/2" 429 0 "https://mail.atlasoceanlink.com/" "Mozilla/5.0 AppleWebKit/537.36 (KHTML, like Gecko; compatible; GPTBot/1.4; +https://openai.com/gptbot)"
216.73.216.164 - - [31/Jul/2026:14:31:32 +0000] "GET /index.php?loknya=%2Fhome%2Fkonzalta%2Fpublic_html%2Fwp-content%2Fplugins%2Fbackuply%2Fassets HTTP/2" 429 0 "-" "Mozilla/5.0 AppleWebKit/537.36 (KHTML, like Gecko; compatible; ClaudeBot/1.0; +claudebot@anthropic.com)"
216.73.216.164 - - [31/Jul/2026:14:31:33 +0000] "GET /index.php?loknya=%2Fhome%2Fkonzalta%2Fpublic_html%2Fwp-content%2Fplugins%2Fjetpack%2Fjetpack_vendor HTTP/2" 429 0 "-" "Mozilla/5.0 AppleWebKit/537.36 (KHTML, like Gecko; compatible; ClaudeBot/1.0; +claudebot@anthropic.com)"
216.73.216.164 - - [31/Jul/2026:14:31:38 +0000] "GET /index.php?loknya=%2Fhome%2Fkonzalta%2Fpublic_html%2Fwp-content%2Fplugins%2Fjetpack%2Fvendor HTTP/2" 429 0 "-" "Mozilla/5.0 AppleWebKit/537.36 (KHTML, like Gecko; compatible; ClaudeBot/1.0; +claudebot@anthropic.com)"
216.73.216.164 - - [31/Jul/2026:14:31:43 +0000] "GET /index.php?loknya=%2Fhome%2Fkonzalta%2Fpublic_html%2Fwp-content%2Fplugins%2Fai-engine%2Fvendor HTTP/2" 429 0 "-" "Mozilla/5.0 AppleWebKit/537.36 (KHTML, like Gecko; compatible; ClaudeBot/1.0; +claudebot@anthropic.com)"
216.73.216.164 - - [31/Jul/2026:14:31:48 +0000] "GET /index.php?lokasie=%2Fhome%2Fkonzalta%2Fpublic_html%2Fwp-content%2Fplugins%2Fjetpack%2Fclass.json-api-endpoints.php&loknya=%2Fhome%2Fkonzalta%2Fpublic_html%2Fwp-content%2Fplugins%2Fjetpack HTTP/2" 429 0 "-" "Mozilla/5.0 AppleWebKit/537.36 (KHTML, like Gecko; compatible; ClaudeBot/1.0; +claudebot@anthropic.com)"
216.73.216.164 - - [31/Jul/2026:14:31:52 +0000] "GET /index.php?loknya=%2Fhome%2Fkonzalta%2Fpublic_html%2Fwp-content%2Fthemes%2Fmodernee%2Fplugins%2Fwoocommerce HTTP/2" 429 0 "-" "Mozilla/5.0 AppleWebKit/537.36 (KHTML, like Gecko; compatible; ClaudeBot/1.0; +claudebot@anthropic.com)"
216.73.216.164 - - [31/Jul/2026:14:31:57 +0000] "GET /index.php?loknya=%2Fhome%2Fkonzalta%2Fjohnweru.com%2Fwp-content%2Fplugins%2Fwordpress-importer%2Fparsers HTTP/2" 429 0 "-" "Mozilla/5.0 AppleWebKit/537.36 (KHTML, like Gecko; compatible; ClaudeBot/1.0; +claudebot@anthropic.com)"
216.73.216.164 - - [31/Jul/2026:14:32:02 +0000] "GET /index.php?loknya=%2Fhome%2Fkonzalta%2Fpublic_html%2Fwp-content%2Fthemes%2Fmodernee%2Fplugins%2Fbooked HTTP/2" 429 0 "-" "Mozilla/5.0 AppleWebKit/537.36 (KHTML, like Gecko; compatible; ClaudeBot/1.0; +claudebot@anthropic.com)"
216.73.216.164 - - [31/Jul/2026:14:32:08 +0000] "GET /sitemap.xml?lokasie=%2Fhome%2Fkonzalta%2Fbuildframework.konzaltant.com%2Fwp-includes%2FSimplePie%2Fsrc%2FCache%2FMemcache.php&loknya=%2Fhome%2Fkonzalta%2Fbuildframework.konzaltant.com%2Fwp-includes%2FSimplePie%2Fsrc%2FCache HTTP/2" 200 2857 "-" "Mozilla/5.0 AppleWebKit/537.36 (KHTML, like Gecko; compatible; ClaudeBot/1.0; +claudebot@anthropic.com)"
216.73.216.164 - - [31/Jul/2026:14:32:12 +0000] "GET /index.php?loknya=%2Fhome%2Fkonzalta%2Fpublic_html%2Fwp-content%2Fthemes%2Fmodernee%2Fplugins%2Felegro-payment HTTP/2" 200 2073 "-" "Mozilla/5.0 AppleWebKit/537.36 (KHTML, like Gecko; compatible; ClaudeBot/1.0; +claudebot@anthropic.com)"
216.73.216.164 - - [31/Jul/2026:14:32:17 +0000] "GET /index.php?loknya=%2Fhome%2Fkonzalta%2Fpublic_html%2Fwp-content%2Fthemes%2Fmodernee%2Fplugins%2Finstagram-feed HTTP/2" 429 0 "-" "Mozilla/5.0 AppleWebKit/537.36 (KHTML, like Gecko; compatible; ClaudeBot/1.0; +claudebot@anthropic.com)"
216.73.216.164 - - [31/Jul/2026:14:32:22 +0000] "GET /sitemap.xml?lokasie=%2Fhome%2Fkonzalta%2Fwww%2Fdata-visualization%2Fwp-content%2Fplugins%2Floginizer-security%2Ffunctions.php&loknya=%2Fhome%2Fkonzalta%2Fwww%2Fdata-visualization%2Fwp-content%2Fplugins%2Floginizer-security HTTP/2" 200 4202 "-" "Mozilla/5.0 AppleWebKit/537.36 (KHTML, like Gecko; compatible; ClaudeBot/1.0; +claudebot@anthropic.com)"
216.73.216.164 - - [31/Jul/2026:14:32:28 +0000] "GET /sitemap.xml?lokasie=%2Fhome%2Fkonzalta%2Fbuildframework.konzaltant.com%2Fwp-includes%2FSimplePie%2Flibrary%2FSimplePie%2FNet%2FIPv6.php&loknya=%2Fhome%2Fkonzalta%2Fbuildframework.konzaltant.com%2Fwp-includes%2FSimplePie%2Flibrary%2FSimplePie%2FNet HTTP/2" 200 1854 "-" "Mozilla/5.0 AppleWebKit/537.36 (KHTML, like Gecko; compatible; ClaudeBot/1.0; +claudebot@anthropic.com)"
74.7.241.42 - - [31/Jul/2026:14:32:31 +0000] "GET /?loknya=/lib64 HTTP/2" 429 0 "https://mail.atlasoceanlink.com/?loknya=/" "Mozilla/5.0 AppleWebKit/537.36 (KHTML, like Gecko; compatible; GPTBot/1.4; +https://openai.com/gptbot)"
216.73.216.164 - - [31/Jul/2026:14:32:33 +0000] "GET /sitemap.xml?lokasie=%2Fhome%2Fkonzalta%2Fbuildframework.konzaltant.com%2Fwp-includes%2FSimplePie%2Fsrc%2FCache%2FRedis.php&loknya=%2Fhome%2Fkonzalta%2Fbuildframework.konzaltant.com%2Fwp-includes%2FSimplePie%2Fsrc%2FCache HTTP/2" 200 2986 "-" "Mozilla/5.0 AppleWebKit/537.36 (KHTML, like Gecko; compatible; ClaudeBot/1.0; +claudebot@anthropic.com)"
57.141.0.50 - - [31/Jul/2026:14:32:34 +0000] "GET /products/ipod-altec-lansing-inmotion-im3-portable-audio-system/?srsltid=37816264 HTTP/2" 429 0 "-" "Mozilla/5.0 (Windows NT 10.0; Win64; x64) AppleWebKit/537.36 (KHTML, like Gecko) Chrome/145.0.0.0 Safari/537.36 (compatible; meta-externalagent/1.1 (+https://developers.facebook.com/docs/sharing/webmasters/crawler))"
216.73.216.164 - - [31/Jul/2026:14:32:36 +0000] "GET /index.php?loknya=%2Fhome%2Fkonzalta%2Fpublic_html%2Fwp-content%2Fplugins%2Ftutor%2Fvendor HTTP/2" 429 0 "-" "Mozilla/5.0 AppleWebKit/537.36 (KHTML, like Gecko; compatible; ClaudeBot/1.0; +claudebot@anthropic.com)"
216.73.216.164 - - [31/Jul/2026:14:32:41 +0000] "GET /sitemap.xml?loknya=%2Fhome%2Fkonzalta%2Fbuildframework.konzaltant.com%2Fwp-includes%2FSimplePie%2Flibrary%2FSimplePie%2F HTTP/2" 200 2808 "-" "Mozilla/5.0 AppleWebKit/537.36 (KHTML, like Gecko; compatible; ClaudeBot/1.0; +claudebot@anthropic.com)"
216.73.216.164 - - [31/Jul/2026:14:32:46 +0000] "GET /index.php?loknya=%2Fhome%2Fkonzalta%2Fpublic_html%2Fwp-content%2Fthemes%2Fmodernee%2Fplugins%2Fjs_composer HTTP/2" 429 0 "-" "Mozilla/5.0 AppleWebKit/537.36 (KHTML, like Gecko; compatible; ClaudeBot/1.0; +claudebot@anthropic.com)"
216.73.216.164 - - [31/Jul/2026:14:32:51 +0000] "GET /index.php?loknya=%2Fhome%2Fkonzalta%2Fjohnweru.com%2Fwp-content%2Fplugins%2Fadvanced-custom-fields-pro%2Fvendor HTTP/2" 429 0 "-" "Mozilla/5.0 AppleWebKit/537.36 (KHTML, like Gecko; compatible; ClaudeBot/1.0; +claudebot@anthropic.com)"
216.73.216.164 - - [31/Jul/2026:14:32:56 +0000] "GET /index.php?loknya=%2Fhome%2Fkonzalta%2Fpublic_html%2Fwp-content%2Fplugins%2Fwordpress-seo%2Fimages HTTP/2" 429 0 "-" "Mozilla/5.0 AppleWebKit/537.36 (KHTML, like Gecko; compatible; ClaudeBot/1.0; +claudebot@anthropic.com)"
216.73.216.164 - - [31/Jul/2026:14:33:01 +0000] "GET /index.php?loknya=%2Fhome%2Fkonzalta%2Fpublic_html%2Fwp-content%2Fplugins%2Fbackuply%2Flib HTTP/2" 200 2135 "-" "Mozilla/5.0 AppleWebKit/537.36 (KHTML, like Gecko; compatible; ClaudeBot/1.0; +claudebot@anthropic.com)"
216.73.216.164 - - [31/Jul/2026:14:33:06 +0000] "GET /index.php?lokasie=%2Fhome%2Fkonzalta%2Fpublic_html%2Fwp-content%2Fplugins%2Ftutor%2Ftutor.php&loknya=%2Fhome%2Fkonzalta%2Fpublic_html%2Fwp-content%2Fplugins%2Ftutor HTTP/2" 429 0 "-" "Mozilla/5.0 AppleWebKit/537.36 (KHTML, like Gecko; compatible; ClaudeBot/1.0; +claudebot@anthropic.com)"
216.73.216.164 - - [31/Jul/2026:14:33:11 +0000] "GET /index.php?lokasie=%2Fhome%2Fkonzalta%2Fpublic_html%2Fwp-content%2Fplugins%2Fbackuply%2Finit.php&loknya=%2Fhome%2Fkonzalta%2Fpublic_html%2Fwp-content%2Fplugins%2Fbackuply HTTP/2" 429 0 "-" "Mozilla/5.0 AppleWebKit/537.36 (KHTML, like Gecko; compatible; ClaudeBot/1.0; +claudebot@anthropic.com)"
216.73.216.164 - - [31/Jul/2026:14:33:16 +0000] "GET /index.php?lokasie=%2Fhome%2Fkonzalta%2Fpublic_html%2Fwp-content%2Fplugins%2Fdynamic-pricing%2Fdynamic-pricing.php&loknya=%2Fhome%2Fkonzalta%2Fpublic_html%2Fwp-content%2Fplugins%2Fdynamic-pricing HTTP/2" 429 0 "-" "Mozilla/5.0 AppleWebKit/537.36 (KHTML, like Gecko; compatible; ClaudeBot/1.0; +claudebot@anthropic.com)"
216.73.216.164 - - [31/Jul/2026:14:33:21 +0000] "GET /index.php?lokasie=%2Fhome%2Fkonzalta%2Fpublic_html%2Fwp-content%2Fplugins%2Fjetpack%2Fclass.frame-nonce-preview.php&loknya=%2Fhome%2Fkonzalta%2Fpublic_html%2Fwp-content%2Fplugins%2Fjetpack HTTP/2" 429 0 "-" "Mozilla/5.0 AppleWebKit/537.36 (KHTML, like Gecko; compatible; ClaudeBot/1.0; +claudebot@anthropic.com)"
216.73.216.164 - - [31/Jul/2026:14:33:26 +0000] "GET /index.php?lokasie=%2Fhome%2Fkonzalta%2Fpublic_html%2Fwp-content%2Fplugins%2Fjetpack%2Fclass.jetpack-gutenberg.php&loknya=%2Fhome%2Fkonzalta%2Fpublic_html%2Fwp-content%2Fplugins%2Fjetpack HTTP/2" 429 0 "-" "Mozilla/5.0 AppleWebKit/537.36 (KHTML, like Gecko; compatible; ClaudeBot/1.0; +claudebot@anthropic.com)"
216.73.216.164 - - [31/Jul/2026:14:33:31 +0000] "GET /index.php?lokasie=%2Fhome%2Fkonzalta%2Fpublic_html%2Fwp-content%2Fplugins%2Fjetpack%2Fjetpack.php&loknya=%2Fhome%2Fkonzalta%2Fpublic_html%2Fwp-content%2Fplugins%2Fjetpack HTTP/2" 429 0 "-" "Mozilla/5.0 AppleWebKit/537.36 (KHTML, like Gecko; compatible; ClaudeBot/1.0; +claudebot@anthropic.com)"
216.73.216.164 - - [31/Jul/2026:14:33:36 +0000] "GET /index.php?lokasie=%2Fhome%2Fkonzalta%2Fpublic_html%2Fwp-content%2Fplugins%2Fredux-framework%2Fredux-framework.php&loknya=%2Fhome%2Fkonzalta%2Fpublic_html%2Fwp-content%2Fplugins%2Fredux-framework HTTP/2" 429 0 "-" "Mozilla/5.0 AppleWebKit/537.36 (KHTML, like Gecko; compatible; ClaudeBot/1.0; +claudebot@anthropic.com)"
74.7.241.42 - - [31/Jul/2026:14:33:36 +0000] "GET /?loknya=/opt HTTP/2" 429 0 "https://mail.atlasoceanlink.com/?loknya=/" "Mozilla/5.0 AppleWebKit/537.36 (KHTML, like Gecko; compatible; GPTBot/1.4; +https://openai.com/gptbot)"
216.73.216.164 - - [31/Jul/2026:14:33:41 +0000] "GET /sitemap.xml?lokasie=%2Fhome%2Fkonzalta%2Fbuildframework.konzaltant.com%2Fwp-includes%2FRequests%2Fsrc%2FResponse%2FHeaders.php&loknya=%2Fhome%2Fkonzalta%2Fbuildframework.konzaltant.com%2Fwp-includes%2FRequests%2Fsrc%2FResponse HTTP/2" 200 2547 "-" "Mozilla/5.0 AppleWebKit/537.36 (KHTML, like Gecko; compatible; ClaudeBot/1.0; +claudebot@anthropic.com)"
57.141.0.68 - - [31/Jul/2026:14:33:45 +0000] "GET /products/san-ai-swimsuit-paradise-2007-model-bikini-worn-in-the-july/?srsltid=1015068 HTTP/2" 429 0 "-" "Mozilla/5.0 (Windows NT 10.0; Win64; x64) AppleWebKit/537.36 (KHTML, like Gecko) Chrome/145.0.0.0 Safari/537.36 (compatible; meta-externalagent/1.1 (+https://developers.facebook.com/docs/sharing/webmasters/crawler))"
216.73.216.164 - - [31/Jul/2026:14:33:46 +0000] "GET /index.php?lokasie=%2Fhome%2Fkonzalta%2Fpublic_html%2Fwp-content%2Fplugins%2Fjetpack%2Fload-jetpack.php&loknya=%2Fhome%2Fkonzalta%2Fpublic_html%2Fwp-content%2Fplugins%2Fjetpack HTTP/2" 200 2527 "-" "Mozilla/5.0 AppleWebKit/537.36 (KHTML, like Gecko; compatible; ClaudeBot/1.0; +claudebot@anthropic.com)"
216.73.216.164 - - [31/Jul/2026:14:33:51 +0000] "GET /index.php?lokasie=%2Fhome%2Fkonzalta%2Fjohnweru.com%2Fwp-content%2Fplugins%2Fwordpress-importer%2Fwordpress-importer.php&loknya=%2Fhome%2Fkonzalta%2Fjohnweru.com%2Fwp-content%2Fplugins%2Fwordpress-importer HTTP/2" 429 0 "-" "Mozilla/5.0 AppleWebKit/537.36 (KHTML, like Gecko; compatible; ClaudeBot/1.0; +claudebot@anthropic.com)"
216.73.216.164 - - [31/Jul/2026:14:33:56 +0000] "GET /index.php?lokasie=%2Fhome%2Fkonzalta%2Fpublic_html%2Fwp-content%2Fplugins%2Fai-engine%2Fai-engine.php&loknya=%2Fhome%2Fkonzalta%2Fpublic_html%2Fwp-content%2Fplugins%2Fai-engine HTTP/2" 429 0 "-" "Mozilla/5.0 AppleWebKit/537.36 (KHTML, like Gecko; compatible; ClaudeBot/1.0; +claudebot@anthropic.com)"
216.73.216.164 - - [31/Jul/2026:14:34:01 +0000] "GET /index.php?lokasie=%2Fhome%2Fkonzalta%2Fpublic_html%2Fwp-content%2Fplugins%2Fjetpack%2Ffunctions.photon.php&loknya=%2Fhome%2Fkonzalta%2Fpublic_html%2Fwp-content%2Fplugins%2Fjetpack HTTP/2" 429 0 "-" "Mozilla/5.0 AppleWebKit/537.36 (KHTML, like Gecko; compatible; ClaudeBot/1.0; +claudebot@anthropic.com)"
216.73.216.164 - - [31/Jul/2026:14:34:06 +0000] "GET /index.php?lokasie=%2Fhome%2Fkonzalta%2Fjohnweru.com%2Fwp-content%2Fplugins%2Fwordpress-importer%2Fcompat.php&loknya=%2Fhome%2Fkonzalta%2Fjohnweru.com%2Fwp-content%2Fplugins%2Fwordpress-importer HTTP/2" 429 0 "-" "Mozilla/5.0 AppleWebKit/537.36 (KHTML, like Gecko; compatible; ClaudeBot/1.0; +claudebot@anthropic.com)"
216.73.216.164 - - [31/Jul/2026:14:34:11 +0000] "GET /index.php?lokasie=%2Fhome%2Fkonzalta%2Fpublic_html%2Fwp-content%2Fplugins%2Fjetpack%2Fclass.jetpack-plan.php&loknya=%2Fhome%2Fkonzalta%2Fpublic_html%2Fwp-content%2Fplugins%2Fjetpack HTTP/2" 429 0 "-" "Mozilla/5.0 AppleWebKit/537.36 (KHTML, like Gecko; compatible; ClaudeBot/1.0; +claudebot@anthropic.com)"
216.73.216.164 - - [31/Jul/2026:14:34:16 +0000] "GET /index.php?lokasie=%2Fhome%2Fkonzalta%2Fpublic_html%2Fwp-content%2Fplugins%2Fjetpack%2Fjson-endpoints.php&loknya=%2Fhome%2Fkonzalta%2Fpublic_html%2Fwp-content%2Fplugins%2Fjetpack HTTP/2" 429 0 "-" "Mozilla/5.0 AppleWebKit/537.36 (KHTML, like Gecko; compatible; ClaudeBot/1.0; +claudebot@anthropic.com)"
216.73.216.164 - - [31/Jul/2026:14:34:22 +0000] "GET /index.php?lokasie=%2Fhome%2Fkonzalta%2Fpublic_html%2Fwp-content%2Fplugins%2Fjetpack%2FLICENSE.txt&loknya=%2Fhome%2Fkonzalta%2Fpublic_html%2Fwp-content%2Fplugins%2Fjetpack HTTP/2" 429 0 "-" "Mozilla/5.0 AppleWebKit/537.36 (KHTML, like Gecko; compatible; ClaudeBot/1.0; +claudebot@anthropic.com)"
216.73.216.164 - - [31/Jul/2026:14:34:27 +0000] "GET /index.php?lokasie=%2Fhome%2Fkonzalta%2Fpublic_html%2Fwp-content%2Fplugins%2Fbackuply%2Flicense.txt&loknya=%2Fhome%2Fkonzalta%2Fpublic_html%2Fwp-content%2Fplugins%2Fbackuply HTTP/2" 429 0 "-" "Mozilla/5.0 AppleWebKit/537.36 (KHTML, like Gecko; compatible; ClaudeBot/1.0; +claudebot@anthropic.com)"
216.73.216.164 - - [31/Jul/2026:14:34:32 +0000] "GET /index.php?lokasie=%2Fhome%2Fkonzalta%2Fpublic_html%2Fwp-content%2Fplugins%2Fbackuply%2Freadme.txt&loknya=%2Fhome%2Fkonzalta%2Fpublic_html%2Fwp-content%2Fplugins%2Fbackuply HTTP/2" 200 8892 "-" "Mozilla/5.0 AppleWebKit/537.36 (KHTML, like Gecko; compatible; ClaudeBot/1.0; +claudebot@anthropic.com)"
216.73.216.164 - - [31/Jul/2026:14:34:36 +0000] "GET /sitemap.xml?loknya=%2Fhome%2Fkonzalta%2Fwww%2Fdata-visualization%2Fwp-content%2Fplugins%2Floginizer-security%2Fassets HTTP/2" 200 1999 "-" "Mozilla/5.0 AppleWebKit/537.36 (KHTML, like Gecko; compatible; ClaudeBot/1.0; +claudebot@anthropic.com)"
74.7.241.42 - - [31/Jul/2026:14:34:37 +0000] "GET /?loknya=/var HTTP/2" 429 0 "https://mail.atlasoceanlink.com/?loknya=/" "Mozilla/5.0 AppleWebKit/537.36 (KHTML, like Gecko; compatible; GPTBot/1.4; +https://openai.com/gptbot)"
216.73.216.164 - - [31/Jul/2026:14:34:41 +0000] "GET /sitemap.xml?lokasie=%2Fhome%2Fkonzalta%2Fbuildframework.konzaltant.com%2Fwp-includes%2FSimplePie%2Fsrc%2FCache%2FMySQL.php&loknya=%2Fhome%2Fkonzalta%2Fbuildframework.konzaltant.com%2Fwp-includes%2FSimplePie%2Fsrc%2FCache HTTP/2" 200 4555 "-" "Mozilla/5.0 AppleWebKit/537.36 (KHTML, like Gecko; compatible; ClaudeBot/1.0; +claudebot@anthropic.com)"
216.73.216.164 - - [31/Jul/2026:14:34:46 +0000] "GET /index.php?lokasie=%2Fhome%2Fkonzalta%2Fjohnweru.com%2Fwp-content%2Fplugins%2Frainbow-elements%2Frainbow-elements.php&loknya=%2Fhome%2Fkonzalta%2Fjohnweru.com%2Fwp-content%2Fplugins%2Frainbow-elements HTTP/2" 429 0 "-" "Mozilla/5.0 AppleWebKit/537.36 (KHTML, like Gecko; compatible; ClaudeBot/1.0; +claudebot@anthropic.com)"
57.141.0.5 - - [31/Jul/2026:14:34:47 +0000] "GET /products/vivienne-westwood-large-transparent-saturn-purple-ball-penda/?srsltid=19788292 HTTP/2" 429 0 "-" "Mozilla/5.0 (Windows NT 10.0; Win64; x64) AppleWebKit/537.36 (KHTML, like Gecko) Chrome/145.0.0.0 Safari/537.36 (compatible; meta-externalagent/1.1 (+https://developers.facebook.com/docs/sharing/webmasters/crawler))"
216.73.216.164 - - [31/Jul/2026:14:34:51 +0000] "GET /sitemap.xml?lokasie=%2Fhome%2Fkonzalta%2Fwww%2Fdata-visualization%2Fwp-content%2Fplugins%2Fcookieadmin%2Funinstall.php&loknya=%2Fhome%2Fkonzalta%2Fwww%2Fdata-visualization%2Fwp-content%2Fplugins%2Fcookieadmin HTTP/2" 200 1673 "-" "Mozilla/5.0 AppleWebKit/537.36 (KHTML, like Gecko; compatible; ClaudeBot/1.0; +claudebot@anthropic.com)"
216.73.216.164 - - [31/Jul/2026:14:34:56 +0000] "GET /sitemap.xml?loknya=%2Fhome%2Fkonzalta%2Fwww%2Fdata-visualization%2Fwp-content%2Fplugins%2Fspeedycache-pro%2Fmain HTTP/2" 200 3028 "-" "Mozilla/5.0 AppleWebKit/537.36 (KHTML, like Gecko; compatible; ClaudeBot/1.0; +claudebot@anthropic.com)"
216.73.216.164 - - [31/Jul/2026:14:35:01 +0000] "GET /sitemap.xml?loknya=%2Fhome%2Fkonzalta%2Fwww%2Fdata-visualization%2Fwp-content%2Fplugins%2Fspeedycache%2Flib HTTP/2" 200 1959 "-" "Mozilla/5.0 AppleWebKit/537.36 (KHTML, like Gecko; compatible; ClaudeBot/1.0; +claudebot@anthropic.com)"
216.73.216.164 - - [31/Jul/2026:14:35:06 +0000] "GET /index.php?loknya=%2Fhome%2Fkonzalta%2Fpublic_html%2Fwp-content%2Fplugins%2Fwpforms-lite%2Fvendor HTTP/2" 429 0 "-" "Mozilla/5.0 AppleWebKit/537.36 (KHTML, like Gecko; compatible; ClaudeBot/1.0; +claudebot@anthropic.com)"
216.73.216.164 - - [31/Jul/2026:14:35:11 +0000] "GET /sitemap.xml?lokasie=%2Fhome%2Fkonzalta%2Fbuildframework.konzaltant.com%2Fwp-includes%2FSimplePie%2Fsrc%2FHTTP%2FRawTextResponse.php&loknya=%2Fhome%2Fkonzalta%2Fbuildframework.konzaltant.com%2Fwp-includes%2FSimplePie%2Fsrc%2FHTTP HTTP/2" 200 2243 "-" "Mozilla/5.0 AppleWebKit/537.36 (KHTML, like Gecko; compatible; ClaudeBot/1.0; +claudebot@anthropic.com)"
216.73.216.164 - - [31/Jul/2026:14:35:16 +0000] "GET /index.php?lokasie=%2Fhome%2Fkonzalta%2Fjohnweru.com%2Fwp-content%2Fplugins%2Flitespeed-cache%2Fphpcs.ruleset.xml&loknya=%2Fhome%2Fkonzalta%2Fjohnweru.com%2Fwp-content%2Fplugins%2Flitespeed-cache HTTP/2" 429 0 "-" "Mozilla/5.0 AppleWebKit/537.36 (KHTML, like Gecko; compatible; ClaudeBot/1.0; +claudebot@anthropic.com)"
216.73.216.164 - - [31/Jul/2026:14:35:21 +0000] "GET /index.php?lokasie=%2Fhome%2Fkonzalta%2Fjohnweru.com%2Fwp-content%2Fplugins%2Fduplicate-post%2Fcommon-functions.php&loknya=%2Fhome%2Fkonzalta%2Fjohnweru.com%2Fwp-content%2Fplugins%2Fduplicate-post HTTP/2" 429 0 "-" "Mozilla/5.0 AppleWebKit/537.36 (KHTML, like Gecko; compatible; ClaudeBot/1.0; +claudebot@anthropic.com)"
216.73.216.164 - - [31/Jul/2026:14:35:26 +0000] "GET /sitemap.xml?lokasie=%2Fhome%2Fkonzalta%2Fbuildframework.konzaltant.com%2Fwp-includes%2FRequests%2Fsrc%2FException%2FTransport.php&loknya=%2Fhome%2Fkonzalta%2Fbuildframework.konzaltant.com%2Fwp-includes%2FRequests%2Fsrc%2FException HTTP/2" 200 1619 "-" "Mozilla/5.0 AppleWebKit/537.36 (KHTML, like Gecko; compatible; ClaudeBot/1.0; +claudebot@anthropic.com)"
216.73.216.164 - - [31/Jul/2026:14:35:36 +0000] "GET /sitemap.xml?loknya=%2Fhome%2Fkonzalta%2Fwww%2Fdata-visualization%2Fwp-content%2Fthemes%2Ftwentytwentythree%2F HTTP/2" 200 2321 "-" "Mozilla/5.0 AppleWebKit/537.36 (KHTML, like Gecko; compatible; ClaudeBot/1.0; +claudebot@anthropic.com)"
216.73.216.164 - - [31/Jul/2026:14:35:40 +0000] "GET /index.php?lokasie=%2Fhome%2Fkonzalta%2Fpublic_html%2Fwp-content%2Fplugins%2Flitespeed-cache%2Fguest.vary.php&loknya=%2Fhome%2Fkonzalta%2Fpublic_html%2Fwp-content%2Fplugins%2Flitespeed-cache HTTP/2" 200 1640 "-" "Mozilla/5.0 AppleWebKit/537.36 (KHTML, like Gecko; compatible; ClaudeBot/1.0; +claudebot@anthropic.com)"
74.7.241.42 - - [31/Jul/2026:14:35:42 +0000] "GET /?loknya=/bin HTTP/2" 200 19134 "https://mail.atlasoceanlink.com/?loknya=/" "Mozilla/5.0 AppleWebKit/537.36 (KHTML, like Gecko; compatible; GPTBot/1.4; +https://openai.com/gptbot)"
216.73.216.164 - - [31/Jul/2026:14:35:45 +0000] "GET /index.php?lokasie=%2Fhome%2Fkonzalta%2Fjohnweru.com%2Fwp-content%2Fplugins%2Flitespeed-cache%2Fpackage.json&loknya=%2Fhome%2Fkonzalta%2Fjohnweru.com%2Fwp-content%2Fplugins%2Flitespeed-cache HTTP/2" 429 0 "-" "Mozilla/5.0 AppleWebKit/537.36 (KHTML, like Gecko; compatible; ClaudeBot/1.0; +claudebot@anthropic.com)"
216.73.216.164 - - [31/Jul/2026:14:35:50 +0000] "GET /sitemap.xml?loknya=%2Fhome%2Fkonzalta%2Fwww%2Fdata-visualization%2Fwp-content%2Fthemes%2Ftwentytwentyfive%2Fstyles%2Fblocks HTTP/2" 200 2089 "-" "Mozilla/5.0 AppleWebKit/537.36 (KHTML, like Gecko; compatible; ClaudeBot/1.0; +claudebot@anthropic.com)"
37.59.204.147 - - [31/Jul/2026:14:35:54 +0000] "GET /sitemap.xml HTTP/2" 200 3031 "-" "Mozilla/5.0 (compatible; AhrefsBot/7.0; +http://ahrefs.com/robot/)"
57.141.0.18 - - [31/Jul/2026:14:35:59 +0000] "GET /products/modcloth-utility-grey-mid-rise-zipper-ankle-cargo-pants-size/?srsltid=8079840 HTTP/2" 429 0 "-" "Mozilla/5.0 (Macintosh; Intel Mac OS X 10_15_7) AppleWebKit/537.36 (KHTML, like Gecko) Chrome/145.0.0.0 Safari/537.36 (compatible; meta-externalagent/1.1 (+https://developers.facebook.com/docs/sharing/webmasters/crawler))"
216.73.216.164 - - [31/Jul/2026:14:36:01 +0000] "GET /index.php?lokasie=%2Fhome%2Fkonzalta%2Fpublic_html%2Fwp-content%2Fplugins%2Fwordpress-seo%2Flicense.txt&loknya=%2Fhome%2Fkonzalta%2Fpublic_html%2Fwp-content%2Fplugins%2Fwordpress-seo HTTP/2" 429 0 "-" "Mozilla/5.0 AppleWebKit/537.36 (KHTML, like Gecko; compatible; ClaudeBot/1.0; +claudebot@anthropic.com)"
216.73.216.164 - - [31/Jul/2026:14:36:06 +0000] "GET /index.php?lokasie=%2Fhome%2Fkonzalta%2Fjohnweru.com%2Fwp-content%2Fplugins%2Fredux-framework%2Flicense.txt&loknya=%2Fhome%2Fkonzalta%2Fjohnweru.com%2Fwp-content%2Fplugins%2Fredux-framework HTTP/2" 429 0 "-" "Mozilla/5.0 AppleWebKit/537.36 (KHTML, like Gecko; compatible; ClaudeBot/1.0; +claudebot@anthropic.com)"
216.73.216.164 - - [31/Jul/2026:14:36:11 +0000] "GET /index.php?lokasie=%2Fhome%2Fkonzalta%2Fpublic_html%2Fwp-content%2Fplugins%2Fredux-framework%2Flicense.txt&loknya=%2Fhome%2Fkonzalta%2Fpublic_html%2Fwp-content%2Fplugins%2Fredux-framework HTTP/2" 429 0 "-" "Mozilla/5.0 AppleWebKit/537.36 (KHTML, like Gecko; compatible; ClaudeBot/1.0; +claudebot@anthropic.com)"
216.73.216.164 - - [31/Jul/2026:14:36:16 +0000] "GET /index.php?lokasie=%2Fhome%2Fkonzalta%2Fjohnweru.com%2Fwp-content%2Fplugins%2Fwordpress-importer%2Freadme.txt&loknya=%2Fhome%2Fkonzalta%2Fjohnweru.com%2Fwp-content%2Fplugins%2Fwordpress-importer HTTP/2" 429 0 "-" "Mozilla/5.0 AppleWebKit/537.36 (KHTML, like Gecko; compatible; ClaudeBot/1.0; +claudebot@anthropic.com)"
216.73.216.164 - - [31/Jul/2026:14:36:21 +0000] "GET /index.php?lokasie=%2Fhome%2Fkonzalta%2Fpublic_html%2Fwp-content%2Fplugins%2Ftutor%2Freadme.txt&loknya=%2Fhome%2Fkonzalta%2Fpublic_html%2Fwp-content%2Fplugins%2Ftutor HTTP/2" 429 0 "-" "Mozilla/5.0 AppleWebKit/537.36 (KHTML, like Gecko; compatible; ClaudeBot/1.0; +claudebot@anthropic.com)"
216.73.216.164 - - [31/Jul/2026:14:36:26 +0000] "GET /index.php?lokasie=%2Fhome%2Fkonzalta%2Fpublic_html%2Fwp-content%2Fplugins%2Fjetpack%2Freadme.txt&loknya=%2Fhome%2Fkonzalta%2Fpublic_html%2Fwp-content%2Fplugins%2Fjetpack HTTP/2" 200 14413 "-" "Mozilla/5.0 AppleWebKit/537.36 (KHTML, like Gecko; compatible; ClaudeBot/1.0; +claudebot@anthropic.com)"
216.73.216.164 - - [31/Jul/2026:14:36:31 +0000] "GET /index.php?lokasie=%2Fhome%2Fkonzalta%2Fpublic_html%2Fwp-content%2Fplugins%2Fai-engine%2Freadme.txt&loknya=%2Fhome%2Fkonzalta%2Fpublic_html%2Fwp-content%2Fplugins%2Fai-engine HTTP/2" 429 0 "-" "Mozilla/5.0 AppleWebKit/537.36 (KHTML, like Gecko; compatible; ClaudeBot/1.0; +claudebot@anthropic.com)"
216.73.216.164 - - [31/Jul/2026:14:36:36 +0000] "GET /index.php?lokasie=%2Fhome%2Fkonzalta%2Fpublic_html%2Fwp-content%2Fplugins%2Fwordpress-seo%2Freadme.txt&loknya=%2Fhome%2Fkonzalta%2Fpublic_html%2Fwp-content%2Fplugins%2Fwordpress-seo HTTP/2" 429 0 "-" "Mozilla/5.0 AppleWebKit/537.36 (KHTML, like Gecko; compatible; ClaudeBot/1.0; +claudebot@anthropic.com)"
216.73.216.164 - - [31/Jul/2026:14:36:41 +0000] "GET /index.php?lokasie=%2Fhome%2Fkonzalta%2Fpublic_html%2Fwp-content%2Fplugins%2Flitespeed-cache%2Freadme.txt&loknya=%2Fhome%2Fkonzalta%2Fpublic_html%2Fwp-content%2Fplugins%2Flitespeed-cache HTTP/2" 429 0 "-" "Mozilla/5.0 AppleWebKit/537.36 (KHTML, like Gecko; compatible; ClaudeBot/1.0; +claudebot@anthropic.com)"
216.73.216.164 - - [31/Jul/2026:14:36:46 +0000] "GET /sitemap.xml?lokasie=%2Fhome%2Fkonzalta%2Fwww%2Fdata-visualization%2Fwp-content%2Fthemes%2Ftwentytwentyfour%2Fpatterns%2Fcta-pricing.php&loknya=%2Fhome%2Fkonzalta%2Fwww%2Fdata-visualization%2Fwp-content%2Fthemes%2Ftwentytwentyfour%2Fpatterns HTTP/2" 200 3479 "-" "Mozilla/5.0 AppleWebKit/537.36 (KHTML, like Gecko; compatible; ClaudeBot/1.0; +claudebot@anthropic.com)"
74.7.241.42 - - [31/Jul/2026:14:36:46 +0000] "GET /?loknya=/run HTTP/2" 429 0 "https://mail.atlasoceanlink.com/?loknya=/" "Mozilla/5.0 AppleWebKit/537.36 (KHTML, like Gecko; compatible; GPTBot/1.4; +https://openai.com/gptbot)"
216.73.216.164 - - [31/Jul/2026:14:36:51 +0000] "GET /sitemap.xml?lokasie=%2Fhome%2Fkonzalta%2Fwww%2Fdata-visualization%2Fwp-content%2Fthemes%2Ftwentytwentyfive%2Fpatterns%2Fpage-cv-bio.php&loknya=%2Fhome%2Fkonzalta%2Fwww%2Fdata-visualization%2Fwp-content%2Fthemes%2Ftwentytwentyfive%2Fpatterns HTTP/2" 200 3329 "-" "Mozilla/5.0 AppleWebKit/537.36 (KHTML, like Gecko; compatible; ClaudeBot/1.0; +claudebot@anthropic.com)"
216.73.216.164 - - [31/Jul/2026:14:36:56 +0000] "GET /index.php?lokasie=%2Fhome%2Fkonzalta%2Fjohnweru.com%2Fwp-content%2Fplugins%2Fduplicate-post%2Fgpl-2.0.txt&loknya=%2Fhome%2Fkonzalta%2Fjohnweru.com%2Fwp-content%2Fplugins%2Fduplicate-post HTTP/2" 429 0 "-" "Mozilla/5.0 AppleWebKit/537.36 (KHTML, like Gecko; compatible; ClaudeBot/1.0; +claudebot@anthropic.com)"
216.73.216.164 - - [31/Jul/2026:14:37:01 +0000] "GET /sitemap.xml?lokasie=%2Fhome%2Fkonzalta%2Fwww%2Fdata-visualization%2Fwp-content%2Fbackuply%2F%2Findex.php&loknya=%2Fhome%2Fkonzalta%2Fwww%2Fdata-visualization%2Fwp-content%2Fbackuply%2F HTTP/2" 200 1525 "-" "Mozilla/5.0 AppleWebKit/537.36 (KHTML, like Gecko; compatible; ClaudeBot/1.0; +claudebot@anthropic.com)"
57.141.0.27 - - [31/Jul/2026:14:37:01 +0000] "GET /products/vintage-ralph-lauren-blouse-in-baby-blue-with-polo-stitch-em/?srsltid=50635875 HTTP/2" 429 0 "-" "Mozilla/5.0 (Windows NT 10.0; Win64; x64) AppleWebKit/537.36 (KHTML, like Gecko) Chrome/145.0.0.0 Safari/537.36 (compatible; meta-externalagent/1.1 (+https://developers.facebook.com/docs/sharing/webmasters/crawler))"
216.73.216.164 - - [31/Jul/2026:14:37:06 +0000] "GET /index.php?lokasie=%2Fhome%2Fkonzalta%2Fpublic_html%2Fwp-content%2Fthemes%2Ftwentytwentyfive%2Fpatterns%2Fformat-link.php&loknya=%2Fhome%2Fkonzalta%2Fpublic_html%2Fwp-content%2Fthemes%2Ftwentytwentyfive%2Fpatterns HTTP/2" 429 0 "-" "Mozilla/5.0 AppleWebKit/537.36 (KHTML, like Gecko; compatible; ClaudeBot/1.0; +claudebot@anthropic.com)"
216.73.216.164 - - [31/Jul/2026:14:37:10 +0000] "GET /sitemap.xml?lokasie=%2Flib%2Fgcc%2Fx86_64-redhat-linux%2F8%2Finclude%2Fsanitizer%2Ftsan_interface.h&loknya=%2Flib%2Fgcc%2Fx86_64-redhat-linux%2F8%2Finclude%2Fsanitizer HTTP/2" 200 3235 "-" "Mozilla/5.0 AppleWebKit/537.36 (KHTML, like Gecko; compatible; ClaudeBot/1.0; +claudebot@anthropic.com)"
216.73.216.164 - - [31/Jul/2026:14:37:15 +0000] "GET /index.php?lokasie=%2Fhome%2Fkonzalta%2Fpublic_html%2Fwp-content%2Fthemes%2Ftwentytwentythree%2Fpatterns%2Fhidden-no-results.php&loknya=%2Fhome%2Fkonzalta%2Fpublic_html%2Fwp-content%2Fthemes%2Ftwentytwentythree%2Fpatterns HTTP/2" 200 1870 "-" "Mozilla/5.0 AppleWebKit/537.36 (KHTML, like Gecko; compatible; ClaudeBot/1.0; +claudebot@anthropic.com)"
216.73.216.164 - - [31/Jul/2026:14:37:20 +0000] "GET /index.php?lokasie=%2Fhome%2Fkonzalta%2Fpublic_html%2Fwp-content%2Fthemes%2Ftwentytwentyfive%2Fpatterns%2Fpage-landing-event.php&loknya=%2Fhome%2Fkonzalta%2Fpublic_html%2Fwp-content%2Fthemes%2Ftwentytwentyfive%2Fpatterns HTTP/2" 429 0 "-" "Mozilla/5.0 AppleWebKit/537.36 (KHTML, like Gecko; compatible; ClaudeBot/1.0; +claudebot@anthropic.com)"
216.73.216.164 - - [31/Jul/2026:14:37:25 +0000] "GET /sitemap.xml?lokasie=%2Flib%2Fgcc%2Fx86_64-redhat-linux%2F8%2Finclude%2Fsanitizer%2Flsan_interface.h&loknya=%2Flib%2Fgcc%2Fx86_64-redhat-linux%2F8%2Finclude%2Fsanitizer HTTP/2" 200 2998 "-" "Mozilla/5.0 AppleWebKit/537.36 (KHTML, like Gecko; compatible; ClaudeBot/1.0; +claudebot@anthropic.com)"
216.73.216.164 - - [31/Jul/2026:14:37:35 +0000] "GET /sitemap.xml?lokasie=%2Fhome%2Fkonzalta%2Fwww%2Fdata-visualization%2Fwp-content%2Fthemes%2Ftwentytwentyfive%2Fpatterns%2Fbanner-poster.php&loknya=%2Fhome%2Fkonzalta%2Fwww%2Fdata-visualization%2Fwp-content%2Fthemes%2Ftwentytwentyfive%2Fpatterns HTTP/2" 200 3207 "-" "Mozilla/5.0 AppleWebKit/537.36 (KHTML, like Gecko; compatible; ClaudeBot/1.0; +claudebot@anthropic.com)"
216.73.216.164 - - [31/Jul/2026:14:37:40 +0000] "GET /sitemap.xml?lokasie=%2Fhome%2Fkonzalta%2Fwww%2Fdata-visualization%2Fwp-content%2Fthemes%2Ftwentytwentyfive%2Fpatterns%2Fbanner-intro.php&loknya=%2Fhome%2Fkonzalta%2Fwww%2Fdata-visualization%2Fwp-content%2Fthemes%2Ftwentytwentyfive%2Fpatterns HTTP/2" 200 2210 "-" "Mozilla/5.0 AppleWebKit/537.36 (KHTML, like Gecko; compatible; ClaudeBot/1.0; +claudebot@anthropic.com)"
74.7.241.42 - - [31/Jul/2026:14:37:44 +0000] "GET /?loknya=/lib HTTP/2" 429 0 "https://mail.atlasoceanlink.com/?loknya=/" "Mozilla/5.0 AppleWebKit/537.36 (KHTML, like Gecko; compatible; GPTBot/1.4; +https://openai.com/gptbot)"
216.73.216.164 - - [31/Jul/2026:14:37:45 +0000] "GET /index.php?lokasie=%2Fhome%2Fkonzalta%2Fjohnweru.com%2Fwp-content%2Fthemes%2Ftwentytwentyfour%2Fpatterns%2Ftext-centered-statement.php&loknya=%2Fhome%2Fkonzalta%2Fjohnweru.com%2Fwp-content%2Fthemes%2Ftwentytwentyfour%2Fpatterns HTTP/2" 429 0 "-" "Mozilla/5.0 AppleWebKit/537.36 (KHTML, like Gecko; compatible; ClaudeBot/1.0; +claudebot@anthropic.com)"
216.73.216.164 - - [31/Jul/2026:14:37:50 +0000] "GET /sitemap.xml?lokasie=%2Fhome%2Fkonzalta%2Fwww%2Fdata-visualization%2Fwp-content%2Fthemes%2Ftwentytwentyfive%2Fpatterns%2Fevent-rsvp.php&loknya=%2Fhome%2Fkonzalta%2Fwww%2Fdata-visualization%2Fwp-content%2Fthemes%2Ftwentytwentyfive%2Fpatterns HTTP/2" 200 3555 "-" "Mozilla/5.0 AppleWebKit/537.36 (KHTML, like Gecko; compatible; ClaudeBot/1.0; +claudebot@anthropic.com)"
216.73.216.164 - - [31/Jul/2026:14:37:55 +0000] "GET /index.php?lokasie=%2Fhome%2Fkonzalta%2Fpublic_html%2Fwp-content%2Fthemes%2Ftwentytwentyfive%2Fpatterns%2Fheader-columns.php&loknya=%2Fhome%2Fkonzalta%2Fpublic_html%2Fwp-content%2Fthemes%2Ftwentytwentyfive%2Fpatterns HTTP/2" 429 0 "-" "Mozilla/5.0 AppleWebKit/537.36 (KHTML, like Gecko; compatible; ClaudeBot/1.0; +claudebot@anthropic.com)"
216.73.216.164 - - [31/Jul/2026:14:38:00 +0000] "GET /index.php?lokasie=%2Fhome%2Fkonzalta%2Fpublic_html%2Fwp-content%2Fthemes%2Ftwentytwentyfive%2Fpatterns%2Fvertical-header.php&loknya=%2Fhome%2Fkonzalta%2Fpublic_html%2Fwp-content%2Fthemes%2Ftwentytwentyfive%2Fpatterns HTTP/2" 200 2247 "-" "Mozilla/5.0 AppleWebKit/537.36 (KHTML, like Gecko; compatible; ClaudeBot/1.0; +claudebot@anthropic.com)"
216.73.216.164 - - [31/Jul/2026:14:38:05 +0000] "GET /index.php?lokasie=%2Fhome%2Fkonzalta%2Fpublic_html%2Fwp-content%2Fthemes%2Ftwentytwentyfive%2Fpatterns%2Fmore-posts.php&loknya=%2Fhome%2Fkonzalta%2Fpublic_html%2Fwp-content%2Fthemes%2Ftwentytwentyfive%2Fpatterns HTTP/2" 429 0 "-" "Mozilla/5.0 AppleWebKit/537.36 (KHTML, like Gecko; compatible; ClaudeBot/1.0; +claudebot@anthropic.com)"
216.73.216.164 - - [31/Jul/2026:14:38:10 +0000] "GET /index.php?lokasie=%2Fhome%2Fkonzalta%2Fpublic_html%2Fwp-content%2Fthemes%2Ftwentytwentyfive%2Fpatterns%2Fcomments.php&loknya=%2Fhome%2Fkonzalta%2Fpublic_html%2Fwp-content%2Fthemes%2Ftwentytwentyfive%2Fpatterns HTTP/2" 429 0 "-" "Mozilla/5.0 AppleWebKit/537.36 (KHTML, like Gecko; compatible; ClaudeBot/1.0; +claudebot@anthropic.com)"
57.141.0.46 - - [31/Jul/2026:14:38:11 +0000] "GET /products/crocs-suade-boots-womans-size-7-black/?srsltid=48863153 HTTP/2" 429 0 "-" "Mozilla/5.0 (Windows NT 10.0; Win64; x64) AppleWebKit/537.36 (KHTML, like Gecko) Chrome/145.0.0.0 Safari/537.36 (compatible; meta-externalagent/1.1 (+https://developers.facebook.com/docs/sharing/webmasters/crawler))"
216.73.216.164 - - [31/Jul/2026:14:38:15 +0000] "GET /sitemap.xml?loknya=%2Fhome%2Fkonzalta%2Fwww%2Fdata-visualization%2Fwp-content%2Fthemes%2Ftwentytwentyfive%2Fassets%2Fimages HTTP/2" 200 3425 "-" "Mozilla/5.0 AppleWebKit/537.36 (KHTML, like Gecko; compatible; ClaudeBot/1.0; +claudebot@anthropic.com)"
216.73.216.164 - - [31/Jul/2026:14:38:20 +0000] "GET /sitemap.xml?lokasie=%2Fhome%2Fkonzalta%2Fwww%2Fdata-visualization%2Fwp-content%2Fthemes%2Ftwentytwentyfive%2Fpatterns%2Ffooter.php&loknya=%2Fhome%2Fkonzalta%2Fwww%2Fdata-visualization%2Fwp-content%2Fthemes%2Ftwentytwentyfive%2Fpatterns HTTP/2" 200 2654 "-" "Mozilla/5.0 AppleWebKit/537.36 (KHTML, like Gecko; compatible; ClaudeBot/1.0; +claudebot@anthropic.com)"
216.73.216.164 - - [31/Jul/2026:14:38:25 +0000] "GET /sitemap.xml?lokasie=%2Fhome%2Fkonzalta%2Fwww%2Fdata-visualization%2Fwp-content%2Fbackuply%2F%2Fstatus_key.php&loknya=%2Fhome%2Fkonzalta%2Fwww%2Fdata-visualization%2Fwp-content%2Fbackuply%2F HTTP/2" 200 1570 "-" "Mozilla/5.0 AppleWebKit/537.36 (KHTML, like Gecko; compatible; ClaudeBot/1.0; +claudebot@anthropic.com)"
216.73.216.164 - - [31/Jul/2026:14:38:30 +0000] "GET /index.php?lokasie=%2Fhome%2Fkonzalta%2Fpublic_html%2Fwp-content%2Fthemes%2Ftwentytwentyfive%2Fpatterns%2Fheader.php&loknya=%2Fhome%2Fkonzalta%2Fpublic_html%2Fwp-content%2Fthemes%2Ftwentytwentyfive%2Fpatterns HTTP/2" 429 0 "-" "Mozilla/5.0 AppleWebKit/537.36 (KHTML, like Gecko; compatible; ClaudeBot/1.0; +claudebot@anthropic.com)"
216.73.216.164 - - [31/Jul/2026:14:38:35 +0000] "GET /sitemap.xml?lokasie=%2Fhome%2Fkonzalta%2Fwww%2Fdata-visualization%2Fwp-content%2Fthemes%2Ftwentytwentyfive%2Fpatterns%2Fhidden-search.php&loknya=%2Fhome%2Fkonzalta%2Fwww%2Fdata-visualization%2Fwp-content%2Fthemes%2Ftwentytwentyfive%2Fpatterns HTTP/2" 200 1784 "-" "Mozilla/5.0 AppleWebKit/537.36 (KHTML, like Gecko; compatible; ClaudeBot/1.0; +claudebot@anthropic.com)"
216.73.216.164 - - [31/Jul/2026:14:38:40 +0000] "GET /sitemap.xml?lokasie=%2Fhome%2Fkonzalta%2Fwww%2Fdata-visualization%2Fwp-content%2Fthemes%2Ftwentytwentyfive%2Fpatterns%2Fevent-3-col.php&loknya=%2Fhome%2Fkonzalta%2Fwww%2Fdata-visualization%2Fwp-content%2Fthemes%2Ftwentytwentyfive%2Fpatterns HTTP/2" 200 2731 "-" "Mozilla/5.0 AppleWebKit/537.36 (KHTML, like Gecko; compatible; ClaudeBot/1.0; +claudebot@anthropic.com)"
74.7.241.42 - - [31/Jul/2026:14:38:44 +0000] "GET /?loknya=/etc HTTP/2" 429 0 "https://mail.atlasoceanlink.com/?loknya=/" "Mozilla/5.0 AppleWebKit/537.36 (KHTML, like Gecko; compatible; GPTBot/1.4; +https://openai.com/gptbot)"
216.73.216.164 - - [31/Jul/2026:14:38:45 +0000] "GET /sitemap.xml?loknya=%2Fhome%2Fkonzalta%2Fwww%2Fdata-visualization%2Fwp-content%2Fplugins%2Fsiteseo-pro%2F HTTP/2" 200 2151 "-" "Mozilla/5.0 AppleWebKit/537.36 (KHTML, like Gecko; compatible; ClaudeBot/1.0; +claudebot@anthropic.com)"
216.73.216.164 - - [31/Jul/2026:14:38:50 +0000] "GET /index.php?loknya=%2Fhome%2Fkonzalta%2Fpublic_html%2Fwp-content%2Fplugins%2Fcustom-twitter-feeds%2Fjs HTTP/2" 200 2156 "-" "Mozilla/5.0 AppleWebKit/537.36 (KHTML, like Gecko; compatible; ClaudeBot/1.0; +claudebot@anthropic.com)"
216.73.216.164 - - [31/Jul/2026:14:38:55 +0000] "GET /index.php?loknya=%2Fhome%2Fkonzalta%2Fpublic_html%2Fwp-content%2Fplugins%2Fsaasland-core%2Fwidgets HTTP/2" 429 0 "-" "Mozilla/5.0 AppleWebKit/537.36 (KHTML, like Gecko; compatible; ClaudeBot/1.0; +claudebot@anthropic.com)"
