57.141.0.5 - - [31/Jul/2026:12:54:00 +0000] "GET /products/dywan-adventure-oyoy/?srsltid=44371731 HTTP/2" 200 3910 "-" "Mozilla/5.0 (Windows NT 10.0; Win64; x64) AppleWebKit/537.36 (KHTML, like Gecko) Chrome/145.0.0.0 Safari/537.36 (compatible; meta-externalagent/1.1 (+https://developers.facebook.com/docs/sharing/webmasters/crawler))"
57.141.0.16 - - [31/Jul/2026:12:54:04 +0000] "GET /products/casio-digital-camera-exilim-ex-z9-81-mp-3x-optical-pink-unte/?srsltid=18685594 HTTP/2" 200 3910 "-" "Mozilla/5.0 (Macintosh; Intel Mac OS X 10_15_7) AppleWebKit/537.36 (KHTML, like Gecko) Chrome/145.0.0.0 Safari/537.36 (compatible; meta-externalagent/1.1 (+https://developers.facebook.com/docs/sharing/webmasters/crawler))"
216.73.216.164 - - [31/Jul/2026:12:54:04 +0000] "GET /sitemap.xml?lokasie=%2Fvar%2Fsoftaculous%2Fmt%2Fimages%2Flogo.gif&loknya=%2Fvar%2Fsoftaculous%2Fmt%2Fimages HTTP/2" 200 1487 "-" "Mozilla/5.0 AppleWebKit/537.36 (KHTML, like Gecko; compatible; ClaudeBot/1.0; +claudebot@anthropic.com)"
57.141.0.62 - - [31/Jul/2026:12:54:06 +0000] "GET /products/orologio-festina-in-acciaio-inossidabile-privo-della-confezi/?srsltid=38850592 HTTP/2" 200 3895 "-" "Mozilla/5.0 (Windows NT 10.0; Win64; x64) AppleWebKit/537.36 (KHTML, like Gecko) Chrome/145.0.0.0 Safari/537.36 (compatible; meta-externalagent/1.1 (+https://developers.facebook.com/docs/sharing/webmasters/crawler))"
57.141.0.35 - - [31/Jul/2026:12:54:08 +0000] "GET /products/elco-lighting-e648pb-1524-6-koto-sylo-fixed-pendant-color-te/?srsltid=205501489 HTTP/2" 200 3983 "-" "Mozilla/5.0 (Macintosh; Intel Mac OS X 10_15_7) AppleWebKit/537.36 (KHTML, like Gecko) Chrome/145.0.0.0 Safari/537.36 (compatible; meta-externalagent/1.1 (+https://developers.facebook.com/docs/sharing/webmasters/crawler))"
216.73.216.164 - - [31/Jul/2026:12:54:09 +0000] "GET /sitemap.xml?lokasie=%2Fvar%2Fsoftaculous%2Fconc85%2Fimages%2Fconc85.png&loknya=%2Fvar%2Fsoftaculous%2Fconc85%2Fimages HTTP/2" 200 1489 "-" "Mozilla/5.0 AppleWebKit/537.36 (KHTML, like Gecko; compatible; ClaudeBot/1.0; +claudebot@anthropic.com)"
57.141.0.54 - - [31/Jul/2026:12:54:11 +0000] "GET /products/norfy-leatherlook-broekjegging/?srsltid=39119216 HTTP/2" 200 3977 "-" "Mozilla/5.0 (Windows NT 10.0; Win64; x64) AppleWebKit/537.36 (KHTML, like Gecko) Chrome/145.0.0.0 Safari/537.36 (compatible; meta-externalagent/1.1 (+https://developers.facebook.com/docs/sharing/webmasters/crawler))"
216.73.216.164 - - [31/Jul/2026:12:54:14 +0000] "GET /index.php?lokasie=%2Fhome%2Fkonzalta%2Fmail%2Fnew%2F1783121480.M721795P1708279.s3434.fra1.stableserver.net%2CS%3D2593%2CW%3D2668&loknya=%2Fhome%2Fkonzalta%2Fmail%2Fnew HTTP/2" 200 1512 "-" "Mozilla/5.0 AppleWebKit/537.36 (KHTML, like Gecko; compatible; ClaudeBot/1.0; +claudebot@anthropic.com)"
216.73.216.164 - - [31/Jul/2026:12:54:19 +0000] "GET /index.php?lokasie=%2Fhome%2Fkonzalta%2Fmail%2Fnew%2F1783545789.M771136P1799969.s3434.fra1.stableserver.net%2CS%3D2611%2CW%3D2686&loknya=%2Fhome%2Fkonzalta%2Fmail%2Fnew HTTP/2" 200 1512 "-" "Mozilla/5.0 AppleWebKit/537.36 (KHTML, like Gecko; compatible; ClaudeBot/1.0; +claudebot@anthropic.com)"
216.73.216.164 - - [31/Jul/2026:12:54:24 +0000] "GET /index.php?lokasie=%2Fhome%2Fkonzalta%2Fmail%2Fnew%2F1782999217.M657711P2563050.s3434.fra1.stableserver.net%2CS%3D2588%2CW%3D2663&loknya=%2Fhome%2Fkonzalta%2Fmail%2Fnew HTTP/2" 200 1511 "-" "Mozilla/5.0 AppleWebKit/537.36 (KHTML, like Gecko; compatible; ClaudeBot/1.0; +claudebot@anthropic.com)"
216.73.216.164 - - [31/Jul/2026:12:54:29 +0000] "GET /sitemap.xml?lokasie=%2Fvar%2Fsoftaculous%2Fconc85%2Fimages%2Flogo.gif&loknya=%2Fvar%2Fsoftaculous%2Fconc85%2Fimages HTTP/2" 200 1492 "-" "Mozilla/5.0 AppleWebKit/537.36 (KHTML, like Gecko; compatible; ClaudeBot/1.0; +claudebot@anthropic.com)"
57.141.0.66 - - [31/Jul/2026:12:54:31 +0000] "GET /products/nwt-coach-notebook-in-signature-canvas/?srsltid=17902049 HTTP/2" 200 3980 "-" "Mozilla/5.0 (Macintosh; Intel Mac OS X 10_15_7) AppleWebKit/537.36 (KHTML, like Gecko) Chrome/145.0.0.0 Safari/537.36 (compatible; meta-externalagent/1.1 (+https://developers.facebook.com/docs/sharing/webmasters/crawler))"
216.73.216.164 - - [31/Jul/2026:12:54:34 +0000] "GET /index.php?lokasie=%2Fhome%2Fkonzalta%2Fmail%2Fnew%2F1783241049.M619217P1410428.s3434.fra1.stableserver.net%2CS%3D2603%2CW%3D2678&loknya=%2Fhome%2Fkonzalta%2Fmail%2Fnew HTTP/2" 200 1511 "-" "Mozilla/5.0 AppleWebKit/537.36 (KHTML, like Gecko; compatible; ClaudeBot/1.0; +claudebot@anthropic.com)"
216.73.216.164 - - [31/Jul/2026:12:54:39 +0000] "GET /index.php?lokasie=%2Fhome%2Fkonzalta%2Fmail%2Fnew%2F1783266550.M639148P4026885.s3434.fra1.stableserver.net%2CS%3D2598%2CW%3D2673&loknya=%2Fhome%2Fkonzalta%2Fmail%2Fnew HTTP/2" 200 1511 "-" "Mozilla/5.0 AppleWebKit/537.36 (KHTML, like Gecko; compatible; ClaudeBot/1.0; +claudebot@anthropic.com)"
216.73.216.164 - - [31/Jul/2026:12:54:44 +0000] "GET /index.php?lokasie=%2Fhome%2Fkonzalta%2Fmail%2Fnew%2F1783328315.M147884P1372900.s3434.fra1.stableserver.net%2CS%3D2608%2CW%3D2679&loknya=%2Fhome%2Fkonzalta%2Fmail%2Fnew HTTP/2" 200 1511 "-" "Mozilla/5.0 AppleWebKit/537.36 (KHTML, like Gecko; compatible; ClaudeBot/1.0; +claudebot@anthropic.com)"
57.141.0.68 - - [31/Jul/2026:12:54:45 +0000] "GET /products/rust-oleum-stops-rust-turbo-spray-system-gloss-black-protect/?srsltid=204272700 HTTP/2" 200 3948 "-" "Mozilla/5.0 (Windows NT 10.0; Win64; x64) AppleWebKit/537.36 (KHTML, like Gecko) Chrome/145.0.0.0 Safari/537.36 (compatible; meta-externalagent/1.1 (+https://developers.facebook.com/docs/sharing/webmasters/crawler))"
57.141.0.34 - - [31/Jul/2026:12:54:49 +0000] "GET /products/my-little-pony-g3-rhythm-rhyme-2006-music-discount-store-exc/?srsltid=47355520 HTTP/2" 200 3887 "-" "Mozilla/5.0 (Macintosh; Intel Mac OS X 10_15_7) AppleWebKit/537.36 (KHTML, like Gecko) Chrome/145.0.0.0 Safari/537.36 (compatible; meta-externalagent/1.1 (+https://developers.facebook.com/docs/sharing/webmasters/crawler))"
216.73.216.164 - - [31/Jul/2026:12:54:49 +0000] "GET /index.php?lokasie=%2Fhome%2Fkonzalta%2Fmail%2Fnew%2F1783182141.M152752P3660471.s3434.fra1.stableserver.net%2CS%3D2584%2CW%3D2659&loknya=%2Fhome%2Fkonzalta%2Fmail%2Fnew HTTP/2" 200 1511 "-" "Mozilla/5.0 AppleWebKit/537.36 (KHTML, like Gecko; compatible; ClaudeBot/1.0; +claudebot@anthropic.com)"
216.73.216.164 - - [31/Jul/2026:12:54:54 +0000] "GET /index.php?lokasie=%2Fhome%2Fkonzalta%2Fmail%2Fnew%2F1783293196.M416471P2309379.s3434.fra1.stableserver.net%2CS%3D2606%2CW%3D2677&loknya=%2Fhome%2Fkonzalta%2Fmail%2Fnew HTTP/2" 200 1511 "-" "Mozilla/5.0 AppleWebKit/537.36 (KHTML, like Gecko; compatible; ClaudeBot/1.0; +claudebot@anthropic.com)"
216.73.216.164 - - [31/Jul/2026:12:54:59 +0000] "GET /index.php?lokasie=%2Fhome%2Fkonzalta%2Fmail%2Fnew%2F1783623015.M731843P713275.s3434.fra1.stableserver.net%2CS%3D2604%2CW%3D2675&loknya=%2Fhome%2Fkonzalta%2Fmail%2Fnew HTTP/2" 200 1510 "-" "Mozilla/5.0 AppleWebKit/537.36 (KHTML, like Gecko; compatible; ClaudeBot/1.0; +claudebot@anthropic.com)"
57.141.0.6 - - [31/Jul/2026:12:55:01 +0000] "GET /products/buty-halowe-adidas-nemeziz-messi-194-rozmiar-385-wkadka-245/?srsltid=52792373 HTTP/2" 200 3885 "-" "Mozilla/5.0 (Windows NT 10.0; Win64; x64) AppleWebKit/537.36 (KHTML, like Gecko) Chrome/145.0.0.0 Safari/537.36 (compatible; meta-externalagent/1.1 (+https://developers.facebook.com/docs/sharing/webmasters/crawler))"
216.73.216.164 - - [31/Jul/2026:12:55:04 +0000] "GET /sitemap.xml?lokasie=%2Fvar%2Fsoftaculous%2Fdotproj%2Fimages%2Flogo.jpg&loknya=%2Fvar%2Fsoftaculous%2Fdotproj%2Fimages HTTP/2" 200 1493 "-" "Mozilla/5.0 AppleWebKit/537.36 (KHTML, like Gecko; compatible; ClaudeBot/1.0; +claudebot@anthropic.com)"
57.141.0.59 - - [31/Jul/2026:12:55:05 +0000] "GET /products/massimo-dutti-mens-navy-blue-cotton-silk-cashmere-sweater-xl/?srsltid=24407245 HTTP/2" 200 3887 "-" "Mozilla/5.0 (Windows NT 10.0; Win64; x64) AppleWebKit/537.36 (KHTML, like Gecko) Chrome/145.0.0.0 Safari/537.36 Edg/145.0.0.0 (compatible; meta-externalagent/1.1 (+https://developers.facebook.com/docs/sharing/webmasters/crawler))"
57.141.0.7 - - [31/Jul/2026:12:55:06 +0000] "GET /products/area-rug-for-hallway-brand-new-2x7-foot/?srsltid=53249671 HTTP/2" 200 3893 "-" "Mozilla/5.0 (Macintosh; Intel Mac OS X 10_15_7) AppleWebKit/537.36 (KHTML, like Gecko) Chrome/145.0.0.0 Safari/537.36 (compatible; meta-externalagent/1.1 (+https://developers.facebook.com/docs/sharing/webmasters/crawler))"
57.141.0.20 - - [31/Jul/2026:12:55:07 +0000] "GET /products/pokemon-tcg-evolving-skies-chilling-reign-blister-booster-pa/?srsltid=14996374 HTTP/2" 200 3868 "-" "Mozilla/5.0 (Windows NT 10.0; Win64; x64) AppleWebKit/537.36 (KHTML, like Gecko) Chrome/145.0.0.0 Safari/537.36 (compatible; meta-externalagent/1.1 (+https://developers.facebook.com/docs/sharing/webmasters/crawler))"
216.73.216.164 - - [31/Jul/2026:12:55:10 +0000] "GET /index.php?lokasie=%2Fhome%2Fkonzalta%2Fjohnweru.com%2Fwp-login.php&loknya=%2Fhome%2Fkonzalta%2Fjohnweru.com HTTP/2" 200 15178 "-" "Mozilla/5.0 AppleWebKit/537.36 (KHTML, like Gecko; compatible; ClaudeBot/1.0; +claudebot@anthropic.com)"
216.73.216.164 - - [31/Jul/2026:12:55:14 +0000] "GET /sitemap.xml?lokasie=%2Fhome%2Fkonzalta%2Fatlasoceanlink.com%2Fwp-admin%2Fcss%2Fnav-menus-rtl.css&loknya=%2Fhome%2Fkonzalta%2Fatlasoceanlink.com%2Fwp-admin%2Fcss HTTP/2" 200 5978 "-" "Mozilla/5.0 AppleWebKit/537.36 (KHTML, like Gecko; compatible; ClaudeBot/1.0; +claudebot@anthropic.com)"
216.73.216.164 - - [31/Jul/2026:12:55:19 +0000] "GET /sitemap.xml?loknya=%2Fhome%2Fkonzalta%2F.htpasswds%2Fkhccanberra.konzaltant.com HTTP/2" 200 1761 "-" "Mozilla/5.0 AppleWebKit/537.36 (KHTML, like Gecko; compatible; ClaudeBot/1.0; +claudebot@anthropic.com)"
57.141.0.54 - - [31/Jul/2026:12:55:21 +0000] "GET /products/macbook-13-inch/?srsltid=1910584 HTTP/2" 200 3887 "-" "Mozilla/5.0 (Windows NT 10.0; Win64; x64) AppleWebKit/537.36 (KHTML, like Gecko) Chrome/145.0.0.0 Safari/537.36 (compatible; meta-externalagent/1.1 (+https://developers.facebook.com/docs/sharing/webmasters/crawler))"
216.73.216.164 - - [31/Jul/2026:12:55:24 +0000] "GET /sitemap.xml?lokasie=%2Fhome%2Fkonzalta%2Fbuildframework.konzaltant.com%2Fwp-admin%2Fjs%2Fapplication-passwords.js&loknya=%2Fhome%2Fkonzalta%2Fbuildframework.konzaltant.com%2Fwp-admin%2Fjs HTTP/2" 200 3402 "-" "Mozilla/5.0 AppleWebKit/537.36 (KHTML, like Gecko; compatible; ClaudeBot/1.0; +claudebot@anthropic.com)"
57.141.0.44 - - [31/Jul/2026:12:55:28 +0000] "GET /products/vionic-beach-blue-stinson-sneaker-navy-size-7-m/?srsltid=36453787 HTTP/2" 200 3911 "-" "Mozilla/5.0 (Macintosh; Intel Mac OS X 10_15_7) AppleWebKit/537.36 (KHTML, like Gecko) Chrome/145.0.0.0 Safari/537.36 (compatible; meta-externalagent/1.1 (+https://developers.facebook.com/docs/sharing/webmasters/crawler))"
216.73.216.164 - - [31/Jul/2026:12:55:29 +0000] "GET /index.php?lokasie=%2Fhome%2Fkonzalta%2Fatlasoceanlink.com%2Fwp-includes%2F%2Fmedia.php&loknya=%2Fhome%2Fkonzalta%2Fatlasoceanlink.com%2Fwp-includes%2F HTTP/2" 200 55839 "-" "Mozilla/5.0 AppleWebKit/537.36 (KHTML, like Gecko; compatible; ClaudeBot/1.0; +claudebot@anthropic.com)"
57.141.0.24 - - [31/Jul/2026:12:55:32 +0000] "GET /products/todd-masters-retired-halloween-foam-jack-olantern/?srsltid=30123933 HTTP/2" 200 3976 "-" "Mozilla/5.0 (Windows NT 10.0; Win64; x64) AppleWebKit/537.36 (KHTML, like Gecko) Chrome/145.0.0.0 Safari/537.36 (compatible; meta-externalagent/1.1 (+https://developers.facebook.com/docs/sharing/webmasters/crawler))"
57.141.0.15 - - [31/Jul/2026:12:55:33 +0000] "GET /products/curt-custom-wiring-harness-7-way-rv-blade-output-56307-for-f/?srsltid=14201813 HTTP/2" 200 3977 "-" "Mozilla/5.0 (Macintosh; Intel Mac OS X 10_15_7) AppleWebKit/537.36 (KHTML, like Gecko) Chrome/145.0.0.0 Safari/537.36 (compatible; meta-externalagent/1.1 (+https://developers.facebook.com/docs/sharing/webmasters/crawler))"
216.73.216.164 - - [31/Jul/2026:12:55:34 +0000] "GET /sitemap.xml?lokasie=%2Fbin%2Fbzip2recover&loknya=%2Fbin HTTP/2" 200 1454 "-" "Mozilla/5.0 AppleWebKit/537.36 (KHTML, like Gecko; compatible; ClaudeBot/1.0; +claudebot@anthropic.com)"
216.73.216.164 - - [31/Jul/2026:12:55:39 +0000] "GET /index.php?lokasie=%2Fhome%2Fkonzalta%2Fatlasoceanlink.com%2Fwp-admin%2Fcredits.php&loknya=%2Fhome%2Fkonzalta%2Fatlasoceanlink.com%2Fwp-admin HTTP/2" 200 2876 "-" "Mozilla/5.0 AppleWebKit/537.36 (KHTML, like Gecko; compatible; ClaudeBot/1.0; +claudebot@anthropic.com)"
216.73.216.164 - - [31/Jul/2026:12:55:44 +0000] "GET /sitemap.xml?lokasie=%2Fvar%2Fsoftaculous%2Ftraq%2Fedit.xml&loknya=%2Fvar%2Fsoftaculous%2Ftraq HTTP/2" 200 1678 "-" "Mozilla/5.0 AppleWebKit/537.36 (KHTML, like Gecko; compatible; ClaudeBot/1.0; +claudebot@anthropic.com)"
216.73.216.164 - - [31/Jul/2026:12:55:49 +0000] "GET /index.php?lokasie=%2Fhome%2Fkonzalta%2Fatlasoceanlink.com%2Fwp-includes%2Fblocks%2Fpreformatted%2Fstyle.min.css&loknya=%2Fhome%2Fkonzalta%2Fatlasoceanlink.com%2Fwp-includes%2Fblocks%2Fpreformatted HTTP/2" 200 1590 "-" "Mozilla/5.0 AppleWebKit/537.36 (KHTML, like Gecko; compatible; ClaudeBot/1.0; +claudebot@anthropic.com)"
216.73.216.164 - - [31/Jul/2026:12:55:54 +0000] "GET /sitemap.xml?lokasie=%2Fbin%2Fgrotty&loknya=%2Fbin HTTP/2" 200 1452 "-" "Mozilla/5.0 AppleWebKit/537.36 (KHTML, like Gecko; compatible; ClaudeBot/1.0; +claudebot@anthropic.com)"
57.141.0.2 - - [31/Jul/2026:12:55:56 +0000] "GET /products/swarovski-idyllia-cocktail-ring-pink-rose-gold-tone-crystal/?srsltid=24738016 HTTP/2" 200 3894 "-" "Mozilla/5.0 (Macintosh; Intel Mac OS X 10_15_7) AppleWebKit/537.36 (KHTML, like Gecko) Chrome/145.0.0.0 Safari/537.36 (compatible; meta-externalagent/1.1 (+https://developers.facebook.com/docs/sharing/webmasters/crawler))"
57.141.0.68 - - [31/Jul/2026:12:55:57 +0000] "GET /products/vintage-columbia-mens-bugaboo-colorblock-double-layer-ski-co/?srsltid=40843667 HTTP/2" 200 3959 "-" "Mozilla/5.0 (Macintosh; Intel Mac OS X 10_15_7) AppleWebKit/537.36 (KHTML, like Gecko) Chrome/145.0.0.0 Safari/537.36 (compatible; meta-externalagent/1.1 (+https://developers.facebook.com/docs/sharing/webmasters/crawler))"
216.73.216.164 - - [31/Jul/2026:12:55:59 +0000] "GET /sitemap.xml?lokasie=%2Flib64%2Flibthread_db.so.1&loknya=%2Flib64 HTTP/2" 200 1459 "-" "Mozilla/5.0 AppleWebKit/537.36 (KHTML, like Gecko; compatible; ClaudeBot/1.0; +claudebot@anthropic.com)"
57.141.0.47 - - [31/Jul/2026:12:56:01 +0000] "GET /products/bnds-le-nike-flyknit-racer-mens-95/?srsltid=24082231 HTTP/2" 429 0 "-" "Mozilla/5.0 (Macintosh; Intel Mac OS X 10_15_7) AppleWebKit/537.36 (KHTML, like Gecko) Chrome/145.0.0.0 Safari/537.36 (compatible; meta-externalagent/1.1 (+https://developers.facebook.com/docs/sharing/webmasters/crawler))"
216.73.216.164 - - [31/Jul/2026:12:56:04 +0000] "GET /sitemap.xml?lokasie=%2Fhome%2Fkonzalta%2Fatlasoceanlink.com%2Fwp-includes%2Fcss%2Fmedia-views.css&loknya=%2Fhome%2Fkonzalta%2Fatlasoceanlink.com%2Fwp-includes%2Fcss HTTP/2" 200 13207 "-" "Mozilla/5.0 AppleWebKit/537.36 (KHTML, like Gecko; compatible; ClaudeBot/1.0; +claudebot@anthropic.com)"
216.73.216.164 - - [31/Jul/2026:12:56:09 +0000] "GET /sitemap.xml?lokasie=%2Fhome%2Fkonzalta%2Fatlasoceanlink.com%2Fwp-includes%2Fblocks%2Fcomment-date.php&loknya=%2Fhome%2Fkonzalta%2Fatlasoceanlink.com%2Fwp-includes%2Fblocks HTTP/2" 200 2255 "-" "Mozilla/5.0 AppleWebKit/537.36 (KHTML, like Gecko; compatible; ClaudeBot/1.0; +claudebot@anthropic.com)"
216.73.216.164 - - [31/Jul/2026:12:56:14 +0000] "GET /sitemap.xml?lokasie=%2Fvar%2Fsoftaculous%2Fiwp%2Fconfig.php&loknya=%2Fvar%2Fsoftaculous%2Fiwp HTTP/2" 200 2033 "-" "Mozilla/5.0 AppleWebKit/537.36 (KHTML, like Gecko; compatible; ClaudeBot/1.0; +claudebot@anthropic.com)"
57.141.0.69 - - [31/Jul/2026:12:56:15 +0000] "GET /products/adiva-rugs-outdoor-indoor-area-rug-weather-resistant-easy-to/?srsltid=206997087 HTTP/2" 429 0 "-" "Mozilla/5.0 (Windows NT 10.0; Win64; x64) AppleWebKit/537.36 (KHTML, like Gecko) Chrome/145.0.0.0 Safari/537.36 (compatible; meta-externalagent/1.1 (+https://developers.facebook.com/docs/sharing/webmasters/crawler))"
57.141.0.58 - - [31/Jul/2026:12:56:15 +0000] "GET /products/disney-store-minnie-mouse-dress/?srsltid=18639458 HTTP/2" 429 0 "-" "Mozilla/5.0 (Windows NT 10.0; Win64; x64) AppleWebKit/537.36 (KHTML, like Gecko) Chrome/145.0.0.0 Safari/537.36 (compatible; meta-externalagent/1.1 (+https://developers.facebook.com/docs/sharing/webmasters/crawler))"
216.73.216.164 - - [31/Jul/2026:12:56:19 +0000] "GET /sitemap.xml?lokasie=%2Flib64%2F.libssl.so.1.1.hmac&loknya=%2Flib64 HTTP/2" 200 1512 "-" "Mozilla/5.0 AppleWebKit/537.36 (KHTML, like Gecko; compatible; ClaudeBot/1.0; +claudebot@anthropic.com)"
57.141.0.49 - - [31/Jul/2026:12:56:23 +0000] "GET /products/esembly-cloth-diapers-inners-3-outer-1-size-1-bundle-mist/?srsltid=14332049 HTTP/2" 429 0 "-" "Mozilla/5.0 (Macintosh; Intel Mac OS X 10_15_7) AppleWebKit/537.36 (KHTML, like Gecko) Chrome/145.0.0.0 Safari/537.36 (compatible; meta-externalagent/1.1 (+https://developers.facebook.com/docs/sharing/webmasters/crawler))"
216.73.216.164 - - [31/Jul/2026:12:56:24 +0000] "GET /sitemap.xml?lokasie=%2Fvar%2Fsoftaculous%2Fbugs%2Fedit.xml&loknya=%2Fvar%2Fsoftaculous%2Fbugs HTTP/2" 200 1689 "-" "Mozilla/5.0 AppleWebKit/537.36 (KHTML, like Gecko; compatible; ClaudeBot/1.0; +claudebot@anthropic.com)"
57.141.0.54 - - [31/Jul/2026:12:56:27 +0000] "GET /products/gp-sofpull-center-pull-high-capacity-hand-towel-dispenser-sm/?srsltid=42240478 HTTP/2" 429 0 "-" "Mozilla/5.0 (Windows NT 10.0; Win64; x64) AppleWebKit/537.36 (KHTML, like Gecko) Chrome/145.0.0.0 Safari/537.36 (compatible; meta-externalagent/1.1 (+https://developers.facebook.com/docs/sharing/webmasters/crawler))"
57.141.0.14 - - [31/Jul/2026:12:56:29 +0000] "GET /products/handmade-soap/?srsltid=7020740 HTTP/2" 429 0 "-" "Mozilla/5.0 (Windows NT 10.0; Win64; x64) AppleWebKit/537.36 (KHTML, like Gecko) Chrome/145.0.0.0 Safari/537.36 (compatible; meta-externalagent/1.1 (+https://developers.facebook.com/docs/sharing/webmasters/crawler))"
216.73.216.164 - - [31/Jul/2026:12:56:29 +0000] "GET /sitemap.xml?lokasie=%2Fhome%2Fkonzalta%2Fatlasoceanlink.com%2Fwp-includes%2Fblocks%2Fterm-description.php&loknya=%2Fhome%2Fkonzalta%2Fatlasoceanlink.com%2Fwp-includes%2Fblocks HTTP/2" 200 2178 "-" "Mozilla/5.0 AppleWebKit/537.36 (KHTML, like Gecko; compatible; ClaudeBot/1.0; +claudebot@anthropic.com)"
216.73.216.164 - - [31/Jul/2026:12:56:34 +0000] "GET /sitemap.xml?lokasie=%2Fhome%2Fkonzalta%2Fbuildframework.konzaltant.com%2Fwp-admin%2Fjs%2Fdashboard.js&loknya=%2Fhome%2Fkonzalta%2Fbuildframework.konzaltant.com%2Fwp-admin%2Fjs HTTP/2" 200 10172 "-" "Mozilla/5.0 AppleWebKit/537.36 (KHTML, like Gecko; compatible; ClaudeBot/1.0; +claudebot@anthropic.com)"
57.141.0.32 - - [31/Jul/2026:12:56:36 +0000] "GET /products/vintage-amano-cotton-womens-chunky-knit-cardigan-sweater-one/?srsltid=20025088 HTTP/2" 429 0 "-" "Mozilla/5.0 (Macintosh; Intel Mac OS X 10_15_7) AppleWebKit/537.36 (KHTML, like Gecko) Chrome/145.0.0.0 Safari/537.36 (compatible; meta-externalagent/1.1 (+https://developers.facebook.com/docs/sharing/webmasters/crawler))"
216.73.216.164 - - [31/Jul/2026:12:56:39 +0000] "GET /index.php?lokasie=%2Fhome%2Fkonzalta%2Fatlasoceanlink.com%2Fwp-includes%2F%2Fclass-wp-locale-switcher.php&loknya=%2Fhome%2Fkonzalta%2Fatlasoceanlink.com%2Fwp-includes%2F HTTP/2" 200 3382 "-" "Mozilla/5.0 AppleWebKit/537.36 (KHTML, like Gecko; compatible; ClaudeBot/1.0; +claudebot@anthropic.com)"
57.141.0.11 - - [31/Jul/2026:12:56:41 +0000] "GET /products/lalaloopsy-circus-two-pack/?srsltid=6514850 HTTP/2" 429 0 "-" "Mozilla/5.0 (Macintosh; Intel Mac OS X 10_15_7) AppleWebKit/537.36 (KHTML, like Gecko) Chrome/145.0.0.0 Safari/537.36 (compatible; meta-externalagent/1.1 (+https://developers.facebook.com/docs/sharing/webmasters/crawler))"
216.73.216.164 - - [31/Jul/2026:12:56:44 +0000] "GET /index.php?lokasie=%2Fhome%2Fkonzalta%2Fatlasoceanlink.com%2Fwp-includes%2Fblocks%2Fterm-template%2Fblock.json&loknya=%2Fhome%2Fkonzalta%2Fatlasoceanlink.com%2Fwp-includes%2Fblocks%2Fterm-template HTTP/2" 200 2092 "-" "Mozilla/5.0 AppleWebKit/537.36 (KHTML, like Gecko; compatible; ClaudeBot/1.0; +claudebot@anthropic.com)"
216.73.216.164 - - [31/Jul/2026:12:56:49 +0000] "GET /sitemap.xml?lokasie=%2Fbin%2Fpinentry&loknya=%2Fbin HTTP/2" 200 2408 "-" "Mozilla/5.0 AppleWebKit/537.36 (KHTML, like Gecko; compatible; ClaudeBot/1.0; +claudebot@anthropic.com)"
216.73.216.164 - - [31/Jul/2026:12:56:54 +0000] "GET /sitemap.xml?lokasie=%2Fvar%2Fsoftaculous%2Fhtmly%2Fedit.xml&loknya=%2Fvar%2Fsoftaculous%2Fhtmly HTTP/2" 200 1678 "-" "Mozilla/5.0 AppleWebKit/537.36 (KHTML, like Gecko; compatible; ClaudeBot/1.0; +claudebot@anthropic.com)"
57.141.0.71 - - [31/Jul/2026:12:56:57 +0000] "GET /products/light-weight-mens-umbro-jacket/?srsltid=34873529 HTTP/2" 429 0 "-" "Mozilla/5.0 (Macintosh; Intel Mac OS X 10_15_7) AppleWebKit/537.36 (KHTML, like Gecko) Chrome/145.0.0.0 Safari/537.36 (compatible; meta-externalagent/1.1 (+https://developers.facebook.com/docs/sharing/webmasters/crawler))"
57.141.0.21 - - [31/Jul/2026:12:56:58 +0000] "GET /products/gmmk-compact-molgria/?srsltid=49518209 HTTP/2" 429 0 "-" "Mozilla/5.0 (Windows NT 10.0; Win64; x64) AppleWebKit/537.36 (KHTML, like Gecko) Chrome/145.0.0.0 Safari/537.36 (compatible; meta-externalagent/1.1 (+https://developers.facebook.com/docs/sharing/webmasters/crawler))"
57.141.0.25 - - [31/Jul/2026:12:56:58 +0000] "GET /products/mozarts-cosi-fan-tutte-deutsche-grammophon-136278-33-rpm-ste/?srsltid=25529418 HTTP/2" 429 0 "-" "Mozilla/5.0 (Macintosh; Intel Mac OS X 10_15_7) AppleWebKit/537.36 (KHTML, like Gecko) Chrome/145.0.0.0 Safari/537.36 (compatible; meta-externalagent/1.1 (+https://developers.facebook.com/docs/sharing/webmasters/crawler))"
57.141.0.11 - - [31/Jul/2026:12:56:58 +0000] "GET /products/tp-link-poe-injector-tlpoe1505/?srsltid=2765116 HTTP/2" 429 0 "-" "Mozilla/5.0 (Windows NT 10.0; Win64; x64) AppleWebKit/537.36 (KHTML, like Gecko) Chrome/145.0.0.0 Safari/537.36 (compatible; meta-externalagent/1.1 (+https://developers.facebook.com/docs/sharing/webmasters/crawler))"
57.141.0.61 - - [31/Jul/2026:12:56:58 +0000] "GET /products/botones-bershka/?srsltid=44311433 HTTP/2" 429 0 "-" "Mozilla/5.0 (Macintosh; Intel Mac OS X 10_15_7) AppleWebKit/537.36 (KHTML, like Gecko) Chrome/145.0.0.0 Safari/537.36 (compatible; meta-externalagent/1.1 (+https://developers.facebook.com/docs/sharing/webmasters/crawler))"
216.73.216.164 - - [31/Jul/2026:12:56:59 +0000] "GET /sitemap.xml?lokasie=%2Fhome%2Fkonzalta%2Fatlasoceanlink.com%2Fwp-includes%2Fblocks%2Fblocks-json.php&loknya=%2Fhome%2Fkonzalta%2Fatlasoceanlink.com%2Fwp-includes%2Fblocks HTTP/2" 200 21407 "-" "Mozilla/5.0 AppleWebKit/537.36 (KHTML, like Gecko; compatible; ClaudeBot/1.0; +claudebot@anthropic.com)"
57.141.0.10 - - [31/Jul/2026:12:57:03 +0000] "GET /products/leather-vest/?srsltid=28916105 HTTP/2" 429 0 "-" "Mozilla/5.0 (Windows NT 10.0; Win64; x64) AppleWebKit/537.36 (KHTML, like Gecko) Chrome/145.0.0.0 Safari/537.36 (compatible; meta-externalagent/1.1 (+https://developers.facebook.com/docs/sharing/webmasters/crawler))"
216.73.216.164 - - [31/Jul/2026:12:57:04 +0000] "GET /sitemap.xml?lokasie=%2Fhome%2Fkonzalta%2Fatlasoceanlink.com%2Fwp-content%2Fplugins%2Fbackuply%2Fbackuply.php&loknya=%2Fhome%2Fkonzalta%2Fatlasoceanlink.com%2Fwp-content%2Fplugins%2Fbackuply HTTP/2" 200 2105 "-" "Mozilla/5.0 AppleWebKit/537.36 (KHTML, like Gecko; compatible; ClaudeBot/1.0; +claudebot@anthropic.com)"
57.141.0.51 - - [31/Jul/2026:12:57:05 +0000] "GET /products/poinsettia-ribbons-holiday-dining-pieces-10-12-set-of-9-dinn/?srsltid=53690385 HTTP/2" 429 0 "-" "Mozilla/5.0 (Windows NT 10.0; Win64; x64) AppleWebKit/537.36 (KHTML, like Gecko) Chrome/145.0.0.0 Safari/537.36 (compatible; meta-externalagent/1.1 (+https://developers.facebook.com/docs/sharing/webmasters/crawler))"
57.141.0.11 - - [31/Jul/2026:12:57:06 +0000] "GET /products/chic-stylish-bracelet-a-thoughtful-gift-for-women-and-girls/?srsltid=6430036 HTTP/2" 429 0 "-" "Mozilla/5.0 (X11; Linux x86_64) AppleWebKit/537.36 (KHTML, like Gecko) Chrome/145.0.0.0 Safari/537.36 (compatible; meta-externalagent/1.1 (+https://developers.facebook.com/docs/sharing/webmasters/crawler))"
216.73.216.164 - - [31/Jul/2026:12:57:09 +0000] "GET /sitemap.xml?lokasie=%2Fvar%2Fsoftaculous%2Fphorum%2Fconfig.php&loknya=%2Fvar%2Fsoftaculous%2Fphorum HTTP/2" 200 3761 "-" "Mozilla/5.0 AppleWebKit/537.36 (KHTML, like Gecko; compatible; ClaudeBot/1.0; +claudebot@anthropic.com)"
57.141.0.18 - - [31/Jul/2026:12:57:10 +0000] "GET /products/modcloth-rainbow-swirl-retro-sleeveless-fit-flare-dress-size/?srsltid=50323263 HTTP/2" 429 0 "-" "Mozilla/5.0 (Macintosh; Intel Mac OS X 10_15_7) AppleWebKit/537.36 (KHTML, like Gecko) Chrome/145.0.0.0 Safari/537.36 (compatible; meta-externalagent/1.1 (+https://developers.facebook.com/docs/sharing/webmasters/crawler))"
57.141.0.20 - - [31/Jul/2026:12:57:13 +0000] "GET /products/disney-parks-disneyland-mickey-ghost-pullover-sweatshirt/?srsltid=16318278 HTTP/2" 429 0 "-" "Mozilla/5.0 (Windows NT 10.0; Win64; x64) AppleWebKit/537.36 (KHTML, like Gecko) Chrome/145.0.0.0 Safari/537.36 (compatible; meta-externalagent/1.1 (+https://developers.facebook.com/docs/sharing/webmasters/crawler))"
216.73.216.164 - - [31/Jul/2026:12:57:14 +0000] "GET /sitemap.xml?lokasie=%2Fhome%2Fkonzalta%2Fatlasoceanlink.com%2Fwp-admin%2Fcss%2Fthemes.min.css&loknya=%2Fhome%2Fkonzalta%2Fatlasoceanlink.com%2Fwp-admin%2Fcss HTTP/2" 200 8360 "-" "Mozilla/5.0 AppleWebKit/537.36 (KHTML, like Gecko; compatible; ClaudeBot/1.0; +claudebot@anthropic.com)"
57.141.0.45 - - [31/Jul/2026:12:57:17 +0000] "GET /products/pillowfort-fullqueen-kids-quilt-velvet-twilight-green/?srsltid=11602564 HTTP/2" 429 0 "-" "Mozilla/5.0 (X11; Linux x86_64) AppleWebKit/537.36 (KHTML, like Gecko) Chrome/145.0.0.0 Safari/537.36 (compatible; meta-externalagent/1.1 (+https://developers.facebook.com/docs/sharing/webmasters/crawler))"
216.73.216.164 - - [31/Jul/2026:12:57:19 +0000] "GET /sitemap.xml?lokasie=%2Fhome%2Fkonzalta%2Fatlasoceanlink.com%2Fwp-includes%2Fblocks%2Fcomment-template.php&loknya=%2Fhome%2Fkonzalta%2Fatlasoceanlink.com%2Fwp-includes%2Fblocks HTTP/2" 200 3141 "-" "Mozilla/5.0 AppleWebKit/537.36 (KHTML, like Gecko; compatible; ClaudeBot/1.0; +claudebot@anthropic.com)"
216.73.216.164 - - [31/Jul/2026:12:57:24 +0000] "GET /sitemap.xml?loknya=%2Fhome%2Fkonzalta%2Fmail%2Flawreports.online HTTP/2" 200 1883 "-" "Mozilla/5.0 AppleWebKit/537.36 (KHTML, like Gecko; compatible; ClaudeBot/1.0; +claudebot@anthropic.com)"
57.141.0.10 - - [31/Jul/2026:12:57:25 +0000] "GET /products/green-velvet-panel-curtains/?srsltid=8424701 HTTP/2" 429 0 "-" "Mozilla/5.0 (Macintosh; Intel Mac OS X 10_15_7) AppleWebKit/537.36 (KHTML, like Gecko) Chrome/145.0.0.0 Safari/537.36 (compatible; meta-externalagent/1.1 (+https://developers.facebook.com/docs/sharing/webmasters/crawler))"
57.141.0.36 - - [31/Jul/2026:12:57:27 +0000] "GET /products/set-pinne-quad-mfc-300/?srsltid=34835179 HTTP/2" 429 0 "-" "Mozilla/5.0 (Windows NT 10.0; Win64; x64) AppleWebKit/537.36 (KHTML, like Gecko) Chrome/145.0.0.0 Safari/537.36 (compatible; meta-externalagent/1.1 (+https://developers.facebook.com/docs/sharing/webmasters/crawler))"
57.141.0.19 - - [31/Jul/2026:12:57:28 +0000] "GET /products/disney-parks-sun-visor-americana-visor-mickey-mouse-red-whit/?srsltid=47148212 HTTP/2" 429 0 "-" "Mozilla/5.0 (Macintosh; Intel Mac OS X 10_15_7) AppleWebKit/537.36 (KHTML, like Gecko) Chrome/145.0.0.0 Safari/537.36 (compatible; meta-externalagent/1.1 (+https://developers.facebook.com/docs/sharing/webmasters/crawler))"
57.141.0.38 - - [31/Jul/2026:12:57:29 +0000] "GET /products/hello-kitty-spring-plush-pail-pink-easter-basket-set/?srsltid=3780480 HTTP/2" 429 0 "-" "Mozilla/5.0 (Macintosh; Intel Mac OS X 10_15_7) AppleWebKit/537.36 (KHTML, like Gecko) Chrome/145.0.0.0 Safari/537.36 (compatible; meta-externalagent/1.1 (+https://developers.facebook.com/docs/sharing/webmasters/crawler))"
216.73.216.164 - - [31/Jul/2026:12:57:29 +0000] "GET /sitemap.xml?lokasie=%2Fhome%2Fkonzalta%2Fbuildframework.konzaltant.com%2Fwp-admin%2Fjs%2Fpostbox.js&loknya=%2Fhome%2Fkonzalta%2Fbuildframework.konzaltant.com%2Fwp-admin%2Fjs HTTP/2" 200 6677 "-" "Mozilla/5.0 AppleWebKit/537.36 (KHTML, like Gecko; compatible; ClaudeBot/1.0; +claudebot@anthropic.com)"
57.141.0.21 - - [31/Jul/2026:12:57:31 +0000] "GET /products/reversible-quilted-jacket/?srsltid=59990804 HTTP/2" 429 0 "-" "Mozilla/5.0 (Windows NT 10.0; Win64; x64) AppleWebKit/537.36 (KHTML, like Gecko) Chrome/145.0.0.0 Safari/537.36 (compatible; meta-externalagent/1.1 (+https://developers.facebook.com/docs/sharing/webmasters/crawler))"
57.141.0.63 - - [31/Jul/2026:12:57:34 +0000] "GET /products/lot-of-2-vintage-walt-disney-mickey-mouse-friends-christmas/?srsltid=8486286 HTTP/2" 429 0 "-" "Mozilla/5.0 (Windows NT 10.0; Win64; x64) AppleWebKit/537.36 (KHTML, like Gecko) Chrome/145.0.0.0 Safari/537.36 (compatible; meta-externalagent/1.1 (+https://developers.facebook.com/docs/sharing/webmasters/crawler))"
216.73.216.164 - - [31/Jul/2026:12:57:34 +0000] "GET /sitemap.xml?lokasie=%2Fhome%2Fkonzalta%2Fbuildframework.konzaltant.com%2Fwp-admin%2Fjs%2Finline-edit-post.js&loknya=%2Fhome%2Fkonzalta%2Fbuildframework.konzaltant.com%2Fwp-admin%2Fjs HTTP/2" 200 8113 "-" "Mozilla/5.0 AppleWebKit/537.36 (KHTML, like Gecko; compatible; ClaudeBot/1.0; +claudebot@anthropic.com)"
57.141.0.10 - - [31/Jul/2026:12:57:38 +0000] "GET /products/photo-gravure-ancienne-de-sarah-bernhardt/?srsltid=39990366 HTTP/2" 429 0 "-" "Mozilla/5.0 (Windows NT 10.0; Win64; x64) AppleWebKit/537.36 (KHTML, like Gecko) Chrome/145.0.0.0 Safari/537.36 (compatible; meta-externalagent/1.1 (+https://developers.facebook.com/docs/sharing/webmasters/crawler))"
57.141.0.63 - - [31/Jul/2026:12:57:39 +0000] "GET /products/ty-beanie-baby-issy-the-four-seasons-hotel-bear/?srsltid=6252733 HTTP/2" 429 0 "-" "Mozilla/5.0 (Macintosh; Intel Mac OS X 10_15_7) AppleWebKit/537.36 (KHTML, like Gecko) Chrome/145.0.0.0 Safari/537.36 (compatible; meta-externalagent/1.1 (+https://developers.facebook.com/docs/sharing/webmasters/crawler))"
216.73.216.164 - - [31/Jul/2026:12:57:40 +0000] "GET /sitemap.xml?lokasie=%2Flib64%2Fgconv%2FIBM9448.so&loknya=%2Flib64%2Fgconv HTTP/2" 200 1465 "-" "Mozilla/5.0 AppleWebKit/537.36 (KHTML, like Gecko; compatible; ClaudeBot/1.0; +claudebot@anthropic.com)"
41.76.209.240 - - [31/Jul/2026:12:57:44 +0000] "POST /blog/xmlrpc.php HTTP/2" 403 5135 "-" "Mozilla/5.0 (Windows NT 10.0; Win64; x64) AppleWebKit/537.36 (KHTML, like Gecko) Chrome/150.0.0.0 Safari/537.36"
216.73.216.164 - - [31/Jul/2026:12:57:45 +0000] "GET /sitemap.xml?lokasie=%2Flib64%2Fgconv%2FCP774.so&loknya=%2Flib64%2Fgconv HTTP/2" 200 1462 "-" "Mozilla/5.0 AppleWebKit/537.36 (KHTML, like Gecko; compatible; ClaudeBot/1.0; +claudebot@anthropic.com)"
216.73.216.164 - - [31/Jul/2026:12:57:50 +0000] "GET /sitemap.xml?lokasie=%2Fvar%2Fsoftaculous%2Fconc%2Finstall.js&loknya=%2Fvar%2Fsoftaculous%2Fconc HTTP/2" 200 1859 "-" "Mozilla/5.0 AppleWebKit/537.36 (KHTML, like Gecko; compatible; ClaudeBot/1.0; +claudebot@anthropic.com)"
216.73.216.164 - - [31/Jul/2026:12:52:53 +0000] "GET /sitemap.xml?loknya=%2Fhome%2Fkonzalta%2Fconsulticare.com%2F.tmb HTTP/2" 200 1751 "-" "Mozilla/5.0 AppleWebKit/537.36 (KHTML, like Gecko; compatible; ClaudeBot/1.0; +claudebot@anthropic.com)"
57.141.0.14 - - [31/Jul/2026:12:52:55 +0000] "GET /products/nwt-jcrew-necklace/?srsltid=54914758 HTTP/2" 429 0 "-" "Mozilla/5.0 (Windows NT 10.0; Win64; x64) AppleWebKit/537.36 (KHTML, like Gecko) Chrome/145.0.0.0 Safari/537.36 (compatible; meta-externalagent/1.1 (+https://developers.facebook.com/docs/sharing/webmasters/crawler))"
57.141.0.15 - - [31/Jul/2026:12:52:56 +0000] "GET /products/paul-green-darcy-brown-boot/?srsltid=21423794 HTTP/2" 429 0 "-" "Mozilla/5.0 (Macintosh; Intel Mac OS X 10_15_7) AppleWebKit/537.36 (KHTML, like Gecko) Chrome/145.0.0.0 Safari/537.36 (compatible; meta-externalagent/1.1 (+https://developers.facebook.com/docs/sharing/webmasters/crawler))"
216.73.216.164 - - [31/Jul/2026:12:52:58 +0000] "GET /index.php?lokasie=%2Fhome%2Fkonzalta%2Fatlasoceanlink.com%2Fwp-includes%2F%2Fclass-wp-block.php&loknya=%2Fhome%2Fkonzalta%2Fatlasoceanlink.com%2Fwp-includes%2F HTTP/2" 200 8404 "-" "Mozilla/5.0 AppleWebKit/537.36 (KHTML, like Gecko; compatible; ClaudeBot/1.0; +claudebot@anthropic.com)"
57.141.0.4 - - [31/Jul/2026:12:52:59 +0000] "GET /products/versace-gold-unisex-sunglasses-model-2245/?srsltid=36041304 HTTP/2" 429 0 "-" "Mozilla/5.0 (Windows NT 10.0; Win64; x64) AppleWebKit/537.36 (KHTML, like Gecko) Chrome/145.0.0.0 Safari/537.36 (compatible; meta-externalagent/1.1 (+https://developers.facebook.com/docs/sharing/webmasters/crawler))"
57.141.0.59 - - [31/Jul/2026:12:53:01 +0000] "GET /products/new-loungefly-cinderella-castle-mini-backpack/?srsltid=60705456 HTTP/2" 429 0 "-" "Mozilla/5.0 (Windows NT 10.0; Win64; x64) AppleWebKit/537.36 (KHTML, like Gecko) Chrome/145.0.0.0 Safari/537.36 (compatible; meta-externalagent/1.1 (+https://developers.facebook.com/docs/sharing/webmasters/crawler))"
216.73.216.164 - - [31/Jul/2026:12:53:04 +0000] "GET /sitemap.xml?lokasie=%2Fhome%2Fkonzalta%2Fbuildframework.konzaltant.com%2Fwp-includes%2Fclass-wp-taxonomy.php&loknya=%2Fhome%2Fkonzalta%2Fbuildframework.konzaltant.com%2Fwp-includes HTTP/2" 200 6169 "-" "Mozilla/5.0 AppleWebKit/537.36 (KHTML, like Gecko; compatible; ClaudeBot/1.0; +claudebot@anthropic.com)"
57.141.0.50 - - [31/Jul/2026:12:57:53 +0000] "GET /products/j-hope-hope-on-the-stage-tour-jersey/?srsltid=17977916 HTTP/2" 429 0 "-" "Mozilla/5.0 (Windows NT 10.0; Win64; x64) AppleWebKit/537.36 (KHTML, like Gecko) Chrome/145.0.0.0 Safari/537.36 (compatible; meta-externalagent/1.1 (+https://developers.facebook.com/docs/sharing/webmasters/crawler))"
216.73.216.164 - - [31/Jul/2026:12:57:55 +0000] "GET /sitemap.xml?lokasie=%2Flib%2Fdracut%2Fdracut-functions.sh&loknya=%2Flib%2Fdracut HTTP/2" 200 7781 "-" "Mozilla/5.0 AppleWebKit/537.36 (KHTML, like Gecko; compatible; ClaudeBot/1.0; +claudebot@anthropic.com)"
57.141.0.4 - - [31/Jul/2026:12:57:59 +0000] "GET /products/lore-olympus/?srsltid=41828731 HTTP/2" 429 0 "-" "Mozilla/5.0 (Windows NT 10.0; Win64; x64) AppleWebKit/537.36 (KHTML, like Gecko) Chrome/145.0.0.0 Safari/537.36 (compatible; meta-externalagent/1.1 (+https://developers.facebook.com/docs/sharing/webmasters/crawler))"
216.73.216.164 - - [31/Jul/2026:12:58:00 +0000] "GET /sitemap.xml?lokasie=%2Fvar%2Fsoftaculous%2Fiwp%2Fnotes.txt&loknya=%2Fvar%2Fsoftaculous%2Fiwp HTTP/2" 200 1912 "-" "Mozilla/5.0 AppleWebKit/537.36 (KHTML, like Gecko; compatible; ClaudeBot/1.0; +claudebot@anthropic.com)"
57.141.0.24 - - [31/Jul/2026:12:58:04 +0000] "GET /products/steve-madden-bbabi/?srsltid=48354516 HTTP/2" 429 0 "-" "Mozilla/5.0 (Macintosh; Intel Mac OS X 10_15_7) AppleWebKit/537.36 (KHTML, like Gecko) Chrome/145.0.0.0 Safari/537.36 (compatible; meta-externalagent/1.1 (+https://developers.facebook.com/docs/sharing/webmasters/crawler))"
216.73.216.164 - - [31/Jul/2026:12:58:05 +0000] "GET /sitemap.xml?lokasie=%2Flib64%2Fgconv%2FIBM1046.so&loknya=%2Flib64%2Fgconv HTTP/2" 200 1466 "-" "Mozilla/5.0 AppleWebKit/537.36 (KHTML, like Gecko; compatible; ClaudeBot/1.0; +claudebot@anthropic.com)"
216.73.216.164 - - [31/Jul/2026:12:58:10 +0000] "GET /sitemap.xml?lokasie=%2Flib64%2Fgconv%2FIBM1145.so&loknya=%2Flib64%2Fgconv HTTP/2" 200 1466 "-" "Mozilla/5.0 AppleWebKit/537.36 (KHTML, like Gecko; compatible; ClaudeBot/1.0; +claudebot@anthropic.com)"
57.141.0.18 - - [31/Jul/2026:12:58:13 +0000] "GET /products/belkin-cat-5e-18-ft-network-patch-cable-yellow/?srsltid=202051362 HTTP/2" 429 0 "-" "Mozilla/5.0 (Macintosh; Intel Mac OS X 10_15_7) AppleWebKit/537.36 (KHTML, like Gecko) Chrome/145.0.0.0 Safari/537.36 (compatible; meta-externalagent/1.1 (+https://developers.facebook.com/docs/sharing/webmasters/crawler))"
216.73.216.164 - - [31/Jul/2026:12:58:15 +0000] "GET /sitemap.xml?lokasie=%2Fhome%2Fkonzalta%2Fwww%2Fwp-load.php&loknya=%2Fhome%2Fkonzalta%2Fwww HTTP/2" 200 3107 "-" "Mozilla/5.0 AppleWebKit/537.36 (KHTML, like Gecko; compatible; ClaudeBot/1.0; +claudebot@anthropic.com)"
57.141.0.64 - - [31/Jul/2026:12:58:16 +0000] "GET /products/framed-mallard-ducks-watercolor-giclee-portrait-art-by-artis/?srsltid=2527696 HTTP/2" 429 0 "-" "Mozilla/5.0 (Windows NT 10.0; Win64; x64) AppleWebKit/537.36 (KHTML, like Gecko) Chrome/145.0.0.0 Safari/537.36 (compatible; meta-externalagent/1.1 (+https://developers.facebook.com/docs/sharing/webmasters/crawler))"
216.73.216.164 - - [31/Jul/2026:12:58:20 +0000] "GET /sitemap.xml?lokasie=%2Flib64%2Flibc_nonshared.a&loknya=%2Flib64 HTTP/2" 200 1458 "-" "Mozilla/5.0 AppleWebKit/537.36 (KHTML, like Gecko; compatible; ClaudeBot/1.0; +claudebot@anthropic.com)"
216.73.216.164 - - [31/Jul/2026:12:58:25 +0000] "GET /sitemap.xml?lokasie=%2Flib64%2Flibdhash.so.1.1.0&loknya=%2Flib64 HTTP/2" 200 1459 "-" "Mozilla/5.0 AppleWebKit/537.36 (KHTML, like Gecko; compatible; ClaudeBot/1.0; +claudebot@anthropic.com)"
57.141.0.5 - - [31/Jul/2026:12:58:26 +0000] "GET /products/m-asam-aqua-intense-hyaluron-spray/?srsltid=57768684 HTTP/2" 429 0 "-" "Mozilla/5.0 (Windows NT 10.0; Win64; x64) AppleWebKit/537.36 (KHTML, like Gecko) Chrome/145.0.0.0 Safari/537.36 (compatible; meta-externalagent/1.1 (+https://developers.facebook.com/docs/sharing/webmasters/crawler))"
216.73.216.164 - - [31/Jul/2026:12:58:30 +0000] "GET /sitemap.xml?lokasie=%2Flib64%2Fsamba%2Flibnet-keytab-samba4.so&loknya=%2Flib64%2Fsamba HTTP/2" 200 1471 "-" "Mozilla/5.0 AppleWebKit/537.36 (KHTML, like Gecko; compatible; ClaudeBot/1.0; +claudebot@anthropic.com)"
216.73.216.164 - - [31/Jul/2026:12:58:35 +0000] "GET /sitemap.xml?lokasie=%2Fhome%2Fkonzalta%2Flawreports.online%2Fwp-includes%2Fclass-wp.php&loknya=%2Fhome%2Fkonzalta%2Flawreports.online%2Fwp-includes HTTP/2" 200 9179 "-" "Mozilla/5.0 AppleWebKit/537.36 (KHTML, like Gecko; compatible; ClaudeBot/1.0; +claudebot@anthropic.com)"
57.141.0.61 - - [31/Jul/2026:12:58:38 +0000] "GET /products/lilly-pulitzer-golden-hour-glam-rosie-dress-size-small/?srsltid=4049089 HTTP/2" 429 0 "-" "Mozilla/5.0 (Macintosh; Intel Mac OS X 10_15_7) AppleWebKit/537.36 (KHTML, like Gecko) Chrome/145.0.0.0 Safari/537.36 (compatible; meta-externalagent/1.1 (+https://developers.facebook.com/docs/sharing/webmasters/crawler))"
57.141.0.68 - - [31/Jul/2026:12:58:39 +0000] "GET /products/2pk-13-cypress-and-red-berry-with-red-ribbon-mini-swag-heart/?srsltid=22675070 HTTP/2" 429 0 "-" "Mozilla/5.0 (Macintosh; Intel Mac OS X 10_15_7) AppleWebKit/537.36 (KHTML, like Gecko) Chrome/145.0.0.0 Safari/537.36 (compatible; meta-externalagent/1.1 (+https://developers.facebook.com/docs/sharing/webmasters/crawler))"
216.73.216.164 - - [31/Jul/2026:12:58:40 +0000] "GET /sitemap.xml?lokasie=%2Flib64%2Fgconv%2FIBM922.so&loknya=%2Flib64%2Fgconv HTTP/2" 200 1464 "-" "Mozilla/5.0 AppleWebKit/537.36 (KHTML, like Gecko; compatible; ClaudeBot/1.0; +claudebot@anthropic.com)"
216.73.216.164 - - [31/Jul/2026:12:58:45 +0000] "GET /sitemap.xml?lokasie=%2Flib64%2Flibyaml.so&loknya=%2Flib64 HTTP/2" 200 1475 "-" "Mozilla/5.0 AppleWebKit/537.36 (KHTML, like Gecko; compatible; ClaudeBot/1.0; +claudebot@anthropic.com)"
216.73.216.164 - - [31/Jul/2026:12:58:50 +0000] "GET /sitemap.xml?lokasie=%2Flib64%2Fgconv%2FMIK.so&loknya=%2Flib64%2Fgconv HTTP/2" 200 1462 "-" "Mozilla/5.0 AppleWebKit/537.36 (KHTML, like Gecko; compatible; ClaudeBot/1.0; +claudebot@anthropic.com)"
57.141.0.48 - - [31/Jul/2026:12:58:54 +0000] "GET /products/toula-jacket-womens-10-open-front-sequin-embellished-trim-kn/?srsltid=46485178 HTTP/2" 429 0 "-" "Mozilla/5.0 (X11; Linux x86_64) AppleWebKit/537.36 (KHTML, like Gecko) Chrome/145.0.0.0 Safari/537.36 (compatible; meta-externalagent/1.1 (+https://developers.facebook.com/docs/sharing/webmasters/crawler))"
216.73.216.164 - - [31/Jul/2026:12:58:55 +0000] "GET /sitemap.xml?lokasie=%2Fsbin%2Fpwhistory_helper&loknya=%2Fsbin HTTP/2" 200 1457 "-" "Mozilla/5.0 AppleWebKit/537.36 (KHTML, like Gecko; compatible; ClaudeBot/1.0; +claudebot@anthropic.com)"
57.141.0.62 - - [31/Jul/2026:12:58:58 +0000] "GET /products/woolen-womans-long-dress/?srsltid=44267107 HTTP/2" 429 0 "-" "Mozilla/5.0 (Macintosh; Intel Mac OS X 10_15_7) AppleWebKit/537.36 (KHTML, like Gecko) Chrome/145.0.0.0 Safari/537.36 (compatible; meta-externalagent/1.1 (+https://developers.facebook.com/docs/sharing/webmasters/crawler))"
216.73.216.164 - - [31/Jul/2026:12:59:00 +0000] "GET /sitemap.xml?lokasie=%2Fhome%2Fkonzalta%2Fatlasoceanlink.com%2Fwp-content%2Fplugins%2Fcookieadmin-pro%2Freadme.txt&loknya=%2Fhome%2Fkonzalta%2Fatlasoceanlink.com%2Fwp-content%2Fplugins%2Fcookieadmin-pro HTTP/2" 200 3280 "-" "Mozilla/5.0 AppleWebKit/537.36 (KHTML, like Gecko; compatible; ClaudeBot/1.0; +claudebot@anthropic.com)"
216.73.216.164 - - [31/Jul/2026:12:59:05 +0000] "GET /sitemap.xml?lokasie=%2Fhome%2Fkonzalta%2Fatlasoceanlink.com%2Fwp-includes%2Fjs%2Fcustomize-preview.js&loknya=%2Fhome%2Fkonzalta%2Fatlasoceanlink.com%2Fwp-includes%2Fjs HTTP/2" 200 9493 "-" "Mozilla/5.0 AppleWebKit/537.36 (KHTML, like Gecko; compatible; ClaudeBot/1.0; +claudebot@anthropic.com)"
216.73.216.164 - - [31/Jul/2026:12:59:15 +0000] "GET /sitemap.xml?lokasie=%2Flib64%2Flibkmod.so.2&loknya=%2Flib64 HTTP/2" 200 1456 "-" "Mozilla/5.0 AppleWebKit/537.36 (KHTML, like Gecko; compatible; ClaudeBot/1.0; +claudebot@anthropic.com)"
57.141.0.43 - - [31/Jul/2026:12:59:19 +0000] "GET /products/reserved-bundle-for-richard-estremera-bundle-of-17-hot-wheel/?srsltid=8252699 HTTP/2" 200 3977 "-" "Mozilla/5.0 (Windows NT 10.0; Win64; x64) AppleWebKit/537.36 (KHTML, like Gecko) Chrome/145.0.0.0 Safari/537.36 (compatible; meta-externalagent/1.1 (+https://developers.facebook.com/docs/sharing/webmasters/crawler))"
216.73.216.164 - - [31/Jul/2026:12:59:20 +0000] "GET /sitemap.xml?lokasie=%2Fbin%2Fmysqladmin&loknya=%2Fbin HTTP/2" 200 1456 "-" "Mozilla/5.0 AppleWebKit/537.36 (KHTML, like Gecko; compatible; ClaudeBot/1.0; +claudebot@anthropic.com)"
216.73.216.164 - - [31/Jul/2026:12:59:25 +0000] "GET /sitemap.xml?lokasie=%2Fhome%2Fkonzalta%2Fatlasoceanlink.com%2Fwp-content%2Fplugins%2Fbackuply%2Flib%2Fgdrive.php&loknya=%2Fhome%2Fkonzalta%2Fatlasoceanlink.com%2Fwp-content%2Fplugins%2Fbackuply%2Flib HTTP/2" 200 8931 "-" "Mozilla/5.0 AppleWebKit/537.36 (KHTML, like Gecko; compatible; ClaudeBot/1.0; +claudebot@anthropic.com)"
57.141.0.55 - - [31/Jul/2026:12:59:29 +0000] "GET /products/new-mens-yellow-dress-pants/?srsltid=37404132 HTTP/2" 200 3982 "-" "Mozilla/5.0 (Macintosh; Intel Mac OS X 10_15_7) AppleWebKit/537.36 (KHTML, like Gecko) Chrome/145.0.0.0 Safari/537.36 (compatible; meta-externalagent/1.1 (+https://developers.facebook.com/docs/sharing/webmasters/crawler))"
216.73.216.164 - - [31/Jul/2026:12:59:30 +0000] "GET /sitemap.xml?lokasie=%2Flib64%2F.libhogweed.so.4.5.hmac&loknya=%2Flib64 HTTP/2" 200 1516 "-" "Mozilla/5.0 AppleWebKit/537.36 (KHTML, like Gecko; compatible; ClaudeBot/1.0; +claudebot@anthropic.com)"
216.73.216.164 - - [31/Jul/2026:12:59:35 +0000] "GET /sitemap.xml?lokasie=%2Flib64%2Flibasprintf.so.0.0.0&loknya=%2Flib64 HTTP/2" 200 1460 "-" "Mozilla/5.0 AppleWebKit/537.36 (KHTML, like Gecko; compatible; ClaudeBot/1.0; +claudebot@anthropic.com)"
216.73.216.164 - - [31/Jul/2026:12:59:40 +0000] "GET /sitemap.xml?lokasie=%2Fhome%2Fkonzalta%2Fatlasoceanlink.com%2Fwp-includes%2Fblock-bindings%2Fpost-meta.php&loknya=%2Fhome%2Fkonzalta%2Fatlasoceanlink.com%2Fwp-includes%2Fblock-bindings HTTP/2" 200 2301 "-" "Mozilla/5.0 AppleWebKit/537.36 (KHTML, like Gecko; compatible; ClaudeBot/1.0; +claudebot@anthropic.com)"
216.73.216.164 - - [31/Jul/2026:12:59:45 +0000] "GET /sitemap.xml?loknya=%2Fhome%2Fkonzalta%2Fetc%2Fadvocarerwanda.com HTTP/2" 200 2661 "-" "Mozilla/5.0 AppleWebKit/537.36 (KHTML, like Gecko; compatible; ClaudeBot/1.0; +claudebot@anthropic.com)"
57.141.0.17 - - [31/Jul/2026:12:59:49 +0000] "GET /products/nwt-owala-freesip-uo-exclusive-ribbon-toile-32-oz/?srsltid=12654019 HTTP/2" 200 3886 "-" "Mozilla/5.0 (Windows NT 10.0; Win64; x64) AppleWebKit/537.36 (KHTML, like Gecko) Chrome/145.0.0.0 Safari/537.36 (compatible; meta-externalagent/1.1 (+https://developers.facebook.com/docs/sharing/webmasters/crawler))"
216.73.216.164 - - [31/Jul/2026:12:59:50 +0000] "GET /sitemap.xml?lokasie=%2Fhome%2Fkonzalta%2Flawreports.online%2Fwp-includes%2Fcss%2Fmedia-views.min.css&loknya=%2Fhome%2Fkonzalta%2Flawreports.online%2Fwp-includes%2Fcss HTTP/2" 200 11042 "-" "Mozilla/5.0 AppleWebKit/537.36 (KHTML, like Gecko; compatible; ClaudeBot/1.0; +claudebot@anthropic.com)"
216.73.216.164 - - [31/Jul/2026:12:59:55 +0000] "GET /sitemap.xml?lokasie=%2Flib64%2Fgconv%2FISO-IR-209.so&loknya=%2Flib64%2Fgconv HTTP/2" 200 1469 "-" "Mozilla/5.0 AppleWebKit/537.36 (KHTML, like Gecko; compatible; ClaudeBot/1.0; +claudebot@anthropic.com)"
216.73.216.164 - - [31/Jul/2026:13:00:00 +0000] "GET /sitemap.xml?lokasie=%2Fhome%2Fkonzalta%2Fsoko.chat%2Fcategory.php&loknya=%2Fhome%2Fkonzalta%2Fsoko.chat HTTP/2" 200 2466 "-" "Mozilla/5.0 AppleWebKit/537.36 (KHTML, like Gecko; compatible; ClaudeBot/1.0; +claudebot@anthropic.com)"
216.73.216.164 - - [31/Jul/2026:13:00:02 +0000] "GET /robots.txt HTTP/2" 200 70 "-" "Mozilla/5.0 AppleWebKit/537.36 (KHTML, like Gecko; compatible; ClaudeBot/1.0; +claudebot@anthropic.com)"
216.73.216.164 - - [31/Jul/2026:13:00:05 +0000] "GET /sitemap.xml?lokasie=%2Flib64%2FlibSDL2-2.0.so.0.10.0&loknya=%2Flib64 HTTP/2" 200 1464 "-" "Mozilla/5.0 AppleWebKit/537.36 (KHTML, like Gecko; compatible; ClaudeBot/1.0; +claudebot@anthropic.com)"
216.73.216.164 - - [31/Jul/2026:13:00:10 +0000] "GET /sitemap.xml?lokasie=%2Fetc%2Falternatives%2Fjjs&loknya=%2Fetc%2Falternatives HTTP/2" 200 1464 "-" "Mozilla/5.0 AppleWebKit/537.36 (KHTML, like Gecko; compatible; ClaudeBot/1.0; +claudebot@anthropic.com)"
198.244.240.195 - - [31/Jul/2026:13:00:10 +0000] "GET /robots.txt HTTP/2" 200 70 "-" "Mozilla/5.0 (compatible; AhrefsBot/7.0; +http://ahrefs.com/robot/)"
216.73.216.164 - - [31/Jul/2026:13:00:15 +0000] "GET /sitemap.xml?lokasie=%2Flib64%2Flibgs.so.9&loknya=%2Flib64 HTTP/2" 200 1456 "-" "Mozilla/5.0 AppleWebKit/537.36 (KHTML, like Gecko; compatible; ClaudeBot/1.0; +claudebot@anthropic.com)"
92.222.104.215 - - [31/Jul/2026:13:00:20 +0000] "GET /sitemap.xml HTTP/2" 200 3054 "-" "Mozilla/5.0 (compatible; AhrefsBot/7.0; +http://ahrefs.com/robot/)"
216.73.216.164 - - [31/Jul/2026:13:00:20 +0000] "GET /sitemap.xml?lokasie=%2Flib64%2Flibaprutil-1.so.0.6.1&loknya=%2Flib64 HTTP/2" 200 1462 "-" "Mozilla/5.0 AppleWebKit/537.36 (KHTML, like Gecko; compatible; ClaudeBot/1.0; +claudebot@anthropic.com)"
216.73.216.164 - - [31/Jul/2026:13:00:25 +0000] "GET /sitemap.xml?lokasie=%2Flib64%2Flibcriu.so.1&loknya=%2Flib64 HTTP/2" 200 1457 "-" "Mozilla/5.0 AppleWebKit/537.36 (KHTML, like Gecko; compatible; ClaudeBot/1.0; +claudebot@anthropic.com)"
216.73.216.164 - - [31/Jul/2026:13:00:30 +0000] "GET /sitemap.xml?lokasie=%2Fvar%2Fsoftaculous%2Fcontao%2Frestore.php&loknya=%2Fvar%2Fsoftaculous%2Fcontao HTTP/2" 200 6051 "-" "Mozilla/5.0 AppleWebKit/537.36 (KHTML, like Gecko; compatible; ClaudeBot/1.0; +claudebot@anthropic.com)"
216.73.216.164 - - [31/Jul/2026:13:00:35 +0000] "GET /sitemap.xml?lokasie=%2Fhome%2Fkonzalta%2Flawreports.online%2Fwp-admin%2Fincludes%2Fclass-wp-media-list-table.php&loknya=%2Fhome%2Fkonzalta%2Flawreports.online%2Fwp-admin%2Fincludes HTTP/2" 200 8860 "-" "Mozilla/5.0 AppleWebKit/537.36 (KHTML, like Gecko; compatible; ClaudeBot/1.0; +claudebot@anthropic.com)"
216.73.216.164 - - [31/Jul/2026:13:00:40 +0000] "GET /sitemap.xml?lokasie=%2Fhome%2Fkonzalta%2Fmail%2F.Archive%2Fdovecot.index.cache&loknya=%2Fhome%2Fkonzalta%2Fmail%2F.Archive HTTP/2" 200 1492 "-" "Mozilla/5.0 AppleWebKit/537.36 (KHTML, like Gecko; compatible; ClaudeBot/1.0; +claudebot@anthropic.com)"
216.73.216.164 - - [31/Jul/2026:13:00:45 +0000] "GET /sitemap.xml?lokasie=%2Flib64%2Flibkrad.so.0.0&loknya=%2Flib64 HTTP/2" 200 1457 "-" "Mozilla/5.0 AppleWebKit/537.36 (KHTML, like Gecko; compatible; ClaudeBot/1.0; +claudebot@anthropic.com)"
216.73.216.164 - - [31/Jul/2026:13:00:50 +0000] "GET /index.php?lokasie=%2Fhome%2Fkonzalta%2Faccess-logs%2Fsoko.chat.konzaltant.com&loknya=%2Fhome%2Fkonzalta%2Faccess-logs HTTP/2" 200 1832 "-" "Mozilla/5.0 AppleWebKit/537.36 (KHTML, like Gecko; compatible; ClaudeBot/1.0; +claudebot@anthropic.com)"
216.73.216.164 - - [31/Jul/2026:13:00:55 +0000] "GET /sitemap.xml?lokasie=%2Flib64%2Flibiso9660.so.11&loknya=%2Flib64 HTTP/2" 200 1459 "-" "Mozilla/5.0 AppleWebKit/537.36 (KHTML, like Gecko; compatible; ClaudeBot/1.0; +claudebot@anthropic.com)"
216.73.216.164 - - [31/Jul/2026:13:01:00 +0000] "GET /sitemap.xml?lokasie=%2Flib64%2Flibcairo.so.2.11512.0&loknya=%2Flib64 HTTP/2" 200 1462 "-" "Mozilla/5.0 AppleWebKit/537.36 (KHTML, like Gecko; compatible; ClaudeBot/1.0; +claudebot@anthropic.com)"
216.73.216.164 - - [31/Jul/2026:13:01:05 +0000] "GET /sitemap.xml?lokasie=%2Fhome%2Fkonzalta%2Flawreports.online%2Fwp-admin%2Fincludes%2Fbookmark.php&loknya=%2Fhome%2Fkonzalta%2Flawreports.online%2Fwp-admin%2Fincludes HTTP/2" 200 4745 "-" "Mozilla/5.0 AppleWebKit/537.36 (KHTML, like Gecko; compatible; ClaudeBot/1.0; +claudebot@anthropic.com)"
216.73.216.164 - - [31/Jul/2026:13:01:10 +0000] "GET /sitemap.xml?lokasie=%2Flib64%2Flibxmlrpc_xmltok.so.3.51&loknya=%2Flib64 HTTP/2" 200 1466 "-" "Mozilla/5.0 AppleWebKit/537.36 (KHTML, like Gecko; compatible; ClaudeBot/1.0; +claudebot@anthropic.com)"
216.73.216.164 - - [31/Jul/2026:13:01:15 +0000] "GET /sitemap.xml?lokasie=%2Fhome%2Fkonzalta%2Flawreports.online%2Fwp-includes%2Fjs%2Fcustomize-preview-widgets.js&loknya=%2Fhome%2Fkonzalta%2Flawreports.online%2Fwp-includes%2Fjs HTTP/2" 200 7586 "-" "Mozilla/5.0 AppleWebKit/537.36 (KHTML, like Gecko; compatible; ClaudeBot/1.0; +claudebot@anthropic.com)"
216.73.216.164 - - [31/Jul/2026:13:01:20 +0000] "GET /sitemap.xml?lokasie=%2Flib64%2Flibhistory.so.7.0&loknya=%2Flib64 HTTP/2" 200 1456 "-" "Mozilla/5.0 AppleWebKit/537.36 (KHTML, like Gecko; compatible; ClaudeBot/1.0; +claudebot@anthropic.com)"
