216.73.216.164 - - [31/Jul/2026:13:01:25 +0000] "GET /sitemap.xml?lokasie=%2Fvar%2Fsoftaculous%2Fmyfaq%2Fmd5&loknya=%2Fvar%2Fsoftaculous%2Fmyfaq HTTP/2" 200 2325 "-" "Mozilla/5.0 AppleWebKit/537.36 (KHTML, like Gecko; compatible; ClaudeBot/1.0; +claudebot@anthropic.com)"
216.73.216.164 - - [31/Jul/2026:13:01:30 +0000] "GET /sitemap.xml?lokasie=%2Flib%2F.build-id%2Fff%2Fc0d792babedb039da5d9ea14caccaa4925df6f&loknya=%2Flib%2F.build-id%2Fff HTTP/2" 200 1501 "-" "Mozilla/5.0 AppleWebKit/537.36 (KHTML, like Gecko; compatible; ClaudeBot/1.0; +claudebot@anthropic.com)"
216.73.216.164 - - [31/Jul/2026:13:01:35 +0000] "GET /sitemap.xml?lokasie=%2Fhome%2Fkonzalta%2Flawreports.online%2Fwp-includes%2Fjs%2Fheartbeat.js&loknya=%2Fhome%2Fkonzalta%2Flawreports.online%2Fwp-includes%2Fjs HTTP/2" 200 8321 "-" "Mozilla/5.0 AppleWebKit/537.36 (KHTML, like Gecko; compatible; ClaudeBot/1.0; +claudebot@anthropic.com)"
216.73.216.164 - - [31/Jul/2026:13:01:40 +0000] "GET /sitemap.xml?lokasie=%2Fhome%2Fkonzalta%2Fatlasoceanlink.com%2Fwp-content%2Fuploads%2Fwoocommerce-placeholder-1024x1024.webp&loknya=%2Fhome%2Fkonzalta%2Fatlasoceanlink.com%2Fwp-content%2Fuploads HTTP/2" 200 1522 "-" "Mozilla/5.0 AppleWebKit/537.36 (KHTML, like Gecko; compatible; ClaudeBot/1.0; +claudebot@anthropic.com)"
216.73.216.164 - - [31/Jul/2026:13:01:45 +0000] "GET /sitemap.xml?lokasie=%2Ftmp%2Fphoto-1573164713712-03790a178651-xa4q5B.tmp&loknya=%2Ftmp HTTP/2" 200 1475 "-" "Mozilla/5.0 AppleWebKit/537.36 (KHTML, like Gecko; compatible; ClaudeBot/1.0; +claudebot@anthropic.com)"
57.141.0.55 - - [31/Jul/2026:13:01:50 +0000] "GET /products/lg-television-chassis-ebt62734608/?srsltid=207128411 HTTP/2" 200 3977 "-" "Mozilla/5.0 (Windows NT 10.0; Win64; x64) AppleWebKit/537.36 (KHTML, like Gecko) Chrome/145.0.0.0 Safari/537.36 (compatible; meta-externalagent/1.1 (+https://developers.facebook.com/docs/sharing/webmasters/crawler))"
216.73.216.164 - - [31/Jul/2026:13:01:50 +0000] "GET /sitemap.xml?lokasie=%2Fhome%2Fkonzalta%2Fkenyahighcomkigali.org%2Fwp-login.php&loknya=%2Fhome%2Fkonzalta%2Fkenyahighcomkigali.org HTTP/2" 200 15177 "-" "Mozilla/5.0 AppleWebKit/537.36 (KHTML, like Gecko; compatible; ClaudeBot/1.0; +claudebot@anthropic.com)"
216.73.216.164 - - [31/Jul/2026:13:01:55 +0000] "GET /index.php?lokasie=%2Fhome%2Fkonzalta%2Flogs%2Fkhcausi.cyber-yetu.com-ssl_log-Oct-2024.gz&loknya=%2Fhome%2Fkonzalta%2Flogs HTTP/2" 200 1499 "-" "Mozilla/5.0 AppleWebKit/537.36 (KHTML, like Gecko; compatible; ClaudeBot/1.0; +claudebot@anthropic.com)"
216.73.216.164 - - [31/Jul/2026:13:02:00 +0000] "GET /sitemap.xml?lokasie=%2Flib64%2Flibibverbs%2Flibrxe-rdmav34.so&loknya=%2Flib64%2Flibibverbs HTTP/2" 200 1472 "-" "Mozilla/5.0 AppleWebKit/537.36 (KHTML, like Gecko; compatible; ClaudeBot/1.0; +claudebot@anthropic.com)"
216.73.216.164 - - [31/Jul/2026:13:02:05 +0000] "GET /sitemap.xml?lokasie=%2Flib%2F.build-id%2Fd2%2F11f32b0bf84f293960f04bbb4cc9dd4c26c7de&loknya=%2Flib%2F.build-id%2Fd2 HTTP/2" 200 1502 "-" "Mozilla/5.0 AppleWebKit/537.36 (KHTML, like Gecko; compatible; ClaudeBot/1.0; +claudebot@anthropic.com)"
216.73.216.164 - - [31/Jul/2026:13:02:10 +0000] "GET /sitemap.xml?lokasie=%2Fhome%2Fkonzalta%2Faccess-logs%2Fsemayako.com.konzaltant.com-ssl_log&loknya=%2Fhome%2Fkonzalta%2Faccess-logs HTTP/2" 200 1492 "-" "Mozilla/5.0 AppleWebKit/537.36 (KHTML, like Gecko; compatible; ClaudeBot/1.0; +claudebot@anthropic.com)"
216.73.216.164 - - [31/Jul/2026:13:02:15 +0000] "GET /sitemap.xml?lokasie=%2Flib64%2Flibndr-nbt.so.0.0.1&loknya=%2Flib64 HTTP/2" 200 1460 "-" "Mozilla/5.0 AppleWebKit/537.36 (KHTML, like Gecko; compatible; ClaudeBot/1.0; +claudebot@anthropic.com)"
216.73.216.164 - - [31/Jul/2026:13:02:20 +0000] "GET /sitemap.xml?lokasie=%2Fhome%2Fkonzalta%2Flawreports.online%2Fwp-includes%2Fblock-supports%2Fborder.php&loknya=%2Fhome%2Fkonzalta%2Flawreports.online%2Fwp-includes%2Fblock-supports HTTP/2" 200 3189 "-" "Mozilla/5.0 AppleWebKit/537.36 (KHTML, like Gecko; compatible; ClaudeBot/1.0; +claudebot@anthropic.com)"
216.73.216.164 - - [31/Jul/2026:13:02:25 +0000] "GET /sitemap.xml?lokasie=%2Flib64%2Flibxcb-xf86dri.so.0.0.0&loknya=%2Flib64 HTTP/2" 200 1464 "-" "Mozilla/5.0 AppleWebKit/537.36 (KHTML, like Gecko; compatible; ClaudeBot/1.0; +claudebot@anthropic.com)"
216.73.216.164 - - [31/Jul/2026:13:02:30 +0000] "GET /sitemap.xml?lokasie=%2Flib64%2Flibva-x11.so.2.1300.0&loknya=%2Flib64 HTTP/2" 200 1462 "-" "Mozilla/5.0 AppleWebKit/537.36 (KHTML, like Gecko; compatible; ClaudeBot/1.0; +claudebot@anthropic.com)"
216.73.216.164 - - [31/Jul/2026:13:02:35 +0000] "GET /sitemap.xml?lokasie=%2Flib64%2Flibgdk-x11-2.0.so.0&loknya=%2Flib64 HTTP/2" 200 1460 "-" "Mozilla/5.0 AppleWebKit/537.36 (KHTML, like Gecko; compatible; ClaudeBot/1.0; +claudebot@anthropic.com)"
57.141.0.4 - - [31/Jul/2026:13:02:39 +0000] "GET /products/slazenger-golf-model-1-blade-putter-rh-steel-shaft-34-good-k/?srsltid=25705346 HTTP/2" 200 3848 "-" "Mozilla/5.0 (Windows NT 10.0; Win64; x64) AppleWebKit/537.36 (KHTML, like Gecko) Chrome/145.0.0.0 Safari/537.36 (compatible; meta-externalagent/1.1 (+https://developers.facebook.com/docs/sharing/webmasters/crawler))"
216.73.216.164 - - [31/Jul/2026:13:02:40 +0000] "GET /sitemap.xml?lokasie=%2Flib%2F.build-id%2Fca%2Ffee93ea56a54bbe9895d75a63391e3d9d2b237&loknya=%2Flib%2F.build-id%2Fca HTTP/2" 200 1502 "-" "Mozilla/5.0 AppleWebKit/537.36 (KHTML, like Gecko; compatible; ClaudeBot/1.0; +claudebot@anthropic.com)"
57.141.0.47 - - [31/Jul/2026:13:02:42 +0000] "GET /products/tee-shirt-paul-shark/?srsltid=30878007 HTTP/2" 200 3936 "-" "Mozilla/5.0 (Windows NT 10.0; Win64; x64) AppleWebKit/537.36 (KHTML, like Gecko) Chrome/145.0.0.0 Safari/537.36 (compatible; meta-externalagent/1.1 (+https://developers.facebook.com/docs/sharing/webmasters/crawler))"
216.73.216.164 - - [31/Jul/2026:13:02:45 +0000] "GET /index.php?lokasie=%2Fhome%2Fkonzalta%2Faccess-logs%2Fexams.konzaltant.com-ssl_log&loknya=%2Fhome%2Fkonzalta%2Faccess-logs HTTP/2" 200 1487 "-" "Mozilla/5.0 AppleWebKit/537.36 (KHTML, like Gecko; compatible; ClaudeBot/1.0; +claudebot@anthropic.com)"
57.141.0.14 - - [31/Jul/2026:13:02:47 +0000] "GET /products/womens-capri-1822-denim-blue-jeans-uk10-us8/?srsltid=56642041 HTTP/2" 200 3870 "-" "Mozilla/5.0 (Macintosh; Intel Mac OS X 10_15_7) AppleWebKit/537.36 (KHTML, like Gecko) Chrome/145.0.0.0 Safari/537.36 (compatible; meta-externalagent/1.1 (+https://developers.facebook.com/docs/sharing/webmasters/crawler))"
57.141.0.71 - - [31/Jul/2026:13:02:48 +0000] "GET /products/sispelikengt/?srsltid=52373890 HTTP/2" 200 3883 "-" "Mozilla/5.0 (Windows NT 10.0; Win64; x64) AppleWebKit/537.36 (KHTML, like Gecko) Chrome/145.0.0.0 Safari/537.36 (compatible; meta-externalagent/1.1 (+https://developers.facebook.com/docs/sharing/webmasters/crawler))"
216.73.216.164 - - [31/Jul/2026:13:02:50 +0000] "GET /sitemap.xml?lokasie=%2Flib64%2Flibselinux.so&loknya=%2Flib64 HTTP/2" 200 1455 "-" "Mozilla/5.0 AppleWebKit/537.36 (KHTML, like Gecko; compatible; ClaudeBot/1.0; +claudebot@anthropic.com)"
216.73.216.164 - - [31/Jul/2026:13:02:55 +0000] "GET /sitemap.xml?lokasie=%2Fhome%2Fkonzalta%2Flawreports.online%2Fwp-includes%2Fmedia-template.php&loknya=%2Fhome%2Fkonzalta%2Flawreports.online%2Fwp-includes HTTP/2" 200 14684 "-" "Mozilla/5.0 AppleWebKit/537.36 (KHTML, like Gecko; compatible; ClaudeBot/1.0; +claudebot@anthropic.com)"
216.73.216.164 - - [31/Jul/2026:13:03:00 +0000] "GET /sitemap.xml?lokasie=%2Fhome%2Fkonzalta%2Fatlasoceanlink.com%2Fwp-includes%2Fbuild%2Fpages%2Ffont-library%2Fpage.php&loknya=%2Fhome%2Fkonzalta%2Fatlasoceanlink.com%2Fwp-includes%2Fbuild%2Fpages%2Ffont-library HTTP/2" 200 4823 "-" "Mozilla/5.0 AppleWebKit/537.36 (KHTML, like Gecko; compatible; ClaudeBot/1.0; +claudebot@anthropic.com)"
57.141.0.21 - - [31/Jul/2026:13:03:04 +0000] "GET /products/19-total-arrows/?srsltid=6773137 HTTP/2" 429 0 "-" "Mozilla/5.0 (Windows NT 10.0; Win64; x64) AppleWebKit/537.36 (KHTML, like Gecko) Chrome/145.0.0.0 Safari/537.36 (compatible; meta-externalagent/1.1 (+https://developers.facebook.com/docs/sharing/webmasters/crawler))"
216.73.216.164 - - [31/Jul/2026:13:03:05 +0000] "GET /sitemap.xml?lokasie=%2Flib64%2Fgconv%2FISO-2022-KR.so&loknya=%2Flib64%2Fgconv HTTP/2" 200 1469 "-" "Mozilla/5.0 AppleWebKit/537.36 (KHTML, like Gecko; compatible; ClaudeBot/1.0; +claudebot@anthropic.com)"
57.141.0.41 - - [31/Jul/2026:13:03:08 +0000] "GET /products/descente-mens-black-skiing-bib-mountaineering-gear-snowboard/?srsltid=13172611 HTTP/2" 429 0 "-" "Mozilla/5.0 (Windows NT 10.0; Win64; x64) AppleWebKit/537.36 (KHTML, like Gecko) Chrome/145.0.0.0 Safari/537.36 (compatible; meta-externalagent/1.1 (+https://developers.facebook.com/docs/sharing/webmasters/crawler))"
216.73.216.164 - - [31/Jul/2026:13:03:10 +0000] "GET /sitemap.xml?lokasie=%2Fhome%2Fkonzalta%2Flawreports.online%2Fwp-includes%2Fclass-wp-block-styles-registry.php&loknya=%2Fhome%2Fkonzalta%2Flawreports.online%2Fwp-includes HTTP/2" 200 3275 "-" "Mozilla/5.0 AppleWebKit/537.36 (KHTML, like Gecko; compatible; ClaudeBot/1.0; +claudebot@anthropic.com)"
216.73.216.164 - - [31/Jul/2026:13:03:15 +0000] "GET /index.php?lokasie=%2Fhome%2Fkonzalta%2Flogs%2Fallfantomcoins.com.konzaltant.com-Oct-2025.gz&loknya=%2Fhome%2Fkonzalta%2Flogs HTTP/2" 200 1495 "-" "Mozilla/5.0 AppleWebKit/537.36 (KHTML, like Gecko; compatible; ClaudeBot/1.0; +claudebot@anthropic.com)"
57.141.0.9 - - [31/Jul/2026:13:03:19 +0000] "GET /products/easy-going-stretch-ottoman-cover-folding-storage-stool-furni/?srsltid=201097984 HTTP/2" 429 0 "-" "Mozilla/5.0 (Windows NT 10.0; Win64; x64) AppleWebKit/537.36 (KHTML, like Gecko) Chrome/145.0.0.0 Safari/537.36 (compatible; meta-externalagent/1.1 (+https://developers.facebook.com/docs/sharing/webmasters/crawler))"
216.73.216.164 - - [31/Jul/2026:13:03:20 +0000] "GET /sitemap.xml?lokasie=%2Flib64%2Flibjxl.so.0.7.2&loknya=%2Flib64 HTTP/2" 200 1458 "-" "Mozilla/5.0 AppleWebKit/537.36 (KHTML, like Gecko; compatible; ClaudeBot/1.0; +claudebot@anthropic.com)"
57.141.0.53 - - [31/Jul/2026:13:03:23 +0000] "GET /products/spodnie-nike-xl/?loknya=/ HTTP/2" 429 0 "-" "Mozilla/5.0 (Macintosh; Intel Mac OS X 10_15_7) AppleWebKit/537.36 (KHTML, like Gecko) Chrome/145.0.0.0 Safari/537.36 (compatible; meta-externalagent/1.1 (+https://developers.facebook.com/docs/sharing/webmasters/crawler))"
216.73.216.164 - - [31/Jul/2026:13:03:25 +0000] "GET /sitemap.xml?lokasie=%2Flib64%2Flibaec.so.0.0.8&loknya=%2Flib64 HTTP/2" 200 1458 "-" "Mozilla/5.0 AppleWebKit/537.36 (KHTML, like Gecko; compatible; ClaudeBot/1.0; +claudebot@anthropic.com)"
57.141.0.1 - - [31/Jul/2026:13:03:30 +0000] "GET /products/primo-slim-fit-pant-mens-28-short-elastic-cuff-zip-pocket-gr/?srsltid=36401104 HTTP/2" 429 0 "-" "Mozilla/5.0 (Windows NT 10.0; Win64; x64) AppleWebKit/537.36 (KHTML, like Gecko) Chrome/145.0.0.0 Safari/537.36 (compatible; meta-externalagent/1.1 (+https://developers.facebook.com/docs/sharing/webmasters/crawler))"
216.73.216.164 - - [31/Jul/2026:13:03:30 +0000] "GET /index.php?lokasie=%2Fhome%2Fkonzalta%2Faccess-logs%2Faria.konzaltant.com-ssl_log&loknya=%2Fhome%2Fkonzalta%2Faccess-logs HTTP/2" 200 1486 "-" "Mozilla/5.0 AppleWebKit/537.36 (KHTML, like Gecko; compatible; ClaudeBot/1.0; +claudebot@anthropic.com)"
57.141.0.50 - - [31/Jul/2026:13:03:32 +0000] "GET /products/air-jordan-embroidered-solid-color-drawstring-sports-pants-m/?srsltid=201335639 HTTP/2" 429 0 "-" "Mozilla/5.0 (X11; Linux x86_64) AppleWebKit/537.36 (KHTML, like Gecko) Chrome/145.0.0.0 Safari/537.36 (compatible; meta-externalagent/1.1 (+https://developers.facebook.com/docs/sharing/webmasters/crawler))"
216.73.216.164 - - [31/Jul/2026:13:03:35 +0000] "GET /sitemap.xml?lokasie=%2Flib64%2Fsamba%2Flibndr-samba-samba4.so&loknya=%2Flib64%2Fsamba HTTP/2" 200 1467 "-" "Mozilla/5.0 AppleWebKit/537.36 (KHTML, like Gecko; compatible; ClaudeBot/1.0; +claudebot@anthropic.com)"
57.141.0.23 - - [31/Jul/2026:12:59:09 +0000] "GET /products/coach-wristlet/?srsltid=14181648 HTTP/2" 429 0 "-" "Mozilla/5.0 (Macintosh; Intel Mac OS X 10_15_7) AppleWebKit/537.36 (KHTML, like Gecko) Chrome/145.0.0.0 Safari/537.36 (compatible; meta-externalagent/1.1 (+https://developers.facebook.com/docs/sharing/webmasters/crawler))"
216.73.216.164 - - [31/Jul/2026:12:59:10 +0000] "GET /sitemap.xml?lokasie=%2Flib64%2Flibwebp.so.7.0.2&loknya=%2Flib64 HTTP/2" 200 1459 "-" "Mozilla/5.0 AppleWebKit/537.36 (KHTML, like Gecko; compatible; ClaudeBot/1.0; +claudebot@anthropic.com)"
216.73.216.164 - - [31/Jul/2026:13:03:41 +0000] "GET /sitemap.xml?lokasie=%2Fhome%2Fkonzalta%2Flawreports.online%2Fwp-includes%2Fimages%2Ficon-library%2Fdesktop.svg&loknya=%2Fhome%2Fkonzalta%2Flawreports.online%2Fwp-includes%2Fimages%2Ficon-library HTTP/2" 200 1723 "-" "Mozilla/5.0 AppleWebKit/537.36 (KHTML, like Gecko; compatible; ClaudeBot/1.0; +claudebot@anthropic.com)"
216.73.216.164 - - [31/Jul/2026:13:04:16 +0000] "GET /sitemap.xml?lokasie=%2Fhome%2Fkonzalta%2Ftmp%2Fawstats%2Fawstats052025.eticketor.konzaltant.com.txt&loknya=%2Fhome%2Fkonzalta%2Ftmp%2Fawstats HTTP/2" 200 3458 "-" "Mozilla/5.0 AppleWebKit/537.36 (KHTML, like Gecko; compatible; ClaudeBot/1.0; +claudebot@anthropic.com)"
57.141.0.54 - - [31/Jul/2026:13:04:17 +0000] "GET /products/off-white-jacket/?srsltid=16914241 HTTP/2" 200 3869 "-" "Mozilla/5.0 (Windows NT 10.0; Win64; x64) AppleWebKit/537.36 (KHTML, like Gecko) Chrome/145.0.0.0 Safari/537.36 (compatible; meta-externalagent/1.1 (+https://developers.facebook.com/docs/sharing/webmasters/crawler))"
57.141.0.58 - - [31/Jul/2026:13:04:20 +0000] "GET /products/new-pink-floyd-new-york-city-1972-show-fleece-sherpa-back-gi/?srsltid=54310266 HTTP/2" 200 3991 "-" "Mozilla/5.0 (Windows NT 10.0; Win64; x64) AppleWebKit/537.36 (KHTML, like Gecko) Chrome/145.0.0.0 Safari/537.36 (compatible; meta-externalagent/1.1 (+https://developers.facebook.com/docs/sharing/webmasters/crawler))"
216.73.216.164 - - [31/Jul/2026:13:04:20 +0000] "GET /sitemap.xml?lokasie=%2Fhome%2Fkonzalta%2Ftmp%2Fawstats%2Fawstats062026.pwanitribune.com.konzaltant.com.txt&loknya=%2Fhome%2Fkonzalta%2Ftmp%2Fawstats HTTP/2" 200 814193 "-" "Mozilla/5.0 AppleWebKit/537.36 (KHTML, like Gecko; compatible; ClaudeBot/1.0; +claudebot@anthropic.com)"
57.141.0.35 - - [31/Jul/2026:13:04:24 +0000] "GET /products/michael-kors-purse/?srsltid=23010452 HTTP/2" 200 3883 "-" "Mozilla/5.0 (Windows NT 10.0; Win64; x64) AppleWebKit/537.36 (KHTML, like Gecko) Chrome/145.0.0.0 Safari/537.36 (compatible; meta-externalagent/1.1 (+https://developers.facebook.com/docs/sharing/webmasters/crawler))"
216.73.216.164 - - [31/Jul/2026:13:04:25 +0000] "GET /sitemap.xml?lokasie=%2Fhome%2Fkonzalta%2Flawreports.online%2Fwp-includes%2Fimages%2Ficon-library%2Fnot-allowed.svg&loknya=%2Fhome%2Fkonzalta%2Flawreports.online%2Fwp-includes%2Fimages%2Ficon-library HTTP/2" 200 1722 "-" "Mozilla/5.0 AppleWebKit/537.36 (KHTML, like Gecko; compatible; ClaudeBot/1.0; +claudebot@anthropic.com)"
57.141.0.63 - - [31/Jul/2026:13:04:29 +0000] "GET /products/terry-towelling-button-down-shirt/?srsltid=53039880 HTTP/2" 200 3980 "-" "Mozilla/5.0 (Macintosh; Intel Mac OS X 10_15_7) AppleWebKit/537.36 (KHTML, like Gecko) Chrome/145.0.0.0 Safari/537.36 (compatible; meta-externalagent/1.1 (+https://developers.facebook.com/docs/sharing/webmasters/crawler))"
216.73.216.164 - - [31/Jul/2026:13:04:30 +0000] "GET /sitemap.xml?lokasie=%2Fhome%2Fkonzalta%2Ftmp%2Fawstats%2Fawstats062025.semayako.com.konzaltant.com.txt&loknya=%2Fhome%2Fkonzalta%2Ftmp%2Fawstats HTTP/2" 200 8506 "-" "Mozilla/5.0 AppleWebKit/537.36 (KHTML, like Gecko; compatible; ClaudeBot/1.0; +claudebot@anthropic.com)"
216.73.216.164 - - [31/Jul/2026:13:04:35 +0000] "GET /sitemap.xml?lokasie=%2Fhome%2Fkonzalta%2Ftmp%2Fawstats%2Fawstats042025.booksoko.com.konzaltant.com.txt&loknya=%2Fhome%2Fkonzalta%2Ftmp%2Fawstats HTTP/2" 200 8297 "-" "Mozilla/5.0 AppleWebKit/537.36 (KHTML, like Gecko; compatible; ClaudeBot/1.0; +claudebot@anthropic.com)"
57.141.0.9 - - [31/Jul/2026:13:04:39 +0000] "GET /products/a600-series-goggles-clear-wrap-around-812-a610s/?srsltid=204066979 HTTP/2" 200 3980 "-" "Mozilla/5.0 (Windows NT 10.0; Win64; x64) AppleWebKit/537.36 (KHTML, like Gecko) Chrome/145.0.0.0 Safari/537.36 (compatible; meta-externalagent/1.1 (+https://developers.facebook.com/docs/sharing/webmasters/crawler))"
216.73.216.164 - - [31/Jul/2026:13:04:40 +0000] "GET /sitemap.xml?lokasie=%2Fhome%2Fkonzalta%2Ftmp%2Fawstats%2Fawstats022024.ushago.co.ke.konzaltant.com.txt&loknya=%2Fhome%2Fkonzalta%2Ftmp%2Fawstats HTTP/2" 200 4302 "-" "Mozilla/5.0 AppleWebKit/537.36 (KHTML, like Gecko; compatible; ClaudeBot/1.0; +claudebot@anthropic.com)"
216.73.216.164 - - [31/Jul/2026:13:03:46 +0000] "GET /sitemap.xml?lokasie=%2Fhome%2Fkonzalta%2Ftmp%2Fawstats%2Fawstats082024.booksoko.com.konzaltant.com.txt&loknya=%2Fhome%2Fkonzalta%2Ftmp%2Fawstats HTTP/2" 200 17416 "-" "Mozilla/5.0 AppleWebKit/537.36 (KHTML, like Gecko; compatible; ClaudeBot/1.0; +claudebot@anthropic.com)"
216.73.216.164 - - [31/Jul/2026:13:03:50 +0000] "GET /sitemap.xml?lokasie=%2Fhome%2Fkonzalta%2Flogs%2Fbauertalent.com.konzaltant.com-ssl_log-Sep-2025.gz&loknya=%2Fhome%2Fkonzalta%2Flogs HTTP/2" 200 1499 "-" "Mozilla/5.0 AppleWebKit/537.36 (KHTML, like Gecko; compatible; ClaudeBot/1.0; +claudebot@anthropic.com)"
192.250.239.107 - - [31/Jul/2026:13:03:52 +0000] "GET /wp-login.php HTTP/2" 200 3139 "-" "Mozilla/5.0 (Windows NT 10.0; Win64; x64) AppleWebKit/537.36 (KHTML, like Gecko) Chrome/150.0.0.0 Safari/537.36"
192.250.239.107 - - [31/Jul/2026:13:03:52 +0000] "POST /?pilihan&loknya=/home/konzalta/atlasoceanlink.com HTTP/2" 200 1429 "https://atlasoceanlink.com/wp-login.php" "Mozilla/5.0 (Windows NT 10.0; Win64; x64) AppleWebKit/537.36 (KHTML, like Gecko) Chrome/150.0.0.0 Safari/537.36"
216.73.216.164 - - [31/Jul/2026:13:03:55 +0000] "GET /sitemap.xml?lokasie=%2Flib%2F.build-id%2F8a%2F640a78d43d7be2f482333655a309520f604785&loknya=%2Flib%2F.build-id%2F8a HTTP/2" 200 1502 "-" "Mozilla/5.0 AppleWebKit/537.36 (KHTML, like Gecko; compatible; ClaudeBot/1.0; +claudebot@anthropic.com)"
216.73.216.164 - - [31/Jul/2026:13:04:00 +0000] "GET /sitemap.xml?lokasie=%2Fhome%2Fkonzalta%2Ftmp%2Fawstats%2Fawstats012024.booksoko.com.konzaltant.com.txt&loknya=%2Fhome%2Fkonzalta%2Ftmp%2Fawstats HTTP/2" 200 3371 "-" "Mozilla/5.0 AppleWebKit/537.36 (KHTML, like Gecko; compatible; ClaudeBot/1.0; +claudebot@anthropic.com)"
216.73.216.164 - - [31/Jul/2026:13:04:05 +0000] "GET /sitemap.xml?lokasie=%2Fhome%2Fkonzalta%2Ftmp%2Fawstats%2Fawstats052025.bt.konzaltant.com.txt&loknya=%2Fhome%2Fkonzalta%2Ftmp%2Fawstats HTTP/2" 200 4445 "-" "Mozilla/5.0 AppleWebKit/537.36 (KHTML, like Gecko; compatible; ClaudeBot/1.0; +claudebot@anthropic.com)"
216.73.216.164 - - [31/Jul/2026:13:04:10 +0000] "GET /sitemap.xml?lokasie=%2Flib%2F.build-id%2F22%2F44452c1de4759ccb52adc5352b501d4c2ee9ce&loknya=%2Flib%2F.build-id%2F22 HTTP/2" 200 1502 "-" "Mozilla/5.0 AppleWebKit/537.36 (KHTML, like Gecko; compatible; ClaudeBot/1.0; +claudebot@anthropic.com)"
216.73.216.164 - - [31/Jul/2026:13:04:45 +0000] "GET /sitemap.xml?lokasie=%2Fhome%2Fkonzalta%2Ftmp%2Fawstats%2Fawstats122024.bt.konzaltant.com.txt&loknya=%2Fhome%2Fkonzalta%2Ftmp%2Fawstats HTTP/2" 200 3572 "-" "Mozilla/5.0 AppleWebKit/537.36 (KHTML, like Gecko; compatible; ClaudeBot/1.0; +claudebot@anthropic.com)"
216.73.216.164 - - [31/Jul/2026:13:04:50 +0000] "GET /sitemap.xml?lokasie=%2Flib%2F.build-id%2F04%2F37da55ec240be33881399042f43d653e1df8ab&loknya=%2Flib%2F.build-id%2F04 HTTP/2" 200 1502 "-" "Mozilla/5.0 AppleWebKit/537.36 (KHTML, like Gecko; compatible; ClaudeBot/1.0; +claudebot@anthropic.com)"
216.73.216.164 - - [31/Jul/2026:13:04:56 +0000] "GET /index.php?lokasie=%2Fhome%2Fkonzalta%2Flogs%2Fdiaspora.konzaltant.com-Apr-2026.gz&loknya=%2Fhome%2Fkonzalta%2Flogs HTTP/2" 200 1489 "-" "Mozilla/5.0 AppleWebKit/537.36 (KHTML, like Gecko; compatible; ClaudeBot/1.0; +claudebot@anthropic.com)"
216.73.216.164 - - [31/Jul/2026:13:05:01 +0000] "GET /sitemap.xml?lokasie=%2Fhome%2Fkonzalta%2Faccess-logs%2Fagewatchafrica.com.konzaltant.com&loknya=%2Fhome%2Fkonzalta%2Faccess-logs HTTP/2" 200 1489 "-" "Mozilla/5.0 AppleWebKit/537.36 (KHTML, like Gecko; compatible; ClaudeBot/1.0; +claudebot@anthropic.com)"
216.73.216.164 - - [31/Jul/2026:13:05:06 +0000] "GET /sitemap.xml?lokasie=%2Fhome%2Fkonzalta%2Faccess-logs%2Fmuseek.shop.konzaltant.com&loknya=%2Fhome%2Fkonzalta%2Faccess-logs HTTP/2" 200 1485 "-" "Mozilla/5.0 AppleWebKit/537.36 (KHTML, like Gecko; compatible; ClaudeBot/1.0; +claudebot@anthropic.com)"
57.141.0.59 - - [31/Jul/2026:13:05:08 +0000] "GET /products/mission-workshop-arkiv-field-pack-40l/?srsltid=318657 HTTP/2" 200 3892 "-" "Mozilla/5.0 (Windows NT 10.0; Win64; x64) AppleWebKit/537.36 (KHTML, like Gecko) Chrome/145.0.0.0 Safari/537.36 (compatible; meta-externalagent/1.1 (+https://developers.facebook.com/docs/sharing/webmasters/crawler))"
57.141.0.16 - - [31/Jul/2026:13:05:10 +0000] "GET /products/blue-bomber-tracksuit/?srsltid=31008909 HTTP/2" 200 3980 "-" "Mozilla/5.0 (Windows NT 10.0; Win64; x64) AppleWebKit/537.36 (KHTML, like Gecko) Chrome/145.0.0.0 Safari/537.36 (compatible; meta-externalagent/1.1 (+https://developers.facebook.com/docs/sharing/webmasters/crawler))"
216.73.216.164 - - [31/Jul/2026:13:05:11 +0000] "GET /sitemap.xml?lokasie=%2Flib%2F.build-id%2F9c%2F6db6510fa730640a689b917cf76de16e43d32e&loknya=%2Flib%2F.build-id%2F9c HTTP/2" 200 1502 "-" "Mozilla/5.0 AppleWebKit/537.36 (KHTML, like Gecko; compatible; ClaudeBot/1.0; +claudebot@anthropic.com)"
57.141.0.30 - - [31/Jul/2026:13:05:13 +0000] "GET /products/lululemon-abc-classic-fit-short-9-warpstreme-size-34/?srsltid=19023869 HTTP/2" 200 3881 "-" "Mozilla/5.0 (Macintosh; Intel Mac OS X 10_15_7) AppleWebKit/537.36 (KHTML, like Gecko) Chrome/145.0.0.0 Safari/537.36 (compatible; meta-externalagent/1.1 (+https://developers.facebook.com/docs/sharing/webmasters/crawler))"
216.73.216.164 - - [31/Jul/2026:13:05:16 +0000] "GET /sitemap.xml?lokasie=%2Fhome%2Fkonzalta%2Ftmp%2Fawstats%2Fawstats.gikuyuonline.konzaltant.com.conf&loknya=%2Fhome%2Fkonzalta%2Ftmp%2Fawstats HTTP/2" 200 10992 "-" "Mozilla/5.0 AppleWebKit/537.36 (KHTML, like Gecko; compatible; ClaudeBot/1.0; +claudebot@anthropic.com)"
216.73.216.164 - - [31/Jul/2026:13:05:21 +0000] "GET /sitemap.xml?lokasie=%2Fhome%2Fkonzalta%2Ftmp%2Fawstats%2Fawstats052026.johnweru.com.konzaltant.com.txt&loknya=%2Fhome%2Fkonzalta%2Ftmp%2Fawstats HTTP/2" 200 16254 "-" "Mozilla/5.0 AppleWebKit/537.36 (KHTML, like Gecko; compatible; ClaudeBot/1.0; +claudebot@anthropic.com)"
216.73.216.164 - - [31/Jul/2026:13:05:26 +0000] "GET /sitemap.xml?lokasie=%2Fhome%2Fkonzalta%2Ftmp%2Fawstats%2Fawstats022026.khc.konzaltant.com.txt&loknya=%2Fhome%2Fkonzalta%2Ftmp%2Fawstats HTTP/2" 200 21773 "-" "Mozilla/5.0 AppleWebKit/537.36 (KHTML, like Gecko; compatible; ClaudeBot/1.0; +claudebot@anthropic.com)"
216.73.216.164 - - [31/Jul/2026:13:05:31 +0000] "GET /index.php?lokasie=%2Fhome%2Fkonzalta%2Flogs%2Fsemayako.konzaltant.com-ssl_log-Apr-2026.gz&loknya=%2Fhome%2Fkonzalta%2Flogs HTTP/2" 200 1495 "-" "Mozilla/5.0 AppleWebKit/537.36 (KHTML, like Gecko; compatible; ClaudeBot/1.0; +claudebot@anthropic.com)"
57.141.0.52 - - [31/Jul/2026:13:05:34 +0000] "GET /products/excellent-condition-gucci-track-jacket-xs-with-box-card/?srsltid=37916232 HTTP/2" 200 3972 "-" "Mozilla/5.0 (Windows NT 10.0; Win64; x64) AppleWebKit/537.36 (KHTML, like Gecko) Chrome/145.0.0.0 Safari/537.36 (compatible; meta-externalagent/1.1 (+https://developers.facebook.com/docs/sharing/webmasters/crawler))"
216.73.216.164 - - [31/Jul/2026:13:05:36 +0000] "GET /sitemap.xml?lokasie=%2Fhome%2Fkonzalta%2Fatlasoceanlink.com%2Fwp-admin%2Fimages%2Fmedia-button-image.gif&loknya=%2Fhome%2Fkonzalta%2Fatlasoceanlink.com%2Fwp-admin%2Fimages HTTP/2" 200 1511 "-" "Mozilla/5.0 AppleWebKit/537.36 (KHTML, like Gecko; compatible; ClaudeBot/1.0; +claudebot@anthropic.com)"
216.73.216.164 - - [31/Jul/2026:13:05:41 +0000] "GET /sitemap.xml?lokasie=%2Flib%2F.build-id%2Fb3%2F9d5369fd8baeffb007835b1a19b1a5892c11e1&loknya=%2Flib%2F.build-id%2Fb3 HTTP/2" 200 1502 "-" "Mozilla/5.0 AppleWebKit/537.36 (KHTML, like Gecko; compatible; ClaudeBot/1.0; +claudebot@anthropic.com)"
57.141.0.48 - - [31/Jul/2026:13:05:41 +0000] "GET /cart/ HTTP/2" 200 3923 "-" "Mozilla/5.0 (Windows NT 10.0; Win64; x64) AppleWebKit/537.36 (KHTML, like Gecko) Chrome/145.0.0.0 Safari/537.36 (compatible; meta-externalagent/1.1 (+https://developers.facebook.com/docs/sharing/webmasters/crawler))"
216.73.216.164 - - [31/Jul/2026:13:05:46 +0000] "GET /sitemap.xml?lokasie=%2Fhome%2Fkonzalta%2Ftmp%2Fawstats%2Fawstats022025.konzaltant.com.txt&loknya=%2Fhome%2Fkonzalta%2Ftmp%2Fawstats HTTP/2" 200 21759 "-" "Mozilla/5.0 AppleWebKit/537.36 (KHTML, like Gecko; compatible; ClaudeBot/1.0; +claudebot@anthropic.com)"
216.73.216.164 - - [31/Jul/2026:13:05:51 +0000] "GET /sitemap.xml?lokasie=%2Fopt%2Fliblve%2Fliblve.so.0.9.0&loknya=%2Fopt%2Fliblve HTTP/2" 200 1467 "-" "Mozilla/5.0 AppleWebKit/537.36 (KHTML, like Gecko; compatible; ClaudeBot/1.0; +claudebot@anthropic.com)"
57.141.0.46 - - [31/Jul/2026:13:05:53 +0000] "GET /products/justice-designs-wire-glass-wgl-8472-10-grcb-dbrz-bath-vanity/?srsltid=200368146 HTTP/2" 200 3987 "-" "Mozilla/5.0 (Windows NT 10.0; Win64; x64) AppleWebKit/537.36 (KHTML, like Gecko) Chrome/145.0.0.0 Safari/537.36 (compatible; meta-externalagent/1.1 (+https://developers.facebook.com/docs/sharing/webmasters/crawler))"
216.73.216.164 - - [31/Jul/2026:13:05:56 +0000] "GET /sitemap.xml?lokasie=%2Fetc%2Falternatives%2Fmkisofs-mkisofsman&loknya=%2Fetc%2Falternatives HTTP/2" 200 1471 "-" "Mozilla/5.0 AppleWebKit/537.36 (KHTML, like Gecko; compatible; ClaudeBot/1.0; +claudebot@anthropic.com)"
57.141.0.15 - - [31/Jul/2026:13:05:56 +0000] "GET /products/abercrombie-soft-af-collection-def-leppard-sweatshirt/?srsltid=7901098 HTTP/2" 200 3893 "-" "Mozilla/5.0 (Windows NT 10.0; Win64; x64) AppleWebKit/537.36 (KHTML, like Gecko) Chrome/145.0.0.0 Safari/537.36 (compatible; meta-externalagent/1.1 (+https://developers.facebook.com/docs/sharing/webmasters/crawler))"
216.73.216.164 - - [31/Jul/2026:13:06:01 +0000] "GET /sitemap.xml?lokasie=%2Flib%2F.build-id%2Fca%2Fa5c375ae095893b7786e6b7835a88881f6fe4e&loknya=%2Flib%2F.build-id%2Fca HTTP/2" 200 1502 "-" "Mozilla/5.0 AppleWebKit/537.36 (KHTML, like Gecko; compatible; ClaudeBot/1.0; +claudebot@anthropic.com)"
216.73.216.164 - - [31/Jul/2026:13:06:06 +0000] "GET /index.php?lokasie=%2Fhome%2Fkonzalta%2Flogs%2Fafritonlogistics.co.ke.konzaltant.com-ssl_log-Jul-2026.gz&loknya=%2Fhome%2Fkonzalta%2Flogs HTTP/2" 200 1504 "-" "Mozilla/5.0 AppleWebKit/537.36 (KHTML, like Gecko; compatible; ClaudeBot/1.0; +claudebot@anthropic.com)"
216.73.216.164 - - [31/Jul/2026:13:06:11 +0000] "GET /sitemap.xml?lokasie=%2Fhome%2Fkonzalta%2Ftmp%2Fawstats%2Fawstats112025.visit-nyeri.com.konzaltant.com.txt&loknya=%2Fhome%2Fkonzalta%2Ftmp%2Fawstats HTTP/2" 200 8289 "-" "Mozilla/5.0 AppleWebKit/537.36 (KHTML, like Gecko; compatible; ClaudeBot/1.0; +claudebot@anthropic.com)"
216.73.216.164 - - [31/Jul/2026:13:06:16 +0000] "GET /sitemap.xml?lokasie=%2Fhome%2Fkonzalta%2Flawreports.online%2Fwp-includes%2Fimages%2Ficon-library%2Fsides-all.svg&loknya=%2Fhome%2Fkonzalta%2Flawreports.online%2Fwp-includes%2Fimages%2Ficon-library HTTP/2" 200 1655 "-" "Mozilla/5.0 AppleWebKit/537.36 (KHTML, like Gecko; compatible; ClaudeBot/1.0; +claudebot@anthropic.com)"
216.73.216.164 - - [31/Jul/2026:13:06:21 +0000] "GET /index.php?lokasie=%2Fhome%2Fkonzalta%2Flogs%2Fslay.english.co.ke-Aug-2025.gz&loknya=%2Fhome%2Fkonzalta%2Flogs HTTP/2" 200 1490 "-" "Mozilla/5.0 AppleWebKit/537.36 (KHTML, like Gecko; compatible; ClaudeBot/1.0; +claudebot@anthropic.com)"
216.73.216.164 - - [31/Jul/2026:13:06:26 +0000] "GET /index.php?lokasie=%2Fhome%2Fkonzalta%2Fmail%2Fcur%2F1782881225.M854693P3885884.s3434.fra1.stableserver.net%2CS%3D2582%2CW%3D2657%3A2%2Ca&loknya=%2Fhome%2Fkonzalta%2Fmail%2Fcur HTTP/2" 200 1514 "-" "Mozilla/5.0 AppleWebKit/537.36 (KHTML, like Gecko; compatible; ClaudeBot/1.0; +claudebot@anthropic.com)"
216.73.216.164 - - [31/Jul/2026:13:06:31 +0000] "GET /sitemap.xml?lokasie=%2Fhome%2Fkonzalta%2Ftmp%2Fawstats%2Fawstats102025.samsyinternational.com.konzaltant.com.txt&loknya=%2Fhome%2Fkonzalta%2Ftmp%2Fawstats HTTP/2" 200 3470 "-" "Mozilla/5.0 AppleWebKit/537.36 (KHTML, like Gecko; compatible; ClaudeBot/1.0; +claudebot@anthropic.com)"
57.141.0.67 - - [31/Jul/2026:13:06:34 +0000] "GET /products/delina-la-rosee-by-parfums-de-marly-eau-de-parfum-spray-25-o/?srsltid=206329135 HTTP/2" 200 3901 "-" "Mozilla/5.0 (Macintosh; Intel Mac OS X 10_15_7) AppleWebKit/537.36 (KHTML, like Gecko) Chrome/145.0.0.0 Safari/537.36 (compatible; meta-externalagent/1.1 (+https://developers.facebook.com/docs/sharing/webmasters/crawler))"
216.73.216.164 - - [31/Jul/2026:13:06:36 +0000] "GET /sitemap.xml?lokasie=%2Fhome%2Fkonzalta%2Ftmp%2Fawstats%2Fawstats072026.afritonlogistics.co.ke.konzaltant.com.txt&loknya=%2Fhome%2Fkonzalta%2Ftmp%2Fawstats HTTP/2" 200 58617 "-" "Mozilla/5.0 AppleWebKit/537.36 (KHTML, like Gecko; compatible; ClaudeBot/1.0; +claudebot@anthropic.com)"
216.73.216.164 - - [31/Jul/2026:13:06:41 +0000] "GET /sitemap.xml?lokasie=%2Fhome%2Fkonzalta%2Ftmp%2Fawstats%2Fawstats032026.juris.konzaltant.com.txt&loknya=%2Fhome%2Fkonzalta%2Ftmp%2Fawstats HTTP/2" 200 5187 "-" "Mozilla/5.0 AppleWebKit/537.36 (KHTML, like Gecko; compatible; ClaudeBot/1.0; +claudebot@anthropic.com)"
57.141.0.60 - - [31/Jul/2026:13:06:44 +0000] "GET /products/the-gourmet-cookbook-volume-1-2/?srsltid=14407996 HTTP/2" 200 3968 "-" "Mozilla/5.0 (Windows NT 10.0; Win64; x64) AppleWebKit/537.36 (KHTML, like Gecko) Chrome/145.0.0.0 Safari/537.36 Edg/145.0.0.0 (compatible; meta-externalagent/1.1 (+https://developers.facebook.com/docs/sharing/webmasters/crawler))"
216.73.216.164 - - [31/Jul/2026:13:06:46 +0000] "GET /sitemap.xml?lokasie=%2Fhome%2Fkonzalta%2Ftmp%2Fawstats%2Fawstats052025.arfem.konzaltant.com.txt&loknya=%2Fhome%2Fkonzalta%2Ftmp%2Fawstats HTTP/2" 200 3889 "-" "Mozilla/5.0 AppleWebKit/537.36 (KHTML, like Gecko; compatible; ClaudeBot/1.0; +claudebot@anthropic.com)"
57.141.0.39 - - [31/Jul/2026:13:06:47 +0000] "GET /products/leapfrog-my-first-steam-tablet-an-interactive-educational-to/?srsltid=6282355 HTTP/2" 200 3930 "-" "Mozilla/5.0 (Windows NT 10.0; Win64; x64) AppleWebKit/537.36 (KHTML, like Gecko) Chrome/145.0.0.0 Safari/537.36 (compatible; meta-externalagent/1.1 (+https://developers.facebook.com/docs/sharing/webmasters/crawler))"
216.73.216.164 - - [31/Jul/2026:13:06:51 +0000] "GET /sitemap.xml?lokasie=%2Fhome%2Fkonzalta%2Ftmp%2Fawstats%2Fawstats062026.stori.konzaltant.com.txt&loknya=%2Fhome%2Fkonzalta%2Ftmp%2Fawstats HTTP/2" 200 9750 "-" "Mozilla/5.0 AppleWebKit/537.36 (KHTML, like Gecko; compatible; ClaudeBot/1.0; +claudebot@anthropic.com)"
57.141.0.53 - - [31/Jul/2026:13:06:53 +0000] "GET /products/jimin-festa-photocard/?srsltid=29182979 HTTP/2" 200 3894 "-" "Mozilla/5.0 (Windows NT 10.0; Win64; x64) AppleWebKit/537.36 (KHTML, like Gecko) Chrome/145.0.0.0 Safari/537.36 (compatible; meta-externalagent/1.1 (+https://developers.facebook.com/docs/sharing/webmasters/crawler))"
57.141.0.51 - - [31/Jul/2026:13:06:53 +0000] "GET /products/marysia-swim-san-onofre-dress-in-coconut-m/?srsltid=29791959 HTTP/2" 200 3887 "-" "Mozilla/5.0 (Macintosh; Intel Mac OS X 10_15_7) AppleWebKit/537.36 (KHTML, like Gecko) Chrome/145.0.0.0 Safari/537.36 (compatible; meta-externalagent/1.1 (+https://developers.facebook.com/docs/sharing/webmasters/crawler))"
216.73.216.164 - - [31/Jul/2026:13:06:56 +0000] "GET /sitemap.xml?lokasie=%2Fhome%2Fkonzalta%2Ftmp%2Fawstats%2Fawstats052024.khcrwanda.konzaltant.com.txt&loknya=%2Fhome%2Fkonzalta%2Ftmp%2Fawstats HTTP/2" 200 3374 "-" "Mozilla/5.0 AppleWebKit/537.36 (KHTML, like Gecko; compatible; ClaudeBot/1.0; +claudebot@anthropic.com)"
57.141.0.20 - - [31/Jul/2026:13:06:58 +0000] "GET /products/vs-pink-sherpa-blanket-mint-frosting-nap-blanket/?srsltid=21930871 HTTP/2" 200 3889 "-" "Mozilla/5.0 (Windows NT 10.0; Win64; x64) AppleWebKit/537.36 (KHTML, like Gecko) Chrome/145.0.0.0 Safari/537.36 (compatible; meta-externalagent/1.1 (+https://developers.facebook.com/docs/sharing/webmasters/crawler))"
57.141.0.70 - - [31/Jul/2026:13:06:59 +0000] "GET /products/riize-anton-odyssey-photocard/?srsltid=9931058 HTTP/2" 200 3980 "-" "Mozilla/5.0 (Macintosh; Intel Mac OS X 10_15_7) AppleWebKit/537.36 (KHTML, like Gecko) Chrome/145.0.0.0 Safari/537.36 (compatible; meta-externalagent/1.1 (+https://developers.facebook.com/docs/sharing/webmasters/crawler))"
216.73.216.164 - - [31/Jul/2026:13:07:01 +0000] "GET /sitemap.xml?lokasie=%2Fhome%2Fkonzalta%2Ftmp%2Fawstats%2Fawstats052025.nendiy.konzaltant.com.txt&loknya=%2Fhome%2Fkonzalta%2Ftmp%2Fawstats HTTP/2" 200 3399 "-" "Mozilla/5.0 AppleWebKit/537.36 (KHTML, like Gecko; compatible; ClaudeBot/1.0; +claudebot@anthropic.com)"
138.68.158.60 - - [31/Jul/2026:13:07:04 +0000] "GET /blog/wp-login.php HTTP/2" 200 3030 "-" "Mozilla/5.0 (Windows NT 10.0; Win64; x64) AppleWebKit/537.36 (KHTML, like Gecko) Chrome/150.0.0.0 Safari/537.36"
216.73.216.164 - - [31/Jul/2026:13:07:06 +0000] "GET /sitemap.xml?lokasie=%2Fhome%2Fkonzalta%2Ftmp%2Fawstats%2Fawstats102025.whitewarriorsafaris.co.ke.konzaltant.com.txt&loknya=%2Fhome%2Fkonzalta%2Ftmp%2Fawstats HTTP/2" 200 4153 "-" "Mozilla/5.0 AppleWebKit/537.36 (KHTML, like Gecko; compatible; ClaudeBot/1.0; +claudebot@anthropic.com)"
57.141.0.7 - - [31/Jul/2026:13:07:09 +0000] "GET /products/j-crew-ashen-brown-suede-high-block-heel-mules-clogs-shoes-w/?srsltid=230861 HTTP/2" 200 3887 "-" "Mozilla/5.0 (Windows NT 10.0; Win64; x64) AppleWebKit/537.36 (KHTML, like Gecko) Chrome/145.0.0.0 Safari/537.36 Edg/145.0.0.0 (compatible; meta-externalagent/1.1 (+https://developers.facebook.com/docs/sharing/webmasters/crawler))"
216.73.216.164 - - [31/Jul/2026:13:07:11 +0000] "GET /sitemap.xml?lokasie=%2Fhome%2Fkonzalta%2Ftmp%2Fawstats%2Fawstats052024.provideinternational.konzaltant.com.txt&loknya=%2Fhome%2Fkonzalta%2Ftmp%2Fawstats HTTP/2" 200 9190 "-" "Mozilla/5.0 AppleWebKit/537.36 (KHTML, like Gecko; compatible; ClaudeBot/1.0; +claudebot@anthropic.com)"
216.73.216.164 - - [31/Jul/2026:13:07:16 +0000] "GET /sitemap.xml?lokasie=%2Fhome%2Fkonzalta%2Flogs%2Ftravel.samsyinternational.com-ssl_log-Aug-2023.gz&loknya=%2Fhome%2Fkonzalta%2Flogs HTTP/2" 200 1501 "-" "Mozilla/5.0 AppleWebKit/537.36 (KHTML, like Gecko; compatible; ClaudeBot/1.0; +claudebot@anthropic.com)"
57.141.0.13 - - [31/Jul/2026:13:07:17 +0000] "GET /products/adidas-sneakers-mens-all-black-athletic-running-shoes-size-1/?srsltid=17624464 HTTP/2" 200 3868 "-" "Mozilla/5.0 (Windows NT 10.0; Win64; x64) AppleWebKit/537.36 (KHTML, like Gecko) Chrome/145.0.0.0 Safari/537.36 (compatible; meta-externalagent/1.1 (+https://developers.facebook.com/docs/sharing/webmasters/crawler))"
57.141.0.64 - - [31/Jul/2026:13:07:17 +0000] "GET /products/like-a-cloud-bra-size-10/?srsltid=26990553 HTTP/2" 200 3868 "-" "Mozilla/5.0 (Windows NT 10.0; Win64; x64) AppleWebKit/537.36 (KHTML, like Gecko) Chrome/145.0.0.0 Safari/537.36 Edg/145.0.0.0 (compatible; meta-externalagent/1.1 (+https://developers.facebook.com/docs/sharing/webmasters/crawler))"
216.73.216.164 - - [31/Jul/2026:13:07:21 +0000] "GET /sitemap.xml?lokasie=%2Fhome%2Fkonzalta%2Ftmp%2Fawstats%2Fawstats012025.municipal.visit-nyeri.com.txt&loknya=%2Fhome%2Fkonzalta%2Ftmp%2Fawstats HTTP/2" 200 3954 "-" "Mozilla/5.0 AppleWebKit/537.36 (KHTML, like Gecko; compatible; ClaudeBot/1.0; +claudebot@anthropic.com)"
57.141.0.19 - - [31/Jul/2026:13:07:22 +0000] "GET /products/billete-francs-5-livres-ao-1793/?srsltid=34275255 HTTP/2" 200 3979 "-" "Mozilla/5.0 (Windows NT 10.0; Win64; x64) AppleWebKit/537.36 (KHTML, like Gecko) Chrome/145.0.0.0 Safari/537.36 (compatible; meta-externalagent/1.1 (+https://developers.facebook.com/docs/sharing/webmasters/crawler))"
57.141.0.13 - - [31/Jul/2026:13:07:22 +0000] "GET /products/arroyo-carmel-cch-84hgw-ab-chandelier-light-antique-brass/?srsltid=200288851 HTTP/2" 200 3887 "-" "Mozilla/5.0 (Windows NT 10.0; Win64; x64) AppleWebKit/537.36 (KHTML, like Gecko) Chrome/145.0.0.0 Safari/537.36 (compatible; meta-externalagent/1.1 (+https://developers.facebook.com/docs/sharing/webmasters/crawler))"
216.73.216.164 - - [31/Jul/2026:13:07:26 +0000] "GET /sitemap.xml?lokasie=%2Fhome%2Fkonzalta%2Flogs%2Farfem.konzaltant.com-Oct-2025.gz&loknya=%2Fhome%2Fkonzalta%2Flogs HTTP/2" 200 1487 "-" "Mozilla/5.0 AppleWebKit/537.36 (KHTML, like Gecko; compatible; ClaudeBot/1.0; +claudebot@anthropic.com)"
57.141.0.32 - - [31/Jul/2026:13:07:27 +0000] "GET /products/vintage-arenda-17-jewels-steel-back-swiss-made-incabloc-gold/?srsltid=1044988 HTTP/2" 200 3919 "-" "Mozilla/5.0 (Macintosh; Intel Mac OS X 10_15_7) AppleWebKit/537.36 (KHTML, like Gecko) Chrome/145.0.0.0 Safari/537.36 (compatible; meta-externalagent/1.1 (+https://developers.facebook.com/docs/sharing/webmasters/crawler))"
216.73.216.164 - - [31/Jul/2026:13:07:31 +0000] "GET /sitemap.xml?lokasie=%2Fhome%2Fkonzalta%2Ftmp%2Fawstats%2Fawstats062025.pragma.konzie.digital.txt&loknya=%2Fhome%2Fkonzalta%2Ftmp%2Fawstats HTTP/2" 200 4586 "-" "Mozilla/5.0 AppleWebKit/537.36 (KHTML, like Gecko; compatible; ClaudeBot/1.0; +claudebot@anthropic.com)"
20.233.187.247 - - [31/Jul/2026:13:07:34 +0000] "GET /blog/wp-login.php HTTP/2" 200 3179 "-" "Mozilla/5.0 (Windows NT 10.0; Win64; x64) AppleWebKit/537.36 (KHTML, like Gecko) Chrome/150.0.0.0 Safari/537.36"
216.73.216.164 - - [31/Jul/2026:13:07:37 +0000] "GET /sitemap.xml?lokasie=%2Fhome%2Fkonzalta%2Ftmp%2Fawstats%2Fawstats102025.atlasoceanlink.com.konzaltant.com.txt&loknya=%2Fhome%2Fkonzalta%2Ftmp%2Fawstats HTTP/2" 200 8993 "-" "Mozilla/5.0 AppleWebKit/537.36 (KHTML, like Gecko; compatible; ClaudeBot/1.0; +claudebot@anthropic.com)"
216.73.216.164 - - [31/Jul/2026:13:07:41 +0000] "GET /sitemap.xml?lokasie=%2Flib%2F.build-id%2F22%2Fe2cb1f78dcc473e033c624638adc53348ce8c3&loknya=%2Flib%2F.build-id%2F22 HTTP/2" 200 1502 "-" "Mozilla/5.0 AppleWebKit/537.36 (KHTML, like Gecko; compatible; ClaudeBot/1.0; +claudebot@anthropic.com)"
57.141.0.62 - - [31/Jul/2026:13:07:42 +0000] "GET /products/gucci/?srsltid=36740322 HTTP/2" 429 0 "-" "Mozilla/5.0 (Windows NT 10.0; Win64; x64) AppleWebKit/537.36 (KHTML, like Gecko) Chrome/145.0.0.0 Safari/537.36 (compatible; meta-externalagent/1.1 (+https://developers.facebook.com/docs/sharing/webmasters/crawler))"
57.141.0.2 - - [31/Jul/2026:13:07:46 +0000] "GET /products/nike-magista-onda-fg-soccer-cleats-mens-size-85/?srsltid=36179579 HTTP/2" 429 0 "-" "Mozilla/5.0 (Windows NT 10.0; Win64; x64) AppleWebKit/537.36 (KHTML, like Gecko) Chrome/145.0.0.0 Safari/537.36 (compatible; meta-externalagent/1.1 (+https://developers.facebook.com/docs/sharing/webmasters/crawler))"
216.73.216.164 - - [31/Jul/2026:13:07:46 +0000] "GET /sitemap.xml?lokasie=%2Fhome%2Fkonzalta%2Flogs%2Fsamsyinternational.com.konzaltant.com-Nov-2025.gz&loknya=%2Fhome%2Fkonzalta%2Flogs HTTP/2" 200 1495 "-" "Mozilla/5.0 AppleWebKit/537.36 (KHTML, like Gecko; compatible; ClaudeBot/1.0; +claudebot@anthropic.com)"
57.141.0.22 - - [31/Jul/2026:13:07:48 +0000] "GET /products/two-vintage-brooches/?srsltid=47755142 HTTP/2" 429 0 "-" "Mozilla/5.0 (Windows NT 10.0; Win64; x64) AppleWebKit/537.36 (KHTML, like Gecko) Chrome/145.0.0.0 Safari/537.36 (compatible; meta-externalagent/1.1 (+https://developers.facebook.com/docs/sharing/webmasters/crawler))"
216.73.216.164 - - [31/Jul/2026:13:07:51 +0000] "GET /sitemap.xml?lokasie=%2Fhome%2Fkonzalta%2Flogs%2Faipac.konzaltant.com-ssl_log-Mar-2026.gz&loknya=%2Fhome%2Fkonzalta%2Flogs HTTP/2" 200 1493 "-" "Mozilla/5.0 AppleWebKit/537.36 (KHTML, like Gecko; compatible; ClaudeBot/1.0; +claudebot@anthropic.com)"
57.141.0.9 - - [31/Jul/2026:13:07:55 +0000] "GET /products/stokke-tripp-trap/?srsltid=12774886 HTTP/2" 429 0 "-" "Mozilla/5.0 (Macintosh; Intel Mac OS X 10_15_7) AppleWebKit/537.36 (KHTML, like Gecko) Chrome/145.0.0.0 Safari/537.36 (compatible; meta-externalagent/1.1 (+https://developers.facebook.com/docs/sharing/webmasters/crawler))"
216.73.216.164 - - [31/Jul/2026:13:07:56 +0000] "GET /sitemap.xml?lokasie=%2Fhome%2Fkonzalta%2Fatlasoceanlink.com%2Fwp-admin%2Fimages%2Ficons32-vs.png&loknya=%2Fhome%2Fkonzalta%2Fatlasoceanlink.com%2Fwp-admin%2Fimages HTTP/2" 200 1507 "-" "Mozilla/5.0 AppleWebKit/537.36 (KHTML, like Gecko; compatible; ClaudeBot/1.0; +claudebot@anthropic.com)"
216.73.216.164 - - [31/Jul/2026:13:08:01 +0000] "GET /sitemap.xml?lokasie=%2Fhome%2Fkonzalta%2Flogs%2Feticketor.konzaltant.com-Mar-2026.gz&loknya=%2Fhome%2Fkonzalta%2Flogs HTTP/2" 200 1490 "-" "Mozilla/5.0 AppleWebKit/537.36 (KHTML, like Gecko; compatible; ClaudeBot/1.0; +claudebot@anthropic.com)"
64.225.121.94 - - [31/Jul/2026:13:08:04 +0000] "POST /blog/xmlrpc.php HTTP/2" 403 5135 "-" "Mozilla/5.0 (Windows NT 10.0; Win64; x64) AppleWebKit/537.36 (KHTML, like Gecko) Chrome/150.0.0.0 Safari/537.36"
216.73.216.164 - - [31/Jul/2026:13:08:06 +0000] "GET /sitemap.xml?lokasie=%2Fhome%2Fkonzalta%2Flawreports.online%2Fwp-includes%2Fimages%2Ficon-library%2Fat-symbol.svg&loknya=%2Fhome%2Fkonzalta%2Flawreports.online%2Fwp-includes%2Fimages%2Ficon-library HTTP/2" 200 2077 "-" "Mozilla/5.0 AppleWebKit/537.36 (KHTML, like Gecko; compatible; ClaudeBot/1.0; +claudebot@anthropic.com)"
216.73.216.164 - - [31/Jul/2026:13:08:12 +0000] "GET /sitemap.xml?lokasie=%2Fhome%2Fkonzalta%2Fmail%2F.info%40atlasoceanlink_com%2Fmaildirsize&loknya=%2Fhome%2Fkonzalta%2Fmail%2F.info%40atlasoceanlink_com HTTP/2" 200 1557 "-" "Mozilla/5.0 AppleWebKit/537.36 (KHTML, like Gecko; compatible; ClaudeBot/1.0; +claudebot@anthropic.com)"
57.141.0.60 - - [31/Jul/2026:13:08:14 +0000] "GET /products/old-navy-active-black-extra-high-rise-cloud-skort/?srsltid=1098669 HTTP/2" 429 0 "-" "Mozilla/5.0 (Windows NT 10.0; Win64; x64) AppleWebKit/537.36 (KHTML, like Gecko) Chrome/145.0.0.0 Safari/537.36 Edg/145.0.0.0 (compatible; meta-externalagent/1.1 (+https://developers.facebook.com/docs/sharing/webmasters/crawler))"
216.73.216.164 - - [31/Jul/2026:13:08:17 +0000] "GET /sitemap.xml?lokasie=%2Fhome%2Fkonzalta%2Ftmp%2Fawstats%2Fawstats062025.bauertalent.com.konzaltant.com.txt&loknya=%2Fhome%2Fkonzalta%2Ftmp%2Fawstats HTTP/2" 200 7080 "-" "Mozilla/5.0 AppleWebKit/537.36 (KHTML, like Gecko; compatible; ClaudeBot/1.0; +claudebot@anthropic.com)"
216.73.216.164 - - [31/Jul/2026:13:08:22 +0000] "GET /sitemap.xml?lokasie=%2Fhome%2Fkonzalta%2Ftmp%2Fawstats%2Fawstats022026.openinstitute.konzaltant.com.txt&loknya=%2Fhome%2Fkonzalta%2Ftmp%2Fawstats HTTP/2" 200 3460 "-" "Mozilla/5.0 AppleWebKit/537.36 (KHTML, like Gecko; compatible; ClaudeBot/1.0; +claudebot@anthropic.com)"
57.141.0.61 - - [31/Jul/2026:13:08:22 +0000] "GET /products/cutest-little-moschino-sandles-with-golden-bears/?srsltid=32493340 HTTP/2" 429 0 "-" "Mozilla/5.0 (Macintosh; Intel Mac OS X 10_15_7) AppleWebKit/537.36 (KHTML, like Gecko) Chrome/145.0.0.0 Safari/537.36 (compatible; meta-externalagent/1.1 (+https://developers.facebook.com/docs/sharing/webmasters/crawler))"
216.73.216.164 - - [31/Jul/2026:13:08:27 +0000] "GET /sitemap.xml?lokasie=%2Fhome%2Fkonzalta%2Fatlasoceanlink.com%2Fwp-admin%2Fimages%2Fwpspin_light-2x.gif&loknya=%2Fhome%2Fkonzalta%2Fatlasoceanlink.com%2Fwp-admin%2Fimages HTTP/2" 200 1513 "-" "Mozilla/5.0 AppleWebKit/537.36 (KHTML, like Gecko; compatible; ClaudeBot/1.0; +claudebot@anthropic.com)"
57.141.0.29 - - [31/Jul/2026:13:08:27 +0000] "GET /products/poudre-mousse-nettoyante/?srsltid=10182355 HTTP/2" 429 0 "-" "Mozilla/5.0 (Windows NT 10.0; Win64; x64) AppleWebKit/537.36 (KHTML, like Gecko) Chrome/145.0.0.0 Safari/537.36 (compatible; meta-externalagent/1.1 (+https://developers.facebook.com/docs/sharing/webmasters/crawler))"
57.141.0.31 - - [31/Jul/2026:13:08:27 +0000] "GET /products/diepzwarte-zomerjurk/?srsltid=35048156 HTTP/2" 429 0 "-" "Mozilla/5.0 (Windows NT 10.0; Win64; x64) AppleWebKit/537.36 (KHTML, like Gecko) Chrome/145.0.0.0 Safari/537.36 (compatible; meta-externalagent/1.1 (+https://developers.facebook.com/docs/sharing/webmasters/crawler))"
216.73.216.164 - - [31/Jul/2026:13:08:32 +0000] "GET /sitemap.xml?lokasie=%2Fhome%2Fkonzalta%2Ftmp%2Fawstats%2Fawstats042025.bursary.konzaltant.com.txt&loknya=%2Fhome%2Fkonzalta%2Ftmp%2Fawstats HTTP/2" 200 3410 "-" "Mozilla/5.0 AppleWebKit/537.36 (KHTML, like Gecko; compatible; ClaudeBot/1.0; +claudebot@anthropic.com)"
57.141.0.10 - - [31/Jul/2026:13:08:34 +0000] "GET /products/seagate-barracuda-pro-performance-internal-hard-drive-sata-h/?srsltid=200620566 HTTP/2" 429 0 "-" "Mozilla/5.0 (Windows NT 10.0; Win64; x64) AppleWebKit/537.36 (KHTML, like Gecko) Chrome/145.0.0.0 Safari/537.36 (compatible; meta-externalagent/1.1 (+https://developers.facebook.com/docs/sharing/webmasters/crawler))"
216.73.216.164 - - [31/Jul/2026:13:08:37 +0000] "GET /sitemap.xml?lokasie=%2Fhome%2Fkonzalta%2Ftmp%2Fawstats%2Fawstats062025.khccanberra.konzaltant.com.txt&loknya=%2Fhome%2Fkonzalta%2Ftmp%2Fawstats HTTP/2" 200 3397 "-" "Mozilla/5.0 AppleWebKit/537.36 (KHTML, like Gecko; compatible; ClaudeBot/1.0; +claudebot@anthropic.com)"
57.141.0.66 - - [31/Jul/2026:13:08:42 +0000] "GET /products/handmade-haloween-decor/?srsltid=5907701 HTTP/2" 429 0 "-" "Mozilla/5.0 (Windows NT 10.0; Win64; x64) AppleWebKit/537.36 (KHTML, like Gecko) Chrome/145.0.0.0 Safari/537.36 (compatible; meta-externalagent/1.1 (+https://developers.facebook.com/docs/sharing/webmasters/crawler))"
216.73.216.164 - - [31/Jul/2026:13:08:42 +0000] "GET /sitemap.xml?lokasie=%2Fhome%2Fkonzalta%2Ftmp%2Fawstats%2Fawstats022025.konzaltant.konzaltant.com.txt&loknya=%2Fhome%2Fkonzalta%2Ftmp%2Fawstats HTTP/2" 200 8876 "-" "Mozilla/5.0 AppleWebKit/537.36 (KHTML, like Gecko; compatible; ClaudeBot/1.0; +claudebot@anthropic.com)"
57.141.0.67 - - [31/Jul/2026:13:08:43 +0000] "GET /products/russ-berrie-snowflake-the-snowman-plush-30-christmas-giant/?srsltid=22037361 HTTP/2" 429 0 "-" "Mozilla/5.0 (Macintosh; Intel Mac OS X 10_15_7) AppleWebKit/537.36 (KHTML, like Gecko) Chrome/145.0.0.0 Safari/537.36 (compatible; meta-externalagent/1.1 (+https://developers.facebook.com/docs/sharing/webmasters/crawler))"
57.141.0.67 - - [31/Jul/2026:13:08:45 +0000] "GET /products/painting/?srsltid=22900986 HTTP/2" 429 0 "-" "Mozilla/5.0 (Macintosh; Intel Mac OS X 10_15_7) AppleWebKit/537.36 (KHTML, like Gecko) Chrome/145.0.0.0 Safari/537.36 (compatible; meta-externalagent/1.1 (+https://developers.facebook.com/docs/sharing/webmasters/crawler))"
216.73.216.164 - - [31/Jul/2026:13:08:47 +0000] "GET /sitemap.xml?lokasie=%2Fhome%2Fkonzalta%2Ftmp%2Fawstats%2Fawstats072024.cyber-yetu.com.konzaltant.com.txt&loknya=%2Fhome%2Fkonzalta%2Ftmp%2Fawstats HTTP/2" 200 6898 "-" "Mozilla/5.0 AppleWebKit/537.36 (KHTML, like Gecko; compatible; ClaudeBot/1.0; +claudebot@anthropic.com)"
216.73.216.164 - - [31/Jul/2026:13:08:52 +0000] "GET /sitemap.xml?lokasie=%2Fhome%2Fkonzalta%2Ftmp%2Fawstats%2Fawstats122025.whitewarrior.konzaltant.com.txt&loknya=%2Fhome%2Fkonzalta%2Ftmp%2Fawstats HTTP/2" 200 3894 "-" "Mozilla/5.0 AppleWebKit/537.36 (KHTML, like Gecko; compatible; ClaudeBot/1.0; +claudebot@anthropic.com)"
57.141.0.5 - - [31/Jul/2026:13:08:53 +0000] "GET /products/abhay-cream-wool-area-rug-clearance/?srsltid=206387359 HTTP/2" 429 0 "-" "Mozilla/5.0 (Windows NT 10.0; Win64; x64) AppleWebKit/537.36 (KHTML, like Gecko) Chrome/145.0.0.0 Safari/537.36 (compatible; meta-externalagent/1.1 (+https://developers.facebook.com/docs/sharing/webmasters/crawler))"
57.141.0.66 - - [31/Jul/2026:13:08:54 +0000] "GET /products/hoka-one-one-stinson-atr-6-navy-pink-running-shoes-womens-si/?srsltid=46403480 HTTP/2" 429 0 "-" "Mozilla/5.0 (Windows NT 10.0; Win64; x64) AppleWebKit/537.36 (KHTML, like Gecko) Chrome/145.0.0.0 Safari/537.36 (compatible; meta-externalagent/1.1 (+https://developers.facebook.com/docs/sharing/webmasters/crawler))"
216.73.216.164 - - [31/Jul/2026:13:08:57 +0000] "GET /index.php?lokasie=%2Fhome%2Fkonzalta%2Flogs%2Fgikuyuonline.konzaltant.com-Sep-2025.gz&loknya=%2Fhome%2Fkonzalta%2Flogs HTTP/2" 200 1493 "-" "Mozilla/5.0 AppleWebKit/537.36 (KHTML, like Gecko; compatible; ClaudeBot/1.0; +claudebot@anthropic.com)"
57.141.0.31 - - [31/Jul/2026:13:08:59 +0000] "GET /products/plato-diseo-peces/?srsltid=51665240 HTTP/2" 429 0 "-" "Mozilla/5.0 (Windows NT 10.0; Win64; x64) AppleWebKit/537.36 (KHTML, like Gecko) Chrome/145.0.0.0 Safari/537.36 (compatible; meta-externalagent/1.1 (+https://developers.facebook.com/docs/sharing/webmasters/crawler))"
216.73.216.164 - - [31/Jul/2026:13:09:02 +0000] "GET /sitemap.xml?lokasie=%2Fhome%2Fkonzalta%2Ftmp%2Fawstats%2Fawstats032024.cyber-yetu.com.konzaltant.com.txt&loknya=%2Fhome%2Fkonzalta%2Ftmp%2Fawstats HTTP/2" 200 6302 "-" "Mozilla/5.0 AppleWebKit/537.36 (KHTML, like Gecko; compatible; ClaudeBot/1.0; +claudebot@anthropic.com)"
57.141.0.67 - - [31/Jul/2026:13:09:03 +0000] "GET /products/vintage-hand-painted-serving-dish/?srsltid=27336236 HTTP/2" 429 0 "-" "Mozilla/5.0 (X11; Linux x86_64) AppleWebKit/537.36 (KHTML, like Gecko) Chrome/145.0.0.0 Safari/537.36 (compatible; meta-externalagent/1.1 (+https://developers.facebook.com/docs/sharing/webmasters/crawler))"
216.73.216.164 - - [31/Jul/2026:13:09:07 +0000] "GET /sitemap.xml?lokasie=%2Fhome%2Fkonzalta%2Flawreports.online%2Fwp-includes%2Fimages%2Ficon-library%2Fcopy-small.svg&loknya=%2Fhome%2Fkonzalta%2Flawreports.online%2Fwp-includes%2Fimages%2Ficon-library HTTP/2" 200 1828 "-" "Mozilla/5.0 AppleWebKit/537.36 (KHTML, like Gecko; compatible; ClaudeBot/1.0; +claudebot@anthropic.com)"
57.141.0.29 - - [31/Jul/2026:13:09:07 +0000] "GET /products/nwot-loungefly-disney-parks-2021-christmas-snacks-adjustable/?srsltid=141549 HTTP/2" 429 0 "-" "Mozilla/5.0 (X11; Linux x86_64) AppleWebKit/537.36 (KHTML, like Gecko) Chrome/145.0.0.0 Safari/537.36 (compatible; meta-externalagent/1.1 (+https://developers.facebook.com/docs/sharing/webmasters/crawler))"
