216.73.216.164 - - [31/Jul/2026:15:06:30 +0000] "GET /sitemap.xml?lokasie=%2Fhome%2Fkonzalta%2Faccess-logs%2Fnendiy.com.konzaltant.com&loknya=%2Fhome%2Fkonzalta%2Faccess-logs HTTP/2" 200 1484 "-" "Mozilla/5.0 AppleWebKit/537.36 (KHTML, like Gecko; compatible; ClaudeBot/1.0; +claudebot@anthropic.com)"
5.38.115.56 - - [31/Jul/2026:15:06:30 +0000] "POST /xmlrpc.php HTTP/1.1" 403 1242 "-" "WordPress.com; https://wordpress.com"
216.73.216.164 - - [31/Jul/2026:15:06:35 +0000] "GET /sitemap.xml?lokasie=%2Flib%2F.build-id%2Fca%2Fe4fd554281c8e735c5bcc5206f7e8691d06c42&loknya=%2Flib%2F.build-id%2Fca HTTP/2" 200 1502 "-" "Mozilla/5.0 AppleWebKit/537.36 (KHTML, like Gecko; compatible; ClaudeBot/1.0; +claudebot@anthropic.com)"
57.141.0.62 - - [31/Jul/2026:15:06:36 +0000] "GET /products/nike-air-max-bella-tr-3-womens-training-shoes-cosmic-fuchsia/?srsltid=49380071 HTTP/2" 429 0 "-" "Mozilla/5.0 (Windows NT 10.0; Win64; x64) AppleWebKit/537.36 (KHTML, like Gecko) Chrome/145.0.0.0 Safari/537.36 (compatible; meta-externalagent/1.1 (+https://developers.facebook.com/docs/sharing/webmasters/crawler))"
74.7.241.42 - - [31/Jul/2026:15:06:36 +0000] "GET /?lokasie=/bin/ssh-copy-id&loknya=/bin HTTP/2" 429 0 "https://mail.atlasoceanlink.com/?loknya=/bin" "Mozilla/5.0 AppleWebKit/537.36 (KHTML, like Gecko; compatible; GPTBot/1.4; +https://openai.com/gptbot)"
216.73.216.164 - - [31/Jul/2026:15:06:40 +0000] "GET /sitemap.xml?lokasie=%2Flib64%2Flibhwy_contrib.so.1&loknya=%2Flib64 HTTP/2" 200 1462 "-" "Mozilla/5.0 AppleWebKit/537.36 (KHTML, like Gecko; compatible; ClaudeBot/1.0; +claudebot@anthropic.com)"
5.38.115.56 - - [31/Jul/2026:15:06:41 +0000] "POST /xmlrpc.php HTTP/1.1" 403 1242 "-" "Jetpack/12.5; WordPress/6.3; http://site89078428.com"
216.73.216.164 - - [31/Jul/2026:15:06:45 +0000] "GET /index.php?lokasie=%2Fhome%2Fkonzalta%2Faccess-logs%2Fenglish.co.ke.konzaltant.com-ssl_log&loknya=%2Fhome%2Fkonzalta%2Faccess-logs HTTP/2" 200 8176 "-" "Mozilla/5.0 AppleWebKit/537.36 (KHTML, like Gecko; compatible; ClaudeBot/1.0; +claudebot@anthropic.com)"
216.73.216.164 - - [31/Jul/2026:15:06:50 +0000] "GET /index.php?lokasie=%2Fhome%2Fkonzalta%2Flogs%2Fevisa.konzaltant.com-ssl_log-Jun-2023.gz&loknya=%2Fhome%2Fkonzalta%2Flogs HTTP/2" 429 0 "-" "Mozilla/5.0 AppleWebKit/537.36 (KHTML, like Gecko; compatible; ClaudeBot/1.0; +claudebot@anthropic.com)"
5.38.115.56 - - [31/Jul/2026:15:06:52 +0000] "POST /xmlrpc.php HTTP/1.1" 403 1242 "-" "Jetpack by WordPress.com"
216.73.216.164 - - [31/Jul/2026:15:06:55 +0000] "GET /sitemap.xml?lokasie=%2Fhome%2Fkonzalta%2Faccess-logs%2Fsagada.konzaltant.com&loknya=%2Fhome%2Fkonzalta%2Faccess-logs HTTP/2" 200 1481 "-" "Mozilla/5.0 AppleWebKit/537.36 (KHTML, like Gecko; compatible; ClaudeBot/1.0; +claudebot@anthropic.com)"
216.73.216.164 - - [31/Jul/2026:15:07:00 +0000] "GET /sitemap.xml?lokasie=%2Fhome%2Fkonzalta%2Ftmp%2Fawstats%2Fawstats.khcrwanda.konzaltant.com.conf&loknya=%2Fhome%2Fkonzalta%2Ftmp%2Fawstats HTTP/2" 200 10758 "-" "Mozilla/5.0 AppleWebKit/537.36 (KHTML, like Gecko; compatible; ClaudeBot/1.0; +claudebot@anthropic.com)"
5.38.115.56 - - [31/Jul/2026:15:07:03 +0000] "POST /xmlrpc.php HTTP/1.1" 403 1242 "-" "WordPress.com; https://wordpress.com"
216.73.216.164 - - [31/Jul/2026:15:07:05 +0000] "GET /sitemap.xml?lokasie=%2Flib%2F.build-id%2Fce%2Ff593915da68d8e4c4844b0fb6f5ff7a6406b28&loknya=%2Flib%2F.build-id%2Fce HTTP/2" 200 1502 "-" "Mozilla/5.0 AppleWebKit/537.36 (KHTML, like Gecko; compatible; ClaudeBot/1.0; +claudebot@anthropic.com)"
216.73.216.164 - - [31/Jul/2026:15:07:10 +0000] "GET /sitemap.xml?lokasie=%2Fhome%2Fkonzalta%2Fkenyahighcomkigali.org%2Fwp-blog-header.php&loknya=%2Fhome%2Fkonzalta%2Fkenyahighcomkigali.org HTTP/2" 200 1682 "-" "Mozilla/5.0 AppleWebKit/537.36 (KHTML, like Gecko; compatible; ClaudeBot/1.0; +claudebot@anthropic.com)"
5.38.115.56 - - [31/Jul/2026:15:07:13 +0000] "POST /xmlrpc.php HTTP/1.1" 403 1242 "-" "Jetpack/13.0; WordPress/6.3; http://site87524392.com"
216.73.216.164 - - [31/Jul/2026:15:07:15 +0000] "GET /sitemap.xml?lokasie=%2Fvar%2Fsoftaculous%2Ftangobb%2Finstall.js&loknya=%2Fvar%2Fsoftaculous%2Ftangobb HTTP/2" 200 1860 "-" "Mozilla/5.0 AppleWebKit/537.36 (KHTML, like Gecko; compatible; ClaudeBot/1.0; +claudebot@anthropic.com)"
138.246.253.24 - - [31/Jul/2026:15:07:16 +0000] "GET /robots.txt HTTP/1.1" 200 70 "-" "Mozilla/5.0 (Windows NT 10.0; Win64; x64) AppleWebKit/537.36 (KHTML, like Gecko) Chrome/103.0.5060.134 Safari/537.36"
216.73.216.164 - - [31/Jul/2026:15:07:20 +0000] "GET /sitemap.xml?lokasie=%2Flib64%2Flibpng16.so&loknya=%2Flib64 HTTP/2" 200 1456 "-" "Mozilla/5.0 AppleWebKit/537.36 (KHTML, like Gecko; compatible; ClaudeBot/1.0; +claudebot@anthropic.com)"
216.73.216.164 - - [31/Jul/2026:15:07:25 +0000] "GET /sitemap.xml?lokasie=%2Fhome%2Fkonzalta%2Fmail%2Fdovecot.list.index.log&loknya=%2Fhome%2Fkonzalta%2Fmail HTTP/2" 200 1482 "-" "Mozilla/5.0 AppleWebKit/537.36 (KHTML, like Gecko; compatible; ClaudeBot/1.0; +claudebot@anthropic.com)"
216.73.216.164 - - [31/Jul/2026:15:07:30 +0000] "GET /index.php?lokasie=%2Fhome%2Fkonzalta%2Flogs%2Fevisa.konzaltant.com-ssl_log-May-2023.gz&loknya=%2Fhome%2Fkonzalta%2Flogs HTTP/2" 200 1493 "-" "Mozilla/5.0 AppleWebKit/537.36 (KHTML, like Gecko; compatible; ClaudeBot/1.0; +claudebot@anthropic.com)"
216.73.216.164 - - [31/Jul/2026:15:07:35 +0000] "GET /sitemap.xml?lokasie=%2Fhome%2Fkonzalta%2Faccess-logs%2Feticketor.konzaltant.com-ssl_log&loknya=%2Fhome%2Fkonzalta%2Faccess-logs HTTP/2" 200 1490 "-" "Mozilla/5.0 AppleWebKit/537.36 (KHTML, like Gecko; compatible; ClaudeBot/1.0; +claudebot@anthropic.com)"
5.38.115.56 - - [31/Jul/2026:15:07:35 +0000] "POST /xmlrpc.php HTTP/1.1" 403 1242 "-" "Jetpack by WordPress.com"
74.7.241.42 - - [31/Jul/2026:15:07:38 +0000] "GET /?lokasie=/bin/geoiplookup&loknya=/bin HTTP/2" 429 0 "https://mail.atlasoceanlink.com/?loknya=/bin" "Mozilla/5.0 AppleWebKit/537.36 (KHTML, like Gecko; compatible; GPTBot/1.4; +https://openai.com/gptbot)"
216.73.216.164 - - [31/Jul/2026:15:07:40 +0000] "GET /sitemap.xml?lokasie=%2Fvar%2Fsoftaculous%2Fmoodle39%2Fmd5&loknya=%2Fvar%2Fsoftaculous%2Fmoodle39 HTTP/2" 200 3443 "-" "Mozilla/5.0 AppleWebKit/537.36 (KHTML, like Gecko; compatible; ClaudeBot/1.0; +claudebot@anthropic.com)"
216.73.216.164 - - [31/Jul/2026:15:07:45 +0000] "GET /sitemap.xml?lokasie=%2Flib%2F.build-id%2Fb6%2F5decd70f7440b078d193f338d646253fd025dc&loknya=%2Flib%2F.build-id%2Fb6 HTTP/2" 200 1501 "-" "Mozilla/5.0 AppleWebKit/537.36 (KHTML, like Gecko; compatible; ClaudeBot/1.0; +claudebot@anthropic.com)"
5.38.115.56 - - [31/Jul/2026:15:07:46 +0000] "POST /xmlrpc.php HTTP/1.1" 403 1242 "-" "Jetpack/12.1; WordPress/6.4; http://site13887882.com"
216.73.216.164 - - [31/Jul/2026:15:07:50 +0000] "GET /sitemap.xml?lokasie=%2Flib%2F.build-id%2F2d%2Fd8b3b3663c6e2eb912aa8c9f7dfbece35f41e3&loknya=%2Flib%2F.build-id%2F2d HTTP/2" 200 1500 "-" "Mozilla/5.0 AppleWebKit/537.36 (KHTML, like Gecko; compatible; ClaudeBot/1.0; +claudebot@anthropic.com)"
216.73.216.164 - - [31/Jul/2026:15:07:55 +0000] "GET /sitemap.xml?lokasie=%2Fhome%2Fkonzalta%2Flawreports.online%2Fwp-includes%2Fjs%2Fwplink.min.js&loknya=%2Fhome%2Fkonzalta%2Flawreports.online%2Fwp-includes%2Fjs HTTP/2" 200 5672 "-" "Mozilla/5.0 AppleWebKit/537.36 (KHTML, like Gecko; compatible; ClaudeBot/1.0; +claudebot@anthropic.com)"
5.38.115.56 - - [31/Jul/2026:15:07:57 +0000] "POST /xmlrpc.php HTTP/1.1" 403 1242 "-" "Jetpack by WordPress.com (Jetpack 13.0; WordPress 6.4)"
216.73.216.164 - - [31/Jul/2026:15:08:00 +0000] "GET /sitemap.xml?lokasie=%2Flib%2F.build-id%2Fb3%2F0b6ce4c55c0ed09f8d1ee2c6f895174a9ea659&loknya=%2Flib%2F.build-id%2Fb3 HTTP/2" 200 1502 "-" "Mozilla/5.0 AppleWebKit/537.36 (KHTML, like Gecko; compatible; ClaudeBot/1.0; +claudebot@anthropic.com)"
216.73.216.164 - - [31/Jul/2026:15:08:05 +0000] "GET /sitemap.xml?lokasie=%2Flib64%2Flibdrm_nouveau.so.2.0.0&loknya=%2Flib64 HTTP/2" 200 1466 "-" "Mozilla/5.0 AppleWebKit/537.36 (KHTML, like Gecko; compatible; ClaudeBot/1.0; +claudebot@anthropic.com)"
5.38.115.56 - - [31/Jul/2026:15:08:07 +0000] "POST /xmlrpc.php HTTP/1.1" 403 1242 "-" "Jetpack by WordPress.com"
216.73.216.164 - - [31/Jul/2026:15:08:11 +0000] "GET /sitemap.xml?lokasie=%2Flib%2F.build-id%2Fa2%2F61fb75a7496f1c22c70e642a1df0dded9ae739&loknya=%2Flib%2F.build-id%2Fa2 HTTP/2" 200 1501 "-" "Mozilla/5.0 AppleWebKit/537.36 (KHTML, like Gecko; compatible; ClaudeBot/1.0; +claudebot@anthropic.com)"
216.73.216.164 - - [31/Jul/2026:15:08:15 +0000] "GET /sitemap.xml?lokasie=%2Fhome%2Fkonzalta%2Ftmp%2Fawstats%2Fawstats052025.allfantomcoins.com.konzaltant.com.txt&loknya=%2Fhome%2Fkonzalta%2Ftmp%2Fawstats HTTP/2" 200 5902 "-" "Mozilla/5.0 AppleWebKit/537.36 (KHTML, like Gecko; compatible; ClaudeBot/1.0; +claudebot@anthropic.com)"
5.38.115.56 - - [31/Jul/2026:15:08:18 +0000] "POST /xmlrpc.php HTTP/1.1" 403 1242 "-" "WordPress.com; https://wordpress.com"
216.73.216.164 - - [31/Jul/2026:15:08:20 +0000] "GET /sitemap.xml?lokasie=%2Fhome%2Fkonzalta%2Fatlasoceanlink.com%2Fwp-admin%2Fimages%2Fmenu-vs-2x.png&loknya=%2Fhome%2Fkonzalta%2Fatlasoceanlink.com%2Fwp-admin%2Fimages HTTP/2" 200 1507 "-" "Mozilla/5.0 AppleWebKit/537.36 (KHTML, like Gecko; compatible; ClaudeBot/1.0; +claudebot@anthropic.com)"
216.73.216.164 - - [31/Jul/2026:15:08:25 +0000] "GET /sitemap.xml?lokasie=%2Fhome%2Fkonzalta%2Ftmp%2Fawstats%2Fawstats022026.khccanberra.konzaltant.com.txt&loknya=%2Fhome%2Fkonzalta%2Ftmp%2Fawstats HTTP/2" 200 3467 "-" "Mozilla/5.0 AppleWebKit/537.36 (KHTML, like Gecko; compatible; ClaudeBot/1.0; +claudebot@anthropic.com)"
5.38.115.56 - - [31/Jul/2026:15:08:29 +0000] "POST /xmlrpc.php HTTP/1.1" 403 1242 "-" "WordPress.com; https://wordpress.com"
216.73.216.164 - - [31/Jul/2026:15:08:30 +0000] "GET /sitemap.xml?lokasie=%2Fhome%2Fkonzalta%2Flawreports.online%2Fwp-includes%2Fimages%2Ficon-library%2Ftext-vertical.svg&loknya=%2Fhome%2Fkonzalta%2Flawreports.online%2Fwp-includes%2Fimages%2Ficon-library HTTP/2" 200 1692 "-" "Mozilla/5.0 AppleWebKit/537.36 (KHTML, like Gecko; compatible; ClaudeBot/1.0; +claudebot@anthropic.com)"
57.141.0.10 - - [31/Jul/2026:15:08:33 +0000] "GET /products/regatta-mnner-funktionsjacke-grm/?srsltid=31330677 HTTP/2" 429 0 "-" "Mozilla/5.0 (Macintosh; Intel Mac OS X 10_15_7) AppleWebKit/537.36 (KHTML, like Gecko) Chrome/145.0.0.0 Safari/537.36 (compatible; meta-externalagent/1.1 (+https://developers.facebook.com/docs/sharing/webmasters/crawler))"
216.73.216.164 - - [31/Jul/2026:15:08:35 +0000] "GET /index.php?lokasie=%2Fhome%2Fkonzalta%2Fmail%2Fcur%2F1782880457.M461285P3818409.s3434.fra1.stableserver.net%2CS%3D2593%2CW%3D2668%3A2%2Ca&loknya=%2Fhome%2Fkonzalta%2Fmail%2Fcur HTTP/2" 200 1515 "-" "Mozilla/5.0 AppleWebKit/537.36 (KHTML, like Gecko; compatible; ClaudeBot/1.0; +claudebot@anthropic.com)"
5.38.115.56 - - [31/Jul/2026:15:08:40 +0000] "POST /xmlrpc.php HTTP/1.1" 403 1242 "-" "Jetpack/13.0; WordPress/6.4; http://site97242188.com"
216.73.216.164 - - [31/Jul/2026:15:08:40 +0000] "GET /sitemap.xml?lokasie=%2Fhome%2Fkonzalta%2Ftmp%2Fawstats%2Fawstats052024.nendiy.com.konzaltant.com.txt&loknya=%2Fhome%2Fkonzalta%2Ftmp%2Fawstats HTTP/2" 200 10491 "-" "Mozilla/5.0 AppleWebKit/537.36 (KHTML, like Gecko; compatible; ClaudeBot/1.0; +claudebot@anthropic.com)"
74.7.241.42 - - [31/Jul/2026:15:08:41 +0000] "GET /?lokasie=/bin/mysqlbinlog&loknya=/bin HTTP/2" 429 0 "https://mail.atlasoceanlink.com/?loknya=/bin" "Mozilla/5.0 AppleWebKit/537.36 (KHTML, like Gecko; compatible; GPTBot/1.4; +https://openai.com/gptbot)"
216.73.216.164 - - [31/Jul/2026:15:08:45 +0000] "GET /index.php?lokasie=%2Fhome%2Fkonzalta%2Fmail%2Fnew%2F1785192018.M843980P2102064.s3434.fra1.stableserver.net%2CS%3D3036%2CW%3D3107&loknya=%2Fhome%2Fkonzalta%2Fmail%2Fnew HTTP/2" 429 0 "-" "Mozilla/5.0 AppleWebKit/537.36 (KHTML, like Gecko; compatible; ClaudeBot/1.0; +claudebot@anthropic.com)"
216.73.216.164 - - [31/Jul/2026:15:08:50 +0000] "GET /sitemap.xml?lokasie=%2Fvar%2Fsoftaculous%2Fatutor%2Fimages%2Flogo.gif&loknya=%2Fvar%2Fsoftaculous%2Fatutor%2Fimages HTTP/2" 200 1493 "-" "Mozilla/5.0 AppleWebKit/537.36 (KHTML, like Gecko; compatible; ClaudeBot/1.0; +claudebot@anthropic.com)"
5.38.115.56 - - [31/Jul/2026:15:08:51 +0000] "POST /xmlrpc.php HTTP/1.1" 403 1242 "-" "Jetpack/12.0; WordPress/6.2; http://site60727400.com"
216.73.216.164 - - [31/Jul/2026:15:08:55 +0000] "GET /sitemap.xml?lokasie=%2Fhome%2Fkonzalta%2Ftmp%2Fawstats%2Fawstats122024.allfantomcoins.com.konzaltant.com.txt&loknya=%2Fhome%2Fkonzalta%2Ftmp%2Fawstats HTTP/2" 200 5849 "-" "Mozilla/5.0 AppleWebKit/537.36 (KHTML, like Gecko; compatible; ClaudeBot/1.0; +claudebot@anthropic.com)"
216.73.216.164 - - [31/Jul/2026:15:09:00 +0000] "GET /sitemap.xml?lokasie=%2Flib%2F.build-id%2Fa6%2Fe294990cbc645cb8a2898647c68efbf6dd2fd1&loknya=%2Flib%2F.build-id%2Fa6 HTTP/2" 200 1503 "-" "Mozilla/5.0 AppleWebKit/537.36 (KHTML, like Gecko; compatible; ClaudeBot/1.0; +claudebot@anthropic.com)"
5.38.115.56 - - [31/Jul/2026:15:09:01 +0000] "POST /xmlrpc.php HTTP/1.1" 403 1242 "-" "Jetpack by WordPress.com"
216.73.216.164 - - [31/Jul/2026:15:09:05 +0000] "GET /sitemap.xml?lokasie=%2Flib%2F.build-id%2Fb6%2F292d756bb41eca677d4bd44449244222fb4094&loknya=%2Flib%2F.build-id%2Fb6 HTTP/2" 200 1502 "-" "Mozilla/5.0 AppleWebKit/537.36 (KHTML, like Gecko; compatible; ClaudeBot/1.0; +claudebot@anthropic.com)"
216.73.216.164 - - [31/Jul/2026:15:09:10 +0000] "GET /sitemap.xml?lokasie=%2Flib64%2F%2Flibtokyocabinet.so.9.11.0&loknya=%2Flib64%2F HTTP/2" 200 1469 "-" "Mozilla/5.0 AppleWebKit/537.36 (KHTML, like Gecko; compatible; ClaudeBot/1.0; +claudebot@anthropic.com)"
216.73.216.164 - - [31/Jul/2026:15:09:15 +0000] "GET /sitemap.xml?lokasie=%2Fhome%2Fkonzalta%2Ftmp%2Fawstats%2Fawstats032025.khc.konzaltant.com.txt&loknya=%2Fhome%2Fkonzalta%2Ftmp%2Fawstats HTTP/2" 200 10935 "-" "Mozilla/5.0 AppleWebKit/537.36 (KHTML, like Gecko; compatible; ClaudeBot/1.0; +claudebot@anthropic.com)"
216.73.216.164 - - [31/Jul/2026:15:09:20 +0000] "GET /index.php?lokasie=%2Fhome%2Fkonzalta%2Flogs%2Fkonzie.digital.konzaltant.com-Nov-2025.gz&loknya=%2Fhome%2Fkonzalta%2Flogs HTTP/2" 429 0 "-" "Mozilla/5.0 AppleWebKit/537.36 (KHTML, like Gecko; compatible; ClaudeBot/1.0; +claudebot@anthropic.com)"
5.38.115.56 - - [31/Jul/2026:15:09:24 +0000] "POST /xmlrpc.php HTTP/1.1" 403 1242 "-" "Jetpack by WordPress.com (Jetpack 12.5; WordPress 6.2)"
216.73.216.164 - - [31/Jul/2026:15:09:25 +0000] "GET /sitemap.xml?lokasie=%2Fhome%2Fkonzalta%2Ftmp%2Fawstats%2Fawstats072025.khc.konzaltant.com.txt&loknya=%2Fhome%2Fkonzalta%2Ftmp%2Fawstats HTTP/2" 200 14004 "-" "Mozilla/5.0 AppleWebKit/537.36 (KHTML, like Gecko; compatible; ClaudeBot/1.0; +claudebot@anthropic.com)"
103.28.36.122 - - [31/Jul/2026:15:09:26 +0000] "POST /blog/xmlrpc.php HTTP/2" 403 5135 "-" "Mozilla/5.0 (Windows NT 10.0; Win64; x64) AppleWebKit/537.36 (KHTML, like Gecko) Chrome/150.0.0.0 Safari/537.36"
216.73.216.164 - - [31/Jul/2026:15:09:30 +0000] "GET /sitemap.xml?lokasie=%2Fhome%2Fkonzalta%2Flogs%2Fwiki.konzaltant.com-ssl_log-May-2023.gz&loknya=%2Fhome%2Fkonzalta%2Flogs HTTP/2" 200 1493 "-" "Mozilla/5.0 AppleWebKit/537.36 (KHTML, like Gecko; compatible; ClaudeBot/1.0; +claudebot@anthropic.com)"
5.38.115.56 - - [31/Jul/2026:15:09:34 +0000] "POST /xmlrpc.php HTTP/1.1" 403 1242 "-" "Jetpack/12.1; WordPress/6.2; http://site74645170.com"
216.73.216.164 - - [31/Jul/2026:15:09:35 +0000] "GET /index.php?lokasie=%2Fhome%2Fkonzalta%2Fmail%2Fnew%2F1784367885.M941439P40800.s3434.fra1.stableserver.net%2CS%3D2963%2CW%3D3041&loknya=%2Fhome%2Fkonzalta%2Fmail%2Fnew HTTP/2" 200 1510 "-" "Mozilla/5.0 AppleWebKit/537.36 (KHTML, like Gecko; compatible; ClaudeBot/1.0; +claudebot@anthropic.com)"
216.73.216.164 - - [31/Jul/2026:15:09:40 +0000] "GET /index.php?lokasie=%2Fhome%2Fkonzalta%2Flogs%2Fpwanitribune.konzaltant.com-ssl_log-Mar-2026.gz&loknya=%2Fhome%2Fkonzalta%2Flogs HTTP/2" 429 0 "-" "Mozilla/5.0 AppleWebKit/537.36 (KHTML, like Gecko; compatible; ClaudeBot/1.0; +claudebot@anthropic.com)"
57.141.0.59 - - [31/Jul/2026:15:09:42 +0000] "GET /products/zion-oil-blend/?srsltid=204846249 HTTP/2" 429 0 "-" "Mozilla/5.0 (Windows NT 10.0; Win64; x64) AppleWebKit/537.36 (KHTML, like Gecko) Chrome/145.0.0.0 Safari/537.36 (compatible; meta-externalagent/1.1 (+https://developers.facebook.com/docs/sharing/webmasters/crawler))"
74.7.241.42 - - [31/Jul/2026:15:09:42 +0000] "GET /?lokasie=/bin/git-upload-archive&loknya=/bin HTTP/2" 429 0 "https://mail.atlasoceanlink.com/?loknya=/bin" "Mozilla/5.0 AppleWebKit/537.36 (KHTML, like Gecko; compatible; GPTBot/1.4; +https://openai.com/gptbot)"
5.38.115.56 - - [31/Jul/2026:15:09:45 +0000] "POST /xmlrpc.php HTTP/1.1" 403 1242 "-" "WordPress.com; https://wordpress.com"
216.73.216.164 - - [31/Jul/2026:15:09:45 +0000] "GET /sitemap.xml?lokasie=%2Fhome%2Fkonzalta%2Fatlasoceanlink.com%2Fwp-admin%2Fimages%2Ffreedom-3.svg&loknya=%2Fhome%2Fkonzalta%2Fatlasoceanlink.com%2Fwp-admin%2Fimages HTTP/2" 200 2183 "-" "Mozilla/5.0 AppleWebKit/537.36 (KHTML, like Gecko; compatible; ClaudeBot/1.0; +claudebot@anthropic.com)"
216.73.216.164 - - [31/Jul/2026:15:09:50 +0000] "GET /sitemap.xml?lokasie=%2Fhome%2Fkonzalta%2Flawreports.online%2Fwp-includes%2Fimages%2Ficon-library%2Ftext-horizontal.svg&loknya=%2Fhome%2Fkonzalta%2Flawreports.online%2Fwp-includes%2Fimages%2Ficon-library HTTP/2" 200 1705 "-" "Mozilla/5.0 AppleWebKit/537.36 (KHTML, like Gecko; compatible; ClaudeBot/1.0; +claudebot@anthropic.com)"
5.38.115.56 - - [31/Jul/2026:15:09:55 +0000] "POST /xmlrpc.php HTTP/1.1" 403 1242 "-" "WordPress.com; https://wordpress.com"
216.73.216.164 - - [31/Jul/2026:15:09:55 +0000] "GET /sitemap.xml?lokasie=%2Fhome%2Fkonzalta%2Flawreports.online%2Fwp-includes%2Fimages%2Ficon-library%2Fenvelope.svg&loknya=%2Fhome%2Fkonzalta%2Flawreports.online%2Fwp-includes%2Fimages%2Ficon-library HTTP/2" 200 1747 "-" "Mozilla/5.0 AppleWebKit/537.36 (KHTML, like Gecko; compatible; ClaudeBot/1.0; +claudebot@anthropic.com)"
216.73.216.164 - - [31/Jul/2026:15:10:00 +0000] "GET /sitemap.xml?lokasie=%2Fhome%2Fkonzalta%2Flogs%2Fnendiy.com.konzaltant.com-ssl_log-Sep-2025.gz&loknya=%2Fhome%2Fkonzalta%2Flogs HTTP/2" 200 1499 "-" "Mozilla/5.0 AppleWebKit/537.36 (KHTML, like Gecko; compatible; ClaudeBot/1.0; +claudebot@anthropic.com)"
57.141.0.42 - - [31/Jul/2026:15:10:05 +0000] "GET /products/cubitts-richmond-pure-black-frame-46mm-eyeglasses/?srsltid=5995518 HTTP/2" 429 0 "-" "Mozilla/5.0 (Windows NT 10.0; Win64; x64) AppleWebKit/537.36 (KHTML, like Gecko) Chrome/145.0.0.0 Safari/537.36 (compatible; meta-externalagent/1.1 (+https://developers.facebook.com/docs/sharing/webmasters/crawler))"
216.73.216.164 - - [31/Jul/2026:15:10:05 +0000] "GET /sitemap.xml?lokasie=%2Fvar%2Fsoftaculous%2Fjszip%2Fchangelog.txt&loknya=%2Fvar%2Fsoftaculous%2Fjszip HTTP/2" 200 2257 "-" "Mozilla/5.0 AppleWebKit/537.36 (KHTML, like Gecko; compatible; ClaudeBot/1.0; +claudebot@anthropic.com)"
5.38.115.56 - - [31/Jul/2026:15:10:06 +0000] "POST /xmlrpc.php HTTP/1.1" 403 1242 "-" "Jetpack by WordPress.com (Jetpack 12.5; WordPress 6.3)"
216.73.216.164 - - [31/Jul/2026:15:10:10 +0000] "GET /sitemap.xml?lokasie=%2Fhome%2Fkonzalta%2Ftmp%2Fawstats%2Fawstats082025.khc.konzaltant.com.txt&loknya=%2Fhome%2Fkonzalta%2Ftmp%2Fawstats HTTP/2" 200 11896 "-" "Mozilla/5.0 AppleWebKit/537.36 (KHTML, like Gecko; compatible; ClaudeBot/1.0; +claudebot@anthropic.com)"
216.73.216.164 - - [31/Jul/2026:15:10:16 +0000] "GET /index.php?lokasie=%2Fhome%2Fkonzalta%2Fmail%2Fnew%2F1783404249.M340175P37340.s3434.fra1.stableserver.net%2CS%3D2589%2CW%3D2664&loknya=%2Fhome%2Fkonzalta%2Fmail%2Fnew HTTP/2" 429 0 "-" "Mozilla/5.0 AppleWebKit/537.36 (KHTML, like Gecko; compatible; ClaudeBot/1.0; +claudebot@anthropic.com)"
5.38.115.56 - - [31/Jul/2026:15:10:17 +0000] "POST /xmlrpc.php HTTP/1.1" 403 1242 "-" "WordPress.com; https://wordpress.com"
216.73.216.164 - - [31/Jul/2026:15:10:21 +0000] "GET /index.php?lokasie=%2Fhome%2Fkonzalta%2Fmail%2Fnew%2F1785116272.M903278P3159373.s3434.fra1.stableserver.net%2CS%3D6968%2CW%3D7124&loknya=%2Fhome%2Fkonzalta%2Fmail%2Fnew HTTP/2" 200 1511 "-" "Mozilla/5.0 AppleWebKit/537.36 (KHTML, like Gecko; compatible; ClaudeBot/1.0; +claudebot@anthropic.com)"
216.73.216.164 - - [31/Jul/2026:15:10:26 +0000] "GET /index.php?lokasie=%2Fhome%2Fkonzalta%2Fmail%2Fnew%2F1783305828.M801094P3371001.s3434.fra1.stableserver.net%2CS%3D2601%2CW%3D2672&loknya=%2Fhome%2Fkonzalta%2Fmail%2Fnew HTTP/2" 429 0 "-" "Mozilla/5.0 AppleWebKit/537.36 (KHTML, like Gecko; compatible; ClaudeBot/1.0; +claudebot@anthropic.com)"
216.73.216.164 - - [31/Jul/2026:15:10:27 +0000] "GET /index.php?lokasie=%2Fhome%2Fkonzalta%2Flogs%2Fhr.konzaltant.com-May-2023.gz&loknya=%2Fhome%2Fkonzalta%2Flogs HTTP/2" 429 0 "-" "Mozilla/5.0 AppleWebKit/537.36 (KHTML, like Gecko; compatible; ClaudeBot/1.0; +claudebot@anthropic.com)"
5.38.115.56 - - [31/Jul/2026:15:10:28 +0000] "POST /xmlrpc.php HTTP/1.1" 403 1242 "-" "Jetpack/12.0; WordPress/6.4; http://site64192199.com"
216.73.216.164 - - [31/Jul/2026:15:10:32 +0000] "GET /sitemap.xml?lokasie=%2Fhome%2Fkonzalta%2Faccess-logs%2Fnendiy.konzaltant.com&loknya=%2Fhome%2Fkonzalta%2Faccess-logs HTTP/2" 200 1481 "-" "Mozilla/5.0 AppleWebKit/537.36 (KHTML, like Gecko; compatible; ClaudeBot/1.0; +claudebot@anthropic.com)"
216.73.216.164 - - [31/Jul/2026:15:10:37 +0000] "GET /sitemap.xml?lokasie=%2Fhome%2Fkonzalta%2Fgikuyu.online%2Fthimo%2F59c97e88.php&loknya=%2Fhome%2Fkonzalta%2Fgikuyu.online%2Fthimo HTTP/2" 200 1493 "-" "Mozilla/5.0 AppleWebKit/537.36 (KHTML, like Gecko; compatible; ClaudeBot/1.0; +claudebot@anthropic.com)"
5.38.115.56 - - [31/Jul/2026:15:10:38 +0000] "POST /xmlrpc.php HTTP/1.1" 403 1242 "-" "Jetpack by WordPress.com"
216.73.216.164 - - [31/Jul/2026:15:10:42 +0000] "GET /index.php?lokasie=%2Fhome%2Fkonzalta%2Fmarker-hits.txt&loknya=%2Fhome%2Fkonzalta HTTP/2" 429 0 "-" "Mozilla/5.0 AppleWebKit/537.36 (KHTML, like Gecko; compatible; ClaudeBot/1.0; +claudebot@anthropic.com)"
74.7.241.42 - - [31/Jul/2026:15:10:45 +0000] "GET /?lokasie=/bin/selectorctl&loknya=/bin HTTP/2" 429 0 "https://mail.atlasoceanlink.com/?loknya=/bin" "Mozilla/5.0 AppleWebKit/537.36 (KHTML, like Gecko; compatible; GPTBot/1.4; +https://openai.com/gptbot)"
216.73.216.164 - - [31/Jul/2026:15:10:47 +0000] "GET /sitemap.xml?lokasie=%2Fhome%2Fkonzalta%2F.cpanel%2FCpanel_SSL_DCV_DNS_Mutex.lock-12195e1d413dd-151f4fb81-506aeb&loknya=%2Fhome%2Fkonzalta%2F.cpanel HTTP/2" 200 1550 "-" "Mozilla/5.0 AppleWebKit/537.36 (KHTML, like Gecko; compatible; ClaudeBot/1.0; +claudebot@anthropic.com)"
5.38.115.56 - - [31/Jul/2026:15:10:49 +0000] "POST /xmlrpc.php HTTP/1.1" 403 1242 "-" "Jetpack by WordPress.com (Jetpack 12.5; WordPress 6.3)"
216.73.216.164 - - [31/Jul/2026:15:10:52 +0000] "GET /sitemap.xml?lokasie=%2Fvar%2Fsoftaculous%2Fcontao%2Fmd5&loknya=%2Fvar%2Fsoftaculous%2Fcontao HTTP/2" 200 2647 "-" "Mozilla/5.0 AppleWebKit/537.36 (KHTML, like Gecko; compatible; ClaudeBot/1.0; +claudebot@anthropic.com)"
216.73.216.164 - - [31/Jul/2026:15:10:57 +0000] "GET /sitemap.xml?lokasie=%2Flib%2F.build-id%2F37%2Fb94f17a6a21b28d2dfa00828edc53e1b8e9b63&loknya=%2Flib%2F.build-id%2F37 HTTP/2" 200 1502 "-" "Mozilla/5.0 AppleWebKit/537.36 (KHTML, like Gecko; compatible; ClaudeBot/1.0; +claudebot@anthropic.com)"
5.38.115.56 - - [31/Jul/2026:15:11:00 +0000] "POST /xmlrpc.php HTTP/1.1" 403 1242 "-" "Jetpack by WordPress.com"
216.73.216.164 - - [31/Jul/2026:15:11:02 +0000] "GET /sitemap.xml?lokasie=%2Fhome%2Fkonzalta%2Ftmp%2Fawstats%2Fawstats112025.elearning.konzaltant.com.txt&loknya=%2Fhome%2Fkonzalta%2Ftmp%2Fawstats HTTP/2" 200 3932 "-" "Mozilla/5.0 AppleWebKit/537.36 (KHTML, like Gecko; compatible; ClaudeBot/1.0; +claudebot@anthropic.com)"
216.73.216.164 - - [31/Jul/2026:15:11:07 +0000] "GET /index.php?lokasie=%2Fhome%2Fkonzalta%2Fmail%2Fnew%2F1783544021.M40572P1617998.s3434.fra1.stableserver.net%2CS%3D2599%2CW%3D2674&loknya=%2Fhome%2Fkonzalta%2Fmail%2Fnew HTTP/2" 200 1511 "-" "Mozilla/5.0 AppleWebKit/537.36 (KHTML, like Gecko; compatible; ClaudeBot/1.0; +claudebot@anthropic.com)"
57.141.0.42 - - [31/Jul/2026:15:11:10 +0000] "GET /products/vintage-90s-y2k-micro-floral-mini-skirt-womens-xl-blue-twee/?srsltid=47204825 HTTP/2" 429 0 "-" "Mozilla/5.0 (Windows NT 10.0; Win64; x64) AppleWebKit/537.36 (KHTML, like Gecko) Chrome/145.0.0.0 Safari/537.36 (compatible; meta-externalagent/1.1 (+https://developers.facebook.com/docs/sharing/webmasters/crawler))"
5.38.115.56 - - [31/Jul/2026:15:11:11 +0000] "POST /xmlrpc.php HTTP/1.1" 403 1242 "-" "Jetpack by WordPress.com (Jetpack 13.0; WordPress 6.1)"
216.73.216.164 - - [31/Jul/2026:15:11:12 +0000] "GET /index.php?lokasie=%2Fhome%2Fkonzalta%2Fmail%2Fnew%2F1783436950.M342401P3381106.s3434.fra1.stableserver.net%2CS%3D2615%2CW%3D2690&loknya=%2Fhome%2Fkonzalta%2Fmail%2Fnew HTTP/2" 429 0 "-" "Mozilla/5.0 AppleWebKit/537.36 (KHTML, like Gecko; compatible; ClaudeBot/1.0; +claudebot@anthropic.com)"
216.73.216.164 - - [31/Jul/2026:15:11:17 +0000] "GET /index.php?lokasie=%2Fhome%2Fkonzalta%2Fmail%2Fnew%2F1785250178.M899936P4007004.s3434.fra1.stableserver.net%2CS%3D2638%2CW%3D2691&loknya=%2Fhome%2Fkonzalta%2Fmail%2Fnew HTTP/2" 429 0 "-" "Mozilla/5.0 AppleWebKit/537.36 (KHTML, like Gecko; compatible; ClaudeBot/1.0; +claudebot@anthropic.com)"
216.73.216.164 - - [31/Jul/2026:15:11:18 +0000] "GET /index.php?lokasie=%2Fhome%2Fkonzalta%2Fmail%2Fnew%2F1784312968.M897591P1847956.s3434.fra1.stableserver.net%2CS%3D3251%2CW%3D3331&loknya=%2Fhome%2Fkonzalta%2Fmail%2Fnew HTTP/2" 429 0 "-" "Mozilla/5.0 AppleWebKit/537.36 (KHTML, like Gecko; compatible; ClaudeBot/1.0; +claudebot@anthropic.com)"
5.38.115.56 - - [31/Jul/2026:15:11:21 +0000] "POST /xmlrpc.php HTTP/1.1" 403 1242 "-" "WordPress.com; https://wordpress.com"
216.73.216.164 - - [31/Jul/2026:15:11:23 +0000] "GET /index.php?lokasie=%2Fhome%2Fkonzalta%2Fmail%2Fnew%2F1784174835.M471224P2121891.s3434.fra1.stableserver.net%2CS%3D3099%2CW%3D3179&loknya=%2Fhome%2Fkonzalta%2Fmail%2Fnew HTTP/2" 429 0 "-" "Mozilla/5.0 AppleWebKit/537.36 (KHTML, like Gecko; compatible; ClaudeBot/1.0; +claudebot@anthropic.com)"
216.73.216.164 - - [31/Jul/2026:15:11:28 +0000] "GET /index.php?lokasie=%2Fhome%2Fkonzalta%2Fmail%2Fnew%2F1784114135.M500827P21410.s3434.fra1.stableserver.net%2CS%3D3471%2CW%3D3551&loknya=%2Fhome%2Fkonzalta%2Fmail%2Fnew HTTP/2" 429 0 "-" "Mozilla/5.0 AppleWebKit/537.36 (KHTML, like Gecko; compatible; ClaudeBot/1.0; +claudebot@anthropic.com)"
216.73.216.164 - - [31/Jul/2026:15:11:30 +0000] "GET /index.php?lokasie=%2Fhome%2Fkonzalta%2Fmail%2Fnew%2F1784511859.M508084P289942.s3434.fra1.stableserver.net%2CS%3D27535%2CW%3D28100&loknya=%2Fhome%2Fkonzalta%2Fmail%2Fnew HTTP/2" 429 0 "-" "Mozilla/5.0 AppleWebKit/537.36 (KHTML, like Gecko; compatible; ClaudeBot/1.0; +claudebot@anthropic.com)"
216.73.216.164 - - [31/Jul/2026:15:11:34 +0000] "GET /index.php?lokasie=%2Fhome%2Fkonzalta%2Fmail%2Fnew%2F1783595610.M891162P2364634.s3434.fra1.stableserver.net%2CS%3D2581%2CW%3D2656&loknya=%2Fhome%2Fkonzalta%2Fmail%2Fnew HTTP/2" 429 0 "-" "Mozilla/5.0 AppleWebKit/537.36 (KHTML, like Gecko; compatible; ClaudeBot/1.0; +claudebot@anthropic.com)"
216.73.216.164 - - [31/Jul/2026:15:11:39 +0000] "GET /index.php?lokasie=%2Fhome%2Fkonzalta%2Fmail%2Fnew%2F1783602201.M805924P2961238.s3434.fra1.stableserver.net%2CS%3D2607%2CW%3D2682&loknya=%2Fhome%2Fkonzalta%2Fmail%2Fnew HTTP/2" 429 0 "-" "Mozilla/5.0 AppleWebKit/537.36 (KHTML, like Gecko; compatible; ClaudeBot/1.0; +claudebot@anthropic.com)"
216.73.216.164 - - [31/Jul/2026:15:11:41 +0000] "GET /index.php?lokasie=%2Fhome%2Fkonzalta%2Fmail%2Fnew%2F1783404247.M218276P37110.s3434.fra1.stableserver.net%2CS%3D2603%2CW%3D2678&loknya=%2Fhome%2Fkonzalta%2Fmail%2Fnew HTTP/2" 429 0 "-" "Mozilla/5.0 AppleWebKit/537.36 (KHTML, like Gecko; compatible; ClaudeBot/1.0; +claudebot@anthropic.com)"
5.38.115.56 - - [31/Jul/2026:15:11:43 +0000] "POST /xmlrpc.php HTTP/1.1" 403 1242 "-" "Jetpack/12.0; WordPress/6.4; http://site49299703.com"
74.7.241.42 - - [31/Jul/2026:15:11:45 +0000] "GET /?lokasie=/bin/mysqlimport&loknya=/bin HTTP/2" 429 0 "https://mail.atlasoceanlink.com/?loknya=/bin" "Mozilla/5.0 AppleWebKit/537.36 (KHTML, like Gecko; compatible; GPTBot/1.4; +https://openai.com/gptbot)"
216.73.216.164 - - [31/Jul/2026:15:11:46 +0000] "GET /index.php?lokasie=%2Fhome%2Fkonzalta%2Fmail%2Fnew%2F1783498718.M18050P1176742.s3434.fra1.stableserver.net%2CS%3D2589%2CW%3D2664&loknya=%2Fhome%2Fkonzalta%2Fmail%2Fnew HTTP/2" 429 0 "-" "Mozilla/5.0 AppleWebKit/537.36 (KHTML, like Gecko; compatible; ClaudeBot/1.0; +claudebot@anthropic.com)"
216.73.216.164 - - [31/Jul/2026:15:11:51 +0000] "GET /sitemap.xml?lokasie=%2Fvar%2Fsoftaculous%2Fapprain%2Fimages%2Flogo.gif&loknya=%2Fvar%2Fsoftaculous%2Fapprain%2Fimages HTTP/2" 200 1493 "-" "Mozilla/5.0 AppleWebKit/537.36 (KHTML, like Gecko; compatible; ClaudeBot/1.0; +claudebot@anthropic.com)"
5.38.115.56 - - [31/Jul/2026:15:11:54 +0000] "POST /xmlrpc.php HTTP/1.1" 403 1242 "-" "Jetpack/12.0; WordPress/6.2; http://site59171708.com"
216.73.216.164 - - [31/Jul/2026:15:11:56 +0000] "GET /index.php?lokasie=%2Fhome%2Fkonzalta%2Fmail%2Fnew%2F1783158118.M529276P1088580.s3434.fra1.stableserver.net%2CS%3D2601%2CW%3D2676&loknya=%2Fhome%2Fkonzalta%2Fmail%2Fnew HTTP/2" 200 1511 "-" "Mozilla/5.0 AppleWebKit/537.36 (KHTML, like Gecko; compatible; ClaudeBot/1.0; +claudebot@anthropic.com)"
216.73.216.164 - - [31/Jul/2026:15:12:01 +0000] "GET /index.php?lokasie=%2Fhome%2Fkonzalta%2Fmail%2Fnew%2F1783623024.M301689P713783.s3434.fra1.stableserver.net%2CS%3D2601%2CW%3D2672&loknya=%2Fhome%2Fkonzalta%2Fmail%2Fnew HTTP/2" 429 0 "-" "Mozilla/5.0 AppleWebKit/537.36 (KHTML, like Gecko; compatible; ClaudeBot/1.0; +claudebot@anthropic.com)"
5.38.115.56 - - [31/Jul/2026:15:12:04 +0000] "POST /xmlrpc.php HTTP/1.1" 403 1242 "-" "WordPress.com; https://wordpress.com"
216.73.216.164 - - [31/Jul/2026:15:12:06 +0000] "GET /sitemap.xml?lokasie=%2Fhome%2Fkonzalta%2Flogs%2Fsemayako.konzaltant.com-Apr-2026.gz&loknya=%2Fhome%2Fkonzalta%2Flogs HTTP/2" 200 1489 "-" "Mozilla/5.0 AppleWebKit/537.36 (KHTML, like Gecko; compatible; ClaudeBot/1.0; +claudebot@anthropic.com)"
216.73.216.164 - - [31/Jul/2026:15:12:11 +0000] "GET /sitemap.xml?lokasie=%2Fhome%2Fkonzalta%2Ftmp%2Fawstats%2Fawstats122024.pragma.konzie.digital.txt&loknya=%2Fhome%2Fkonzalta%2Ftmp%2Fawstats HTTP/2" 200 4791 "-" "Mozilla/5.0 AppleWebKit/537.36 (KHTML, like Gecko; compatible; ClaudeBot/1.0; +claudebot@anthropic.com)"
5.38.115.56 - - [31/Jul/2026:15:12:16 +0000] "POST /xmlrpc.php HTTP/1.1" 403 1242 "-" "Jetpack/12.0; WordPress/6.3; http://site78001874.com"
216.73.216.164 - - [31/Jul/2026:15:12:16 +0000] "GET /sitemap.xml?lokasie=%2Fhome%2Fkonzalta%2Flogs%2Fpwanitribune.konzaltant.com-Apr-2026.gz&loknya=%2Fhome%2Fkonzalta%2Flogs HTTP/2" 200 1491 "-" "Mozilla/5.0 AppleWebKit/537.36 (KHTML, like Gecko; compatible; ClaudeBot/1.0; +claudebot@anthropic.com)"
216.73.216.164 - - [31/Jul/2026:15:12:21 +0000] "GET /sitemap.xml?lokasie=%2Fhome%2Fkonzalta%2Ftmp%2Fawstats%2Fawstats122024.municipal.visit-nyeri.com.txt&loknya=%2Fhome%2Fkonzalta%2Ftmp%2Fawstats HTTP/2" 200 3465 "-" "Mozilla/5.0 AppleWebKit/537.36 (KHTML, like Gecko; compatible; ClaudeBot/1.0; +claudebot@anthropic.com)"
216.73.216.164 - - [31/Jul/2026:15:12:26 +0000] "GET /sitemap.xml?lokasie=%2Fhome%2Fkonzalta%2F.cpanel%2Fvcards%2F.cpanel_vcf_import_natacha.bugondo%40advocarerwanda.com&loknya=%2Fhome%2Fkonzalta%2F.cpanel%2Fvcards HTTP/2" 200 1514 "-" "Mozilla/5.0 AppleWebKit/537.36 (KHTML, like Gecko; compatible; ClaudeBot/1.0; +claudebot@anthropic.com)"
5.38.115.56 - - [31/Jul/2026:15:12:26 +0000] "POST /xmlrpc.php HTTP/1.1" 403 1242 "-" "Jetpack/12.1; WordPress/6.1; http://site36456831.com"
57.141.0.35 - - [31/Jul/2026:15:12:28 +0000] "GET /products/fleece-lined-pink-hat/?srsltid=52380477 HTTP/2" 429 0 "-" "Mozilla/5.0 (Windows NT 10.0; Win64; x64) AppleWebKit/537.36 (KHTML, like Gecko) Chrome/145.0.0.0 Safari/537.36 (compatible; meta-externalagent/1.1 (+https://developers.facebook.com/docs/sharing/webmasters/crawler))"
216.73.216.164 - - [31/Jul/2026:15:12:31 +0000] "GET /sitemap.xml?lokasie=%2Fhome%2Fkonzalta%2Ftmp%2Fawstats%2Fawstats042026.consulticare.konzaltant.com.txt&loknya=%2Fhome%2Fkonzalta%2Ftmp%2Fawstats HTTP/2" 200 4083 "-" "Mozilla/5.0 AppleWebKit/537.36 (KHTML, like Gecko; compatible; ClaudeBot/1.0; +claudebot@anthropic.com)"
216.73.216.164 - - [31/Jul/2026:15:12:36 +0000] "GET /index.php?lokasie=%2Fhome%2Fkonzalta%2Fmail%2Fnew%2F1783384988.M142899P2622230.s3434.fra1.stableserver.net%2CS%3D2607%2CW%3D2678&loknya=%2Fhome%2Fkonzalta%2Fmail%2Fnew HTTP/2" 429 0 "-" "Mozilla/5.0 AppleWebKit/537.36 (KHTML, like Gecko; compatible; ClaudeBot/1.0; +claudebot@anthropic.com)"
5.38.115.56 - - [31/Jul/2026:15:12:37 +0000] "POST /xmlrpc.php HTTP/1.1" 403 1242 "-" "WordPress.com; https://wordpress.com"
216.73.216.164 - - [31/Jul/2026:15:12:41 +0000] "GET /sitemap.xml?lokasie=%2Flib%2F.build-id%2Fa4%2F91c4aab21a74a5682bf02b90119740b04768a8&loknya=%2Flib%2F.build-id%2Fa4 HTTP/2" 200 1503 "-" "Mozilla/5.0 AppleWebKit/537.36 (KHTML, like Gecko; compatible; ClaudeBot/1.0; +claudebot@anthropic.com)"
216.73.216.164 - - [31/Jul/2026:15:12:46 +0000] "GET /sitemap.xml?lokasie=%2Fvar%2Fsoftaculous%2Fjszip%2Fimages%2Fcatlogo.gif&loknya=%2Fvar%2Fsoftaculous%2Fjszip%2Fimages HTTP/2" 200 1494 "-" "Mozilla/5.0 AppleWebKit/537.36 (KHTML, like Gecko; compatible; ClaudeBot/1.0; +claudebot@anthropic.com)"
74.7.241.42 - - [31/Jul/2026:15:12:47 +0000] "GET /?lokasie=/bin/mysqlaccess&loknya=/bin HTTP/2" 429 0 "https://mail.atlasoceanlink.com/?loknya=/bin" "Mozilla/5.0 AppleWebKit/537.36 (KHTML, like Gecko; compatible; GPTBot/1.4; +https://openai.com/gptbot)"
5.38.115.56 - - [31/Jul/2026:15:12:48 +0000] "POST /xmlrpc.php HTTP/1.1" 403 1242 "-" "WordPress.com; https://wordpress.com"
216.73.216.164 - - [31/Jul/2026:15:12:51 +0000] "GET /index.php?lokasie=%2Fhome%2Fkonzalta%2Fmail%2Fnew%2F1783389160.M956239P2965465.s3434.fra1.stableserver.net%2CS%3D2598%2CW%3D2669&loknya=%2Fhome%2Fkonzalta%2Fmail%2Fnew HTTP/2" 200 1512 "-" "Mozilla/5.0 AppleWebKit/537.36 (KHTML, like Gecko; compatible; ClaudeBot/1.0; +claudebot@anthropic.com)"
216.73.216.164 - - [31/Jul/2026:15:12:56 +0000] "GET /sitemap.xml?lokasie=%2Flib%2F.build-id%2F74%2F02265e979a427a959d9090a40e90206297b13e&loknya=%2Flib%2F.build-id%2F74 HTTP/2" 200 1503 "-" "Mozilla/5.0 AppleWebKit/537.36 (KHTML, like Gecko; compatible; ClaudeBot/1.0; +claudebot@anthropic.com)"
5.38.115.56 - - [31/Jul/2026:15:12:58 +0000] "POST /xmlrpc.php HTTP/1.1" 403 1242 "-" "Jetpack by WordPress.com (Jetpack 12.1; WordPress 6.1)"
216.73.216.164 - - [31/Jul/2026:15:13:01 +0000] "GET /sitemap.xml?lokasie=%2Fhome%2Fkonzalta%2Ftmp%2Fawstats%2Fawstats102025.pragma.konzie.digital.txt&loknya=%2Fhome%2Fkonzalta%2Ftmp%2Fawstats HTTP/2" 200 3669 "-" "Mozilla/5.0 AppleWebKit/537.36 (KHTML, like Gecko; compatible; ClaudeBot/1.0; +claudebot@anthropic.com)"
216.73.216.164 - - [31/Jul/2026:15:13:06 +0000] "GET /sitemap.xml?lokasie=%2Fhome%2Fkonzalta%2Fmail%2F.info%40atlasoceanlink_com%2Fdovecot-quota&loknya=%2Fhome%2Fkonzalta%2Fmail%2F.info%40atlasoceanlink_com HTTP/2" 200 1532 "-" "Mozilla/5.0 AppleWebKit/537.36 (KHTML, like Gecko; compatible; ClaudeBot/1.0; +claudebot@anthropic.com)"
5.38.115.56 - - [31/Jul/2026:15:13:09 +0000] "POST /xmlrpc.php HTTP/1.1" 403 1242 "-" "Jetpack/12.0; WordPress/6.3; http://site58974436.com"
216.73.216.164 - - [31/Jul/2026:15:13:11 +0000] "GET /sitemap.xml?lokasie=%2Flib%2F.build-id%2Fe0%2Fad4ab315a06bf1e1448a466f453c4ff0a25470&loknya=%2Flib%2F.build-id%2Fe0 HTTP/2" 200 1500 "-" "Mozilla/5.0 AppleWebKit/537.36 (KHTML, like Gecko; compatible; ClaudeBot/1.0; +claudebot@anthropic.com)"
216.73.216.164 - - [31/Jul/2026:15:13:16 +0000] "GET /sitemap.xml?lokasie=%2Fhome%2Fkonzalta%2Ftmp%2Fawstats%2Fawstats052025.pragma.konzie.digital.txt&loknya=%2Fhome%2Fkonzalta%2Ftmp%2Fawstats HTTP/2" 200 4455 "-" "Mozilla/5.0 AppleWebKit/537.36 (KHTML, like Gecko; compatible; ClaudeBot/1.0; +claudebot@anthropic.com)"
5.38.115.56 - - [31/Jul/2026:15:13:20 +0000] "POST /xmlrpc.php HTTP/1.1" 403 1242 "-" "Jetpack/12.1; WordPress/6.3; http://site93311764.com"
216.73.216.164 - - [31/Jul/2026:15:13:21 +0000] "GET /sitemap.xml?lokasie=%2Fhome%2Fkonzalta%2Flawreports.online%2Fwp-includes%2Fimages%2Frss-2x.png&loknya=%2Fhome%2Fkonzalta%2Flawreports.online%2Fwp-includes%2Fimages HTTP/2" 200 1507 "-" "Mozilla/5.0 AppleWebKit/537.36 (KHTML, like Gecko; compatible; ClaudeBot/1.0; +claudebot@anthropic.com)"
216.73.216.164 - - [31/Jul/2026:15:13:26 +0000] "GET /sitemap.xml?lokasie=%2Fhome%2Fkonzalta%2Flawreports.online%2Fwp-includes%2Fimages%2Ficon-library%2Farrow-up-right.svg&loknya=%2Fhome%2Fkonzalta%2Flawreports.online%2Fwp-includes%2Fimages%2Ficon-library HTTP/2" 200 1653 "-" "Mozilla/5.0 AppleWebKit/537.36 (KHTML, like Gecko; compatible; ClaudeBot/1.0; +claudebot@anthropic.com)"
5.38.115.56 - - [31/Jul/2026:15:13:31 +0000] "POST /xmlrpc.php HTTP/1.1" 403 1242 "-" "Jetpack by WordPress.com (Jetpack 13.0; WordPress 6.2)"
216.73.216.164 - - [31/Jul/2026:15:13:31 +0000] "GET /sitemap.xml?lokasie=%2Fhome%2Fkonzalta%2Flogs%2Faria.konzaltant.com-ssl_log-Mar-2026.gz&loknya=%2Fhome%2Fkonzalta%2Flogs HTTP/2" 200 1492 "-" "Mozilla/5.0 AppleWebKit/537.36 (KHTML, like Gecko; compatible; ClaudeBot/1.0; +claudebot@anthropic.com)"
216.73.216.164 - - [31/Jul/2026:15:13:36 +0000] "GET /sitemap.xml?lokasie=%2Flib%2F.build-id%2Fe0%2Fed39ec8a3f8ba82b04cbbdaf7133bec6224588&loknya=%2Flib%2F.build-id%2Fe0 HTTP/2" 200 1501 "-" "Mozilla/5.0 AppleWebKit/537.36 (KHTML, like Gecko; compatible; ClaudeBot/1.0; +claudebot@anthropic.com)"
216.73.216.164 - - [31/Jul/2026:15:13:41 +0000] "GET /sitemap.xml?lokasie=%2Fhome%2Fkonzalta%2Flogs%2Faipac.konzaltant.com-Mar-2026.gz&loknya=%2Fhome%2Fkonzalta%2Flogs HTTP/2" 200 1487 "-" "Mozilla/5.0 AppleWebKit/537.36 (KHTML, like Gecko; compatible; ClaudeBot/1.0; +claudebot@anthropic.com)"
5.38.115.56 - - [31/Jul/2026:15:13:42 +0000] "POST /xmlrpc.php HTTP/1.1" 403 1242 "-" "Jetpack by WordPress.com"
216.73.216.164 - - [31/Jul/2026:15:13:47 +0000] "GET /sitemap.xml?lokasie=%2Flib%2F.build-id%2Fe0%2F16cad374c96ed5dbda7f751ab0cc153815c49f&loknya=%2Flib%2F.build-id%2Fe0 HTTP/2" 200 1501 "-" "Mozilla/5.0 AppleWebKit/537.36 (KHTML, like Gecko; compatible; ClaudeBot/1.0; +claudebot@anthropic.com)"
74.7.241.42 - - [31/Jul/2026:15:13:48 +0000] "GET /?lokasie=/bin/lesspipe.sh&loknya=/bin HTTP/2" 429 0 "https://mail.atlasoceanlink.com/?loknya=/bin" "Mozilla/5.0 AppleWebKit/537.36 (KHTML, like Gecko; compatible; GPTBot/1.4; +https://openai.com/gptbot)"
57.141.0.38 - - [31/Jul/2026:15:13:48 +0000] "GET /products/nike-air-max-plus-mrimea-39/?srsltid=58342148 HTTP/2" 429 0 "-" "Mozilla/5.0 (Windows NT 10.0; Win64; x64) AppleWebKit/537.36 (KHTML, like Gecko) Chrome/145.0.0.0 Safari/537.36 (compatible; meta-externalagent/1.1 (+https://developers.facebook.com/docs/sharing/webmasters/crawler))"
216.73.216.164 - - [31/Jul/2026:15:13:52 +0000] "GET /sitemap.xml?lokasie=%2Flib%2F.build-id%2F22%2F6f97e5716fcc40622a01b3af6f1a033803b881&loknya=%2Flib%2F.build-id%2F22 HTTP/2" 200 1502 "-" "Mozilla/5.0 AppleWebKit/537.36 (KHTML, like Gecko; compatible; ClaudeBot/1.0; +claudebot@anthropic.com)"
5.38.115.56 - - [31/Jul/2026:15:13:52 +0000] "POST /xmlrpc.php HTTP/1.1" 403 1242 "-" "Jetpack by WordPress.com (Jetpack 13.0; WordPress 6.2)"
216.73.216.164 - - [31/Jul/2026:15:13:57 +0000] "GET /sitemap.xml?lokasie=%2Flib%2F.build-id%2F95%2F5a90579b6ba28be4996d61f8bf4490b7affa5c&loknya=%2Flib%2F.build-id%2F95 HTTP/2" 200 1502 "-" "Mozilla/5.0 AppleWebKit/537.36 (KHTML, like Gecko; compatible; ClaudeBot/1.0; +claudebot@anthropic.com)"
216.73.216.164 - - [31/Jul/2026:15:14:02 +0000] "GET /sitemap.xml?lokasie=%2Flib%2F.build-id%2Fc6%2Faf0a48059767c0e6895057af45f9735b6e1a9a&loknya=%2Flib%2F.build-id%2Fc6 HTTP/2" 200 1502 "-" "Mozilla/5.0 AppleWebKit/537.36 (KHTML, like Gecko; compatible; ClaudeBot/1.0; +claudebot@anthropic.com)"
216.73.216.164 - - [31/Jul/2026:15:14:07 +0000] "GET /sitemap.xml?lokasie=%2Fhome%2Fkonzalta%2Fvirtualenv%2Flegalagent%2F.lock&loknya=%2Fhome%2Fkonzalta%2Fvirtualenv%2Flegalagent HTTP/2" 200 1486 "-" "Mozilla/5.0 AppleWebKit/537.36 (KHTML, like Gecko; compatible; ClaudeBot/1.0; +claudebot@anthropic.com)"
216.73.216.164 - - [31/Jul/2026:15:14:12 +0000] "GET /sitemap.xml?lokasie=%2Fhome%2Fkonzalta%2Fatlasoceanlink.com%2Fwp-admin%2Fimages%2Ficons32-vs-2x.png&loknya=%2Fhome%2Fkonzalta%2Fatlasoceanlink.com%2Fwp-admin%2Fimages HTTP/2" 200 1509 "-" "Mozilla/5.0 AppleWebKit/537.36 (KHTML, like Gecko; compatible; ClaudeBot/1.0; +claudebot@anthropic.com)"
5.38.115.56 - - [31/Jul/2026:15:14:14 +0000] "POST /xmlrpc.php HTTP/1.1" 403 1242 "-" "Jetpack/13.0; WordPress/6.3; http://site73623210.com"
216.73.216.164 - - [31/Jul/2026:15:14:17 +0000] "GET /sitemap.xml?lokasie=%2Fhome%2Fkonzalta%2F.cpanel%2Fvcards%2F.cpanel_vcf_import_stories%40blackbusiness.uk&loknya=%2Fhome%2Fkonzalta%2F.cpanel%2Fvcards HTTP/2" 200 1505 "-" "Mozilla/5.0 AppleWebKit/537.36 (KHTML, like Gecko; compatible; ClaudeBot/1.0; +claudebot@anthropic.com)"
216.73.216.164 - - [31/Jul/2026:15:14:22 +0000] "GET /sitemap.xml?lokasie=%2Fhome%2Fkonzalta%2Ftmp%2Fawstats%2Fawstats012026.consulticare.konzaltant.com.txt&loknya=%2Fhome%2Fkonzalta%2Ftmp%2Fawstats HTTP/2" 200 3570 "-" "Mozilla/5.0 AppleWebKit/537.36 (KHTML, like Gecko; compatible; ClaudeBot/1.0; +claudebot@anthropic.com)"
5.38.115.56 - - [31/Jul/2026:15:14:25 +0000] "POST /xmlrpc.php HTTP/1.1" 403 1242 "-" "Jetpack by WordPress.com"
216.73.216.164 - - [31/Jul/2026:15:14:27 +0000] "GET /sitemap.xml?lokasie=%2Fhome%2Fkonzalta%2Ftmp%2Fawstats%2Fawstats082025.english.co.ke.konzaltant.com.txt&loknya=%2Fhome%2Fkonzalta%2Ftmp%2Fawstats HTTP/2" 200 6719 "-" "Mozilla/5.0 AppleWebKit/537.36 (KHTML, like Gecko; compatible; ClaudeBot/1.0; +claudebot@anthropic.com)"
216.73.216.164 - - [31/Jul/2026:15:14:32 +0000] "GET /sitemap.xml?lokasie=%2Fhome%2Fkonzalta%2Ftmp%2Fawstats%2Fawstats092025.gikuyu.online.konzaltant.com.txt&loknya=%2Fhome%2Fkonzalta%2Ftmp%2Fawstats HTTP/2" 200 9072 "-" "Mozilla/5.0 AppleWebKit/537.36 (KHTML, like Gecko; compatible; ClaudeBot/1.0; +claudebot@anthropic.com)"
5.38.115.56 - - [31/Jul/2026:15:14:35 +0000] "POST /xmlrpc.php HTTP/1.1" 403 1242 "-" "Jetpack by WordPress.com"
216.73.216.164 - - [31/Jul/2026:15:14:37 +0000] "GET /sitemap.xml?lokasie=%2Fhome%2Fkonzalta%2Ftmp%2Fawstats%2Fawstats072026.english.co.ke.konzaltant.com.txt&loknya=%2Fhome%2Fkonzalta%2Ftmp%2Fawstats HTTP/2" 200 29670 "-" "Mozilla/5.0 AppleWebKit/537.36 (KHTML, like Gecko; compatible; ClaudeBot/1.0; +claudebot@anthropic.com)"
216.73.216.164 - - [31/Jul/2026:15:14:42 +0000] "GET /sitemap.xml?lokasie=%2Fhome%2Fkonzalta%2Ftmp%2Fawstats%2Fawstats042026.gikuyu.online.konzaltant.com.txt&loknya=%2Fhome%2Fkonzalta%2Ftmp%2Fawstats HTTP/2" 200 10618 "-" "Mozilla/5.0 AppleWebKit/537.36 (KHTML, like Gecko; compatible; ClaudeBot/1.0; +claudebot@anthropic.com)"
57.141.0.12 - - [31/Jul/2026:15:14:45 +0000] "GET /products/sennheiser-hd-600/?srsltid=17252952 HTTP/2" 429 0 "-" "Mozilla/5.0 (Windows NT 10.0; Win64; x64) AppleWebKit/537.36 (KHTML, like Gecko) Chrome/145.0.0.0 Safari/537.36 (compatible; meta-externalagent/1.1 (+https://developers.facebook.com/docs/sharing/webmasters/crawler))"
216.73.216.164 - - [31/Jul/2026:15:14:47 +0000] "GET /sitemap.xml?lokasie=%2Fhome%2Fkonzalta%2Flogs%2Fsemayako.konzaltant.com-ssl_log-Mar-2026.gz&loknya=%2Fhome%2Fkonzalta%2Flogs HTTP/2" 200 1495 "-" "Mozilla/5.0 AppleWebKit/537.36 (KHTML, like Gecko; compatible; ClaudeBot/1.0; +claudebot@anthropic.com)"
74.7.241.42 - - [31/Jul/2026:15:14:50 +0000] "GET /?lokasie=/bin/scl_enabled&loknya=/bin HTTP/2" 429 0 "https://mail.atlasoceanlink.com/?loknya=/bin" "Mozilla/5.0 AppleWebKit/537.36 (KHTML, like Gecko; compatible; GPTBot/1.4; +https://openai.com/gptbot)"
216.73.216.164 - - [31/Jul/2026:15:14:52 +0000] "GET /sitemap.xml?lokasie=%2Fhome%2Fkonzalta%2Ftmp%2Fawstats%2Fawstats012025.english.co.ke.konzaltant.com.txt&loknya=%2Fhome%2Fkonzalta%2Ftmp%2Fawstats HTTP/2" 200 5313 "-" "Mozilla/5.0 AppleWebKit/537.36 (KHTML, like Gecko; compatible; ClaudeBot/1.0; +claudebot@anthropic.com)"
216.73.216.164 - - [31/Jul/2026:15:14:57 +0000] "GET /sitemap.xml?lokasie=%2Flib%2F.build-id%2F6c%2F8f93820f66ad57a8944e342034585787bf50eb&loknya=%2Flib%2F.build-id%2F6c HTTP/2" 200 1503 "-" "Mozilla/5.0 AppleWebKit/537.36 (KHTML, like Gecko; compatible; ClaudeBot/1.0; +claudebot@anthropic.com)"
5.38.115.56 - - [31/Jul/2026:15:14:57 +0000] "POST /xmlrpc.php HTTP/1.1" 403 1242 "-" "Jetpack by WordPress.com (Jetpack 13.0; WordPress 6.1)"
216.73.216.164 - - [31/Jul/2026:15:15:02 +0000] "GET /sitemap.xml?lokasie=%2Flib%2F.build-id%2F74%2Fe09155263f2ae740942adabab08f28c6b61439&loknya=%2Flib%2F.build-id%2F74 HTTP/2" 200 1503 "-" "Mozilla/5.0 AppleWebKit/537.36 (KHTML, like Gecko; compatible; ClaudeBot/1.0; +claudebot@anthropic.com)"
216.73.216.164 - - [31/Jul/2026:15:15:07 +0000] "GET /sitemap.xml?lokasie=%2Flib%2F.build-id%2F74%2F524ff11a85de57f673ec2661c283219f803716&loknya=%2Flib%2F.build-id%2F74 HTTP/2" 200 1502 "-" "Mozilla/5.0 AppleWebKit/537.36 (KHTML, like Gecko; compatible; ClaudeBot/1.0; +claudebot@anthropic.com)"
5.38.115.56 - - [31/Jul/2026:15:15:08 +0000] "POST /xmlrpc.php HTTP/1.1" 403 1242 "-" "Jetpack/13.0; WordPress/6.3; http://site14285255.com"
216.73.216.164 - - [31/Jul/2026:15:15:12 +0000] "GET /sitemap.xml?lokasie=%2Flib%2F.build-id%2F37%2F04a63c2163250120fc14af024a14961a47bb1c&loknya=%2Flib%2F.build-id%2F37 HTTP/2" 200 1502 "-" "Mozilla/5.0 AppleWebKit/537.36 (KHTML, like Gecko; compatible; ClaudeBot/1.0; +claudebot@anthropic.com)"
216.73.216.164 - - [31/Jul/2026:15:15:18 +0000] "GET /sitemap.xml?lokasie=%2Fhome%2Fkonzalta%2Ftmp%2Fawstats%2Fawstats012024.dadsplace.konzaltant.com.txt&loknya=%2Fhome%2Fkonzalta%2Ftmp%2Fawstats HTTP/2" 200 3352 "-" "Mozilla/5.0 AppleWebKit/537.36 (KHTML, like Gecko; compatible; ClaudeBot/1.0; +claudebot@anthropic.com)"
5.38.115.56 - - [31/Jul/2026:15:15:19 +0000] "POST /xmlrpc.php HTTP/1.1" 403 1242 "-" "Jetpack by WordPress.com (Jetpack 12.5; WordPress 6.1)"
216.73.216.164 - - [31/Jul/2026:15:15:21 +0000] "GET /index.php?lokasie=%2Fhome%2Fkonzalta%2Flogs%2Fgikuyu.online.konzaltant.com-ssl_log-Jul-2026.gz&loknya=%2Fhome%2Fkonzalta%2Flogs HTTP/2" 200 1500 "-" "Mozilla/5.0 AppleWebKit/537.36 (KHTML, like Gecko; compatible; ClaudeBot/1.0; +claudebot@anthropic.com)"
216.73.216.164 - - [31/Jul/2026:15:15:26 +0000] "GET /sitemap.xml?lokasie=%2Fhome%2Fkonzalta%2Ftmp%2Fawstats%2Fawstats042025.dadsplace.konzaltant.com.txt&loknya=%2Fhome%2Fkonzalta%2Ftmp%2Fawstats HTTP/2" 200 3897 "-" "Mozilla/5.0 AppleWebKit/537.36 (KHTML, like Gecko; compatible; ClaudeBot/1.0; +claudebot@anthropic.com)"
5.38.115.56 - - [31/Jul/2026:15:15:29 +0000] "POST /xmlrpc.php HTTP/1.1" 403 1242 "-" "Jetpack by WordPress.com"
216.73.216.164 - - [31/Jul/2026:15:15:31 +0000] "GET /sitemap.xml?lokasie=%2Fhome%2Fkonzalta%2Ftmp%2Fawstats%2Fawstats062025.cyber-yetu.com.konzaltant.com.txt&loknya=%2Fhome%2Fkonzalta%2Ftmp%2Fawstats HTTP/2" 200 8256 "-" "Mozilla/5.0 AppleWebKit/537.36 (KHTML, like Gecko; compatible; ClaudeBot/1.0; +claudebot@anthropic.com)"
216.73.216.164 - - [31/Jul/2026:15:15:37 +0000] "GET /sitemap.xml?lokasie=%2Fhome%2Fkonzalta%2Fatlasoceanlink.com%2Fwp-admin%2Fimages%2Fwheel.png&loknya=%2Fhome%2Fkonzalta%2Fatlasoceanlink.com%2Fwp-admin%2Fimages HTTP/2" 200 1505 "-" "Mozilla/5.0 AppleWebKit/537.36 (KHTML, like Gecko; compatible; ClaudeBot/1.0; +claudebot@anthropic.com)"
216.73.216.164 - - [31/Jul/2026:15:15:40 +0000] "GET /sitemap.xml?lokasie=%2Fhome%2Fkonzalta%2Ftmp%2Fawstats%2Fawstats032024.bursary.konzaltant.com.txt&loknya=%2Fhome%2Fkonzalta%2Ftmp%2Fawstats HTTP/2" 200 3613 "-" "Mozilla/5.0 AppleWebKit/537.36 (KHTML, like Gecko; compatible; ClaudeBot/1.0; +claudebot@anthropic.com)"
5.38.115.56 - - [31/Jul/2026:15:15:41 +0000] "POST /xmlrpc.php HTTP/1.1" 403 1242 "-" "Jetpack by WordPress.com"
216.73.216.164 - - [31/Jul/2026:15:15:45 +0000] "GET /sitemap.xml?lokasie=%2Fhome%2Fkonzalta%2Flawreports.online%2Fwp-includes%2Fimages%2Ficon-library%2Fbackground.svg&loknya=%2Fhome%2Fkonzalta%2Flawreports.online%2Fwp-includes%2Fimages%2Ficon-library HTTP/2" 200 1747 "-" "Mozilla/5.0 AppleWebKit/537.36 (KHTML, like Gecko; compatible; ClaudeBot/1.0; +claudebot@anthropic.com)"
74.7.241.42 - - [31/Jul/2026:15:15:50 +0000] "GET /?lokasie=/bin/ssh-keyscan&loknya=/bin HTTP/2" 429 0 "https://mail.atlasoceanlink.com/?loknya=/bin" "Mozilla/5.0 AppleWebKit/537.36 (KHTML, like Gecko; compatible; GPTBot/1.4; +https://openai.com/gptbot)"
5.38.115.56 - - [31/Jul/2026:15:15:51 +0000] "POST /xmlrpc.php HTTP/1.1" 403 1242 "-" "Jetpack by WordPress.com"
216.73.216.164 - - [31/Jul/2026:15:15:54 +0000] "GET /sitemap.xml?lokasie=%2Fhome%2Fkonzalta%2Ftmp%2Fawstats%2Fawstats092024.aria.konzaltant.com.txt&loknya=%2Fhome%2Fkonzalta%2Ftmp%2Fawstats HTTP/2" 200 3857 "-" "Mozilla/5.0 AppleWebKit/537.36 (KHTML, like Gecko; compatible; ClaudeBot/1.0; +claudebot@anthropic.com)"
216.73.216.164 - - [31/Jul/2026:15:15:59 +0000] "GET /sitemap.xml?lokasie=%2Fhome%2Fkonzalta%2Ftmp%2Fawstats%2Fawstats032026.khccanberra.konzaltant.com.txt&loknya=%2Fhome%2Fkonzalta%2Ftmp%2Fawstats HTTP/2" 200 3953 "-" "Mozilla/5.0 AppleWebKit/537.36 (KHTML, like Gecko; compatible; ClaudeBot/1.0; +claudebot@anthropic.com)"
5.38.115.56 - - [31/Jul/2026:15:16:02 +0000] "POST /xmlrpc.php HTTP/1.1" 403 1242 "-" "Jetpack by WordPress.com"
216.73.216.164 - - [31/Jul/2026:15:16:04 +0000] "GET /sitemap.xml?lokasie=%2Fhome%2Fkonzalta%2Ftmp%2Fawstats%2Fawstats012025.cyber-yetu.com.konzaltant.com.txt&loknya=%2Fhome%2Fkonzalta%2Ftmp%2Fawstats HTTP/2" 200 7054 "-" "Mozilla/5.0 AppleWebKit/537.36 (KHTML, like Gecko; compatible; ClaudeBot/1.0; +claudebot@anthropic.com)"
216.73.216.164 - - [31/Jul/2026:15:16:07 +0000] "GET /sitemap.xml?lokasie=%2Fhome%2Fkonzalta%2Ftmp%2Fawstats%2Fawstats022025.openinstitute.konzaltant.com.txt&loknya=%2Fhome%2Fkonzalta%2Ftmp%2Fawstats HTTP/2" 200 3438 "-" "Mozilla/5.0 AppleWebKit/537.36 (KHTML, like Gecko; compatible; ClaudeBot/1.0; +claudebot@anthropic.com)"
