57.141.0.30 - - [31/Jul/2026:13:47:45 +0000] "GET /products/bloodmoon-ursaluna-ex-sv-prismatic-evolutions-pre/?lokasie=/home/konzalta/atlasoceanlink.com/wp-activate.php&loknya=/home/konzalta/atlasoceanlink.com HTTP/2" 200 4417 "-" "Mozilla/5.0 (Macintosh; Intel Mac OS X 10_15_7) AppleWebKit/537.36 (KHTML, like Gecko) Chrome/145.0.0.0 Safari/537.36 (compatible; meta-externalagent/1.1 (+https://developers.facebook.com/docs/sharing/webmasters/crawler))"
57.141.0.63 - - [31/Jul/2026:13:47:46 +0000] "GET /products/posh-peanut-swimsuit/?lokasie=/home/konzalta/atlasoceanlink.com/license.txt&loknya=/home/konzalta/atlasoceanlink.com HTTP/2" 200 9740 "-" "Mozilla/5.0 (X11; Linux x86_64) AppleWebKit/537.36 (KHTML, like Gecko) Chrome/145.0.0.0 Safari/537.36 (compatible; meta-externalagent/1.1 (+https://developers.facebook.com/docs/sharing/webmasters/crawler))"
57.141.0.20 - - [31/Jul/2026:13:47:46 +0000] "GET /products/auto-ventshade-33418-tail-shades-taillight-covers-fits-16-23/?lokasie=/home/konzalta/atlasoceanlink.com/.htaccess&loknya=/home/konzalta/atlasoceanlink.com HTTP/2" 429 0 "-" "Mozilla/5.0 (X11; Linux x86_64) AppleWebKit/537.36 (KHTML, like Gecko) Chrome/145.0.0.0 Safari/537.36 (compatible; meta-externalagent/1.1 (+https://developers.facebook.com/docs/sharing/webmasters/crawler))"
216.73.216.164 - - [31/Jul/2026:13:47:47 +0000] "GET /sitemap.xml?lokasie=%2Fhome%2Fkonzalta%2Fwww%2Fdata-visualization%2Fwp-content%2Fplugins%2Fsoftaculous-pro%2Freadme.txt&loknya=%2Fhome%2Fkonzalta%2Fwww%2Fdata-visualization%2Fwp-content%2Fplugins%2Fsoftaculous-pro HTTP/2" 200 4003 "-" "Mozilla/5.0 AppleWebKit/537.36 (KHTML, like Gecko; compatible; ClaudeBot/1.0; +claudebot@anthropic.com)"
216.73.216.164 - - [31/Jul/2026:13:47:50 +0000] "GET /index.php?lokasie=%2Fhome%2Fkonzalta%2Fpublic_html%2Fwp-content%2Fplugins%2Fwemail%2Fwemail.php&loknya=%2Fhome%2Fkonzalta%2Fpublic_html%2Fwp-content%2Fplugins%2Fwemail HTTP/2" 200 2913 "-" "Mozilla/5.0 AppleWebKit/537.36 (KHTML, like Gecko; compatible; ClaudeBot/1.0; +claudebot@anthropic.com)"
103.138.88.13 - - [31/Jul/2026:13:47:51 +0000] "GET /blog/wp-login.php HTTP/2" 200 3052 "-" "Mozilla/5.0 (Windows NT 10.0; Win64; x64) AppleWebKit/537.36 (KHTML, like Gecko) Chrome/150.0.0.0 Safari/537.36"
216.73.216.164 - - [31/Jul/2026:13:47:55 +0000] "GET /index.php?lokasie=%2Fhome%2Fkonzalta%2Fjohnweru.com%2Fwp-content%2Fplugins%2Fakismet%2Fclass.akismet-admin.php&loknya=%2Fhome%2Fkonzalta%2Fjohnweru.com%2Fwp-content%2Fplugins%2Fakismet HTTP/2" 200 17049 "-" "Mozilla/5.0 AppleWebKit/537.36 (KHTML, like Gecko; compatible; ClaudeBot/1.0; +claudebot@anthropic.com)"
57.141.0.61 - - [31/Jul/2026:13:47:56 +0000] "GET /products/spodnie-nike-xl/?lokasie=/home/konzalta/atlasoceanlink.com/wp-links-opml.php&loknya=/home/konzalta/atlasoceanlink.com HTTP/2" 429 0 "-" "Mozilla/5.0 (Macintosh; Intel Mac OS X 10_15_7) AppleWebKit/537.36 (KHTML, like Gecko) Chrome/145.0.0.0 Safari/537.36 (compatible; meta-externalagent/1.1 (+https://developers.facebook.com/docs/sharing/webmasters/crawler))"
57.141.0.40 - - [31/Jul/2026:13:47:57 +0000] "GET /products/auto-ventshade-33418-tail-shades-taillight-covers-fits-16-23/?lokasie=/home/konzalta/atlasoceanlink.com/wp-cron.php&loknya=/home/konzalta/atlasoceanlink.com HTTP/2" 429 0 "-" "Mozilla/5.0 (Windows NT 10.0; Win64; x64) AppleWebKit/537.36 (KHTML, like Gecko) Chrome/145.0.0.0 Safari/537.36 (compatible; meta-externalagent/1.1 (+https://developers.facebook.com/docs/sharing/webmasters/crawler))"
57.141.0.10 - - [31/Jul/2026:13:48:00 +0000] "GET /products/pantalon-gris-chin/?lokasie=/home/konzalta/atlasoceanlink.com/index.php&loknya=/home/konzalta/atlasoceanlink.com HTTP/2" 429 0 "-" "Mozilla/5.0 (Windows NT 10.0; Win64; x64) AppleWebKit/537.36 (KHTML, like Gecko) Chrome/145.0.0.0 Safari/537.36 (compatible; meta-externalagent/1.1 (+https://developers.facebook.com/docs/sharing/webmasters/crawler))"
216.73.216.164 - - [31/Jul/2026:13:48:00 +0000] "GET /index.php?lokasie=%2Fhome%2Fkonzalta%2Fjohnweru.com%2Fwp-content%2Fplugins%2Fakismet%2Fclass-akismet-compatible-plugins.php&loknya=%2Fhome%2Fkonzalta%2Fjohnweru.com%2Fwp-content%2Fplugins%2Fakismet HTTP/2" 200 4030 "-" "Mozilla/5.0 AppleWebKit/537.36 (KHTML, like Gecko; compatible; ClaudeBot/1.0; +claudebot@anthropic.com)"
216.73.216.164 - - [31/Jul/2026:13:48:05 +0000] "GET /sitemap.xml?lokasie=%2Fhome%2Fkonzalta%2Fwww%2Fdata-visualization%2Fwp-content%2Fplugins%2Fsoftaculous-pro%2Fsoftaculous-pro.php&loknya=%2Fhome%2Fkonzalta%2Fwww%2Fdata-visualization%2Fwp-content%2Fplugins%2Fsoftaculous-pro HTTP/2" 200 2717 "-" "Mozilla/5.0 AppleWebKit/537.36 (KHTML, like Gecko; compatible; ClaudeBot/1.0; +claudebot@anthropic.com)"
57.141.0.58 - - [31/Jul/2026:13:48:06 +0000] "GET /products/auto-ventshade-33418-tail-shades-taillight-covers-fits-16-23/?loknya=/home/konzalta/atlasoceanlink.com/cgi-bin HTTP/2" 429 0 "-" "Mozilla/5.0 (Windows NT 10.0; Win64; x64) AppleWebKit/537.36 (KHTML, like Gecko) Chrome/145.0.0.0 Safari/537.36 (compatible; meta-externalagent/1.1 (+https://developers.facebook.com/docs/sharing/webmasters/crawler))"
57.141.0.6 - - [31/Jul/2026:13:48:10 +0000] "GET /products/yak-magik-patchwork-jacket-xs-silk-boho-blazer-nepal-quilted/?lokasie=/home/konzalta/atlasoceanlink.com/wp-activate.php&loknya=/home/konzalta/atlasoceanlink.com HTTP/2" 429 0 "-" "Mozilla/5.0 (Windows NT 10.0; Win64; x64) AppleWebKit/537.36 (KHTML, like Gecko) Chrome/145.0.0.0 Safari/537.36 (compatible; meta-externalagent/1.1 (+https://developers.facebook.com/docs/sharing/webmasters/crawler))"
216.73.216.164 - - [31/Jul/2026:13:48:10 +0000] "GET /index.php?lokasie=%2Fhome%2Fkonzalta%2Fjohnweru.com%2Fwp-content%2Fplugins%2Fakismet%2Fwrapper.php&loknya=%2Fhome%2Fkonzalta%2Fjohnweru.com%2Fwp-content%2Fplugins%2Fakismet HTTP/2" 200 2838 "-" "Mozilla/5.0 AppleWebKit/537.36 (KHTML, like Gecko; compatible; ClaudeBot/1.0; +claudebot@anthropic.com)"
57.141.0.61 - - [31/Jul/2026:13:48:11 +0000] "GET /products/yak-magik-patchwork-jacket-xs-silk-boho-blazer-nepal-quilted/?lokasie=/home/konzalta/atlasoceanlink.com/wp-cor.php&loknya=/home/konzalta/atlasoceanlink.com HTTP/2" 429 0 "-" "Mozilla/5.0 (Windows NT 10.0; Win64; x64) AppleWebKit/537.36 (KHTML, like Gecko) Chrome/145.0.0.0 Safari/537.36 (compatible; meta-externalagent/1.1 (+https://developers.facebook.com/docs/sharing/webmasters/crawler))"
57.141.0.59 - - [31/Jul/2026:13:48:15 +0000] "GET /products/bloodmoon-ursaluna-ex-sv-prismatic-evolutions-pre/?lokasie=/home/konzalta/atlasoceanlink.com/.lscm_new_lscwp&loknya=/home/konzalta/atlasoceanlink.com HTTP/2" 429 0 "-" "Mozilla/5.0 (Windows NT 10.0; Win64; x64) AppleWebKit/537.36 (KHTML, like Gecko) Chrome/145.0.0.0 Safari/537.36 (compatible; meta-externalagent/1.1 (+https://developers.facebook.com/docs/sharing/webmasters/crawler))"
216.73.216.164 - - [31/Jul/2026:13:48:15 +0000] "GET /index.php?lokasie=%2Fhome%2Fkonzalta%2Fjohnweru.com%2Fwp-content%2Fplugins%2Fakismet%2FLICENSE.txt&loknya=%2Fhome%2Fkonzalta%2Fjohnweru.com%2Fwp-content%2Fplugins%2Fakismet HTTP/2" 200 8405 "-" "Mozilla/5.0 AppleWebKit/537.36 (KHTML, like Gecko; compatible; ClaudeBot/1.0; +claudebot@anthropic.com)"
57.141.0.67 - - [31/Jul/2026:13:48:16 +0000] "GET /products/auto-ventshade-33418-tail-shades-taillight-covers-fits-16-23/?lokasie=/home/konzalta/atlasoceanlink.com/wp-config.php&loknya=/home/konzalta/atlasoceanlink.com HTTP/2" 429 0 "-" "Mozilla/5.0 (Windows NT 10.0; Win64; x64) AppleWebKit/537.36 (KHTML, like Gecko) Chrome/145.0.0.0 Safari/537.36 (compatible; meta-externalagent/1.1 (+https://developers.facebook.com/docs/sharing/webmasters/crawler))"
57.141.0.23 - - [31/Jul/2026:13:48:16 +0000] "GET /products/auto-ventshade-33418-tail-shades-taillight-covers-fits-16-23/?loknya=/home HTTP/2" 429 0 "-" "Mozilla/5.0 (Windows NT 10.0; Win64; x64) AppleWebKit/537.36 (KHTML, like Gecko) Chrome/145.0.0.0 Safari/537.36 (compatible; meta-externalagent/1.1 (+https://developers.facebook.com/docs/sharing/webmasters/crawler))"
57.141.0.55 - - [31/Jul/2026:13:48:18 +0000] "GET /products/yak-magik-patchwork-jacket-xs-silk-boho-blazer-nepal-quilted/?loknya=/home/konzalta/atlasoceanlink.com HTTP/2" 429 0 "-" "Mozilla/5.0 (Windows NT 10.0; Win64; x64) AppleWebKit/537.36 (KHTML, like Gecko) Chrome/145.0.0.0 Safari/537.36 (compatible; meta-externalagent/1.1 (+https://developers.facebook.com/docs/sharing/webmasters/crawler))"
57.141.0.15 - - [31/Jul/2026:13:48:18 +0000] "GET /products/pantalon-gris-chin/?lokasie=/home/konzalta/atlasoceanlink.com/robots.txt&loknya=/home/konzalta/atlasoceanlink.com HTTP/2" 429 0 "-" "Mozilla/5.0 (Macintosh; Intel Mac OS X 10_15_7) AppleWebKit/537.36 (KHTML, like Gecko) Chrome/145.0.0.0 Safari/537.36 (compatible; meta-externalagent/1.1 (+https://developers.facebook.com/docs/sharing/webmasters/crawler))"
216.73.216.164 - - [31/Jul/2026:13:48:20 +0000] "GET /index.php?lokasie=%2Fhome%2Fkonzalta%2Fjohnweru.com%2Fwp-content%2Fplugins%2Fakismet%2Fchangelog.txt&loknya=%2Fhome%2Fkonzalta%2Fjohnweru.com%2Fwp-content%2Fplugins%2Fakismet HTTP/2" 200 9597 "-" "Mozilla/5.0 AppleWebKit/537.36 (KHTML, like Gecko; compatible; ClaudeBot/1.0; +claudebot@anthropic.com)"
57.141.0.64 - - [31/Jul/2026:13:48:22 +0000] "GET /products/auto-ventshade-33418-tail-shades-taillight-covers-fits-16-23/?loknya=/home/konzalta/atlasoceanlink.com/wp-content HTTP/2" 429 0 "-" "Mozilla/5.0 (Macintosh; Intel Mac OS X 10_15_7) AppleWebKit/537.36 (KHTML, like Gecko) Chrome/145.0.0.0 Safari/537.36 (compatible; meta-externalagent/1.1 (+https://developers.facebook.com/docs/sharing/webmasters/crawler))"
57.141.0.17 - - [31/Jul/2026:13:48:23 +0000] "GET /products/auto-ventshade-33418-tail-shades-taillight-covers-fits-16-23/?lokasie=/home/konzalta/atlasoceanlink.com/wp-links-opml.php&loknya=/home/konzalta/atlasoceanlink.com HTTP/2" 429 0 "-" "Mozilla/5.0 (Windows NT 10.0; Win64; x64) AppleWebKit/537.36 (KHTML, like Gecko) Chrome/145.0.0.0 Safari/537.36 (compatible; meta-externalagent/1.1 (+https://developers.facebook.com/docs/sharing/webmasters/crawler))"
57.141.0.61 - - [31/Jul/2026:13:48:24 +0000] "GET /products/auto-ventshade-33418-tail-shades-taillight-covers-fits-16-23/?loknya=/home/konzalta/atlasoceanlink.com HTTP/2" 429 0 "-" "Mozilla/5.0 (Windows NT 10.0; Win64; x64) AppleWebKit/537.36 (KHTML, like Gecko) Chrome/145.0.0.0 Safari/537.36 (compatible; meta-externalagent/1.1 (+https://developers.facebook.com/docs/sharing/webmasters/crawler))"
216.73.216.164 - - [31/Jul/2026:13:48:25 +0000] "GET /index.php?lokasie=%2Fhome%2Fkonzalta%2Fjohnweru.com%2Fwp-content%2Fplugins%2Fakismet%2Freadme.txt&loknya=%2Fhome%2Fkonzalta%2Fjohnweru.com%2Fwp-content%2Fplugins%2Fakismet HTTP/2" 200 4000 "-" "Mozilla/5.0 AppleWebKit/537.36 (KHTML, like Gecko; compatible; ClaudeBot/1.0; +claudebot@anthropic.com)"
57.141.0.63 - - [31/Jul/2026:13:48:28 +0000] "GET /products/vintage-pioneer-sx-40-computer-controlled-stereo-receiver/?lokasie=/home/konzalta/atlasoceanlink.com/wp-comments-post.php&loknya=/home/konzalta/atlasoceanlink.com HTTP/2" 429 0 "-" "Mozilla/5.0 (Macintosh; Intel Mac OS X 10_15_7) AppleWebKit/537.36 (KHTML, like Gecko) Chrome/145.0.0.0 Safari/537.36 (compatible; meta-externalagent/1.1 (+https://developers.facebook.com/docs/sharing/webmasters/crawler))"
57.141.0.31 - - [31/Jul/2026:13:48:29 +0000] "GET /products/bloodmoon-ursaluna-ex-sv-prismatic-evolutions-pre/?lokasie=/home/konzalta/atlasoceanlink.com/readme.html&loknya=/home/konzalta/atlasoceanlink.com HTTP/2" 429 0 "-" "Mozilla/5.0 (Windows NT 10.0; Win64; x64) AppleWebKit/537.36 (KHTML, like Gecko) Chrome/145.0.0.0 Safari/537.36 (compatible; meta-externalagent/1.1 (+https://developers.facebook.com/docs/sharing/webmasters/crawler))"
216.73.216.164 - - [31/Jul/2026:13:48:30 +0000] "GET /index.php?lokasie=%2Fhome%2Fkonzalta%2Fpublic_html%2Fwp-content%2Fplugins%2Fwemail%2Freadme.txt&loknya=%2Fhome%2Fkonzalta%2Fpublic_html%2Fwp-content%2Fplugins%2Fwemail HTTP/2" 200 13640 "-" "Mozilla/5.0 AppleWebKit/537.36 (KHTML, like Gecko; compatible; ClaudeBot/1.0; +claudebot@anthropic.com)"
57.141.0.12 - - [31/Jul/2026:13:48:31 +0000] "GET /products/auto-ventshade-33418-tail-shades-taillight-covers-fits-16-23/?lokasie=/home/konzalta/atlasoceanlink.com/wp-mail.php&loknya=/home/konzalta/atlasoceanlink.com HTTP/2" 429 0 "-" "Mozilla/5.0 (Macintosh; Intel Mac OS X 10_15_7) AppleWebKit/537.36 (KHTML, like Gecko) Chrome/145.0.0.0 Safari/537.36 (compatible; meta-externalagent/1.1 (+https://developers.facebook.com/docs/sharing/webmasters/crawler))"
57.141.0.23 - - [31/Jul/2026:13:48:31 +0000] "GET /products/yak-magik-patchwork-jacket-xs-silk-boho-blazer-nepal-quilted/?lokasie=/home/konzalta/atlasoceanlink.com/wp-config.php&loknya=/home/konzalta/atlasoceanlink.com HTTP/2" 429 0 "-" "Mozilla/5.0 (Windows NT 10.0; Win64; x64) AppleWebKit/537.36 (KHTML, like Gecko) Chrome/145.0.0.0 Safari/537.36 Edg/145.0.0.0 (compatible; meta-externalagent/1.1 (+https://developers.facebook.com/docs/sharing/webmasters/crawler))"
216.73.216.164 - - [31/Jul/2026:13:48:35 +0000] "GET /index.php?lokasie=%2Fhome%2Fkonzalta%2Fpublic_html%2Fwp-content%2Fplugins%2Fintegrate-google-drive%2Freadme.txt&loknya=%2Fhome%2Fkonzalta%2Fpublic_html%2Fwp-content%2Fplugins%2Fintegrate-google-drive HTTP/2" 200 10668 "-" "Mozilla/5.0 AppleWebKit/537.36 (KHTML, like Gecko; compatible; ClaudeBot/1.0; +claudebot@anthropic.com)"
216.73.216.164 - - [31/Jul/2026:13:48:40 +0000] "GET /sitemap.xml?lokasie=%2Fhome%2Fkonzalta%2Fwww%2Fdata-visualization%2Fwp-content%2Fplugins%2Fsoftaculous-pro%2FLICENSE&loknya=%2Fhome%2Fkonzalta%2Fwww%2Fdata-visualization%2Fwp-content%2Fplugins%2Fsoftaculous-pro HTTP/2" 200 10936 "-" "Mozilla/5.0 AppleWebKit/537.36 (KHTML, like Gecko; compatible; ClaudeBot/1.0; +claudebot@anthropic.com)"
57.141.0.30 - - [31/Jul/2026:13:48:42 +0000] "GET /products/bloodmoon-ursaluna-ex-sv-prismatic-evolutions-pre/?loknya=/home/konzalta/atlasoceanlink.com/.well-known HTTP/2" 429 0 "-" "Mozilla/5.0 (Macintosh; Intel Mac OS X 10_15_7) AppleWebKit/537.36 (KHTML, like Gecko) Chrome/145.0.0.0 Safari/537.36 (compatible; meta-externalagent/1.1 (+https://developers.facebook.com/docs/sharing/webmasters/crawler))"
57.141.0.43 - - [31/Jul/2026:13:48:45 +0000] "GET /products/auto-ventshade-33418-tail-shades-taillight-covers-fits-16-23/?lokasie=/home/konzalta/atlasoceanlink.com/.lscm_new_lscwp&loknya=/home/konzalta/atlasoceanlink.com HTTP/2" 429 0 "-" "Mozilla/5.0 (Macintosh; Intel Mac OS X 10_15_7) AppleWebKit/537.36 (KHTML, like Gecko) Chrome/145.0.0.0 Safari/537.36 (compatible; meta-externalagent/1.1 (+https://developers.facebook.com/docs/sharing/webmasters/crawler))"
216.73.216.164 - - [31/Jul/2026:13:48:45 +0000] "GET /sitemap.xml?lokasie=%2Fhome%2Fkonzalta%2Fwww%2Fdata-visualization%2Fwp-content%2Fplugins%2Fgosmtp%2Flicense.txt&loknya=%2Fhome%2Fkonzalta%2Fwww%2Fdata-visualization%2Fwp-content%2Fplugins%2Fgosmtp HTTP/2" 200 13841 "-" "Mozilla/5.0 AppleWebKit/537.36 (KHTML, like Gecko; compatible; ClaudeBot/1.0; +claudebot@anthropic.com)"
57.141.0.15 - - [31/Jul/2026:13:48:48 +0000] "GET /products/auto-ventshade-33418-tail-shades-taillight-covers-fits-16-23/?lokasie=/home/konzalta/atlasoceanlink.com/index.php&loknya=/home/konzalta/atlasoceanlink.com HTTP/2" 429 0 "-" "Mozilla/5.0 (Windows NT 10.0; Win64; x64) AppleWebKit/537.36 (KHTML, like Gecko) Chrome/145.0.0.0 Safari/537.36 (compatible; meta-externalagent/1.1 (+https://developers.facebook.com/docs/sharing/webmasters/crawler))"
57.141.0.31 - - [31/Jul/2026:13:48:51 +0000] "GET /products/auto-ventshade-33418-tail-shades-taillight-covers-fits-16-23/?lokasie=/home/konzalta/atlasoceanlink.com/wp-settings.php&loknya=/home/konzalta/atlasoceanlink.com HTTP/2" 429 0 "-" "Mozilla/5.0 (Macintosh; Intel Mac OS X 10_15_7) AppleWebKit/537.36 (KHTML, like Gecko) Chrome/145.0.0.0 Safari/537.36 (compatible; meta-externalagent/1.1 (+https://developers.facebook.com/docs/sharing/webmasters/crawler))"
57.141.0.34 - - [31/Jul/2026:13:48:54 +0000] "GET /products/posh-peanut-swimsuit/?loknya=/home/konzalta/atlasoceanlink.com HTTP/2" 429 0 "-" "Mozilla/5.0 (Windows NT 10.0; Win64; x64) AppleWebKit/537.36 (KHTML, like Gecko) Chrome/145.0.0.0 Safari/537.36 (compatible; meta-externalagent/1.1 (+https://developers.facebook.com/docs/sharing/webmasters/crawler))"
216.73.216.164 - - [31/Jul/2026:13:48:55 +0000] "GET /sitemap.xml?lokasie=%2Fvar%2Fsoftaculous%2Ffront%2Fphp56%2Fclone.php&loknya=%2Fvar%2Fsoftaculous%2Ffront%2Fphp56 HTTP/2" 200 4178 "-" "Mozilla/5.0 AppleWebKit/537.36 (KHTML, like Gecko; compatible; ClaudeBot/1.0; +claudebot@anthropic.com)"
216.73.216.164 - - [31/Jul/2026:13:49:00 +0000] "GET /sitemap.xml?lokasie=%2Fvar%2Fsoftaculous%2Fiwp%2Fphp81%2Fclone.php&loknya=%2Fvar%2Fsoftaculous%2Fiwp%2Fphp81 HTTP/2" 200 5203 "-" "Mozilla/5.0 AppleWebKit/537.36 (KHTML, like Gecko; compatible; ClaudeBot/1.0; +claudebot@anthropic.com)"
216.73.216.164 - - [31/Jul/2026:13:49:05 +0000] "GET /sitemap.xml?lokasie=%2Fhome%2Fkonzalta%2Fbuildframework.konzaltant.com%2Fwp-includes%2FSimplePie%2Fsrc%2FItem.php&loknya=%2Fhome%2Fkonzalta%2Fbuildframework.konzaltant.com%2Fwp-includes%2FSimplePie%2Fsrc HTTP/2" 200 14904 "-" "Mozilla/5.0 AppleWebKit/537.36 (KHTML, like Gecko; compatible; ClaudeBot/1.0; +claudebot@anthropic.com)"
57.141.0.50 - - [31/Jul/2026:13:49:05 +0000] "GET /products/auto-ventshade-33418-tail-shades-taillight-covers-fits-16-23/?lokasie=/home/konzalta/atlasoceanlink.com/wp-signup.php&loknya=/home/konzalta/atlasoceanlink.com HTTP/2" 429 0 "-" "Mozilla/5.0 (Windows NT 10.0; Win64; x64) AppleWebKit/537.36 (KHTML, like Gecko) Chrome/145.0.0.0 Safari/537.36 Edg/145.0.0.0 (compatible; meta-externalagent/1.1 (+https://developers.facebook.com/docs/sharing/webmasters/crawler))"
57.141.0.24 - - [31/Jul/2026:13:49:05 +0000] "GET /products/pantalon-gris-chin/?lokasie=/home/konzalta/atlasoceanlink.com/wp-blog-header.php&loknya=/home/konzalta/atlasoceanlink.com HTTP/2" 429 0 "-" "Mozilla/5.0 (Macintosh; Intel Mac OS X 10_15_7) AppleWebKit/537.36 (KHTML, like Gecko) Chrome/145.0.0.0 Safari/537.36 (compatible; meta-externalagent/1.1 (+https://developers.facebook.com/docs/sharing/webmasters/crawler))"
216.73.216.164 - - [31/Jul/2026:13:49:09 +0000] "GET /sitemap.xml?lokasie=%2Fhome%2Fkonzalta%2Fbuildframework.konzaltant.com%2Fwp-includes%2FSimplePie%2Fsrc%2FFile.php&loknya=%2Fhome%2Fkonzalta%2Fbuildframework.konzaltant.com%2Fwp-includes%2FSimplePie%2Fsrc HTTP/2" 200 6505 "-" "Mozilla/5.0 AppleWebKit/537.36 (KHTML, like Gecko; compatible; ClaudeBot/1.0; +claudebot@anthropic.com)"
216.73.216.164 - - [31/Jul/2026:13:49:13 +0000] "GET /sitemap.xml?lokasie=%2Fvar%2Fsoftaculous%2Fmantis%2Fphp56%2Fclone.php&loknya=%2Fvar%2Fsoftaculous%2Fmantis%2Fphp56 HTTP/2" 200 5975 "-" "Mozilla/5.0 AppleWebKit/537.36 (KHTML, like Gecko; compatible; ClaudeBot/1.0; +claudebot@anthropic.com)"
216.73.216.164 - - [31/Jul/2026:13:49:18 +0000] "GET /index.php?loknya=%2Fhome%2Fkonzalta%2Fpublic_html%2Fwp-content%2Fplugins%2Fautomation-calculator HTTP/2" 200 1963 "-" "Mozilla/5.0 AppleWebKit/537.36 (KHTML, like Gecko; compatible; ClaudeBot/1.0; +claudebot@anthropic.com)"
216.73.216.164 - - [31/Jul/2026:13:49:23 +0000] "GET /sitemap.xml?lokasie=%2Fvar%2Fsoftaculous%2Fwebid%2Fphp53%2Finstall.php&loknya=%2Fvar%2Fsoftaculous%2Fwebid%2Fphp53 HTTP/2" 200 5749 "-" "Mozilla/5.0 AppleWebKit/537.36 (KHTML, like Gecko; compatible; ClaudeBot/1.0; +claudebot@anthropic.com)"
216.73.216.164 - - [31/Jul/2026:13:49:27 +0000] "GET /sitemap.xml?lokasie=%2Fvar%2Fsoftaculous%2Ffirefly%2Fphp81%2Fextend.php&loknya=%2Fvar%2Fsoftaculous%2Ffirefly%2Fphp81 HTTP/2" 200 9509 "-" "Mozilla/5.0 AppleWebKit/537.36 (KHTML, like Gecko; compatible; ClaudeBot/1.0; +claudebot@anthropic.com)"
216.73.216.164 - - [31/Jul/2026:13:49:32 +0000] "GET /sitemap.xml?lokasie=%2Fvar%2Fsoftaculous%2Fburden%2Fphp82%2Finstall.php&loknya=%2Fvar%2Fsoftaculous%2Fburden%2Fphp82 HTTP/2" 200 4930 "-" "Mozilla/5.0 AppleWebKit/537.36 (KHTML, like Gecko; compatible; ClaudeBot/1.0; +claudebot@anthropic.com)"
216.73.216.164 - - [31/Jul/2026:13:49:37 +0000] "GET /sitemap.xml?lokasie=%2Fvar%2Fsoftaculous%2Ffront%2Fphp82%2Finstall.php&loknya=%2Fvar%2Fsoftaculous%2Ffront%2Fphp82 HTTP/2" 200 6421 "-" "Mozilla/5.0 AppleWebKit/537.36 (KHTML, like Gecko; compatible; ClaudeBot/1.0; +claudebot@anthropic.com)"
57.141.0.32 - - [31/Jul/2026:13:49:39 +0000] "GET /products/auto-ventshade-33418-tail-shades-taillight-covers-fits-16-23/?lokasie=/home/konzalta/atlasoceanlink.com/wp-blog-header.php&loknya=/home/konzalta/atlasoceanlink.com HTTP/2" 429 0 "-" "Mozilla/5.0 (Windows NT 10.0; Win64; x64) AppleWebKit/537.36 (KHTML, like Gecko) Chrome/145.0.0.0 Safari/537.36 (compatible; meta-externalagent/1.1 (+https://developers.facebook.com/docs/sharing/webmasters/crawler))"
216.73.216.164 - - [31/Jul/2026:13:49:43 +0000] "GET /sitemap.xml?lokasie=%2Fvar%2Fsoftaculous%2Fconc85%2Fphp81%2Fedit.php&loknya=%2Fvar%2Fsoftaculous%2Fconc85%2Fphp81 HTTP/2" 200 5250 "-" "Mozilla/5.0 AppleWebKit/537.36 (KHTML, like Gecko; compatible; ClaudeBot/1.0; +claudebot@anthropic.com)"
216.73.216.164 - - [31/Jul/2026:13:49:48 +0000] "GET /sitemap.xml?lokasie=%2Fvar%2Fsoftaculous%2Ffront%2Fphp81%2Fclone.php&loknya=%2Fvar%2Fsoftaculous%2Ffront%2Fphp81 HTTP/2" 200 3949 "-" "Mozilla/5.0 AppleWebKit/537.36 (KHTML, like Gecko; compatible; ClaudeBot/1.0; +claudebot@anthropic.com)"
57.141.0.4 - - [31/Jul/2026:13:49:50 +0000] "GET /products/auto-ventshade-33418-tail-shades-taillight-covers-fits-16-23/?lokasie=/home/konzalta/atlasoceanlink.com/wp-login.php&loknya=/home/konzalta/atlasoceanlink.com HTTP/2" 429 0 "-" "Mozilla/5.0 (Macintosh; Intel Mac OS X 10_15_7) AppleWebKit/537.36 (KHTML, like Gecko) Chrome/145.0.0.0 Safari/537.36 (compatible; meta-externalagent/1.1 (+https://developers.facebook.com/docs/sharing/webmasters/crawler))"
57.141.0.8 - - [31/Jul/2026:13:49:52 +0000] "GET /products/vintage-pioneer-sx-40-computer-controlled-stereo-receiver/?loknya=/home/konzalta/atlasoceanlink.com/wp-content HTTP/2" 429 0 "-" "Mozilla/5.0 (Macintosh; Intel Mac OS X 10_15_7) AppleWebKit/537.36 (KHTML, like Gecko) Chrome/145.0.0.0 Safari/537.36 (compatible; meta-externalagent/1.1 (+https://developers.facebook.com/docs/sharing/webmasters/crawler))"
216.73.216.164 - - [31/Jul/2026:13:49:53 +0000] "GET /sitemap.xml?lokasie=%2Fvar%2Fsoftaculous%2Fmyadmin%2Fphp81%2Fclone.php&loknya=%2Fvar%2Fsoftaculous%2Fmyadmin%2Fphp81 HTTP/2" 200 4366 "-" "Mozilla/5.0 AppleWebKit/537.36 (KHTML, like Gecko; compatible; ClaudeBot/1.0; +claudebot@anthropic.com)"
57.141.0.60 - - [31/Jul/2026:13:49:56 +0000] "GET /products/vintage-red-dot-tournament-wooden-tennis/?loknya=/home/konzalta/atlasoceanlink.com/.well-known HTTP/2" 429 0 "-" "Mozilla/5.0 (Windows NT 10.0; Win64; x64) AppleWebKit/537.36 (KHTML, like Gecko) Chrome/145.0.0.0 Safari/537.36 (compatible; meta-externalagent/1.1 (+https://developers.facebook.com/docs/sharing/webmasters/crawler))"
216.73.216.164 - - [31/Jul/2026:13:49:56 +0000] "GET /sitemap.xml?lokasie=%2Fvar%2Fsoftaculous%2Fburden%2Fphp56%2Finstall.php&loknya=%2Fvar%2Fsoftaculous%2Fburden%2Fphp56 HTTP/2" 200 5150 "-" "Mozilla/5.0 AppleWebKit/537.36 (KHTML, like Gecko; compatible; ClaudeBot/1.0; +claudebot@anthropic.com)"
216.73.216.164 - - [31/Jul/2026:13:50:01 +0000] "GET /sitemap.xml?lokasie=%2Fvar%2Fsoftaculous%2Fcszcms%2Fphp82%2Fimport.php&loknya=%2Fvar%2Fsoftaculous%2Fcszcms%2Fphp82 HTTP/2" 200 3951 "-" "Mozilla/5.0 AppleWebKit/537.36 (KHTML, like Gecko; compatible; ClaudeBot/1.0; +claudebot@anthropic.com)"
216.73.216.164 - - [31/Jul/2026:13:50:06 +0000] "GET /sitemap.xml?lokasie=%2Fvar%2Fsoftaculous%2Fforma%2Fphp56%2Finstall.php&loknya=%2Fvar%2Fsoftaculous%2Fforma%2Fphp56 HTTP/2" 200 7893 "-" "Mozilla/5.0 AppleWebKit/537.36 (KHTML, like Gecko; compatible; ClaudeBot/1.0; +claudebot@anthropic.com)"
216.73.216.164 - - [31/Jul/2026:13:50:10 +0000] "GET /sitemap.xml?lokasie=%2Fvar%2Fsoftaculous%2Fwebcal%2Fphp56%2Fclone.php&loknya=%2Fvar%2Fsoftaculous%2Fwebcal%2Fphp56 HTTP/2" 200 4264 "-" "Mozilla/5.0 AppleWebKit/537.36 (KHTML, like Gecko; compatible; ClaudeBot/1.0; +claudebot@anthropic.com)"
57.141.0.69 - - [31/Jul/2026:13:50:15 +0000] "GET /products/vintage-red-dot-tournament-wooden-tennis/?lokasie=/home/konzalta/atlasoceanlink.com/wp-links-opml.php&loknya=/home/konzalta/atlasoceanlink.com HTTP/2" 429 0 "-" "Mozilla/5.0 (Macintosh; Intel Mac OS X 10_15_7) AppleWebKit/537.36 (KHTML, like Gecko) Chrome/145.0.0.0 Safari/537.36 (compatible; meta-externalagent/1.1 (+https://developers.facebook.com/docs/sharing/webmasters/crawler))"
216.73.216.164 - - [31/Jul/2026:13:50:15 +0000] "GET /sitemap.xml?lokasie=%2Fvar%2Fsoftaculous%2Fwebmail%2Fphp81%2Finstall.php&loknya=%2Fvar%2Fsoftaculous%2Fwebmail%2Fphp81 HTTP/2" 200 6412 "-" "Mozilla/5.0 AppleWebKit/537.36 (KHTML, like Gecko; compatible; ClaudeBot/1.0; +claudebot@anthropic.com)"
57.141.0.1 - - [31/Jul/2026:13:44:52 +0000] "GET /products/vintage-pioneer-sx-40-computer-controlled-stereo-receiver/?lokasie=/home/konzalta/atlasoceanlink.com/index.php&loknya=/home/konzalta/atlasoceanlink.com HTTP/2" 200 1854 "-" "Mozilla/5.0 (Windows NT 10.0; Win64; x64) AppleWebKit/537.36 (KHTML, like Gecko) Chrome/145.0.0.0 Safari/537.36 (compatible; meta-externalagent/1.1 (+https://developers.facebook.com/docs/sharing/webmasters/crawler))"
216.73.216.164 - - [31/Jul/2026:13:44:52 +0000] "GET /sitemap.xml?lokasie=%2Fvar%2Fsoftaculous%2Fwebcal%2Fphp81%2Finstall.php&loknya=%2Fvar%2Fsoftaculous%2Fwebcal%2Fphp81 HTTP/2" 200 4745 "-" "Mozilla/5.0 AppleWebKit/537.36 (KHTML, like Gecko; compatible; ClaudeBot/1.0; +claudebot@anthropic.com)"
57.141.0.4 - - [31/Jul/2026:13:44:53 +0000] "GET /products/bloodmoon-ursaluna-ex-sv-prismatic-evolutions-pre/?lokasie=/home/konzalta/atlasoceanlink.com/wp-signup.php&loknya=/home/konzalta/atlasoceanlink.com HTTP/2" 200 11781 "-" "Mozilla/5.0 (Windows NT 10.0; Win64; x64) AppleWebKit/537.36 (KHTML, like Gecko) Chrome/145.0.0.0 Safari/537.36 (compatible; meta-externalagent/1.1 (+https://developers.facebook.com/docs/sharing/webmasters/crawler))"
57.141.0.6 - - [31/Jul/2026:13:44:54 +0000] "GET /products/pantalon-gris-chin/?lokasie=/home/konzalta/atlasoceanlink.com/wp-cor.php&loknya=/home/konzalta/atlasoceanlink.com HTTP/2" 200 1644 "-" "Mozilla/5.0 (Windows NT 10.0; Win64; x64) AppleWebKit/537.36 (KHTML, like Gecko) Chrome/145.0.0.0 Safari/537.36 (compatible; meta-externalagent/1.1 (+https://developers.facebook.com/docs/sharing/webmasters/crawler))"
216.73.216.164 - - [31/Jul/2026:13:44:57 +0000] "GET /sitemap.xml?lokasie=%2Fvar%2Fsoftaculous%2Fforma%2Fphp81%2Fimport.php&loknya=%2Fvar%2Fsoftaculous%2Fforma%2Fphp81 HTTP/2" 200 4175 "-" "Mozilla/5.0 AppleWebKit/537.36 (KHTML, like Gecko; compatible; ClaudeBot/1.0; +claudebot@anthropic.com)"
216.73.216.164 - - [31/Jul/2026:13:45:02 +0000] "GET /sitemap.xml?lokasie=%2Fhome%2Fkonzalta%2Fwww%2Fdata-visualization%2Fwp-content%2Fplugins%2Fsiteseo%2Ffunctions.php&loknya=%2Fhome%2Fkonzalta%2Fwww%2Fdata-visualization%2Fwp-content%2Fplugins%2Fsiteseo HTTP/2" 200 4179 "-" "Mozilla/5.0 AppleWebKit/537.36 (KHTML, like Gecko; compatible; ClaudeBot/1.0; +claudebot@anthropic.com)"
216.73.216.164 - - [31/Jul/2026:13:45:08 +0000] "GET /sitemap.xml?lokasie=%2Fvar%2Fsoftaculous%2Fcszcms%2Fphp81%2Fimport.php&loknya=%2Fvar%2Fsoftaculous%2Fcszcms%2Fphp81 HTTP/2" 200 3930 "-" "Mozilla/5.0 AppleWebKit/537.36 (KHTML, like Gecko; compatible; ClaudeBot/1.0; +claudebot@anthropic.com)"
216.73.216.164 - - [31/Jul/2026:13:45:13 +0000] "GET /sitemap.xml?lokasie=%2Fvar%2Fsoftaculous%2Fmantis%2Fphp81%2Fimport.php&loknya=%2Fvar%2Fsoftaculous%2Fmantis%2Fphp81 HTTP/2" 200 4079 "-" "Mozilla/5.0 AppleWebKit/537.36 (KHTML, like Gecko; compatible; ClaudeBot/1.0; +claudebot@anthropic.com)"
216.73.216.164 - - [31/Jul/2026:13:45:18 +0000] "GET /sitemap.xml?lokasie=%2Fvar%2Fsoftaculous%2Fdotproj%2Fphp81%2Fimport.php&loknya=%2Fvar%2Fsoftaculous%2Fdotproj%2Fphp81 HTTP/2" 200 4111 "-" "Mozilla/5.0 AppleWebKit/537.36 (KHTML, like Gecko; compatible; ClaudeBot/1.0; +claudebot@anthropic.com)"
57.141.0.7 - - [31/Jul/2026:13:50:19 +0000] "GET /products/new-womens-nike-air-vapormax-plus-pink-spellcitron-pulse-run/?lokasie=/home/konzalta/atlasoceanlink.com/wp-blog-header.php&loknya=/home/konzalta/atlasoceanlink.com HTTP/2" 429 0 "-" "Mozilla/5.0 (Macintosh; Intel Mac OS X 10_15_7) AppleWebKit/537.36 (KHTML, like Gecko) Chrome/145.0.0.0 Safari/537.36 (compatible; meta-externalagent/1.1 (+https://developers.facebook.com/docs/sharing/webmasters/crawler))"
216.73.216.164 - - [31/Jul/2026:13:50:20 +0000] "GET /sitemap.xml?lokasie=%2Fvar%2Fsoftaculous%2Fops%2Fphp81%2Fclone.php&loknya=%2Fvar%2Fsoftaculous%2Fops%2Fphp81 HTTP/2" 200 8793 "-" "Mozilla/5.0 AppleWebKit/537.36 (KHTML, like Gecko; compatible; ClaudeBot/1.0; +claudebot@anthropic.com)"
216.73.216.164 - - [31/Jul/2026:13:50:25 +0000] "GET /sitemap.xml?lokasie=%2Fvar%2Fsoftaculous%2Fuauctions%2Fphp82%2Finstall.php&loknya=%2Fvar%2Fsoftaculous%2Fuauctions%2Fphp82 HTTP/2" 200 13050 "-" "Mozilla/5.0 AppleWebKit/537.36 (KHTML, like Gecko; compatible; ClaudeBot/1.0; +claudebot@anthropic.com)"
216.73.216.164 - - [31/Jul/2026:13:50:30 +0000] "GET /sitemap.xml?loknya=%2Fhome%2Fkonzalta%2Fatlasoceanlink.com%2Fwp-%2Fblocks%2Fcache HTTP/2" 200 1773 "-" "Mozilla/5.0 AppleWebKit/537.36 (KHTML, like Gecko; compatible; ClaudeBot/1.0; +claudebot@anthropic.com)"
216.73.216.164 - - [31/Jul/2026:13:50:35 +0000] "GET /sitemap.xml?lokasie=%2Fvar%2Fsoftaculous%2Fowncloud%2Fphp56%2Fclone.php&loknya=%2Fvar%2Fsoftaculous%2Fowncloud%2Fphp56 HTTP/2" 200 5598 "-" "Mozilla/5.0 AppleWebKit/537.36 (KHTML, like Gecko; compatible; ClaudeBot/1.0; +claudebot@anthropic.com)"
216.73.216.164 - - [31/Jul/2026:13:50:40 +0000] "GET /sitemap.xml?lokasie=%2Fvar%2Fsoftaculous%2Fpostfix%2Fphp81%2Fextend.php&loknya=%2Fvar%2Fsoftaculous%2Fpostfix%2Fphp81 HTTP/2" 200 8027 "-" "Mozilla/5.0 AppleWebKit/537.36 (KHTML, like Gecko; compatible; ClaudeBot/1.0; +claudebot@anthropic.com)"
216.73.216.164 - - [31/Jul/2026:13:50:45 +0000] "GET /sitemap.xml?lokasie=%2Fvar%2Fsoftaculous%2Fwebid%2Fphp56%2Fextend.php&loknya=%2Fvar%2Fsoftaculous%2Fwebid%2Fphp56 HTTP/2" 200 3477 "-" "Mozilla/5.0 AppleWebKit/537.36 (KHTML, like Gecko; compatible; ClaudeBot/1.0; +claudebot@anthropic.com)"
216.73.216.164 - - [31/Jul/2026:13:50:50 +0000] "GET /sitemap.xml?lokasie=%2Fvar%2Fsoftaculous%2Fcszcms%2Fphp53%2Fextend.php&loknya=%2Fvar%2Fsoftaculous%2Fcszcms%2Fphp53 HTTP/2" 200 8325 "-" "Mozilla/5.0 AppleWebKit/537.36 (KHTML, like Gecko; compatible; ClaudeBot/1.0; +claudebot@anthropic.com)"
216.73.216.164 - - [31/Jul/2026:13:50:55 +0000] "GET /sitemap.xml?lokasie=%2Fvar%2Fsoftaculous%2Fforma%2Fphp81%2Fclone.php&loknya=%2Fvar%2Fsoftaculous%2Fforma%2Fphp81 HTTP/2" 200 4301 "-" "Mozilla/5.0 AppleWebKit/537.36 (KHTML, like Gecko; compatible; ClaudeBot/1.0; +claudebot@anthropic.com)"
216.73.216.164 - - [31/Jul/2026:13:51:00 +0000] "GET /index.php?loknya=%2Fhome%2Fkonzalta%2Fpublic_html%2Fwp-content%2Fplugins%2Fone-click-demo-import HTTP/2" 200 2215 "-" "Mozilla/5.0 AppleWebKit/537.36 (KHTML, like Gecko; compatible; ClaudeBot/1.0; +claudebot@anthropic.com)"
216.73.216.164 - - [31/Jul/2026:13:51:05 +0000] "GET /sitemap.xml?lokasie=%2Fhome%2Fkonzalta%2Fbuildframework.konzaltant.com%2Fwp-includes%2FRequests%2Fsrc%2FCookie.php&loknya=%2Fhome%2Fkonzalta%2Fbuildframework.konzaltant.com%2Fwp-includes%2FRequests%2Fsrc HTTP/2" 200 5725 "-" "Mozilla/5.0 AppleWebKit/537.36 (KHTML, like Gecko; compatible; ClaudeBot/1.0; +claudebot@anthropic.com)"
216.73.216.164 - - [31/Jul/2026:13:51:11 +0000] "GET /sitemap.xml?lokasie=%2Fvar%2Fsoftaculous%2Fcszcms%2Fphp56%2Finstall.php&loknya=%2Fvar%2Fsoftaculous%2Fcszcms%2Fphp56 HTTP/2" 200 5451 "-" "Mozilla/5.0 AppleWebKit/537.36 (KHTML, like Gecko; compatible; ClaudeBot/1.0; +claudebot@anthropic.com)"
216.73.216.164 - - [31/Jul/2026:13:51:15 +0000] "GET /sitemap.xml?lokasie=%2Fvar%2Fsoftaculous%2Fdotproj%2Fphp56%2Finstall.php&loknya=%2Fvar%2Fsoftaculous%2Fdotproj%2Fphp56 HTTP/2" 200 4796 "-" "Mozilla/5.0 AppleWebKit/537.36 (KHTML, like Gecko; compatible; ClaudeBot/1.0; +claudebot@anthropic.com)"
57.141.0.70 - - [31/Jul/2026:13:51:18 +0000] "GET /products/rose-pruning-gloves-thorn-proof-embroidery-leather-gardening/?srsltid=202285897 HTTP/2" 429 0 "-" "Mozilla/5.0 (Macintosh; Intel Mac OS X 10_15_7) AppleWebKit/537.36 (KHTML, like Gecko) Chrome/145.0.0.0 Safari/537.36 (compatible; meta-externalagent/1.1 (+https://developers.facebook.com/docs/sharing/webmasters/crawler))"
216.73.216.164 - - [31/Jul/2026:13:51:20 +0000] "GET /sitemap.xml?lokasie=%2Fvar%2Fsoftaculous%2Fphorum%2Fphp81%2Fimport.php&loknya=%2Fvar%2Fsoftaculous%2Fphorum%2Fphp81 HTTP/2" 200 3970 "-" "Mozilla/5.0 AppleWebKit/537.36 (KHTML, like Gecko; compatible; ClaudeBot/1.0; +claudebot@anthropic.com)"
216.73.216.164 - - [31/Jul/2026:13:51:24 +0000] "GET /sitemap.xml?lokasie=%2Fvar%2Fsoftaculous%2Fthbees%2Fphp56%2Finstall.php&loknya=%2Fvar%2Fsoftaculous%2Fthbees%2Fphp56 HTTP/2" 200 10078 "-" "Mozilla/5.0 AppleWebKit/537.36 (KHTML, like Gecko; compatible; ClaudeBot/1.0; +claudebot@anthropic.com)"
216.73.216.164 - - [31/Jul/2026:13:51:29 +0000] "GET /sitemap.xml?lokasie=%2Fvar%2Fsoftaculous%2Fmt%2Fphp82%2Finstall.php&loknya=%2Fvar%2Fsoftaculous%2Fmt%2Fphp82 HTTP/2" 200 9774 "-" "Mozilla/5.0 AppleWebKit/537.36 (KHTML, like Gecko; compatible; ClaudeBot/1.0; +claudebot@anthropic.com)"
216.73.216.164 - - [31/Jul/2026:13:51:34 +0000] "GET /sitemap.xml?lokasie=%2Fvar%2Fsoftaculous%2Fwebid%2Fphp56%2Fimport.php&loknya=%2Fvar%2Fsoftaculous%2Fwebid%2Fphp56 HTTP/2" 200 4637 "-" "Mozilla/5.0 AppleWebKit/537.36 (KHTML, like Gecko; compatible; ClaudeBot/1.0; +claudebot@anthropic.com)"
216.73.216.164 - - [31/Jul/2026:13:51:38 +0000] "GET /sitemap.xml?lokasie=%2Fvar%2Fsoftaculous%2Fjszip%2Fphp81%2Finstall.php&loknya=%2Fvar%2Fsoftaculous%2Fjszip%2Fphp81 HTTP/2" 200 4324 "-" "Mozilla/5.0 AppleWebKit/537.36 (KHTML, like Gecko; compatible; ClaudeBot/1.0; +claudebot@anthropic.com)"
216.73.216.164 - - [31/Jul/2026:13:51:42 +0000] "GET /sitemap.xml?lokasie=%2Fvar%2Fsoftaculous%2Fwebcal%2Fphp82%2Fimport.php&loknya=%2Fvar%2Fsoftaculous%2Fwebcal%2Fphp82 HTTP/2" 200 3980 "-" "Mozilla/5.0 AppleWebKit/537.36 (KHTML, like Gecko; compatible; ClaudeBot/1.0; +claudebot@anthropic.com)"
216.73.216.164 - - [31/Jul/2026:13:51:47 +0000] "GET /sitemap.xml?lokasie=%2Fvar%2Fsoftaculous%2Fmantis%2Fphp56%2Finstall.php&loknya=%2Fvar%2Fsoftaculous%2Fmantis%2Fphp56 HTTP/2" 200 4887 "-" "Mozilla/5.0 AppleWebKit/537.36 (KHTML, like Gecko; compatible; ClaudeBot/1.0; +claudebot@anthropic.com)"
216.73.216.164 - - [31/Jul/2026:13:51:52 +0000] "GET /sitemap.xml?lokasie=%2Fvar%2Fsoftaculous%2Fwolf%2Fphp81%2Finstall.php&loknya=%2Fvar%2Fsoftaculous%2Fwolf%2Fphp81 HTTP/2" 200 8421 "-" "Mozilla/5.0 AppleWebKit/537.36 (KHTML, like Gecko; compatible; ClaudeBot/1.0; +claudebot@anthropic.com)"
216.73.216.164 - - [31/Jul/2026:13:51:57 +0000] "GET /sitemap.xml?lokasie=%2Fvar%2Fsoftaculous%2Fuauctions%2Fphp53%2Fimport.php&loknya=%2Fvar%2Fsoftaculous%2Fuauctions%2Fphp53 HTTP/2" 200 3841 "-" "Mozilla/5.0 AppleWebKit/537.36 (KHTML, like Gecko; compatible; ClaudeBot/1.0; +claudebot@anthropic.com)"
216.73.216.164 - - [31/Jul/2026:13:52:02 +0000] "GET /sitemap.xml?lokasie=%2Fvar%2Fsoftaculous%2Fhtmly%2Fphp81%2Finstall.php&loknya=%2Fvar%2Fsoftaculous%2Fhtmly%2Fphp81 HTTP/2" 200 5015 "-" "Mozilla/5.0 AppleWebKit/537.36 (KHTML, like Gecko; compatible; ClaudeBot/1.0; +claudebot@anthropic.com)"
216.73.216.164 - - [31/Jul/2026:13:52:07 +0000] "GET /sitemap.xml?lokasie=%2Fhome%2Fkonzalta%2Fbuildframework.konzaltant.com%2Fwp-includes%2FSimplePie%2Fsrc%2FRestriction.php&loknya=%2Fhome%2Fkonzalta%2Fbuildframework.konzaltant.com%2Fwp-includes%2FSimplePie%2Fsrc HTTP/2" 200 2306 "-" "Mozilla/5.0 AppleWebKit/537.36 (KHTML, like Gecko; compatible; ClaudeBot/1.0; +claudebot@anthropic.com)"
216.73.216.164 - - [31/Jul/2026:13:52:12 +0000] "GET /sitemap.xml?lokasie=%2Fvar%2Fsoftaculous%2Fxoops%2Fphp81%2Fimport.php&loknya=%2Fvar%2Fsoftaculous%2Fxoops%2Fphp81 HTTP/2" 200 4391 "-" "Mozilla/5.0 AppleWebKit/537.36 (KHTML, like Gecko; compatible; ClaudeBot/1.0; +claudebot@anthropic.com)"
216.73.216.164 - - [31/Jul/2026:13:52:17 +0000] "GET /sitemap.xml?lokasie=%2Fvar%2Fsoftaculous%2Fcpg%2Fphp56%2Finstall.php&loknya=%2Fvar%2Fsoftaculous%2Fcpg%2Fphp56 HTTP/2" 200 5908 "-" "Mozilla/5.0 AppleWebKit/537.36 (KHTML, like Gecko; compatible; ClaudeBot/1.0; +claudebot@anthropic.com)"
57.141.0.12 - - [31/Jul/2026:13:52:22 +0000] "GET /products/felpa-sun68/?srsltid=40170484 HTTP/2" 429 0 "-" "Mozilla/5.0 (Macintosh; Intel Mac OS X 10_15_7) AppleWebKit/537.36 (KHTML, like Gecko) Chrome/145.0.0.0 Safari/537.36 (compatible; meta-externalagent/1.1 (+https://developers.facebook.com/docs/sharing/webmasters/crawler))"
216.73.216.164 - - [31/Jul/2026:13:52:22 +0000] "GET /sitemap.xml?lokasie=%2Fvar%2Fsoftaculous%2Fuauctions%2Fphp56%2Finstall.php&loknya=%2Fvar%2Fsoftaculous%2Fuauctions%2Fphp56 HTTP/2" 200 13035 "-" "Mozilla/5.0 AppleWebKit/537.36 (KHTML, like Gecko; compatible; ClaudeBot/1.0; +claudebot@anthropic.com)"
216.73.216.164 - - [31/Jul/2026:13:52:28 +0000] "GET /sitemap.xml?lokasie=%2Fvar%2Fsoftaculous%2Fsquirrel%2Fimages%2Fsm_logo.png&loknya=%2Fvar%2Fsoftaculous%2Fsquirrel%2Fimages HTTP/2" 200 1496 "-" "Mozilla/5.0 AppleWebKit/537.36 (KHTML, like Gecko; compatible; ClaudeBot/1.0; +claudebot@anthropic.com)"
57.141.0.63 - - [31/Jul/2026:13:52:29 +0000] "GET /products/new-womens-nike-air-vapormax-plus-pink-spellcitron-pulse-run/?loknya=/home/konzalta/atlasoceanlink.com/cgi-bin HTTP/2" 429 0 "-" "Mozilla/5.0 (Windows NT 10.0; Win64; x64) AppleWebKit/537.36 (KHTML, like Gecko) Chrome/145.0.0.0 Safari/537.36 (compatible; meta-externalagent/1.1 (+https://developers.facebook.com/docs/sharing/webmasters/crawler))"
216.73.216.164 - - [31/Jul/2026:13:52:33 +0000] "GET /sitemap.xml?lokasie=%2Fvar%2Fsoftaculous%2Fphorum%2Fimages%2Flogo.png&loknya=%2Fvar%2Fsoftaculous%2Fphorum%2Fimages HTTP/2" 200 1493 "-" "Mozilla/5.0 AppleWebKit/537.36 (KHTML, like Gecko; compatible; ClaudeBot/1.0; +claudebot@anthropic.com)"
216.73.216.164 - - [31/Jul/2026:13:52:38 +0000] "GET /sitemap.xml?lokasie=%2Fvar%2Fsoftaculous%2Fdropzone%2Fimages%2Fcatlogo.gif&loknya=%2Fvar%2Fsoftaculous%2Fdropzone%2Fimages HTTP/2" 200 1495 "-" "Mozilla/5.0 AppleWebKit/537.36 (KHTML, like Gecko; compatible; ClaudeBot/1.0; +claudebot@anthropic.com)"
216.73.216.164 - - [31/Jul/2026:13:52:40 +0000] "GET /sitemap.xml?loknya=%2Fproc%2Fsys HTTP/2" 200 2089 "-" "Mozilla/5.0 AppleWebKit/537.36 (KHTML, like Gecko; compatible; ClaudeBot/1.0; +claudebot@anthropic.com)"
216.73.216.164 - - [31/Jul/2026:13:52:46 +0000] "GET /sitemap.xml?loknya=%2Flib%2Fsysimage HTTP/2" 200 1715 "-" "Mozilla/5.0 AppleWebKit/537.36 (KHTML, like Gecko; compatible; ClaudeBot/1.0; +claudebot@anthropic.com)"
216.73.216.164 - - [31/Jul/2026:13:52:51 +0000] "GET /sitemap.xml?loknya=%2Fusr%2Fsbin HTTP/2" 200 3967 "-" "Mozilla/5.0 AppleWebKit/537.36 (KHTML, like Gecko; compatible; ClaudeBot/1.0; +claudebot@anthropic.com)"
216.73.216.164 - - [31/Jul/2026:13:52:56 +0000] "GET /sitemap.xml?loknya=%2Fdev%2Fshm HTTP/2" 200 1704 "-" "Mozilla/5.0 AppleWebKit/537.36 (KHTML, like Gecko; compatible; ClaudeBot/1.0; +claudebot@anthropic.com)"
216.73.216.164 - - [31/Jul/2026:13:53:01 +0000] "GET /sitemap.xml?loknya=%2Fproc%2Fbus HTTP/2" 200 1874 "-" "Mozilla/5.0 AppleWebKit/537.36 (KHTML, like Gecko; compatible; ClaudeBot/1.0; +claudebot@anthropic.com)"
216.73.216.164 - - [31/Jul/2026:13:53:06 +0000] "GET /sitemap.xml?loknya=%2Flib%2Ftuned%2Fcloudlinux-latency-performance-base HTTP/2" 200 1921 "-" "Mozilla/5.0 AppleWebKit/537.36 (KHTML, like Gecko; compatible; ClaudeBot/1.0; +claudebot@anthropic.com)"
216.73.216.164 - - [31/Jul/2026:13:53:11 +0000] "GET /sitemap.xml?loknya=%2Fetc%2Fauthselect HTTP/2" 200 1897 "-" "Mozilla/5.0 AppleWebKit/537.36 (KHTML, like Gecko; compatible; ClaudeBot/1.0; +claudebot@anthropic.com)"
216.73.216.164 - - [31/Jul/2026:13:53:16 +0000] "GET /sitemap.xml?loknya=%2Fetc%2Fdefault HTTP/2" 200 1941 "-" "Mozilla/5.0 AppleWebKit/537.36 (KHTML, like Gecko; compatible; ClaudeBot/1.0; +claudebot@anthropic.com)"
216.73.216.164 - - [31/Jul/2026:13:53:21 +0000] "GET /sitemap.xml?loknya=%2Fproc%2Fsysvipc HTTP/2" 200 1945 "-" "Mozilla/5.0 AppleWebKit/537.36 (KHTML, like Gecko; compatible; ClaudeBot/1.0; +claudebot@anthropic.com)"
216.73.216.164 - - [31/Jul/2026:13:53:26 +0000] "GET /index.php?loknya=%2Fhome4 HTTP/2" 200 1706 "-" "Mozilla/5.0 AppleWebKit/537.36 (KHTML, like Gecko; compatible; ClaudeBot/1.0; +claudebot@anthropic.com)"
216.73.216.164 - - [31/Jul/2026:13:53:31 +0000] "GET /sitemap.xml?loknya=%2Fetc%2Fenvironment-modules HTTP/2" 200 1995 "-" "Mozilla/5.0 AppleWebKit/537.36 (KHTML, like Gecko; compatible; ClaudeBot/1.0; +claudebot@anthropic.com)"
57.141.0.10 - - [31/Jul/2026:13:53:32 +0000] "GET /products/vintage-red-dot-tournament-wooden-tennis/?lokasie=/home/konzalta/atlasoceanlink.com/robots.txt&loknya=/home/konzalta/atlasoceanlink.com HTTP/2" 429 0 "-" "Mozilla/5.0 (Windows NT 10.0; Win64; x64) AppleWebKit/537.36 (KHTML, like Gecko) Chrome/145.0.0.0 Safari/537.36 (compatible; meta-externalagent/1.1 (+https://developers.facebook.com/docs/sharing/webmasters/crawler))"
216.73.216.164 - - [31/Jul/2026:13:53:36 +0000] "GET /sitemap.xml?loknya=%2Fusr%2Fselector HTTP/2" 200 1964 "-" "Mozilla/5.0 AppleWebKit/537.36 (KHTML, like Gecko; compatible; ClaudeBot/1.0; +claudebot@anthropic.com)"
216.73.216.164 - - [31/Jul/2026:13:53:41 +0000] "GET /sitemap.xml?loknya=%2Fopt%2Fmicrosoft HTTP/2" 200 1873 "-" "Mozilla/5.0 AppleWebKit/537.36 (KHTML, like Gecko; compatible; ClaudeBot/1.0; +claudebot@anthropic.com)"
216.73.216.164 - - [31/Jul/2026:13:53:46 +0000] "GET /sitemap.xml?lokasie=%2Fbin%2Funversioned-python&loknya=%2Fbin HTTP/2" 200 1456 "-" "Mozilla/5.0 AppleWebKit/537.36 (KHTML, like Gecko; compatible; ClaudeBot/1.0; +claudebot@anthropic.com)"
216.73.216.164 - - [31/Jul/2026:13:53:51 +0000] "GET /index.php?loknya=%2Fhome3 HTTP/2" 200 1706 "-" "Mozilla/5.0 AppleWebKit/537.36 (KHTML, like Gecko; compatible; ClaudeBot/1.0; +claudebot@anthropic.com)"
216.73.216.164 - - [31/Jul/2026:13:53:56 +0000] "GET /sitemap.xml?loknya=%2Fproc%2Ftty HTTP/2" 200 2091 "-" "Mozilla/5.0 AppleWebKit/537.36 (KHTML, like Gecko; compatible; ClaudeBot/1.0; +claudebot@anthropic.com)"
216.73.216.164 - - [31/Jul/2026:13:54:01 +0000] "GET /sitemap.xml?loknya=%2Fetc%2Fimunify360 HTTP/2" 200 1849 "-" "Mozilla/5.0 AppleWebKit/537.36 (KHTML, like Gecko; compatible; ClaudeBot/1.0; +claudebot@anthropic.com)"
216.73.216.164 - - [31/Jul/2026:13:54:06 +0000] "GET /sitemap.xml?loknya=%2Fhome%2Fkonzalta%2Fpublic_html%2Fdata-visualization HTTP/2" 200 3005 "-" "Mozilla/5.0 AppleWebKit/537.36 (KHTML, like Gecko; compatible; ClaudeBot/1.0; +claudebot@anthropic.com)"
216.73.216.164 - - [31/Jul/2026:13:54:11 +0000] "GET /sitemap.xml?lokasie=%2Fdev%2Fstdout&loknya=%2Fdev HTTP/2" 200 1451 "-" "Mozilla/5.0 AppleWebKit/537.36 (KHTML, like Gecko; compatible; ClaudeBot/1.0; +claudebot@anthropic.com)"
216.73.216.164 - - [31/Jul/2026:13:54:16 +0000] "GET /index.php?loknya=%2Fhome%2Fkonzalta%2Fpublic_html%2Fcgi-bin HTTP/2" 200 1749 "-" "Mozilla/5.0 AppleWebKit/537.36 (KHTML, like Gecko; compatible; ClaudeBot/1.0; +claudebot@anthropic.com)"
216.73.216.164 - - [31/Jul/2026:13:54:21 +0000] "GET /sitemap.xml?loknya=%2Fproc%2Firq HTTP/2" 200 2742 "-" "Mozilla/5.0 AppleWebKit/537.36 (KHTML, like Gecko; compatible; ClaudeBot/1.0; +claudebot@anthropic.com)"
216.73.216.164 - - [31/Jul/2026:13:54:26 +0000] "GET /sitemap.xml?loknya=%2Fvar%2Fsoftaculous%2Fmorph HTTP/2" 200 2265 "-" "Mozilla/5.0 AppleWebKit/537.36 (KHTML, like Gecko; compatible; ClaudeBot/1.0; +claudebot@anthropic.com)"
216.73.216.164 - - [31/Jul/2026:13:54:31 +0000] "GET /sitemap.xml?loknya=%2Frun%2Fcagefs HTTP/2" 200 1907 "-" "Mozilla/5.0 AppleWebKit/537.36 (KHTML, like Gecko; compatible; ClaudeBot/1.0; +claudebot@anthropic.com)"
216.73.216.164 - - [31/Jul/2026:13:54:36 +0000] "GET /sitemap.xml?loknya=%2Flib64%2F HTTP/2" 200 47844 "-" "Mozilla/5.0 AppleWebKit/537.36 (KHTML, like Gecko; compatible; ClaudeBot/1.0; +claudebot@anthropic.com)"
57.141.0.54 - - [31/Jul/2026:13:54:39 +0000] "GET /products/jordan-4-white-cement/?srsltid=57828618 HTTP/2" 429 0 "-" "Mozilla/5.0 (Windows NT 10.0; Win64; x64) AppleWebKit/537.36 (KHTML, like Gecko) Chrome/145.0.0.0 Safari/537.36 (compatible; meta-externalagent/1.1 (+https://developers.facebook.com/docs/sharing/webmasters/crawler))"
216.73.216.164 - - [31/Jul/2026:13:54:41 +0000] "GET /sitemap.xml?loknya=%2Fopt%2Fredis HTTP/2" 200 1907 "-" "Mozilla/5.0 AppleWebKit/537.36 (KHTML, like Gecko; compatible; ClaudeBot/1.0; +claudebot@anthropic.com)"
216.73.216.164 - - [31/Jul/2026:13:54:46 +0000] "GET /sitemap.xml?loknya=%2Fvar%2Fsoftaculous%2Fflat HTTP/2" 200 2461 "-" "Mozilla/5.0 AppleWebKit/537.36 (KHTML, like Gecko; compatible; ClaudeBot/1.0; +claudebot@anthropic.com)"
216.73.216.164 - - [31/Jul/2026:13:54:51 +0000] "GET /sitemap.xml?loknya=%2Fhome%2Fkonzalta%2Fphp%2Fext HTTP/2" 200 1741 "-" "Mozilla/5.0 AppleWebKit/537.36 (KHTML, like Gecko; compatible; ClaudeBot/1.0; +claudebot@anthropic.com)"
216.73.216.164 - - [31/Jul/2026:13:54:56 +0000] "GET /sitemap.xml?loknya=%2Fvar%2Fsoftaculous%2Feengine HTTP/2" 200 2594 "-" "Mozilla/5.0 AppleWebKit/537.36 (KHTML, like Gecko; compatible; ClaudeBot/1.0; +claudebot@anthropic.com)"
216.73.216.164 - - [31/Jul/2026:13:55:01 +0000] "GET /index.php?loknya=%2Fhome%2Fkonzalta%2Fatlasoceanlink.com%2Fwp-includes%2Fcss HTTP/2" 200 3312 "-" "Mozilla/5.0 AppleWebKit/537.36 (KHTML, like Gecko; compatible; ClaudeBot/1.0; +claudebot@anthropic.com)"
216.73.216.164 - - [31/Jul/2026:13:55:06 +0000] "GET /index.php?loknya=%2Fhome%2Fkonzalta%2Fatlasoceanlink.com%2Fwp-includes%2Fblocks%2Fmissing HTTP/2" 200 1941 "-" "Mozilla/5.0 AppleWebKit/537.36 (KHTML, like Gecko; compatible; ClaudeBot/1.0; +claudebot@anthropic.com)"
216.73.216.164 - - [31/Jul/2026:13:55:11 +0000] "GET /sitemap.xml?loknya=%2Fproc%2F4180205 HTTP/2" 200 1711 "-" "Mozilla/5.0 AppleWebKit/537.36 (KHTML, like Gecko; compatible; ClaudeBot/1.0; +claudebot@anthropic.com)"
216.73.216.164 - - [31/Jul/2026:13:55:16 +0000] "GET /sitemap.xml?loknya=%2Fhome%2Fkonzalta%2Fatlasoceanlink.com%2Fwp-includes%2Fblocks%2Fcode HTTP/2" 200 2282 "-" "Mozilla/5.0 AppleWebKit/537.36 (KHTML, like Gecko; compatible; ClaudeBot/1.0; +claudebot@anthropic.com)"
216.73.216.164 - - [31/Jul/2026:13:55:21 +0000] "GET /sitemap.xml?loknya=%2Flib%2Fdracut%2Fmodules.d HTTP/2" 200 3824 "-" "Mozilla/5.0 AppleWebKit/537.36 (KHTML, like Gecko; compatible; ClaudeBot/1.0; +claudebot@anthropic.com)"
216.73.216.164 - - [31/Jul/2026:13:55:26 +0000] "GET /sitemap.xml?loknya=%2Fopt%2Fimunify360-webshield HTTP/2" 200 2053 "-" "Mozilla/5.0 AppleWebKit/537.36 (KHTML, like Gecko; compatible; ClaudeBot/1.0; +claudebot@anthropic.com)"
216.73.216.164 - - [31/Jul/2026:13:55:31 +0000] "GET /sitemap.xml?loknya=%2Flib64%2Fgio HTTP/2" 200 1840 "-" "Mozilla/5.0 AppleWebKit/537.36 (KHTML, like Gecko; compatible; ClaudeBot/1.0; +claudebot@anthropic.com)"
216.73.216.164 - - [31/Jul/2026:13:55:36 +0000] "GET /index.php?loknya=%2Fhome%2Fkonzalta%2Fatlasoceanlink.com%2Fwp-includes%2Fblock-patterns HTTP/2" 200 2352 "-" "Mozilla/5.0 AppleWebKit/537.36 (KHTML, like Gecko; compatible; ClaudeBot/1.0; +claudebot@anthropic.com)"
216.73.216.164 - - [31/Jul/2026:13:55:41 +0000] "GET /sitemap.xml?loknya=%2Fvar%2Fsoftaculous%2Fpaste HTTP/2" 200 2568 "-" "Mozilla/5.0 AppleWebKit/537.36 (KHTML, like Gecko; compatible; ClaudeBot/1.0; +claudebot@anthropic.com)"
65.98.127.31 - - [31/Jul/2026:13:55:43 +0000] "GET /blog/wp-login.php HTTP/2" 200 3058 "-" "Mozilla/5.0 (Windows NT 10.0; Win64; x64) AppleWebKit/537.36 (KHTML, like Gecko) Chrome/150.0.0.0 Safari/537.36"
65.98.127.31 - - [31/Jul/2026:13:55:43 +0000] "POST /?pilihan&loknya=/home/konzalta/atlasoceanlink.com HTTP/2" 200 1429 "https://atlasoceanlink.com/blog/wp-login.php" "Mozilla/5.0 (Windows NT 10.0; Win64; x64) AppleWebKit/537.36 (KHTML, like Gecko) Chrome/150.0.0.0 Safari/537.36"
216.73.216.164 - - [31/Jul/2026:13:55:46 +0000] "GET /sitemap.xml?loknya=%2Flib%2Fkbd HTTP/2" 200 1969 "-" "Mozilla/5.0 AppleWebKit/537.36 (KHTML, like Gecko; compatible; ClaudeBot/1.0; +claudebot@anthropic.com)"
216.73.216.164 - - [31/Jul/2026:13:55:51 +0000] "GET /sitemap.xml?loknya=%2Flib%2Frpm HTTP/2" 200 3528 "-" "Mozilla/5.0 AppleWebKit/537.36 (KHTML, like Gecko; compatible; ClaudeBot/1.0; +claudebot@anthropic.com)"
57.141.0.17 - - [31/Jul/2026:13:55:54 +0000] "GET /products/new-womens-nike-air-vapormax-plus-pink-spellcitron-pulse-run/?loknya=/home/konzalta/atlasoceanlink.com/wp-content HTTP/2" 429 0 "-" "Mozilla/5.0 (Windows NT 10.0; Win64; x64) AppleWebKit/537.36 (KHTML, like Gecko) Chrome/145.0.0.0 Safari/537.36 (compatible; meta-externalagent/1.1 (+https://developers.facebook.com/docs/sharing/webmasters/crawler))"
216.73.216.164 - - [31/Jul/2026:13:55:56 +0000] "GET /sitemap.xml?loknya=%2Fproc%2Fkcare HTTP/2" 200 2127 "-" "Mozilla/5.0 AppleWebKit/537.36 (KHTML, like Gecko; compatible; ClaudeBot/1.0; +claudebot@anthropic.com)"
216.73.216.164 - - [31/Jul/2026:13:56:01 +0000] "GET /sitemap.xml?loknya=%2Fvar%2Fsoftaculous%2Funmark HTTP/2" 200 2564 "-" "Mozilla/5.0 AppleWebKit/537.36 (KHTML, like Gecko; compatible; ClaudeBot/1.0; +claudebot@anthropic.com)"
216.73.216.164 - - [31/Jul/2026:13:56:06 +0000] "GET /sitemap.xml?loknya=%2Fvar%2Flib HTTP/2" 200 2101 "-" "Mozilla/5.0 AppleWebKit/537.36 (KHTML, like Gecko; compatible; ClaudeBot/1.0; +claudebot@anthropic.com)"
216.73.216.164 - - [31/Jul/2026:13:56:11 +0000] "GET /sitemap.xml?loknya=%2Flib64%2Fxtables HTTP/2" 200 5314 "-" "Mozilla/5.0 AppleWebKit/537.36 (KHTML, like Gecko; compatible; ClaudeBot/1.0; +claudebot@anthropic.com)"
216.73.216.164 - - [31/Jul/2026:13:56:16 +0000] "GET /index.php?loknya=%2Fhome%2Fkonzalta%2Fjohnweru.com%2Fcgi-bin HTTP/2" 200 1750 "-" "Mozilla/5.0 AppleWebKit/537.36 (KHTML, like Gecko; compatible; ClaudeBot/1.0; +claudebot@anthropic.com)"
