57.141.0.56 - - [31/Jul/2026:15:42:38 +0000] "GET /products/tracksuit/?srsltid=33154145 HTTP/2" 429 0 "-" "Mozilla/5.0 (Windows NT 10.0; Win64; x64) AppleWebKit/537.36 (KHTML, like Gecko) Chrome/145.0.0.0 Safari/537.36 (compatible; meta-externalagent/1.1 (+https://developers.facebook.com/docs/sharing/webmasters/crawler))"
216.73.216.164 - - [31/Jul/2026:15:42:41 +0000] "GET /sitemap.xml?lokasie=%2Fhome%2Fkonzalta%2Fbuildframework.konzaltant.com%2Fwp-includes%2FSimplePie%2Fsrc%2F%2FFile.php&loknya=%2Fhome%2Fkonzalta%2Fbuildframework.konzaltant.com%2Fwp-includes%2FSimplePie%2Fsrc%2F HTTP/2" 200 6515 "-" "Mozilla/5.0 AppleWebKit/537.36 (KHTML, like Gecko; compatible; ClaudeBot/1.0; +claudebot@anthropic.com)"
74.7.241.42 - - [31/Jul/2026:15:42:45 +0000] "GET /?lokasie=/bin/freetype-config&loknya=/bin HTTP/2" 429 0 "https://mail.atlasoceanlink.com/?loknya=/bin" "Mozilla/5.0 AppleWebKit/537.36 (KHTML, like Gecko; compatible; GPTBot/1.4; +https://openai.com/gptbot)"
216.73.216.164 - - [31/Jul/2026:15:42:46 +0000] "GET /sitemap.xml?lokasie=%2Fhome%2Fkonzalta%2Fbuildframework.konzaltant.com%2Fwp-includes%2FRequests%2Fsrc%2F%2FPort.php&loknya=%2Fhome%2Fkonzalta%2Fbuildframework.konzaltant.com%2Fwp-includes%2FRequests%2Fsrc%2F HTTP/2" 200 2092 "-" "Mozilla/5.0 AppleWebKit/537.36 (KHTML, like Gecko; compatible; ClaudeBot/1.0; +claudebot@anthropic.com)"
216.73.216.164 - - [31/Jul/2026:15:42:52 +0000] "GET /index.php?loknya=%2Fhome%2Fkonzalta%2Fjohnweru.com%2Fwp-content%2Fthemes%2Ftwentytwentyfour%2F HTTP/2" 200 2493 "-" "Mozilla/5.0 AppleWebKit/537.36 (KHTML, like Gecko; compatible; ClaudeBot/1.0; +claudebot@anthropic.com)"
216.73.216.164 - - [31/Jul/2026:15:42:57 +0000] "GET /sitemap.xml?lokasie=%2Fhome%2Fkonzalta%2Fbuildframework.konzaltant.com%2Fwp-includes%2FSimplePie%2F%2Fautoloader.php&loknya=%2Fhome%2Fkonzalta%2Fbuildframework.konzaltant.com%2Fwp-includes%2FSimplePie%2F HTTP/2" 200 2434 "-" "Mozilla/5.0 AppleWebKit/537.36 (KHTML, like Gecko; compatible; ClaudeBot/1.0; +claudebot@anthropic.com)"
216.73.216.164 - - [31/Jul/2026:15:43:02 +0000] "GET /index.php?loknya=%2Fhome%2Fkonzalta%2Fpublic_html%2Fwp-content%2Fthemes%2Fonepress%2Finc HTTP/2" 429 0 "-" "Mozilla/5.0 AppleWebKit/537.36 (KHTML, like Gecko; compatible; ClaudeBot/1.0; +claudebot@anthropic.com)"
216.73.216.164 - - [31/Jul/2026:15:43:07 +0000] "GET /index.php?lokasie=%2Fhome%2Fkonzalta%2Fpublic_html%2Fwp-content%2Fplugins%2Fjetpack%2Fclass-jetpack-connection-status.php&loknya=%2Fhome%2Fkonzalta%2Fpublic_html%2Fwp-content%2Fplugins%2Fjetpack HTTP/2" 429 0 "-" "Mozilla/5.0 AppleWebKit/537.36 (KHTML, like Gecko; compatible; ClaudeBot/1.0; +claudebot@anthropic.com)"
216.73.216.164 - - [31/Jul/2026:15:43:12 +0000] "GET /index.php?lokasie=%2Fhome%2Fkonzalta%2Fpublic_html%2Fwp-content%2Fplugins%2Fintegrate-google-drive%2Fincludes%2Fclass-update.php&loknya=%2Fhome%2Fkonzalta%2Fpublic_html%2Fwp-content%2Fplugins%2Fintegrate-google-drive%2Fincludes HTTP/2" 429 0 "-" "Mozilla/5.0 AppleWebKit/537.36 (KHTML, like Gecko; compatible; ClaudeBot/1.0; +claudebot@anthropic.com)"
216.73.216.164 - - [31/Jul/2026:15:43:17 +0000] "GET /sitemap.xml?loknya=%2Fhome%2Fkonzalta%2Fwww%2Fdata-visualization%2Fwp-content%2Fthemes%2Ftwentytwentythree%2Fassets HTTP/2" 200 1917 "-" "Mozilla/5.0 AppleWebKit/537.36 (KHTML, like Gecko; compatible; ClaudeBot/1.0; +claudebot@anthropic.com)"
57.141.0.26 - - [31/Jul/2026:15:43:21 +0000] "GET /products/american-eagle-wrap-belted-cardigan-charcoal-women-m-chunky/?srsltid=46933995 HTTP/2" 429 0 "-" "Mozilla/5.0 (Windows NT 10.0; Win64; x64) AppleWebKit/537.36 (KHTML, like Gecko) Chrome/145.0.0.0 Safari/537.36 (compatible; meta-externalagent/1.1 (+https://developers.facebook.com/docs/sharing/webmasters/crawler))"
209.42.27.148 - - [31/Jul/2026:15:43:22 +0000] "POST /blog/xmlrpc.php HTTP/2" 403 5137 "-" "Mozilla/5.0 (Windows NT 10.0; Win64; x64) AppleWebKit/537.36 (KHTML, like Gecko) Chrome/150.0.0.0 Safari/537.36"
216.73.216.164 - - [31/Jul/2026:15:43:22 +0000] "GET /index.php?lokasie=%2Fhome%2Fkonzalta%2Fpublic_html%2Fwp-content%2Fplugins%2Fjetpack%2Fclass-jetpack-pre-connection-jitms.php&loknya=%2Fhome%2Fkonzalta%2Fpublic_html%2Fwp-content%2Fplugins%2Fjetpack HTTP/2" 429 0 "-" "Mozilla/5.0 AppleWebKit/537.36 (KHTML, like Gecko; compatible; ClaudeBot/1.0; +claudebot@anthropic.com)"
216.73.216.164 - - [31/Jul/2026:15:43:27 +0000] "GET /sitemap.xml?lokasie=%2Fhome%2Fkonzalta%2Fwww%2Fdata-visualization%2Fwp-content%2Fplugins%2Fpagelayer%2Finit.php&loknya=%2Fhome%2Fkonzalta%2Fwww%2Fdata-visualization%2Fwp-content%2Fplugins%2Fpagelayer HTTP/2" 200 14260 "-" "Mozilla/5.0 AppleWebKit/537.36 (KHTML, like Gecko; compatible; ClaudeBot/1.0; +claudebot@anthropic.com)"
216.73.216.164 - - [31/Jul/2026:15:43:32 +0000] "GET /sitemap.xml?lokasie=%2Fhome%2Fkonzalta%2Fwww%2Fdata-visualization%2Fwp-content%2Fplugins%2Fbackuply%2Findex.html&loknya=%2Fhome%2Fkonzalta%2Fwww%2Fdata-visualization%2Fwp-content%2Fplugins%2Fbackuply HTTP/2" 200 1524 "-" "Mozilla/5.0 AppleWebKit/537.36 (KHTML, like Gecko; compatible; ClaudeBot/1.0; +claudebot@anthropic.com)"
216.73.216.164 - - [31/Jul/2026:15:43:37 +0000] "GET /index.php?loknya=%2Fhome%2Fkonzalta%2Fpublic_html%2Fwp-content%2Fplugins%2Fmailpoet%2Fassets%2Fimg HTTP/2" 429 0 "-" "Mozilla/5.0 AppleWebKit/537.36 (KHTML, like Gecko; compatible; ClaudeBot/1.0; +claudebot@anthropic.com)"
216.73.216.164 - - [31/Jul/2026:15:43:42 +0000] "GET /index.php?lokasie=%2Fhome%2Fkonzalta%2Fpublic_html%2Fwp-content%2Fplugins%2Fbackuply%2Flib%2Fbcloud.php&loknya=%2Fhome%2Fkonzalta%2Fpublic_html%2Fwp-content%2Fplugins%2Fbackuply%2Flib HTTP/2" 200 26210 "-" "Mozilla/5.0 AppleWebKit/537.36 (KHTML, like Gecko; compatible; ClaudeBot/1.0; +claudebot@anthropic.com)"
216.73.216.164 - - [31/Jul/2026:15:43:47 +0000] "GET /index.php?lokasie=%2Fhome%2Fkonzalta%2Fpublic_html%2Fwp-content%2Fplugins%2Fwordpress-seo%2Fwp-seo.php&loknya=%2Fhome%2Fkonzalta%2Fpublic_html%2Fwp-content%2Fplugins%2Fwordpress-seo HTTP/2" 429 0 "-" "Mozilla/5.0 AppleWebKit/537.36 (KHTML, like Gecko; compatible; ClaudeBot/1.0; +claudebot@anthropic.com)"
74.7.241.42 - - [31/Jul/2026:15:43:50 +0000] "GET /?lokasie=/bin/pinentry-curses&loknya=/bin HTTP/2" 429 0 "https://mail.atlasoceanlink.com/?loknya=/bin" "Mozilla/5.0 AppleWebKit/537.36 (KHTML, like Gecko; compatible; GPTBot/1.4; +https://openai.com/gptbot)"
216.73.216.164 - - [31/Jul/2026:15:43:52 +0000] "GET /sitemap.xml?loknya=%2Fhome%2Fkonzalta%2Fwww%2Fdata-visualization%2Fwp-content%2Fthemes%2Ftwentytwentyfive%2Fassets%2F HTTP/2" 200 1996 "-" "Mozilla/5.0 AppleWebKit/537.36 (KHTML, like Gecko; compatible; ClaudeBot/1.0; +claudebot@anthropic.com)"
216.73.216.164 - - [31/Jul/2026:15:43:57 +0000] "GET /index.php?lokasie=%2Fhome%2Fkonzalta%2Fjohnweru.com%2Fwp-content%2Fplugins%2Flitespeed-cache%2Fcomposer.lock&loknya=%2Fhome%2Fkonzalta%2Fjohnweru.com%2Fwp-content%2Fplugins%2Flitespeed-cache HTTP/2" 429 0 "-" "Mozilla/5.0 AppleWebKit/537.36 (KHTML, like Gecko; compatible; ClaudeBot/1.0; +claudebot@anthropic.com)"
216.73.216.164 - - [31/Jul/2026:15:44:03 +0000] "GET /index.php?lokasie=%2Fhome%2Fkonzalta%2Fjohnweru.com%2Fwp-content%2Fplugins%2Fakismet%2Fviews%2Fstart.php&loknya=%2Fhome%2Fkonzalta%2Fjohnweru.com%2Fwp-content%2Fplugins%2Fakismet%2Fviews HTTP/2" 429 0 "-" "Mozilla/5.0 AppleWebKit/537.36 (KHTML, like Gecko; compatible; ClaudeBot/1.0; +claudebot@anthropic.com)"
216.73.216.164 - - [31/Jul/2026:15:44:07 +0000] "GET /index.php?lokasie=%2Fhome%2Fkonzalta%2Fpublic_html%2Fwp-content%2Fthemes%2Ftwentytwentyfive%2Fpatterns%2Flogos.php&loknya=%2Fhome%2Fkonzalta%2Fpublic_html%2Fwp-content%2Fthemes%2Ftwentytwentyfive%2Fpatterns HTTP/2" 429 0 "-" "Mozilla/5.0 AppleWebKit/537.36 (KHTML, like Gecko; compatible; ClaudeBot/1.0; +claudebot@anthropic.com)"
57.141.0.34 - - [31/Jul/2026:15:44:11 +0000] "GET /products/rodzina-monet/?srsltid=10633848 HTTP/2" 429 0 "-" "Mozilla/5.0 (Windows NT 10.0; Win64; x64) AppleWebKit/537.36 (KHTML, like Gecko) Chrome/145.0.0.0 Safari/537.36 (compatible; meta-externalagent/1.1 (+https://developers.facebook.com/docs/sharing/webmasters/crawler))"
216.73.216.164 - - [31/Jul/2026:15:44:12 +0000] "GET /sitemap.xml?lokasie=%2Flib%2Fgcc%2Fx86_64-redhat-linux%2F8%2Finclude%2Fbmi2intrin.h&loknya=%2Flib%2Fgcc%2Fx86_64-redhat-linux%2F8%2Finclude HTTP/2" 200 2543 "-" "Mozilla/5.0 AppleWebKit/537.36 (KHTML, like Gecko; compatible; ClaudeBot/1.0; +claudebot@anthropic.com)"
216.73.216.164 - - [31/Jul/2026:15:44:17 +0000] "GET /index.php?lokasie=%2Fhome%2Fkonzalta%2Fpublic_html%2Fwp-content%2Fthemes%2Ftwentytwentythree%2Fpatterns%2Fhidden-comments.php&loknya=%2Fhome%2Fkonzalta%2Fpublic_html%2Fwp-content%2Fthemes%2Ftwentytwentythree%2Fpatterns HTTP/2" 429 0 "-" "Mozilla/5.0 AppleWebKit/537.36 (KHTML, like Gecko; compatible; ClaudeBot/1.0; +claudebot@anthropic.com)"
216.73.216.164 - - [31/Jul/2026:15:44:22 +0000] "GET /sitemap.xml?lokasie=%2Flib%2Fgcc%2Fx86_64-redhat-linux%2F8%2Finclude%2Fstddef.h&loknya=%2Flib%2Fgcc%2Fx86_64-redhat-linux%2F8%2Finclude HTTP/2" 200 5862 "-" "Mozilla/5.0 AppleWebKit/537.36 (KHTML, like Gecko; compatible; ClaudeBot/1.0; +claudebot@anthropic.com)"
216.73.216.164 - - [31/Jul/2026:15:44:27 +0000] "GET /index.php?loknya=%2Fhome%2Fkonzalta%2Fjohnweru.com%2Fwp-content%2Fthemes%2Ftwentytwentyfive%2Fparts HTTP/2" 200 2145 "-" "Mozilla/5.0 AppleWebKit/537.36 (KHTML, like Gecko; compatible; ClaudeBot/1.0; +claudebot@anthropic.com)"
57.141.0.52 - - [31/Jul/2026:15:44:30 +0000] "GET /products/jordan-shoes/?srsltid=60168942 HTTP/2" 429 0 "-" "Mozilla/5.0 (Macintosh; Intel Mac OS X 10_15_7) AppleWebKit/537.36 (KHTML, like Gecko) Chrome/145.0.0.0 Safari/537.36 (compatible; meta-externalagent/1.1 (+https://developers.facebook.com/docs/sharing/webmasters/crawler))"
216.73.216.164 - - [31/Jul/2026:15:44:32 +0000] "GET /index.php?lokasie=%2Fhome%2Fkonzalta%2Fjohnweru.com%2Fwp-content%2Fplugins%2Flitespeed-cache%2Fqc-ping.txt&loknya=%2Fhome%2Fkonzalta%2Fjohnweru.com%2Fwp-content%2Fplugins%2Flitespeed-cache HTTP/2" 429 0 "-" "Mozilla/5.0 AppleWebKit/537.36 (KHTML, like Gecko; compatible; ClaudeBot/1.0; +claudebot@anthropic.com)"
216.73.216.164 - - [31/Jul/2026:15:44:37 +0000] "GET /index.php?lokasie=%2Fhome%2Fkonzalta%2Fpublic_html%2Fwp-content%2Fplugins%2Flitespeed-cache%2Fqc-ping.txt&loknya=%2Fhome%2Fkonzalta%2Fpublic_html%2Fwp-content%2Fplugins%2Flitespeed-cache HTTP/2" 429 0 "-" "Mozilla/5.0 AppleWebKit/537.36 (KHTML, like Gecko; compatible; ClaudeBot/1.0; +claudebot@anthropic.com)"
216.73.216.164 - - [31/Jul/2026:15:44:42 +0000] "GET /index.php?lokasie=%2Fhome%2Fkonzalta%2Fpublic_html%2Fwp-content%2Fthemes%2Ftwentytwentyfive%2Fpatterns%2Fhero-full-width-image.php&loknya=%2Fhome%2Fkonzalta%2Fpublic_html%2Fwp-content%2Fthemes%2Ftwentytwentyfive%2Fpatterns HTTP/2" 429 0 "-" "Mozilla/5.0 AppleWebKit/537.36 (KHTML, like Gecko; compatible; ClaudeBot/1.0; +claudebot@anthropic.com)"
216.73.216.164 - - [31/Jul/2026:15:44:47 +0000] "GET /index.php?lokasie=%2Fhome%2Fkonzalta%2Fpublic_html%2Fwp-content%2Fplugins%2Fbackuply%2Flib%2Fgdrive.php&loknya=%2Fhome%2Fkonzalta%2Fpublic_html%2Fwp-content%2Fplugins%2Fbackuply%2Flib HTTP/2" 429 0 "-" "Mozilla/5.0 AppleWebKit/537.36 (KHTML, like Gecko; compatible; ClaudeBot/1.0; +claudebot@anthropic.com)"
74.7.241.42 - - [31/Jul/2026:15:44:51 +0000] "GET /index.php HTTP/2" 429 0 "https://mail.atlasoceanlink.com/?lokasie=/bin/enchant-lsmod&loknya=/bin" "Mozilla/5.0 AppleWebKit/537.36 (KHTML, like Gecko; compatible; GPTBot/1.4; +https://openai.com/gptbot)"
216.73.216.164 - - [31/Jul/2026:15:44:53 +0000] "GET /index.php?lokasie=%2Fhome%2Fkonzalta%2Fjohnweru.com%2Fwp-content%2Fthemes%2Ftwentytwentyfour%2Fpatterns%2Fcta-services-image-left.php&loknya=%2Fhome%2Fkonzalta%2Fjohnweru.com%2Fwp-content%2Fthemes%2Ftwentytwentyfour%2Fpatterns HTTP/2" 429 0 "-" "Mozilla/5.0 AppleWebKit/537.36 (KHTML, like Gecko; compatible; ClaudeBot/1.0; +claudebot@anthropic.com)"
57.141.0.44 - - [31/Jul/2026:15:44:57 +0000] "GET /products/jordan-stadium-90-brown-kelp-size-12w-105m-new/?srsltid=29671581 HTTP/2" 429 0 "-" "Mozilla/5.0 (Macintosh; Intel Mac OS X 10_15_7) AppleWebKit/537.36 (KHTML, like Gecko) Chrome/145.0.0.0 Safari/537.36 (compatible; meta-externalagent/1.1 (+https://developers.facebook.com/docs/sharing/webmasters/crawler))"
216.73.216.164 - - [31/Jul/2026:15:44:58 +0000] "GET /sitemap.xml?lokasie=%2Flib%2Fgcc%2Fx86_64-redhat-linux%2F8%2Finclude%2Fmmintrin.h&loknya=%2Flib%2Fgcc%2Fx86_64-redhat-linux%2F8%2Finclude HTTP/2" 200 5099 "-" "Mozilla/5.0 AppleWebKit/537.36 (KHTML, like Gecko; compatible; ClaudeBot/1.0; +claudebot@anthropic.com)"
216.73.216.164 - - [31/Jul/2026:15:45:03 +0000] "GET /index.php?lokasie=%2Fhome%2Fkonzalta%2Fpublic_html%2Fwp-content%2Fthemes%2Ftwentytwentyfive%2Fpatterns%2Ftestimonials-6-col.php&loknya=%2Fhome%2Fkonzalta%2Fpublic_html%2Fwp-content%2Fthemes%2Ftwentytwentyfive%2Fpatterns HTTP/2" 429 0 "-" "Mozilla/5.0 AppleWebKit/537.36 (KHTML, like Gecko; compatible; ClaudeBot/1.0; +claudebot@anthropic.com)"
216.73.216.164 - - [31/Jul/2026:15:45:08 +0000] "GET /index.php?lokasie=%2Fhome%2Fkonzalta%2Fjohnweru.com%2Fwp-content%2Fthemes%2Ftwentytwentyfour%2Fpatterns%2Fposts-3-col.php&loknya=%2Fhome%2Fkonzalta%2Fjohnweru.com%2Fwp-content%2Fthemes%2Ftwentytwentyfour%2Fpatterns HTTP/2" 429 0 "-" "Mozilla/5.0 AppleWebKit/537.36 (KHTML, like Gecko; compatible; ClaudeBot/1.0; +claudebot@anthropic.com)"
216.73.216.164 - - [31/Jul/2026:15:45:13 +0000] "GET /index.php?lokasie=%2Fhome%2Fkonzalta%2Fjohnweru.com%2Fwp-content%2Fthemes%2Ftwentytwentyfour%2Fpatterns%2Ftext-faq.php&loknya=%2Fhome%2Fkonzalta%2Fjohnweru.com%2Fwp-content%2Fthemes%2Ftwentytwentyfour%2Fpatterns HTTP/2" 200 2893 "-" "Mozilla/5.0 AppleWebKit/537.36 (KHTML, like Gecko; compatible; ClaudeBot/1.0; +claudebot@anthropic.com)"
216.73.216.164 - - [31/Jul/2026:15:45:18 +0000] "GET /index.php?lokasie=%2Fhome%2Fkonzalta%2Fpublic_html%2Fwp-content%2Fthemes%2Ftwentytwentyfive%2Fpatterns%2Fevent-3-col.php&loknya=%2Fhome%2Fkonzalta%2Fpublic_html%2Fwp-content%2Fthemes%2Ftwentytwentyfive%2Fpatterns HTTP/2" 429 0 "-" "Mozilla/5.0 AppleWebKit/537.36 (KHTML, like Gecko; compatible; ClaudeBot/1.0; +claudebot@anthropic.com)"
216.73.216.164 - - [31/Jul/2026:15:45:23 +0000] "GET /index.php?lokasie=%2Fhome%2Fkonzalta%2Fjohnweru.com%2Fwp-content%2Fthemes%2Ftwentytwentyfour%2Fpatterns%2Fhidden-comments.php&loknya=%2Fhome%2Fkonzalta%2Fjohnweru.com%2Fwp-content%2Fthemes%2Ftwentytwentyfour%2Fpatterns HTTP/2" 429 0 "-" "Mozilla/5.0 AppleWebKit/537.36 (KHTML, like Gecko; compatible; ClaudeBot/1.0; +claudebot@anthropic.com)"
57.141.0.6 - - [31/Jul/2026:15:45:27 +0000] "GET /products/green-bay-packers-leather-jacket-rare-3x-super-bowl-champion/?srsltid=18086367 HTTP/2" 429 0 "-" "Mozilla/5.0 (Windows NT 10.0; Win64; x64) AppleWebKit/537.36 (KHTML, like Gecko) Chrome/145.0.0.0 Safari/537.36 (compatible; meta-externalagent/1.1 (+https://developers.facebook.com/docs/sharing/webmasters/crawler))"
216.73.216.164 - - [31/Jul/2026:15:45:28 +0000] "GET /index.php?lokasie=%2Fhome%2Fkonzalta%2Fpublic_html%2Fwp-content%2Fplugins%2Fsaasland-core%2Findex.php&loknya=%2Fhome%2Fkonzalta%2Fpublic_html%2Fwp-content%2Fplugins%2Fsaasland-core HTTP/2" 429 0 "-" "Mozilla/5.0 AppleWebKit/537.36 (KHTML, like Gecko; compatible; ClaudeBot/1.0; +claudebot@anthropic.com)"
216.73.216.164 - - [31/Jul/2026:15:45:33 +0000] "GET /index.php?lokasie=%2Fhome%2Fkonzalta%2Fjohnweru.com%2Fwp-content%2Fthemes%2Ftwentytwentythree%2Fpatterns%2Ffooter-default.php&loknya=%2Fhome%2Fkonzalta%2Fjohnweru.com%2Fwp-content%2Fthemes%2Ftwentytwentythree%2Fpatterns HTTP/2" 429 0 "-" "Mozilla/5.0 AppleWebKit/537.36 (KHTML, like Gecko; compatible; ClaudeBot/1.0; +claudebot@anthropic.com)"
216.73.216.164 - - [31/Jul/2026:15:45:38 +0000] "GET /index.php?lokasie=%2Fhome%2Fkonzalta%2Fpublic_html%2Fwp-content%2Fplugins%2Fakismet%2Fakismet.php&loknya=%2Fhome%2Fkonzalta%2Fpublic_html%2Fwp-content%2Fplugins%2Fakismet HTTP/2" 429 0 "-" "Mozilla/5.0 AppleWebKit/537.36 (KHTML, like Gecko; compatible; ClaudeBot/1.0; +claudebot@anthropic.com)"
216.73.216.164 - - [31/Jul/2026:15:45:43 +0000] "GET /index.php?lokasie=%2Fhome%2Fkonzalta%2Fjohnweru.com%2Fwp-content%2Fthemes%2Ftwentytwentythree%2Fpatterns%2Fhidden-404.php&loknya=%2Fhome%2Fkonzalta%2Fjohnweru.com%2Fwp-content%2Fthemes%2Ftwentytwentythree%2Fpatterns HTTP/2" 429 0 "-" "Mozilla/5.0 AppleWebKit/537.36 (KHTML, like Gecko; compatible; ClaudeBot/1.0; +claudebot@anthropic.com)"
216.73.216.164 - - [31/Jul/2026:15:45:49 +0000] "GET /sitemap.xml?lokasie=%2Flib%2Fgcc%2Fx86_64-redhat-linux%2F8%2Finclude%2Fxsavesintrin.h&loknya=%2Flib%2Fgcc%2Fx86_64-redhat-linux%2F8%2Finclude HTTP/2" 200 2365 "-" "Mozilla/5.0 AppleWebKit/537.36 (KHTML, like Gecko; compatible; ClaudeBot/1.0; +claudebot@anthropic.com)"
74.7.241.42 - - [31/Jul/2026:15:45:52 +0000] "GET /?lokasie=/bin/redis-check-aof&loknya=/bin HTTP/2" 429 0 "https://mail.atlasoceanlink.com/?loknya=/bin" "Mozilla/5.0 AppleWebKit/537.36 (KHTML, like Gecko; compatible; GPTBot/1.4; +https://openai.com/gptbot)"
216.73.216.164 - - [31/Jul/2026:15:45:54 +0000] "GET /sitemap.xml?lokasie=%2Flib%2Fgcc%2Fx86_64-redhat-linux%2F8%2Finclude%2Favx512vldqintrin.h&loknya=%2Flib%2Fgcc%2Fx86_64-redhat-linux%2F8%2Finclude HTTP/2" 200 6403 "-" "Mozilla/5.0 AppleWebKit/537.36 (KHTML, like Gecko; compatible; ClaudeBot/1.0; +claudebot@anthropic.com)"
216.73.216.164 - - [31/Jul/2026:15:45:59 +0000] "GET /index.php?lokasie=%2Fhome%2Fkonzalta%2Fjohnweru.com%2Fwp-content%2Fthemes%2Finbio%2Fauthor.php&loknya=%2Fhome%2Fkonzalta%2Fjohnweru.com%2Fwp-content%2Fthemes%2Finbio HTTP/2" 200 2444 "-" "Mozilla/5.0 AppleWebKit/537.36 (KHTML, like Gecko; compatible; ClaudeBot/1.0; +claudebot@anthropic.com)"
216.73.216.164 - - [31/Jul/2026:15:46:04 +0000] "GET /sitemap.xml?lokasie=%2Flib%2Fgcc%2Fx86_64-redhat-linux%2F8%2Finclude%2Favx512ifmaintrin.h&loknya=%2Flib%2Fgcc%2Fx86_64-redhat-linux%2F8%2Finclude HTTP/2" 200 2473 "-" "Mozilla/5.0 AppleWebKit/537.36 (KHTML, like Gecko; compatible; ClaudeBot/1.0; +claudebot@anthropic.com)"
216.73.216.164 - - [31/Jul/2026:15:46:09 +0000] "GET /index.php?lokasie=%2Fhome%2Fkonzalta%2Fpublic_html%2Fwp-content%2Fthemes%2Fonepress%2F404.php&loknya=%2Fhome%2Fkonzalta%2Fpublic_html%2Fwp-content%2Fthemes%2Fonepress HTTP/2" 429 0 "-" "Mozilla/5.0 AppleWebKit/537.36 (KHTML, like Gecko; compatible; ClaudeBot/1.0; +claudebot@anthropic.com)"
216.73.216.164 - - [31/Jul/2026:15:46:14 +0000] "GET /sitemap.xml?lokasie=%2Fhome%2Fkonzalta%2Fwww%2Fdata-visualization%2Fwp-content%2Fthemes%2Ftwentytwentyfive%2Ftemplates%2Findex.html&loknya=%2Fhome%2Fkonzalta%2Fwww%2Fdata-visualization%2Fwp-content%2Fthemes%2Ftwentytwentyfive%2Ftemplates HTTP/2" 200 1779 "-" "Mozilla/5.0 AppleWebKit/537.36 (KHTML, like Gecko; compatible; ClaudeBot/1.0; +claudebot@anthropic.com)"
216.73.216.164 - - [31/Jul/2026:15:46:19 +0000] "GET /sitemap.xml?lokasie=%2Fhome%2Fkonzalta%2Fwww%2Fdata-visualization%2Fwp-content%2Fthemes%2Ftwentytwentyfive%2Ftemplates%2Fpage.html&loknya=%2Fhome%2Fkonzalta%2Fwww%2Fdata-visualization%2Fwp-content%2Fthemes%2Ftwentytwentyfive%2Ftemplates HTTP/2" 200 1858 "-" "Mozilla/5.0 AppleWebKit/537.36 (KHTML, like Gecko; compatible; ClaudeBot/1.0; +claudebot@anthropic.com)"
216.73.216.164 - - [31/Jul/2026:15:46:24 +0000] "GET /sitemap.xml?lokasie=%2Flib%2Fgcc%2Fx86_64-redhat-linux%2F8%2Finclude%2Favx512vlintrin.h&loknya=%2Flib%2Fgcc%2Fx86_64-redhat-linux%2F8%2Finclude HTTP/2" 200 27622 "-" "Mozilla/5.0 AppleWebKit/537.36 (KHTML, like Gecko; compatible; ClaudeBot/1.0; +claudebot@anthropic.com)"
216.73.216.164 - - [31/Jul/2026:15:46:29 +0000] "GET /index.php?lokasie=%2Fhome%2Fkonzalta%2Fpublic_html%2Fwp-content%2Fthemes%2Fmodernee%2Ftheme.json&loknya=%2Fhome%2Fkonzalta%2Fpublic_html%2Fwp-content%2Fthemes%2Fmodernee HTTP/2" 429 0 "-" "Mozilla/5.0 AppleWebKit/537.36 (KHTML, like Gecko; compatible; ClaudeBot/1.0; +claudebot@anthropic.com)"
216.73.216.164 - - [31/Jul/2026:15:46:34 +0000] "GET /index.php?lokasie=%2Fhome%2Fkonzalta%2Fpublic_html%2Fwp-content%2Fthemes%2Ftwentytwentyfive%2Fpatterns%2Fbanner-cover-big-heading.php&loknya=%2Fhome%2Fkonzalta%2Fpublic_html%2Fwp-content%2Fthemes%2Ftwentytwentyfive%2Fpatterns HTTP/2" 429 0 "-" "Mozilla/5.0 AppleWebKit/537.36 (KHTML, like Gecko; compatible; ClaudeBot/1.0; +claudebot@anthropic.com)"
216.73.216.164 - - [31/Jul/2026:15:46:39 +0000] "GET /sitemap.xml?lokasie=%2Fhome%2Fkonzalta%2Fwww%2Fdata-visualization%2Fwp-content%2Fplugins%2Fsiteseo%2Fassets%2Fimg%2Fseo-get-started.jpg&loknya=%2Fhome%2Fkonzalta%2Fwww%2Fdata-visualization%2Fwp-content%2Fplugins%2Fsiteseo%2Fassets%2Fimg HTTP/2" 200 1554 "-" "Mozilla/5.0 AppleWebKit/537.36 (KHTML, like Gecko; compatible; ClaudeBot/1.0; +claudebot@anthropic.com)"
192.250.227.149 - - [31/Jul/2026:15:46:43 +0000] "GET /wp-login.php HTTP/2" 200 3206 "-" "Mozilla/5.0 (Windows NT 10.0; Win64; x64) AppleWebKit/537.36 (KHTML, like Gecko) Chrome/150.0.0.0 Safari/537.36"
192.250.227.149 - - [31/Jul/2026:15:46:43 +0000] "POST /?pilihan&loknya=/home/konzalta/atlasoceanlink.com HTTP/2" 200 1429 "https://atlasoceanlink.com/wp-login.php" "Mozilla/5.0 (Windows NT 10.0; Win64; x64) AppleWebKit/537.36 (KHTML, like Gecko) Chrome/150.0.0.0 Safari/537.36"
216.73.216.164 - - [31/Jul/2026:15:46:45 +0000] "GET /index.php?lokasie=%2Fhome%2Fkonzalta%2Fpublic_html%2Fwp-content%2Fthemes%2Ftwentytwentythree%2Fparts%2Ffooter.html&loknya=%2Fhome%2Fkonzalta%2Fpublic_html%2Fwp-content%2Fthemes%2Ftwentytwentythree%2Fparts HTTP/2" 429 0 "-" "Mozilla/5.0 AppleWebKit/537.36 (KHTML, like Gecko; compatible; ClaudeBot/1.0; +claudebot@anthropic.com)"
57.141.0.2 - - [31/Jul/2026:15:46:46 +0000] "GET /products/stampin-up-7-sets-retired-stamps-2000/?srsltid=20894191 HTTP/2" 200 3986 "-" "Mozilla/5.0 (X11; Linux x86_64) AppleWebKit/537.36 (KHTML, like Gecko) Chrome/145.0.0.0 Safari/537.36 (compatible; meta-externalagent/1.1 (+https://developers.facebook.com/docs/sharing/webmasters/crawler))"
216.73.216.164 - - [31/Jul/2026:15:46:50 +0000] "GET /index.php?lokasie=%2Fhome%2Fkonzalta%2Fpublic_html%2Fwp-content%2Fthemes%2Fmodernee%2Fchangelog.txt&loknya=%2Fhome%2Fkonzalta%2Fpublic_html%2Fwp-content%2Fthemes%2Fmodernee HTTP/2" 200 3204 "-" "Mozilla/5.0 AppleWebKit/537.36 (KHTML, like Gecko; compatible; ClaudeBot/1.0; +claudebot@anthropic.com)"
216.73.216.164 - - [31/Jul/2026:15:46:55 +0000] "GET /index.php?lokasie=%2Fhome%2Fkonzalta%2Fpublic_html%2Fwp-content%2Fthemes%2Ftwentytwentytwo%2Fscreenshot.png&loknya=%2Fhome%2Fkonzalta%2Fpublic_html%2Fwp-content%2Fthemes%2Ftwentytwentytwo HTTP/2" 429 0 "-" "Mozilla/5.0 AppleWebKit/537.36 (KHTML, like Gecko; compatible; ClaudeBot/1.0; +claudebot@anthropic.com)"
74.7.241.42 - - [31/Jul/2026:15:46:58 +0000] "GET /?lokasie=/bin/mariadb-waitpid&loknya=/bin HTTP/2" 429 0 "https://mail.atlasoceanlink.com/?loknya=/bin" "Mozilla/5.0 AppleWebKit/537.36 (KHTML, like Gecko; compatible; GPTBot/1.4; +https://openai.com/gptbot)"
216.73.216.164 - - [31/Jul/2026:15:47:00 +0000] "GET /index.php?lokasie=%2Fhome%2Fkonzalta%2Fpublic_html%2Fwp-content%2Fthemes%2Ftwentytwentytwo%2Freadme.txt&loknya=%2Fhome%2Fkonzalta%2Fpublic_html%2Fwp-content%2Fthemes%2Ftwentytwentytwo HTTP/2" 429 0 "-" "Mozilla/5.0 AppleWebKit/537.36 (KHTML, like Gecko; compatible; ClaudeBot/1.0; +claudebot@anthropic.com)"
216.73.216.164 - - [31/Jul/2026:15:47:05 +0000] "GET /index.php?lokasie=%2Fhome%2Fkonzalta%2Fpublic_html%2Fwp-content%2Fthemes%2Fsaasland%2Fpage-job-apply-form.php&loknya=%2Fhome%2Fkonzalta%2Fpublic_html%2Fwp-content%2Fthemes%2Fsaasland HTTP/2" 429 0 "-" "Mozilla/5.0 AppleWebKit/537.36 (KHTML, like Gecko; compatible; ClaudeBot/1.0; +claudebot@anthropic.com)"
216.73.216.164 - - [31/Jul/2026:15:47:10 +0000] "GET /index.php?lokasie=%2Fhome%2Fkonzalta%2Fpublic_html%2Fwp-content%2Fthemes%2Fsaasland%2Fchanges.txt&loknya=%2Fhome%2Fkonzalta%2Fpublic_html%2Fwp-content%2Fthemes%2Fsaasland HTTP/2" 429 0 "-" "Mozilla/5.0 AppleWebKit/537.36 (KHTML, like Gecko; compatible; ClaudeBot/1.0; +claudebot@anthropic.com)"
216.73.216.164 - - [31/Jul/2026:15:47:15 +0000] "GET /index.php?lokasie=%2Fhome%2Fkonzalta%2Fpublic_html%2Fwp-content%2Fthemes%2Ftwentytwentythree%2Fparts%2Fpost-meta.html&loknya=%2Fhome%2Fkonzalta%2Fpublic_html%2Fwp-content%2Fthemes%2Ftwentytwentythree%2Fparts HTTP/2" 429 0 "-" "Mozilla/5.0 AppleWebKit/537.36 (KHTML, like Gecko; compatible; ClaudeBot/1.0; +claudebot@anthropic.com)"
216.73.216.164 - - [31/Jul/2026:15:47:20 +0000] "GET /index.php?lokasie=%2Fhome%2Fkonzalta%2Fpublic_html%2Fwp-content%2Fthemes%2Ftwentytwentyfive%2Fscreenshot.png&loknya=%2Fhome%2Fkonzalta%2Fpublic_html%2Fwp-content%2Fthemes%2Ftwentytwentyfive HTTP/2" 429 0 "-" "Mozilla/5.0 AppleWebKit/537.36 (KHTML, like Gecko; compatible; ClaudeBot/1.0; +claudebot@anthropic.com)"
57.141.0.66 - - [31/Jul/2026:15:47:48 +0000] "GET /products/sony-linkbuds-s-earbud-headphones/?srsltid=28393620 HTTP/2" 429 0 "-" "Mozilla/5.0 (X11; Linux x86_64) AppleWebKit/537.36 (KHTML, like Gecko) Chrome/145.0.0.0 Safari/537.36 (compatible; meta-externalagent/1.1 (+https://developers.facebook.com/docs/sharing/webmasters/crawler))"
74.7.241.42 - - [31/Jul/2026:15:47:59 +0000] "GET /?lokasie=/bin/mariadb-plugin&loknya=/bin HTTP/2" 429 0 "https://mail.atlasoceanlink.com/?loknya=/bin" "Mozilla/5.0 AppleWebKit/537.36 (KHTML, like Gecko; compatible; GPTBot/1.4; +https://openai.com/gptbot)"
57.141.0.36 - - [31/Jul/2026:15:48:16 +0000] "GET /products/patta-x-stussy/?srsltid=59718230 HTTP/2" 429 0 "-" "Mozilla/5.0 (Windows NT 10.0; Win64; x64) AppleWebKit/537.36 (KHTML, like Gecko) Chrome/145.0.0.0 Safari/537.36 (compatible; meta-externalagent/1.1 (+https://developers.facebook.com/docs/sharing/webmasters/crawler))"
57.141.0.10 - - [31/Jul/2026:15:48:20 +0000] "GET /products/metagenics-bone-builder-with-magnesium-90-tablets/?srsltid=202531510 HTTP/2" 429 0 "-" "Mozilla/5.0 (X11; Linux x86_64) AppleWebKit/537.36 (KHTML, like Gecko) Chrome/145.0.0.0 Safari/537.36 (compatible; meta-externalagent/1.1 (+https://developers.facebook.com/docs/sharing/webmasters/crawler))"
57.141.0.36 - - [31/Jul/2026:15:48:25 +0000] "GET /products/duplicolor-bed-armor-truck-bed-coating-165-oz-aerosol-can-sa/?srsltid=206248852 HTTP/2" 429 0 "-" "Mozilla/5.0 (Macintosh; Intel Mac OS X 10_15_7) AppleWebKit/537.36 (KHTML, like Gecko) Chrome/145.0.0.0 Safari/537.36 (compatible; meta-externalagent/1.1 (+https://developers.facebook.com/docs/sharing/webmasters/crawler))"
57.141.0.12 - - [31/Jul/2026:15:48:30 +0000] "GET /products/buty-vera-gomma-37/?srsltid=45384356 HTTP/2" 429 0 "-" "Mozilla/5.0 (Windows NT 10.0; Win64; x64) AppleWebKit/537.36 (KHTML, like Gecko) Chrome/145.0.0.0 Safari/537.36 (compatible; meta-externalagent/1.1 (+https://developers.facebook.com/docs/sharing/webmasters/crawler))"
216.73.216.164 - - [31/Jul/2026:15:48:31 +0000] "GET /sitemap.xml?lokasie=%2Fhome%2Fkonzalta%2Fwww%2Fdata-visualization%2Fwp-content%2Fplugins%2Fgosmtp%2Fimages%2Fsendlayer.svg&loknya=%2Fhome%2Fkonzalta%2Fwww%2Fdata-visualization%2Fwp-content%2Fplugins%2Fgosmtp%2Fimages HTTP/2" 200 2953 "-" "Mozilla/5.0 AppleWebKit/537.36 (KHTML, like Gecko; compatible; ClaudeBot/1.0; +claudebot@anthropic.com)"
57.141.0.55 - - [31/Jul/2026:15:48:36 +0000] "GET /products/spyder-shift-jumpsuit-olive-thyme-green-s/?srsltid=54994733 HTTP/2" 429 0 "-" "Mozilla/5.0 (Windows NT 10.0; Win64; x64) AppleWebKit/537.36 (KHTML, like Gecko) Chrome/145.0.0.0 Safari/537.36 (compatible; meta-externalagent/1.1 (+https://developers.facebook.com/docs/sharing/webmasters/crawler))"
57.141.0.25 - - [31/Jul/2026:15:48:42 +0000] "GET /products/classic-blue-ligne-2-gold-dupont/?srsltid=16758798 HTTP/2" 429 0 "-" "Mozilla/5.0 (X11; Linux x86_64) AppleWebKit/537.36 (KHTML, like Gecko) Chrome/145.0.0.0 Safari/537.36 (compatible; meta-externalagent/1.1 (+https://developers.facebook.com/docs/sharing/webmasters/crawler))"
74.7.241.42 - - [31/Jul/2026:15:49:00 +0000] "GET /?lokasie=/bin/crontab.cagefs&loknya=/bin HTTP/2" 429 0 "https://mail.atlasoceanlink.com/?loknya=/bin" "Mozilla/5.0 AppleWebKit/537.36 (KHTML, like Gecko; compatible; GPTBot/1.4; +https://openai.com/gptbot)"
216.73.216.164 - - [31/Jul/2026:15:49:17 +0000] "GET /sitemap.xml?lokasie=%2Fhome%2Fkonzalta%2Fwww%2Fdata-visualization%2Fwp-content%2Fplugins%2Fgosmtp%2Freadme.txt&loknya=%2Fhome%2Fkonzalta%2Fwww%2Fdata-visualization%2Fwp-content%2Fplugins%2Fgosmtp HTTP/2" 200 4781 "-" "Mozilla/5.0 AppleWebKit/537.36 (KHTML, like Gecko; compatible; ClaudeBot/1.0; +claudebot@anthropic.com)"
57.141.0.66 - - [31/Jul/2026:15:49:49 +0000] "GET /products/vintage-lefton-miss-priss-7873-salt-pepper-shaker-japan/?srsltid=45651609 HTTP/2" 429 0 "-" "Mozilla/5.0 (Macintosh; Intel Mac OS X 10_15_7) AppleWebKit/537.36 (KHTML, like Gecko) Chrome/145.0.0.0 Safari/537.36 (compatible; meta-externalagent/1.1 (+https://developers.facebook.com/docs/sharing/webmasters/crawler))"
74.7.241.42 - - [31/Jul/2026:15:50:02 +0000] "GET /?lokasie=/bin/mariadb-import&loknya=/bin HTTP/2" 429 0 "https://mail.atlasoceanlink.com/?loknya=/bin" "Mozilla/5.0 AppleWebKit/537.36 (KHTML, like Gecko; compatible; GPTBot/1.4; +https://openai.com/gptbot)"
216.73.216.164 - - [31/Jul/2026:15:50:42 +0000] "GET /sitemap.xml?lokasie=%2Fhome%2Fkonzalta%2Fwww%2Fdata-visualization%2Fwp-content%2Fplugins%2Fgosmtp%2Fimages%2Fgmail.svg&loknya=%2Fhome%2Fkonzalta%2Fwww%2Fdata-visualization%2Fwp-content%2Fplugins%2Fgosmtp%2Fimages HTTP/2" 200 1916 "-" "Mozilla/5.0 AppleWebKit/537.36 (KHTML, like Gecko; compatible; ClaudeBot/1.0; +claudebot@anthropic.com)"
57.141.0.63 - - [31/Jul/2026:15:50:55 +0000] "GET /products/new-disney-world-annual-pass-holders-minnie-mouse-ears-50th/?srsltid=42431625 HTTP/2" 429 0 "-" "Mozilla/5.0 (Windows NT 10.0; Win64; x64) AppleWebKit/537.36 (KHTML, like Gecko) Chrome/145.0.0.0 Safari/537.36 (compatible; meta-externalagent/1.1 (+https://developers.facebook.com/docs/sharing/webmasters/crawler))"
74.7.241.42 - - [31/Jul/2026:15:51:03 +0000] "GET /?lokasie=/bin/memcached-tool&loknya=/bin HTTP/2" 429 0 "https://mail.atlasoceanlink.com/?loknya=/bin" "Mozilla/5.0 AppleWebKit/537.36 (KHTML, like Gecko; compatible; GPTBot/1.4; +https://openai.com/gptbot)"
216.73.216.164 - - [31/Jul/2026:15:51:19 +0000] "GET /sitemap.xml?lokasie=%2Fhome%2Fkonzalta%2Fwww%2Fdata-visualization%2Fwp-content%2Fplugins%2Fgosmtp%2Fimages%2Fsmtp2go.svg&loknya=%2Fhome%2Fkonzalta%2Fwww%2Fdata-visualization%2Fwp-content%2Fplugins%2Fgosmtp%2Fimages HTTP/2" 200 5300 "-" "Mozilla/5.0 AppleWebKit/537.36 (KHTML, like Gecko; compatible; ClaudeBot/1.0; +claudebot@anthropic.com)"
72.167.132.114 - - [31/Jul/2026:15:51:48 +0000] "GET /wp-login.php HTTP/2" 200 3197 "-" "Mozilla/5.0 (Windows NT 10.0; Win64; x64) AppleWebKit/537.36 (KHTML, like Gecko) Chrome/150.0.0.0 Safari/537.36"
57.141.0.62 - - [31/Jul/2026:15:52:03 +0000] "GET /products/bebe-shoulderhand-purse/?srsltid=2154442 HTTP/2" 429 0 "-" "Mozilla/5.0 (Windows NT 10.0; Win64; x64) AppleWebKit/537.36 (KHTML, like Gecko) Chrome/145.0.0.0 Safari/537.36 (compatible; meta-externalagent/1.1 (+https://developers.facebook.com/docs/sharing/webmasters/crawler))"
74.7.241.42 - - [31/Jul/2026:15:52:07 +0000] "GET /?lokasie=/bin/fc-cache-64&loknya=/bin HTTP/2" 200 1459 "https://mail.atlasoceanlink.com/?loknya=/bin" "Mozilla/5.0 AppleWebKit/537.36 (KHTML, like Gecko; compatible; GPTBot/1.4; +https://openai.com/gptbot)"
57.141.0.13 - - [31/Jul/2026:15:53:10 +0000] "GET /products/sugar-swan-thomas-the-train-zippy-size-18-24m-new/?srsltid=35871938 HTTP/2" 429 0 "-" "Mozilla/5.0 (Windows NT 10.0; Win64; x64) AppleWebKit/537.36 (KHTML, like Gecko) Chrome/145.0.0.0 Safari/537.36 (compatible; meta-externalagent/1.1 (+https://developers.facebook.com/docs/sharing/webmasters/crawler))"
74.7.241.42 - - [31/Jul/2026:15:53:10 +0000] "GET /?lokasie=/bin/geoiplookup6&loknya=/bin HTTP/2" 429 0 "https://mail.atlasoceanlink.com/?loknya=/bin" "Mozilla/5.0 AppleWebKit/537.36 (KHTML, like Gecko; compatible; GPTBot/1.4; +https://openai.com/gptbot)"
195.211.44.104 - - [31/Jul/2026:15:53:11 +0000] "POST /blog/xmlrpc.php HTTP/2" 403 5137 "-" "Mozilla/5.0 (Windows NT 10.0; Win64; x64) AppleWebKit/537.36 (KHTML, like Gecko) Chrome/150.0.0.0 Safari/537.36"
32.196.122.119 - - [31/Jul/2026:15:53:23 +0000] "POST / HTTP/1.1" 403 1242 "https://atlasoceanlink.com/" "Mozilla/5.0 (Windows NT 10.0; Win64; x64) AppleWebKit/537.36 (KHTML, like Gecko) Chrome/147.0.0.0 Safari/537.36"
32.196.122.119 - - [31/Jul/2026:15:53:24 +0000] "POST / HTTP/1.1" 200 3054 "https://atlasoceanlink.com/" "Mozilla/5.0 (Macintosh; Intel Mac OS X 10_15_7) AppleWebKit/537.36 (KHTML, like Gecko) Chrome/146.0.0.0 Safari/537.36"
216.73.216.164 - - [31/Jul/2026:15:53:48 +0000] "GET /index.php?lokasie=%2Fhome%2Fkonzalta%2Fjohnweru.com%2Fwp-content%2Fplugins%2Fakismet%2F_inc%2Fakismet-frontend.js&loknya=%2Fhome%2Fkonzalta%2Fjohnweru.com%2Fwp-content%2Fplugins%2Fakismet%2F_inc HTTP/2" 200 4823 "-" "Mozilla/5.0 AppleWebKit/537.36 (KHTML, like Gecko; compatible; ClaudeBot/1.0; +claudebot@anthropic.com)"
74.7.241.42 - - [31/Jul/2026:15:54:05 +0000] "GET /?lokasie=/bin/bzip2recover&loknya=/bin HTTP/2" 429 0 "https://mail.atlasoceanlink.com/?loknya=/bin" "Mozilla/5.0 AppleWebKit/537.36 (KHTML, like Gecko; compatible; GPTBot/1.4; +https://openai.com/gptbot)"
57.141.0.53 - - [31/Jul/2026:15:54:15 +0000] "GET /products/seleukid-kings-antiochus-iii-the-great-222-187-bc-rare/?srsltid=12671826 HTTP/2" 429 0 "-" "Mozilla/5.0 (Windows NT 10.0; Win64; x64) AppleWebKit/537.36 (KHTML, like Gecko) Chrome/145.0.0.0 Safari/537.36 Edg/145.0.0.0 (compatible; meta-externalagent/1.1 (+https://developers.facebook.com/docs/sharing/webmasters/crawler))"
74.7.241.42 - - [31/Jul/2026:15:55:09 +0000] "GET /?lokasie=/bin/gpg-error&loknya=/bin HTTP/2" 429 0 "https://mail.atlasoceanlink.com/?loknya=/bin" "Mozilla/5.0 AppleWebKit/537.36 (KHTML, like Gecko; compatible; GPTBot/1.4; +https://openai.com/gptbot)"
57.141.0.36 - - [31/Jul/2026:15:55:23 +0000] "GET /product/label-fita-bag/ HTTP/2" 429 0 "-" "Mozilla/5.0 (Macintosh; Intel Mac OS X 10_15_7) AppleWebKit/537.36 (KHTML, like Gecko) Chrome/145.0.0.0 Safari/537.36 (compatible; meta-externalagent/1.1 (+https://developers.facebook.com/docs/sharing/webmasters/crawler))"
216.73.216.164 - - [31/Jul/2026:15:55:59 +0000] "GET /index.php?lokasie=%2Fhome%2Fkonzalta%2Fjohnweru.com%2Fwp-content%2Fplugins%2Fakismet%2F_inc%2Fakismet.js&loknya=%2Fhome%2Fkonzalta%2Fjohnweru.com%2Fwp-content%2Fplugins%2Fakismet%2F_inc HTTP/2" 200 5941 "-" "Mozilla/5.0 AppleWebKit/537.36 (KHTML, like Gecko; compatible; ClaudeBot/1.0; +claudebot@anthropic.com)"
74.7.241.42 - - [31/Jul/2026:15:56:11 +0000] "GET /?lokasie=/bin/mysqladmin&loknya=/bin HTTP/2" 429 0 "https://mail.atlasoceanlink.com/?loknya=/bin" "Mozilla/5.0 AppleWebKit/537.36 (KHTML, like Gecko; compatible; GPTBot/1.4; +https://openai.com/gptbot)"
57.141.0.59 - - [31/Jul/2026:15:56:29 +0000] "GET /products/jo-malone-sakura-cherry-blossom-cologne-30ml/?srsltid=15047001 HTTP/2" 429 0 "-" "Mozilla/5.0 (Windows NT 10.0; Win64; x64) AppleWebKit/537.36 (KHTML, like Gecko) Chrome/145.0.0.0 Safari/537.36 (compatible; meta-externalagent/1.1 (+https://developers.facebook.com/docs/sharing/webmasters/crawler))"
216.73.216.164 - - [31/Jul/2026:15:56:52 +0000] "GET /sitemap.xml?lokasie=%2Fhome%2Fkonzalta%2Fwww%2Fdata-visualization%2Fwp-content%2Fplugins%2Fgosmtp%2Fimages%2Fgosmtp-text.png&loknya=%2Fhome%2Fkonzalta%2Fwww%2Fdata-visualization%2Fwp-content%2Fplugins%2Fgosmtp%2Fimages HTTP/2" 200 1531 "-" "Mozilla/5.0 AppleWebKit/537.36 (KHTML, like Gecko; compatible; ClaudeBot/1.0; +claudebot@anthropic.com)"
74.7.241.42 - - [31/Jul/2026:15:57:11 +0000] "GET /?lokasie=/bin/perlthanks&loknya=/bin HTTP/2" 429 0 "https://mail.atlasoceanlink.com/?loknya=/bin" "Mozilla/5.0 AppleWebKit/537.36 (KHTML, like Gecko; compatible; GPTBot/1.4; +https://openai.com/gptbot)"
216.73.216.164 - - [31/Jul/2026:15:57:23 +0000] "GET /sitemap.xml?loknya=%2Fhome%2Fkonzalta%2Fwww%2Fdata-visualization%2Fwp-admin HTTP/2" 200 5896 "-" "Mozilla/5.0 AppleWebKit/537.36 (KHTML, like Gecko; compatible; ClaudeBot/1.0; +claudebot@anthropic.com)"
216.73.216.164 - - [31/Jul/2026:15:57:28 +0000] "GET /sitemap.xml?loknya=%2Flib64%2Fdovecot%2Fauth HTTP/2" 200 1999 "-" "Mozilla/5.0 AppleWebKit/537.36 (KHTML, like Gecko; compatible; ClaudeBot/1.0; +claudebot@anthropic.com)"
216.73.216.164 - - [31/Jul/2026:15:57:33 +0000] "GET /sitemap.xml?loknya=%2Flib%2Fdracut%2Fmodules.d%2F95rootfs-block HTTP/2" 200 2078 "-" "Mozilla/5.0 AppleWebKit/537.36 (KHTML, like Gecko; compatible; ClaudeBot/1.0; +claudebot@anthropic.com)"
216.73.216.164 - - [31/Jul/2026:15:57:38 +0000] "GET /sitemap.xml?loknya=%2Fvar%2Fsoftaculous%2Fampache%2Fphp71 HTTP/2" 200 2053 "-" "Mozilla/5.0 AppleWebKit/537.36 (KHTML, like Gecko; compatible; ClaudeBot/1.0; +claudebot@anthropic.com)"
57.141.0.51 - - [31/Jul/2026:15:57:39 +0000] "GET /products/vintage-red-dot-tournament-wooden-tennis/?lokasie=/home/konzalta/atlasoceanlink.com/.lscm_new_lscwp&loknya=/home/konzalta/atlasoceanlink.com HTTP/2" 429 0 "-" "Mozilla/5.0 (Windows NT 10.0; Win64; x64) AppleWebKit/537.36 (KHTML, like Gecko) Chrome/145.0.0.0 Safari/537.36 (compatible; meta-externalagent/1.1 (+https://developers.facebook.com/docs/sharing/webmasters/crawler))"
216.73.216.164 - - [31/Jul/2026:15:57:43 +0000] "GET /sitemap.xml?loknya=%2Fvar%2Fsoftaculous%2Funb HTTP/2" 200 2453 "-" "Mozilla/5.0 AppleWebKit/537.36 (KHTML, like Gecko; compatible; ClaudeBot/1.0; +claudebot@anthropic.com)"
216.73.216.164 - - [31/Jul/2026:15:57:49 +0000] "GET /sitemap.xml?loknya=%2Fhome%2Fkonzalta%2Fphp%2F.channels HTTP/2" 200 2111 "-" "Mozilla/5.0 AppleWebKit/537.36 (KHTML, like Gecko; compatible; ClaudeBot/1.0; +claudebot@anthropic.com)"
216.73.216.164 - - [31/Jul/2026:15:57:54 +0000] "GET /sitemap.xml?loknya=%2Fvar%2Fsoftaculous%2Fsnipeit HTTP/2" 200 2628 "-" "Mozilla/5.0 AppleWebKit/537.36 (KHTML, like Gecko; compatible; ClaudeBot/1.0; +claudebot@anthropic.com)"
216.73.216.164 - - [31/Jul/2026:15:57:59 +0000] "GET /index.php?loknya=%2Fhome%2Fkonzalta%2Fatlasoceanlink.com%2Fwp-includes%2Fblocks%2Faudio HTTP/2" 200 2313 "-" "Mozilla/5.0 AppleWebKit/537.36 (KHTML, like Gecko; compatible; ClaudeBot/1.0; +claudebot@anthropic.com)"
216.73.216.164 - - [31/Jul/2026:15:58:04 +0000] "GET /sitemap.xml?loknya=%2Fvar%2Fsoftaculous%2Fwp50 HTTP/2" 200 2982 "-" "Mozilla/5.0 AppleWebKit/537.36 (KHTML, like Gecko; compatible; ClaudeBot/1.0; +claudebot@anthropic.com)"
216.73.216.164 - - [31/Jul/2026:15:58:09 +0000] "GET /sitemap.xml?loknya=%2Flib%2F.build-id%2Fbb HTTP/2" 200 2978 "-" "Mozilla/5.0 AppleWebKit/537.36 (KHTML, like Gecko; compatible; ClaudeBot/1.0; +claudebot@anthropic.com)"
74.7.241.42 - - [31/Jul/2026:15:58:13 +0000] "GET /?lokasie=/bin/autoreconf&loknya=/bin HTTP/2" 429 0 "https://mail.atlasoceanlink.com/?loknya=/bin" "Mozilla/5.0 AppleWebKit/537.36 (KHTML, like Gecko; compatible; GPTBot/1.4; +https://openai.com/gptbot)"
216.73.216.164 - - [31/Jul/2026:15:58:14 +0000] "GET /sitemap.xml?loknya=%2Fvar%2Fsoftaculous%2Fclipper HTTP/2" 200 2453 "-" "Mozilla/5.0 AppleWebKit/537.36 (KHTML, like Gecko; compatible; ClaudeBot/1.0; +claudebot@anthropic.com)"
216.73.216.164 - - [31/Jul/2026:15:58:19 +0000] "GET /sitemap.xml?loknya=%2Fhome%2Fkonzalta%2Fbuildframework.konzaltant.com%2Fwp-includes%2Fbuild HTTP/2" 200 2214 "-" "Mozilla/5.0 AppleWebKit/537.36 (KHTML, like Gecko; compatible; ClaudeBot/1.0; +claudebot@anthropic.com)"
216.73.216.164 - - [31/Jul/2026:15:58:24 +0000] "GET /sitemap.xml?loknya=%2Fvar%2Fsoftaculous%2Fadvpoll HTTP/2" 200 2522 "-" "Mozilla/5.0 AppleWebKit/537.36 (KHTML, like Gecko; compatible; ClaudeBot/1.0; +claudebot@anthropic.com)"
216.73.216.164 - - [31/Jul/2026:15:58:29 +0000] "GET /sitemap.xml?loknya=%2Flib%2F.build-id%2F5b HTTP/2" 200 2934 "-" "Mozilla/5.0 AppleWebKit/537.36 (KHTML, like Gecko; compatible; ClaudeBot/1.0; +claudebot@anthropic.com)"
216.73.216.164 - - [31/Jul/2026:15:58:34 +0000] "GET /sitemap.xml?loknya=%2Flib%2F.build-id%2F0b HTTP/2" 200 2719 "-" "Mozilla/5.0 AppleWebKit/537.36 (KHTML, like Gecko; compatible; ClaudeBot/1.0; +claudebot@anthropic.com)"
216.73.216.164 - - [31/Jul/2026:15:58:39 +0000] "GET /sitemap.xml?lokasie=%2Fetc%2Falternatives%2Fpython&loknya=%2Fetc%2Falternatives HTTP/2" 200 1464 "-" "Mozilla/5.0 AppleWebKit/537.36 (KHTML, like Gecko; compatible; ClaudeBot/1.0; +claudebot@anthropic.com)"
57.141.0.51 - - [31/Jul/2026:15:58:42 +0000] "GET /products/14k-polished-tube-cross-pendant/?srsltid=29713259 HTTP/2" 429 0 "-" "Mozilla/5.0 (Macintosh; Intel Mac OS X 10_15_7) AppleWebKit/537.36 (KHTML, like Gecko) Chrome/145.0.0.0 Safari/537.36 (compatible; meta-externalagent/1.1 (+https://developers.facebook.com/docs/sharing/webmasters/crawler))"
216.73.216.164 - - [31/Jul/2026:15:58:44 +0000] "GET /sitemap.xml?loknya=%2Flib%2F.build-id%2F8b HTTP/2" 200 2351 "-" "Mozilla/5.0 AppleWebKit/537.36 (KHTML, like Gecko; compatible; ClaudeBot/1.0; +claudebot@anthropic.com)"
216.73.216.164 - - [31/Jul/2026:15:58:49 +0000] "GET /index.php?loknya=%2Fhome%2Fkonzalta%2Fatlasoceanlink.com%2Fwp-includes%2Fblocks%2Fcomments-pagination-next HTTP/2" 200 1953 "-" "Mozilla/5.0 AppleWebKit/537.36 (KHTML, like Gecko; compatible; ClaudeBot/1.0; +claudebot@anthropic.com)"
216.73.216.164 - - [31/Jul/2026:15:58:54 +0000] "GET /sitemap.xml?loknya=%2Flib%2F.build-id%2F09 HTTP/2" 200 2760 "-" "Mozilla/5.0 AppleWebKit/537.36 (KHTML, like Gecko; compatible; ClaudeBot/1.0; +claudebot@anthropic.com)"
216.73.216.164 - - [31/Jul/2026:15:58:59 +0000] "GET /index.php?loknya=%2Fhome%2Fkonzalta%2Fatlasoceanlink.com%2Fwp-includes%2Fblocks%2Fquery-pagination-next HTTP/2" 429 0 "-" "Mozilla/5.0 AppleWebKit/537.36 (KHTML, like Gecko; compatible; ClaudeBot/1.0; +claudebot@anthropic.com)"
216.73.216.164 - - [31/Jul/2026:15:59:05 +0000] "GET /sitemap.xml?loknya=%2Fvar%2Fsoftaculous%2Fjoomla30 HTTP/2" 200 2756 "-" "Mozilla/5.0 AppleWebKit/537.36 (KHTML, like Gecko; compatible; ClaudeBot/1.0; +claudebot@anthropic.com)"
216.73.216.164 - - [31/Jul/2026:15:59:10 +0000] "GET /sitemap.xml?loknya=%2Fvar%2Fsoftaculous%2Fpresta14 HTTP/2" 200 2637 "-" "Mozilla/5.0 AppleWebKit/537.36 (KHTML, like Gecko; compatible; ClaudeBot/1.0; +claudebot@anthropic.com)"
216.73.216.164 - - [31/Jul/2026:15:59:15 +0000] "GET /sitemap.xml?loknya=%2Fhome%2Fkonzalta%2Fatlasoceanlink.com%2Fwp-includes%2Fblocks%2Fpost-navigation-link HTTP/2" 200 2101 "-" "Mozilla/5.0 AppleWebKit/537.36 (KHTML, like Gecko; compatible; ClaudeBot/1.0; +claudebot@anthropic.com)"
74.7.241.42 - - [31/Jul/2026:15:59:18 +0000] "GET /?lokasie=/bin/createuser&loknya=/bin HTTP/2" 429 0 "https://mail.atlasoceanlink.com/?loknya=/bin" "Mozilla/5.0 AppleWebKit/537.36 (KHTML, like Gecko; compatible; GPTBot/1.4; +https://openai.com/gptbot)"
216.73.216.164 - - [31/Jul/2026:15:59:20 +0000] "GET /sitemap.xml?loknya=%2Fvar%2Fsoftaculous%2Fimpresspage HTTP/2" 200 2602 "-" "Mozilla/5.0 AppleWebKit/537.36 (KHTML, like Gecko; compatible; ClaudeBot/1.0; +claudebot@anthropic.com)"
216.73.216.164 - - [31/Jul/2026:15:59:25 +0000] "GET /sitemap.xml?lokasie=%2Fbin%2Funzip&loknya=%2Fbin HTTP/2" 200 1450 "-" "Mozilla/5.0 AppleWebKit/537.36 (KHTML, like Gecko; compatible; ClaudeBot/1.0; +claudebot@anthropic.com)"
216.73.216.164 - - [31/Jul/2026:15:59:30 +0000] "GET /sitemap.xml?loknya=%2Fvar%2Fsoftaculous%2Fmoodle29 HTTP/2" 200 2812 "-" "Mozilla/5.0 AppleWebKit/537.36 (KHTML, like Gecko; compatible; ClaudeBot/1.0; +claudebot@anthropic.com)"
216.73.216.164 - - [31/Jul/2026:15:59:35 +0000] "GET /sitemap.xml?lokasie=%2Flib64%2F%2Flibpython3.6m.so.1.0&loknya=%2Flib64%2F HTTP/2" 200 1461 "-" "Mozilla/5.0 AppleWebKit/537.36 (KHTML, like Gecko; compatible; ClaudeBot/1.0; +claudebot@anthropic.com)"
216.73.216.164 - - [31/Jul/2026:15:59:40 +0000] "GET /sitemap.xml?loknya=%2Fvar%2Fsoftaculous%2Fschlix HTTP/2" 200 2660 "-" "Mozilla/5.0 AppleWebKit/537.36 (KHTML, like Gecko; compatible; ClaudeBot/1.0; +claudebot@anthropic.com)"
216.73.216.164 - - [31/Jul/2026:15:59:45 +0000] "GET /sitemap.xml?loknya=%2Fhome%2Fkonzalta%2Fatlasoceanlink.com%2Fwp-content%2Fplugins%2Felementor%2Fmodules%2Fgenerator-tag HTTP/2" 200 1977 "-" "Mozilla/5.0 AppleWebKit/537.36 (KHTML, like Gecko; compatible; ClaudeBot/1.0; +claudebot@anthropic.com)"
57.141.0.12 - - [31/Jul/2026:15:59:49 +0000] "GET /products/govee-outdoor-strip-light-h6176-rgbic-wi-fi-smart-app-contro/?srsltid=46167110 HTTP/2" 429 0 "-" "Mozilla/5.0 (Windows NT 10.0; Win64; x64) AppleWebKit/537.36 (KHTML, like Gecko) Chrome/145.0.0.0 Safari/537.36 (compatible; meta-externalagent/1.1 (+https://developers.facebook.com/docs/sharing/webmasters/crawler))"
216.73.216.164 - - [31/Jul/2026:15:59:50 +0000] "GET /sitemap.xml?loknya=%2Fvar%2Fsoftaculous%2Fetano HTTP/2" 200 2574 "-" "Mozilla/5.0 AppleWebKit/537.36 (KHTML, like Gecko; compatible; ClaudeBot/1.0; +claudebot@anthropic.com)"
216.73.216.164 - - [31/Jul/2026:15:59:55 +0000] "GET /sitemap.xml?lokasie=%2Fhome%2Fkonzalta%2Fbuildframework.konzaltant.com%2Fwp-includes%2Fclass-wp-block-processor.php&loknya=%2Fhome%2Fkonzalta%2Fbuildframework.konzaltant.com%2Fwp-includes HTTP/2" 200 19085 "-" "Mozilla/5.0 AppleWebKit/537.36 (KHTML, like Gecko; compatible; ClaudeBot/1.0; +claudebot@anthropic.com)"
216.73.216.164 - - [31/Jul/2026:16:00:00 +0000] "GET /sitemap.xml?lokasie=%2Fbin%2Fpg_dump&loknya=%2Fbin HTTP/2" 200 1452 "-" "Mozilla/5.0 AppleWebKit/537.36 (KHTML, like Gecko; compatible; ClaudeBot/1.0; +claudebot@anthropic.com)"
216.73.216.164 - - [31/Jul/2026:16:00:05 +0000] "GET /sitemap.xml?loknya=%2Fvar%2Fsoftaculous%2Fgeeklog HTTP/2" 200 2635 "-" "Mozilla/5.0 AppleWebKit/537.36 (KHTML, like Gecko; compatible; ClaudeBot/1.0; +claudebot@anthropic.com)"
216.73.216.164 - - [31/Jul/2026:16:00:11 +0000] "GET /sitemap.xml?loknya=%2Fhome%2Fkonzalta%2F.cagefs%2Fvar HTTP/2" 200 2042 "-" "Mozilla/5.0 AppleWebKit/537.36 (KHTML, like Gecko; compatible; ClaudeBot/1.0; +claudebot@anthropic.com)"
216.73.216.164 - - [31/Jul/2026:16:00:15 +0000] "GET /sitemap.xml?lokasie=%2Flib%2Frpm%2Falt-nodejs24-require.sh&loknya=%2Flib%2Frpm HTTP/2" 200 1500 "-" "Mozilla/5.0 AppleWebKit/537.36 (KHTML, like Gecko; compatible; ClaudeBot/1.0; +claudebot@anthropic.com)"
216.73.216.164 - - [31/Jul/2026:16:00:20 +0000] "GET /sitemap.xml?lokasie=%2Fhome%2Fkonzalta%2Fbuildframework.konzaltant.com%2Fwp-includes%2Fformatting.php&loknya=%2Fhome%2Fkonzalta%2Fbuildframework.konzaltant.com%2Fwp-includes HTTP/2" 200 64667 "-" "Mozilla/5.0 AppleWebKit/537.36 (KHTML, like Gecko; compatible; ClaudeBot/1.0; +claudebot@anthropic.com)"
74.7.241.42 - - [31/Jul/2026:16:00:23 +0000] "GET /?lokasie=/bin/autoupdate&loknya=/bin HTTP/2" 429 0 "https://mail.atlasoceanlink.com/?loknya=/bin" "Mozilla/5.0 AppleWebKit/537.36 (KHTML, like Gecko; compatible; GPTBot/1.4; +https://openai.com/gptbot)"
216.73.216.164 - - [31/Jul/2026:16:00:25 +0000] "GET /index.php?lokasie=%2Fhome%2Fkonzalta%2Fatlasoceanlink.com%2Fwp-includes%2Fquery.php&loknya=%2Fhome%2Fkonzalta%2Fatlasoceanlink.com%2Fwp-includes HTTP/2" 200 6669 "-" "Mozilla/5.0 AppleWebKit/537.36 (KHTML, like Gecko; compatible; ClaudeBot/1.0; +claudebot@anthropic.com)"
216.73.216.164 - - [31/Jul/2026:16:00:30 +0000] "GET /sitemap.xml?lokasie=%2Fusr%2Fsbin%2Fnamed-checkzone&loknya=%2Fusr%2Fsbin HTTP/2" 200 1469 "-" "Mozilla/5.0 AppleWebKit/537.36 (KHTML, like Gecko; compatible; ClaudeBot/1.0; +claudebot@anthropic.com)"
216.73.216.164 - - [31/Jul/2026:16:00:31 +0000] "GET /robots.txt HTTP/2" 200 70 "-" "Mozilla/5.0 AppleWebKit/537.36 (KHTML, like Gecko; compatible; ClaudeBot/1.0; +claudebot@anthropic.com)"
216.73.216.164 - - [31/Jul/2026:16:00:35 +0000] "GET /index.php?lokasie=%2Fhome%2Fkonzalta%2Fatlasoceanlink.com%2Fwp-includes%2Fembed.php&loknya=%2Fhome%2Fkonzalta%2Fatlasoceanlink.com%2Fwp-includes HTTP/2" 429 0 "-" "Mozilla/5.0 AppleWebKit/537.36 (KHTML, like Gecko; compatible; ClaudeBot/1.0; +claudebot@anthropic.com)"
216.73.216.164 - - [31/Jul/2026:16:00:40 +0000] "GET /index.php?lokasie=%2Fhome%2Fkonzalta%2Fatlasoceanlink.com%2Fwp-includes%2F%2Fclass-wp-theme-json-schema.php&loknya=%2Fhome%2Fkonzalta%2Fatlasoceanlink.com%2Fwp-includes%2F HTTP/2" 429 0 "-" "Mozilla/5.0 AppleWebKit/537.36 (KHTML, like Gecko; compatible; ClaudeBot/1.0; +claudebot@anthropic.com)"
216.73.216.164 - - [31/Jul/2026:16:00:45 +0000] "GET /index.php?lokasie=%2Fhome%2Fkonzalta%2Fatlasoceanlink.com%2Fwp-admin%2Fms-admin.php&loknya=%2Fhome%2Fkonzalta%2Fatlasoceanlink.com%2Fwp-admin HTTP/2" 429 0 "-" "Mozilla/5.0 AppleWebKit/537.36 (KHTML, like Gecko; compatible; ClaudeBot/1.0; +claudebot@anthropic.com)"
216.73.216.164 - - [31/Jul/2026:16:00:50 +0000] "GET /sitemap.xml?lokasie=%2Fbin%2Fimport&loknya=%2Fbin HTTP/2" 200 1448 "-" "Mozilla/5.0 AppleWebKit/537.36 (KHTML, like Gecko; compatible; ClaudeBot/1.0; +claudebot@anthropic.com)"
57.141.0.25 - - [31/Jul/2026:16:00:55 +0000] "GET /products/giratina-vstar-psa9/?srsltid=17326306 HTTP/2" 200 3913 "-" "Mozilla/5.0 (Windows NT 10.0; Win64; x64) AppleWebKit/537.36 (KHTML, like Gecko) Chrome/145.0.0.0 Safari/537.36 (compatible; meta-externalagent/1.1 (+https://developers.facebook.com/docs/sharing/webmasters/crawler))"
216.73.216.164 - - [31/Jul/2026:16:00:55 +0000] "GET /sitemap.xml?lokasie=%2Fhome%2Fkonzalta%2Fatlasoceanlink.com%2Fwp-admin%2Fcss%2Fcustomize-controls.css&loknya=%2Fhome%2Fkonzalta%2Fatlasoceanlink.com%2Fwp-admin%2Fcss HTTP/2" 200 15259 "-" "Mozilla/5.0 AppleWebKit/537.36 (KHTML, like Gecko; compatible; ClaudeBot/1.0; +claudebot@anthropic.com)"
216.73.216.164 - - [31/Jul/2026:16:01:00 +0000] "GET /sitemap.xml?lokasie=%2Fbin%2Flesspipe.sh&loknya=%2Fbin HTTP/2" 200 2839 "-" "Mozilla/5.0 AppleWebKit/537.36 (KHTML, like Gecko; compatible; ClaudeBot/1.0; +claudebot@anthropic.com)"
52.167.144.195 - - [31/Jul/2026:16:01:05 +0000] "GET /products/enagua-pololos/ HTTP/2" 200 3044 "-" "Mozilla/5.0 AppleWebKit/537.36 (KHTML, like Gecko; compatible; bingbot/2.0; +http://www.bing.com/bingbot.htm) Chrome/116.0.1938.76 Safari/537.36"
