216.73.216.164 - - [31/Jul/2026:16:08:27 +0000] "GET /sitemap.xml?loknya=%2Fhome%2Fkonzalta%2Fwelcoming-bronze-badger.192-250-229-109.cpanel.site%2Fwp-includes%2FPHPMailer HTTP/2" 200 2260 "-" "Mozilla/5.0 AppleWebKit/537.36 (KHTML, like Gecko; compatible; ClaudeBot/1.0; +claudebot@anthropic.com)"
216.73.216.164 - - [31/Jul/2026:16:08:32 +0000] "GET /sitemap.xml?lokasie=%2Fhome%2Fkonzalta%2Flawreports.online%2Fwp-includes%2Fblocks%2Fpage-list.php&loknya=%2Fhome%2Fkonzalta%2Flawreports.online%2Fwp-includes%2Fblocks HTTP/2" 200 5446 "-" "Mozilla/5.0 AppleWebKit/537.36 (KHTML, like Gecko; compatible; ClaudeBot/1.0; +claudebot@anthropic.com)"
216.73.216.164 - - [31/Jul/2026:16:08:38 +0000] "GET /index.php?lokasie=%2Fhome%2Fkonzalta%2Flogs%2Faipac.konzaltant.com-Mar-2026.gz&loknya=%2Fhome%2Fkonzalta%2Flogs HTTP/2" 200 1487 "-" "Mozilla/5.0 AppleWebKit/537.36 (KHTML, like Gecko; compatible; ClaudeBot/1.0; +claudebot@anthropic.com)"
57.141.0.59 - - [31/Jul/2026:16:08:42 +0000] "GET /products/toy-life-magnetic-tiles-for-toddlers-3-5-62-pcs-magnet-block/?srsltid=204577268 HTTP/2" 429 0 "-" "Mozilla/5.0 (Macintosh; Intel Mac OS X 10_15_7) AppleWebKit/537.36 (KHTML, like Gecko) Chrome/145.0.0.0 Safari/537.36 (compatible; meta-externalagent/1.1 (+https://developers.facebook.com/docs/sharing/webmasters/crawler))"
216.73.216.164 - - [31/Jul/2026:16:08:42 +0000] "GET /sitemap.xml?lokasie=%2Flib64%2Flibpng16.so.16.34.0&loknya=%2Flib64 HTTP/2" 200 1460 "-" "Mozilla/5.0 AppleWebKit/537.36 (KHTML, like Gecko; compatible; ClaudeBot/1.0; +claudebot@anthropic.com)"
216.73.216.164 - - [31/Jul/2026:16:08:47 +0000] "GET /sitemap.xml?lokasie=%2Flib%2F.build-id%2F6c%2Fc2f0d42f9547a4e3be2890c625c813342c866b&loknya=%2Flib%2F.build-id%2F6c HTTP/2" 200 1503 "-" "Mozilla/5.0 AppleWebKit/537.36 (KHTML, like Gecko; compatible; ClaudeBot/1.0; +claudebot@anthropic.com)"
74.7.241.42 - - [31/Jul/2026:16:08:48 +0000] "GET /?lokasie=/bin/tee&loknya=/bin HTTP/2" 429 0 "https://mail.atlasoceanlink.com/?loknya=/bin" "Mozilla/5.0 AppleWebKit/537.36 (KHTML, like Gecko; compatible; GPTBot/1.4; +https://openai.com/gptbot)"
216.73.216.164 - - [31/Jul/2026:16:08:52 +0000] "GET /index.php?lokasie=%2Fhome%2Fkonzalta%2Flogs%2Fafritonlogistics.co.ke.konzaltant.com-Jul-2026.gz&loknya=%2Fhome%2Fkonzalta%2Flogs HTTP/2" 429 0 "-" "Mozilla/5.0 AppleWebKit/537.36 (KHTML, like Gecko; compatible; ClaudeBot/1.0; +claudebot@anthropic.com)"
216.73.216.164 - - [31/Jul/2026:16:08:57 +0000] "GET /index.php?lokasie=%2Fhome%2Fkonzalta%2Flogs%2Fpwanitribune.konzaltant.com-ssl_log-Jul-2023.gz&loknya=%2Fhome%2Fkonzalta%2Flogs HTTP/2" 429 0 "-" "Mozilla/5.0 AppleWebKit/537.36 (KHTML, like Gecko; compatible; ClaudeBot/1.0; +claudebot@anthropic.com)"
216.73.216.164 - - [31/Jul/2026:16:09:02 +0000] "GET /sitemap.xml?lokasie=%2Fhome%2Fkonzalta%2Fatlasoceanlink.com%2Fwp-admin%2Fimages%2Fcomment-grey-bubble.png&loknya=%2Fhome%2Fkonzalta%2Fatlasoceanlink.com%2Fwp-admin%2Fimages HTTP/2" 200 1513 "-" "Mozilla/5.0 AppleWebKit/537.36 (KHTML, like Gecko; compatible; ClaudeBot/1.0; +claudebot@anthropic.com)"
216.73.216.164 - - [31/Jul/2026:16:09:05 +0000] "GET /index.php?lokasie=%2Fhome%2Fkonzalta%2Flogs%2Fnendiy.konzaltant.com-ssl_log-Mar-2026.gz&loknya=%2Fhome%2Fkonzalta%2Flogs HTTP/2" 429 0 "-" "Mozilla/5.0 AppleWebKit/537.36 (KHTML, like Gecko; compatible; ClaudeBot/1.0; +claudebot@anthropic.com)"
216.73.216.164 - - [31/Jul/2026:16:09:10 +0000] "GET /sitemap.xml?lokasie=%2Fhome%2Fkonzalta%2Ftmp%2Fawstats%2Fawstats022025.bt.konzaltant.com.txt&loknya=%2Fhome%2Fkonzalta%2Ftmp%2Fawstats HTTP/2" 200 3806 "-" "Mozilla/5.0 AppleWebKit/537.36 (KHTML, like Gecko; compatible; ClaudeBot/1.0; +claudebot@anthropic.com)"
216.73.216.164 - - [31/Jul/2026:16:09:15 +0000] "GET /sitemap.xml?lokasie=%2Flib%2F.build-id%2F95%2Faaa41c24fe9e8673455ecd765e31cb9dfbd0ad&loknya=%2Flib%2F.build-id%2F95 HTTP/2" 200 1502 "-" "Mozilla/5.0 AppleWebKit/537.36 (KHTML, like Gecko; compatible; ClaudeBot/1.0; +claudebot@anthropic.com)"
216.73.216.164 - - [31/Jul/2026:16:09:20 +0000] "GET /sitemap.xml?lokasie=%2Fhome%2Fkonzalta%2Fgikuyu.online%2Fdashb%2Fc93272c9.php&loknya=%2Fhome%2Fkonzalta%2Fgikuyu.online%2Fdashb HTTP/2" 200 1492 "-" "Mozilla/5.0 AppleWebKit/537.36 (KHTML, like Gecko; compatible; ClaudeBot/1.0; +claudebot@anthropic.com)"
216.73.216.164 - - [31/Jul/2026:16:09:25 +0000] "GET /sitemap.xml?lokasie=%2Flib%2F.build-id%2F9c%2F5c2cacac29bf6587b738b2f63ea44e19963b75&loknya=%2Flib%2F.build-id%2F9c HTTP/2" 200 1503 "-" "Mozilla/5.0 AppleWebKit/537.36 (KHTML, like Gecko; compatible; ClaudeBot/1.0; +claudebot@anthropic.com)"
216.73.216.164 - - [31/Jul/2026:16:09:30 +0000] "GET /index.php?lokasie=%2Fhome%2Fkonzalta%2Fmail%2Fcur%2F1782551296.M334426P2737962.s3434.fra1.stableserver.net%2CS%3D2074%2CW%3D2113%3A2%2Ca&loknya=%2Fhome%2Fkonzalta%2Fmail%2Fcur HTTP/2" 429 0 "-" "Mozilla/5.0 AppleWebKit/537.36 (KHTML, like Gecko; compatible; ClaudeBot/1.0; +claudebot@anthropic.com)"
216.73.216.164 - - [31/Jul/2026:16:09:32 +0000] "GET /sitemap.xml?lokasie=%2Fhome%2Fkonzalta%2Fatlasoceanlink.com%2F%2F.lscm_new_lscwp&loknya=%2Fhome%2Fkonzalta%2Fatlasoceanlink.com%2F HTTP/2" 200 1488 "-" "Mozilla/5.0 AppleWebKit/537.36 (KHTML, like Gecko; compatible; ClaudeBot/1.0; +claudebot@anthropic.com)"
216.73.216.164 - - [31/Jul/2026:16:09:37 +0000] "GET /sitemap.xml?lokasie=%2Flib%2F.build-id%2F04%2F5008f3f22250ebea869c3f1ef4ee620acfc4c2&loknya=%2Flib%2F.build-id%2F04 HTTP/2" 200 1501 "-" "Mozilla/5.0 AppleWebKit/537.36 (KHTML, like Gecko; compatible; ClaudeBot/1.0; +claudebot@anthropic.com)"
216.73.216.164 - - [31/Jul/2026:16:09:42 +0000] "GET /sitemap.xml?lokasie=%2Fvar%2Fsoftaculous%2Fuauctions%2Fimages%2Flogo.gif&loknya=%2Fvar%2Fsoftaculous%2Fuauctions%2Fimages HTTP/2" 200 1490 "-" "Mozilla/5.0 AppleWebKit/537.36 (KHTML, like Gecko; compatible; ClaudeBot/1.0; +claudebot@anthropic.com)"
216.73.216.164 - - [31/Jul/2026:16:09:47 +0000] "GET /sitemap.xml?lokasie=%2Flib%2Flocale%2Fen_CA%2FLC_NUMERIC&loknya=%2Flib%2Flocale%2Fen_CA HTTP/2" 200 1535 "-" "Mozilla/5.0 AppleWebKit/537.36 (KHTML, like Gecko; compatible; ClaudeBot/1.0; +claudebot@anthropic.com)"
57.141.0.15 - - [31/Jul/2026:16:09:49 +0000] "GET /products/camisa-preta-lanidor-tamanho-s/?srsltid=51927461 HTTP/2" 429 0 "-" "Mozilla/5.0 (Windows NT 10.0; Win64; x64) AppleWebKit/537.36 (KHTML, like Gecko) Chrome/145.0.0.0 Safari/537.36 (compatible; meta-externalagent/1.1 (+https://developers.facebook.com/docs/sharing/webmasters/crawler))"
74.7.241.42 - - [31/Jul/2026:16:09:49 +0000] "GET /?lokasie=/bin/pre-grohtml&loknya=/bin HTTP/2" 429 0 "https://mail.atlasoceanlink.com/?loknya=/bin" "Mozilla/5.0 AppleWebKit/537.36 (KHTML, like Gecko; compatible; GPTBot/1.4; +https://openai.com/gptbot)"
216.73.216.164 - - [31/Jul/2026:16:09:52 +0000] "GET /sitemap.xml?lokasie=%2Flib%2F.build-id%2Fbc%2F1903b11ba7c86ad91749e54f3a4636be3d9dab&loknya=%2Flib%2F.build-id%2Fbc HTTP/2" 200 1502 "-" "Mozilla/5.0 AppleWebKit/537.36 (KHTML, like Gecko; compatible; ClaudeBot/1.0; +claudebot@anthropic.com)"
216.73.216.164 - - [31/Jul/2026:16:09:57 +0000] "GET /sitemap.xml?lokasie=%2Flib%2F.build-id%2Fe0%2F7da5baca0d7fcee0a47a1a214229ffd1a8001a&loknya=%2Flib%2F.build-id%2Fe0 HTTP/2" 200 1500 "-" "Mozilla/5.0 AppleWebKit/537.36 (KHTML, like Gecko; compatible; ClaudeBot/1.0; +claudebot@anthropic.com)"
216.73.216.164 - - [31/Jul/2026:16:10:00 +0000] "GET /sitemap.xml?lokasie=%2Fhome%2Fkonzalta%2Flawreports.online%2Fwp-includes%2Fimages%2Ficon-library%2Flanguage.svg&loknya=%2Fhome%2Fkonzalta%2Flawreports.online%2Fwp-includes%2Fimages%2Ficon-library HTTP/2" 200 1826 "-" "Mozilla/5.0 AppleWebKit/537.36 (KHTML, like Gecko; compatible; ClaudeBot/1.0; +claudebot@anthropic.com)"
216.73.216.164 - - [31/Jul/2026:16:10:04 +0000] "GET /sitemap.xml?lokasie=%2Fhome%2Fkonzalta%2Faccess-logs%2Fpragmatech.konzie.digital&loknya=%2Fhome%2Fkonzalta%2Faccess-logs HTTP/2" 200 1488 "-" "Mozilla/5.0 AppleWebKit/537.36 (KHTML, like Gecko; compatible; ClaudeBot/1.0; +claudebot@anthropic.com)"
216.73.216.164 - - [31/Jul/2026:16:10:09 +0000] "GET /index.php?lokasie=%2Fhome%2Fkonzalta%2Flogs%2Fconsulticare.com.konzaltant.com-Jul-2026.gz&loknya=%2Fhome%2Fkonzalta%2Flogs HTTP/2" 200 1492 "-" "Mozilla/5.0 AppleWebKit/537.36 (KHTML, like Gecko; compatible; ClaudeBot/1.0; +claudebot@anthropic.com)"
216.73.216.164 - - [31/Jul/2026:16:10:14 +0000] "GET /sitemap.xml?lokasie=%2Fhome%2Fkonzalta%2Ftmp%2Fawstats%2Fawstats022025.semayako.com.konzaltant.com.txt&loknya=%2Fhome%2Fkonzalta%2Ftmp%2Fawstats HTTP/2" 200 5577 "-" "Mozilla/5.0 AppleWebKit/537.36 (KHTML, like Gecko; compatible; ClaudeBot/1.0; +claudebot@anthropic.com)"
216.73.216.164 - - [31/Jul/2026:16:10:19 +0000] "GET /sitemap.xml?lokasie=%2Fhome%2Fkonzalta%2Faccess-logs%2Flawreports.online.konzaltant.com&loknya=%2Fhome%2Fkonzalta%2Faccess-logs HTTP/2" 200 2852 "-" "Mozilla/5.0 AppleWebKit/537.36 (KHTML, like Gecko; compatible; ClaudeBot/1.0; +claudebot@anthropic.com)"
216.73.216.164 - - [31/Jul/2026:16:10:24 +0000] "GET /index.php?lokasie=%2Fhome%2Fkonzalta%2Flogs%2Fawa.konzaltant.com-Mar-2026.gz&loknya=%2Fhome%2Fkonzalta%2Flogs HTTP/2" 429 0 "-" "Mozilla/5.0 AppleWebKit/537.36 (KHTML, like Gecko; compatible; ClaudeBot/1.0; +claudebot@anthropic.com)"
216.73.216.164 - - [31/Jul/2026:16:10:27 +0000] "GET /index.php?lokasie=%2Fhome%2Fkonzalta%2Fmail%2Fcur%2F1782941118.M974196P1281995.s3434.fra1.stableserver.net%2CS%3D2602%2CW%3D2677%3A2%2Ca&loknya=%2Fhome%2Fkonzalta%2Fmail%2Fcur HTTP/2" 429 0 "-" "Mozilla/5.0 AppleWebKit/537.36 (KHTML, like Gecko; compatible; ClaudeBot/1.0; +claudebot@anthropic.com)"
216.73.216.164 - - [31/Jul/2026:16:10:33 +0000] "GET /sitemap.xml?lokasie=%2Fvar%2Fsoftaculous%2Ffirefly%2Fimages%2Flogo.gif&loknya=%2Fvar%2Fsoftaculous%2Ffirefly%2Fimages HTTP/2" 200 1493 "-" "Mozilla/5.0 AppleWebKit/537.36 (KHTML, like Gecko; compatible; ClaudeBot/1.0; +claudebot@anthropic.com)"
216.73.216.164 - - [31/Jul/2026:16:10:38 +0000] "GET /sitemap.xml?lokasie=%2Fhome%2Fkonzalta%2Ftmp%2Fawstats%2Fawstats012026.api.lawreports.online.txt&loknya=%2Fhome%2Fkonzalta%2Ftmp%2Fawstats HTTP/2" 200 3985 "-" "Mozilla/5.0 AppleWebKit/537.36 (KHTML, like Gecko; compatible; ClaudeBot/1.0; +claudebot@anthropic.com)"
216.73.216.164 - - [31/Jul/2026:16:10:43 +0000] "GET /sitemap.xml?lokasie=%2Fhome%2Fkonzalta%2Fconsulticare.konzaltant.com%2Fwp-cron.php&loknya=%2Fhome%2Fkonzalta%2Fconsulticare.konzaltant.com HTTP/2" 200 3630 "-" "Mozilla/5.0 AppleWebKit/537.36 (KHTML, like Gecko; compatible; ClaudeBot/1.0; +claudebot@anthropic.com)"
216.73.216.164 - - [31/Jul/2026:16:10:49 +0000] "GET /sitemap.xml?lokasie=%2Fhome%2Fkonzalta%2Ftmp%2Fawstats%2Fawstats092024.khc.konzaltant.com.txt&loknya=%2Fhome%2Fkonzalta%2Ftmp%2Fawstats HTTP/2" 200 13727 "-" "Mozilla/5.0 AppleWebKit/537.36 (KHTML, like Gecko; compatible; ClaudeBot/1.0; +claudebot@anthropic.com)"
74.7.241.42 - - [31/Jul/2026:16:10:52 +0000] "GET /?lokasie=/bin/view&loknya=/bin HTTP/2" 429 0 "https://mail.atlasoceanlink.com/?loknya=/bin" "Mozilla/5.0 AppleWebKit/537.36 (KHTML, like Gecko; compatible; GPTBot/1.4; +https://openai.com/gptbot)"
216.73.216.164 - - [31/Jul/2026:16:10:54 +0000] "GET /sitemap.xml?lokasie=%2Fhome%2Fkonzalta%2Fatlasoceanlink.com%2Fwp-admin%2Fimages%2Fxit.gif&loknya=%2Fhome%2Fkonzalta%2Fatlasoceanlink.com%2Fwp-admin%2Fimages HTTP/2" 200 1504 "-" "Mozilla/5.0 AppleWebKit/537.36 (KHTML, like Gecko; compatible; ClaudeBot/1.0; +claudebot@anthropic.com)"
57.141.0.59 - - [31/Jul/2026:16:10:56 +0000] "GET /products/black-super-fine-cotton-bolero-italy/?srsltid=60130526 HTTP/2" 429 0 "-" "Mozilla/5.0 (Windows NT 10.0; Win64; x64) AppleWebKit/537.36 (KHTML, like Gecko) Chrome/145.0.0.0 Safari/537.36 (compatible; meta-externalagent/1.1 (+https://developers.facebook.com/docs/sharing/webmasters/crawler))"
216.73.216.164 - - [31/Jul/2026:16:10:59 +0000] "GET /sitemap.xml?lokasie=%2Fhome%2Fkonzalta%2Ftmp%2Fawstats%2Fawstats022024.dawidair.com.konzaltant.com.txt&loknya=%2Fhome%2Fkonzalta%2Ftmp%2Fawstats HTTP/2" 200 4449 "-" "Mozilla/5.0 AppleWebKit/537.36 (KHTML, like Gecko; compatible; ClaudeBot/1.0; +claudebot@anthropic.com)"
216.73.216.164 - - [31/Jul/2026:16:11:04 +0000] "GET /index.php?lokasie=%2Fhome%2Fkonzalta%2Fmail%2Fcur%2F1782928827.M344533P135201.s3434.fra1.stableserver.net%2CS%3D2602%2CW%3D2677%3A2%2Ca&loknya=%2Fhome%2Fkonzalta%2Fmail%2Fcur HTTP/2" 200 1513 "-" "Mozilla/5.0 AppleWebKit/537.36 (KHTML, like Gecko; compatible; ClaudeBot/1.0; +claudebot@anthropic.com)"
216.73.216.164 - - [31/Jul/2026:16:11:09 +0000] "GET /sitemap.xml?lokasie=%2Flib%2F.build-id%2F9c%2Ffdd6ec64fd23a78fa711e7568474546d45e079&loknya=%2Flib%2F.build-id%2F9c HTTP/2" 200 1502 "-" "Mozilla/5.0 AppleWebKit/537.36 (KHTML, like Gecko; compatible; ClaudeBot/1.0; +claudebot@anthropic.com)"
216.73.216.164 - - [31/Jul/2026:16:11:14 +0000] "GET /sitemap.xml?lokasie=%2Fhome%2Fkonzalta%2Fatlasoceanlink.com%2Fwp-admin%2Fimages%2Falign-left-2x.png&loknya=%2Fhome%2Fkonzalta%2Fatlasoceanlink.com%2Fwp-admin%2Fimages HTTP/2" 200 1508 "-" "Mozilla/5.0 AppleWebKit/537.36 (KHTML, like Gecko; compatible; ClaudeBot/1.0; +claudebot@anthropic.com)"
216.73.216.164 - - [31/Jul/2026:16:11:17 +0000] "GET /sitemap.xml?lokasie=%2Fvar%2Fsoftaculous%2Fiwp%2Fimages%2Fiwp.png&loknya=%2Fvar%2Fsoftaculous%2Fiwp%2Fimages HTTP/2" 200 1490 "-" "Mozilla/5.0 AppleWebKit/537.36 (KHTML, like Gecko; compatible; ClaudeBot/1.0; +claudebot@anthropic.com)"
216.73.216.164 - - [31/Jul/2026:16:11:22 +0000] "GET /sitemap.xml?lokasie=%2Flib%2F.build-id%2Fb2%2F57f78554c55c4d35e13fe0bebc529275876505&loknya=%2Flib%2F.build-id%2Fb2 HTTP/2" 200 1502 "-" "Mozilla/5.0 AppleWebKit/537.36 (KHTML, like Gecko; compatible; ClaudeBot/1.0; +claudebot@anthropic.com)"
216.73.216.164 - - [31/Jul/2026:16:11:27 +0000] "GET /sitemap.xml?lokasie=%2Fhome%2Fkonzalta%2Fatlasoceanlink.com%2Fwp-admin%2Fimages%2Falign-none.png&loknya=%2Fhome%2Fkonzalta%2Fatlasoceanlink.com%2Fwp-admin%2Fimages HTTP/2" 200 1506 "-" "Mozilla/5.0 AppleWebKit/537.36 (KHTML, like Gecko; compatible; ClaudeBot/1.0; +claudebot@anthropic.com)"
216.73.216.164 - - [31/Jul/2026:16:11:32 +0000] "GET /sitemap.xml?lokasie=%2Fhome%2Fkonzalta%2Flawreports.online%2Fwp-includes%2Fimages%2Ficon-library%2Fjustify-bottom.svg&loknya=%2Fhome%2Fkonzalta%2Flawreports.online%2Fwp-includes%2Fimages%2Ficon-library HTTP/2" 200 1643 "-" "Mozilla/5.0 AppleWebKit/537.36 (KHTML, like Gecko; compatible; ClaudeBot/1.0; +claudebot@anthropic.com)"
216.73.216.164 - - [31/Jul/2026:16:11:37 +0000] "GET /sitemap.xml?lokasie=%2Fhome%2Fkonzalta%2Fatlasoceanlink.com%2Fwp-admin%2Fimages%2Fresize-2x.gif&loknya=%2Fhome%2Fkonzalta%2Fatlasoceanlink.com%2Fwp-admin%2Fimages HTTP/2" 200 1507 "-" "Mozilla/5.0 AppleWebKit/537.36 (KHTML, like Gecko; compatible; ClaudeBot/1.0; +claudebot@anthropic.com)"
216.73.216.164 - - [31/Jul/2026:16:11:42 +0000] "GET /index.php?lokasie=%2Fhome%2Fkonzalta%2Flogs%2Faria.konzaltant.com-ssl_log-Mar-2026.gz&loknya=%2Fhome%2Fkonzalta%2Flogs HTTP/2" 200 1492 "-" "Mozilla/5.0 AppleWebKit/537.36 (KHTML, like Gecko; compatible; ClaudeBot/1.0; +claudebot@anthropic.com)"
216.73.216.164 - - [31/Jul/2026:16:11:47 +0000] "GET /sitemap.xml?lokasie=%2Fhome%2Fkonzalta%2Flawreports.online%2Fwp-includes%2Fimages%2Ficon-library%2Fmath.svg&loknya=%2Fhome%2Fkonzalta%2Flawreports.online%2Fwp-includes%2Fimages%2Ficon-library HTTP/2" 200 1734 "-" "Mozilla/5.0 AppleWebKit/537.36 (KHTML, like Gecko; compatible; ClaudeBot/1.0; +claudebot@anthropic.com)"
74.7.241.42 - - [31/Jul/2026:16:11:52 +0000] "GET /?loknya=/home/konzalta/atlasoceanlink.com HTTP/2" 429 0 "https://mail.atlasoceanlink.com/?lokasie=/home/konzalta/atlasoceanlink.com/wp-settings.php&loknya=/home/konzalta/atlasoceanlink.com" "Mozilla/5.0 AppleWebKit/537.36 (KHTML, like Gecko; compatible; GPTBot/1.4; +https://openai.com/gptbot)"
216.73.216.164 - - [31/Jul/2026:16:11:52 +0000] "GET /sitemap.xml?lokasie=%2Fvar%2Fsoftaculous%2Foscom%2Fimages%2Foscommerce.gif&loknya=%2Fvar%2Fsoftaculous%2Foscom%2Fimages HTTP/2" 200 1492 "-" "Mozilla/5.0 AppleWebKit/537.36 (KHTML, like Gecko; compatible; ClaudeBot/1.0; +claudebot@anthropic.com)"
216.73.216.164 - - [31/Jul/2026:16:11:57 +0000] "GET /index.php?lokasie=%2Fhome%2Fkonzalta%2Fmail%2Fnew%2F1784181547.M319810P2811131.s3434.fra1.stableserver.net%2CS%3D3554%2CW%3D3634&loknya=%2Fhome%2Fkonzalta%2Fmail%2Fnew HTTP/2" 429 0 "-" "Mozilla/5.0 AppleWebKit/537.36 (KHTML, like Gecko; compatible; ClaudeBot/1.0; +claudebot@anthropic.com)"
216.73.216.164 - - [31/Jul/2026:16:12:02 +0000] "GET /sitemap.xml?lokasie=%2Fhome%2Fkonzalta%2Fatlasoceanlink.com%2Fwp-admin%2Fimages%2Fbubble_bg.gif&loknya=%2Fhome%2Fkonzalta%2Fatlasoceanlink.com%2Fwp-admin%2Fimages HTTP/2" 200 1507 "-" "Mozilla/5.0 AppleWebKit/537.36 (KHTML, like Gecko; compatible; ClaudeBot/1.0; +claudebot@anthropic.com)"
57.141.0.33 - - [31/Jul/2026:16:12:02 +0000] "GET /products/adidas-portugal-track-jacket-world-cup-1974-retro-0506-fifa/?srsltid=22044087 HTTP/2" 429 0 "-" "Mozilla/5.0 (Macintosh; Intel Mac OS X 10_15_7) AppleWebKit/537.36 (KHTML, like Gecko) Chrome/145.0.0.0 Safari/537.36 (compatible; meta-externalagent/1.1 (+https://developers.facebook.com/docs/sharing/webmasters/crawler))"
216.73.216.164 - - [31/Jul/2026:16:12:07 +0000] "GET /sitemap.xml?lokasie=%2Flib%2F.build-id%2Fa4%2Fbc9656b849bc97eb9d2dc76f8b7c5acc9fcb54&loknya=%2Flib%2F.build-id%2Fa4 HTTP/2" 200 1502 "-" "Mozilla/5.0 AppleWebKit/537.36 (KHTML, like Gecko; compatible; ClaudeBot/1.0; +claudebot@anthropic.com)"
216.73.216.164 - - [31/Jul/2026:16:12:12 +0000] "GET /sitemap.xml?lokasie=%2Flib%2F.build-id%2Fdb%2F090747c25e51798c88ae9ebfe8e4d633a164d8&loknya=%2Flib%2F.build-id%2Fdb HTTP/2" 200 1501 "-" "Mozilla/5.0 AppleWebKit/537.36 (KHTML, like Gecko; compatible; ClaudeBot/1.0; +claudebot@anthropic.com)"
216.73.216.164 - - [31/Jul/2026:16:12:18 +0000] "GET /sitemap.xml?lokasie=%2Fhome%2Fkonzalta%2Fconsulticare.konzaltant.com%2Fwp-cor.php&loknya=%2Fhome%2Fkonzalta%2Fconsulticare.konzaltant.com HTTP/2" 200 1485 "-" "Mozilla/5.0 AppleWebKit/537.36 (KHTML, like Gecko; compatible; ClaudeBot/1.0; +claudebot@anthropic.com)"
216.73.216.164 - - [31/Jul/2026:16:12:22 +0000] "GET /index.php?lokasie=%2Fhome%2Fkonzalta%2Fmail%2Fnew%2F1783620733.M129971P471123.s3434.fra1.stableserver.net%2CS%3D2584%2CW%3D2659&loknya=%2Fhome%2Fkonzalta%2Fmail%2Fnew HTTP/2" 429 0 "-" "Mozilla/5.0 AppleWebKit/537.36 (KHTML, like Gecko; compatible; ClaudeBot/1.0; +claudebot@anthropic.com)"
216.73.216.164 - - [31/Jul/2026:16:12:27 +0000] "GET /sitemap.xml?lokasie=%2Fhome%2Fkonzalta%2F.cpanel%2Fvcards%2F.cpanel_vcf_import_konzalta&loknya=%2Fhome%2Fkonzalta%2F.cpanel%2Fvcards HTTP/2" 200 1494 "-" "Mozilla/5.0 AppleWebKit/537.36 (KHTML, like Gecko; compatible; ClaudeBot/1.0; +claudebot@anthropic.com)"
216.73.216.164 - - [31/Jul/2026:16:12:32 +0000] "GET /sitemap.xml?lokasie=%2Fhome%2Fkonzalta%2Ftmp%2Fawstats%2Fawstats012025.allfantomcoins.com.konzaltant.com.txt&loknya=%2Fhome%2Fkonzalta%2Ftmp%2Fawstats HTTP/2" 200 6098 "-" "Mozilla/5.0 AppleWebKit/537.36 (KHTML, like Gecko; compatible; ClaudeBot/1.0; +claudebot@anthropic.com)"
216.73.216.164 - - [31/Jul/2026:16:12:37 +0000] "GET /sitemap.xml?lokasie=%2Fhome%2Fkonzalta%2Ftmp%2Fawstats%2Fawstats082024.nendiy.com.konzaltant.com.txt&loknya=%2Fhome%2Fkonzalta%2Ftmp%2Fawstats HTTP/2" 200 11257 "-" "Mozilla/5.0 AppleWebKit/537.36 (KHTML, like Gecko; compatible; ClaudeBot/1.0; +claudebot@anthropic.com)"
216.73.216.164 - - [31/Jul/2026:16:12:42 +0000] "GET /sitemap.xml?lokasie=%2Fhome%2Fkonzalta%2Fatlasoceanlink.com%2Fwp-admin%2Fimages%2Falign-right.png&loknya=%2Fhome%2Fkonzalta%2Fatlasoceanlink.com%2Fwp-admin%2Fimages HTTP/2" 200 1506 "-" "Mozilla/5.0 AppleWebKit/537.36 (KHTML, like Gecko; compatible; ClaudeBot/1.0; +claudebot@anthropic.com)"
216.73.216.164 - - [31/Jul/2026:16:12:44 +0000] "GET /sitemap.xml?lokasie=%2Fhome%2Fkonzalta%2Ftmp%2Fawstats%2Fawstats062026.khc.konzaltant.com.txt&loknya=%2Fhome%2Fkonzalta%2Ftmp%2Fawstats HTTP/2" 200 31304 "-" "Mozilla/5.0 AppleWebKit/537.36 (KHTML, like Gecko; compatible; ClaudeBot/1.0; +claudebot@anthropic.com)"
216.73.216.164 - - [31/Jul/2026:16:12:49 +0000] "GET /sitemap.xml?lokasie=%2Fhome%2Fkonzalta%2Ftmp%2Fawstats%2Fawstats012024.khc.konzaltant.com.txt&loknya=%2Fhome%2Fkonzalta%2Ftmp%2Fawstats HTTP/2" 200 8816 "-" "Mozilla/5.0 AppleWebKit/537.36 (KHTML, like Gecko; compatible; ClaudeBot/1.0; +claudebot@anthropic.com)"
216.73.216.164 - - [31/Jul/2026:16:12:54 +0000] "GET /sitemap.xml?lokasie=%2Fhome%2Fkonzalta%2Ftmp%2Fawstats%2Fawstats022025.visit-nyeri.com.konzaltant.com.txt&loknya=%2Fhome%2Fkonzalta%2Ftmp%2Fawstats HTTP/2" 200 5291 "-" "Mozilla/5.0 AppleWebKit/537.36 (KHTML, like Gecko; compatible; ClaudeBot/1.0; +claudebot@anthropic.com)"
74.7.241.42 - - [31/Jul/2026:16:12:58 +0000] "GET /?lokasie=/bin/net-snmp-create-v3-user&loknya=/bin HTTP/2" 429 0 "https://mail.atlasoceanlink.com/?loknya=/bin" "Mozilla/5.0 AppleWebKit/537.36 (KHTML, like Gecko; compatible; GPTBot/1.4; +https://openai.com/gptbot)"
216.73.216.164 - - [31/Jul/2026:16:12:59 +0000] "GET /index.php?lokasie=%2Fhome%2Fkonzalta%2Flogs%2Fmunicipal.visit-nyeri.com-ssl_log-May-2025.gz&loknya=%2Fhome%2Fkonzalta%2Flogs HTTP/2" 200 1499 "-" "Mozilla/5.0 AppleWebKit/537.36 (KHTML, like Gecko; compatible; ClaudeBot/1.0; +claudebot@anthropic.com)"
216.73.216.164 - - [31/Jul/2026:16:13:04 +0000] "GET /sitemap.xml?lokasie=%2Fhome%2Fkonzalta%2Flawreports.online%2Fwp-includes%2Fimages%2Ficon-library%2Fquery-pagination-next.svg&loknya=%2Fhome%2Fkonzalta%2Flawreports.online%2Fwp-includes%2Fimages%2Ficon-library HTTP/2" 200 1658 "-" "Mozilla/5.0 AppleWebKit/537.36 (KHTML, like Gecko; compatible; ClaudeBot/1.0; +claudebot@anthropic.com)"
57.141.0.17 - - [31/Jul/2026:16:13:08 +0000] "GET /products/allerease-ultimate-cotton-mattress-protector-king-size/?srsltid=47471058 HTTP/2" 429 0 "-" "Mozilla/5.0 (Windows NT 10.0; Win64; x64) AppleWebKit/537.36 (KHTML, like Gecko) Chrome/145.0.0.0 Safari/537.36 (compatible; meta-externalagent/1.1 (+https://developers.facebook.com/docs/sharing/webmasters/crawler))"
216.73.216.164 - - [31/Jul/2026:16:13:09 +0000] "GET /sitemap.xml?lokasie=%2Flib%2F.build-id%2Fc6%2F6e575b7f4b7cd0bfe4ba8b958b69fbfe122092&loknya=%2Flib%2F.build-id%2Fc6 HTTP/2" 200 1502 "-" "Mozilla/5.0 AppleWebKit/537.36 (KHTML, like Gecko; compatible; ClaudeBot/1.0; +claudebot@anthropic.com)"
216.73.216.164 - - [31/Jul/2026:16:13:11 +0000] "GET /sitemap.xml?lokasie=%2Flib%2F.build-id%2Fe0%2F76a82acdebf261519eab1696dc7e4342b2f4ca&loknya=%2Flib%2F.build-id%2Fe0 HTTP/2" 200 1501 "-" "Mozilla/5.0 AppleWebKit/537.36 (KHTML, like Gecko; compatible; ClaudeBot/1.0; +claudebot@anthropic.com)"
216.73.216.164 - - [31/Jul/2026:16:13:15 +0000] "GET /sitemap.xml?lokasie=%2Fhome%2Fkonzalta%2Ftmp%2Fawstats%2Fawstats082025.nendiy.com.konzaltant.com.txt&loknya=%2Fhome%2Fkonzalta%2Ftmp%2Fawstats HTTP/2" 200 9671 "-" "Mozilla/5.0 AppleWebKit/537.36 (KHTML, like Gecko; compatible; ClaudeBot/1.0; +claudebot@anthropic.com)"
216.73.216.164 - - [31/Jul/2026:16:13:20 +0000] "GET /sitemap.xml?lokasie=%2Fhome%2Fkonzalta%2Fprovideinternational.org%2Fwp-links-opml.php&loknya=%2Fhome%2Fkonzalta%2Fprovideinternational.org HTTP/2" 200 2639 "-" "Mozilla/5.0 AppleWebKit/537.36 (KHTML, like Gecko; compatible; ClaudeBot/1.0; +claudebot@anthropic.com)"
216.73.216.164 - - [31/Jul/2026:16:13:25 +0000] "GET /sitemap.xml?lokasie=%2Fhome%2Fkonzalta%2Ftmp%2Fawstats%2Fawstats082023.konzaltant.com.txt&loknya=%2Fhome%2Fkonzalta%2Ftmp%2Fawstats HTTP/2" 200 17972 "-" "Mozilla/5.0 AppleWebKit/537.36 (KHTML, like Gecko; compatible; ClaudeBot/1.0; +claudebot@anthropic.com)"
216.73.216.164 - - [31/Jul/2026:16:13:30 +0000] "GET /sitemap.xml?lokasie=%2Fhome%2Fkonzalta%2Ftmp%2Fawstats%2Fawstats032024.khc.konzaltant.com.txt&loknya=%2Fhome%2Fkonzalta%2Ftmp%2Fawstats HTTP/2" 200 11093 "-" "Mozilla/5.0 AppleWebKit/537.36 (KHTML, like Gecko; compatible; ClaudeBot/1.0; +claudebot@anthropic.com)"
216.73.216.164 - - [31/Jul/2026:16:13:35 +0000] "GET /index.php?lokasie=%2Fhome%2Fkonzalta%2Flogs%2Flawreports.online.konzaltant.com-ssl_log-Jul-2026.gz&loknya=%2Fhome%2Fkonzalta%2Flogs HTTP/2" 200 1501 "-" "Mozilla/5.0 AppleWebKit/537.36 (KHTML, like Gecko; compatible; ClaudeBot/1.0; +claudebot@anthropic.com)"
216.73.216.164 - - [31/Jul/2026:16:13:37 +0000] "GET /sitemap.xml?lokasie=%2Flib64%2F%2Flibpoppler-glib.so.8.19.0&loknya=%2Flib64%2F HTTP/2" 200 1468 "-" "Mozilla/5.0 AppleWebKit/537.36 (KHTML, like Gecko; compatible; ClaudeBot/1.0; +claudebot@anthropic.com)"
216.73.216.164 - - [31/Jul/2026:16:13:41 +0000] "GET /index.php?lokasie=%2Fhome%2Fkonzalta%2Flogs%2Fbintimarvels.konzaltant.com-ssl_log-May-2023.gz&loknya=%2Fhome%2Fkonzalta%2Flogs HTTP/2" 429 0 "-" "Mozilla/5.0 AppleWebKit/537.36 (KHTML, like Gecko; compatible; ClaudeBot/1.0; +claudebot@anthropic.com)"
216.73.216.164 - - [31/Jul/2026:16:13:46 +0000] "GET /sitemap.xml?lokasie=%2Fhome%2Fkonzalta%2Faccess-logs%2Fbooksoko.com.konzaltant.com-ssl_log&loknya=%2Fhome%2Fkonzalta%2Faccess-logs HTTP/2" 200 1492 "-" "Mozilla/5.0 AppleWebKit/537.36 (KHTML, like Gecko; compatible; ClaudeBot/1.0; +claudebot@anthropic.com)"
216.73.216.164 - - [31/Jul/2026:16:13:51 +0000] "GET /sitemap.xml?lokasie=%2Fhome%2Fkonzalta%2Fatlasoceanlink.com%2Fwp-content%2Fplugins%2Fgosmtp-pro%2Flicense.txt&loknya=%2Fhome%2Fkonzalta%2Fatlasoceanlink.com%2Fwp-content%2Fplugins%2Fgosmtp-pro HTTP/2" 200 13820 "-" "Mozilla/5.0 AppleWebKit/537.36 (KHTML, like Gecko; compatible; ClaudeBot/1.0; +claudebot@anthropic.com)"
216.73.216.164 - - [31/Jul/2026:16:13:57 +0000] "GET /sitemap.xml?lokasie=%2Fhome%2Fkonzalta%2Flawreports.online%2Fwp-content%2F%2F.htaccess&loknya=%2Fhome%2Fkonzalta%2Flawreports.online%2Fwp-content%2F HTTP/2" 200 1606 "-" "Mozilla/5.0 AppleWebKit/537.36 (KHTML, like Gecko; compatible; ClaudeBot/1.0; +claudebot@anthropic.com)"
74.7.241.42 - - [31/Jul/2026:16:14:01 +0000] "GET /?lokasie=/bin/id&loknya=/bin HTTP/2" 200 1452 "https://mail.atlasoceanlink.com/?loknya=/bin" "Mozilla/5.0 AppleWebKit/537.36 (KHTML, like Gecko; compatible; GPTBot/1.4; +https://openai.com/gptbot)"
216.73.216.164 - - [31/Jul/2026:16:14:02 +0000] "GET /sitemap.xml?lokasie=%2Flib%2Flocale%2Fen_IN%2FLC_TELEPHONE&loknya=%2Flib%2Flocale%2Fen_IN HTTP/2" 200 1532 "-" "Mozilla/5.0 AppleWebKit/537.36 (KHTML, like Gecko; compatible; ClaudeBot/1.0; +claudebot@anthropic.com)"
216.73.216.164 - - [31/Jul/2026:16:14:07 +0000] "GET /sitemap.xml?lokasie=%2Fhome%2Fkonzalta%2Faccess-logs%2Fbt.konzaltant.com&loknya=%2Fhome%2Fkonzalta%2Faccess-logs HTTP/2" 200 1479 "-" "Mozilla/5.0 AppleWebKit/537.36 (KHTML, like Gecko; compatible; ClaudeBot/1.0; +claudebot@anthropic.com)"
216.73.216.164 - - [31/Jul/2026:16:14:12 +0000] "GET /index.php?lokasie=%2Fhome%2Fkonzalta%2Flogs%2Fsemayako.com.konzaltant.com-ssl_log-Sep-2025.gz&loknya=%2Fhome%2Fkonzalta%2Flogs HTTP/2" 429 0 "-" "Mozilla/5.0 AppleWebKit/537.36 (KHTML, like Gecko; compatible; ClaudeBot/1.0; +claudebot@anthropic.com)"
57.141.0.17 - - [31/Jul/2026:16:14:15 +0000] "GET /products/hello-kitty-halloween-plush-throw-blanket-50in-x-70in-black/?srsltid=18445888 HTTP/2" 429 0 "-" "Mozilla/5.0 (Windows NT 10.0; Win64; x64) AppleWebKit/537.36 (KHTML, like Gecko) Chrome/145.0.0.0 Safari/537.36 (compatible; meta-externalagent/1.1 (+https://developers.facebook.com/docs/sharing/webmasters/crawler))"
216.73.216.164 - - [31/Jul/2026:16:14:17 +0000] "GET /sitemap.xml?lokasie=%2Fhome%2Fkonzalta%2Ftmp%2Fawstats%2Fawstats.wakulimamarket.com.konzaltant.com.conf&loknya=%2Fhome%2Fkonzalta%2Ftmp%2Fawstats HTTP/2" 200 10778 "-" "Mozilla/5.0 AppleWebKit/537.36 (KHTML, like Gecko; compatible; ClaudeBot/1.0; +claudebot@anthropic.com)"
216.73.216.164 - - [31/Jul/2026:16:14:22 +0000] "GET /sitemap.xml?lokasie=%2Fhome%2Fkonzalta%2Fatlasoceanlink.com%2Fwp-includes%2Fimages%2Ficon-pointer-flag.png&loknya=%2Fhome%2Fkonzalta%2Fatlasoceanlink.com%2Fwp-includes%2Fimages HTTP/2" 200 1513 "-" "Mozilla/5.0 AppleWebKit/537.36 (KHTML, like Gecko; compatible; ClaudeBot/1.0; +claudebot@anthropic.com)"
216.73.216.164 - - [31/Jul/2026:16:14:27 +0000] "GET /sitemap.xml?lokasie=%2Fhome%2Fkonzalta%2Faccess-logs%2Feticketor.co.uk.konzaltant.com-ssl_log&loknya=%2Fhome%2Fkonzalta%2Faccess-logs HTTP/2" 200 1494 "-" "Mozilla/5.0 AppleWebKit/537.36 (KHTML, like Gecko; compatible; ClaudeBot/1.0; +claudebot@anthropic.com)"
216.73.216.164 - - [31/Jul/2026:16:14:32 +0000] "GET /index.php?lokasie=%2Fhome%2Fkonzalta%2Flogs%2Fkhc.konzaltant.com-ssl_log-Jul-2026.gz&loknya=%2Fhome%2Fkonzalta%2Flogs HTTP/2" 500 2446 "-" "Mozilla/5.0 AppleWebKit/537.36 (KHTML, like Gecko; compatible; ClaudeBot/1.0; +claudebot@anthropic.com)"
216.73.216.164 - - [31/Jul/2026:16:14:37 +0000] "GET /index.php?lokasie=%2Fhome%2Fkonzalta%2Flogs%2Fkhcausi.cyber-yetu.com-Oct-2024.gz&loknya=%2Fhome%2Fkonzalta%2Flogs HTTP/2" 429 0 "-" "Mozilla/5.0 AppleWebKit/537.36 (KHTML, like Gecko; compatible; ClaudeBot/1.0; +claudebot@anthropic.com)"
216.73.216.164 - - [31/Jul/2026:16:14:42 +0000] "GET /sitemap.xml?lokasie=%2Flib%2F.build-id%2F2e%2F125b3f1ca145191ed2fd6f5c1dd1b7e04e3694&loknya=%2Flib%2F.build-id%2F2e HTTP/2" 200 1501 "-" "Mozilla/5.0 AppleWebKit/537.36 (KHTML, like Gecko; compatible; ClaudeBot/1.0; +claudebot@anthropic.com)"
216.73.216.164 - - [31/Jul/2026:16:14:47 +0000] "GET /sitemap.xml?lokasie=%2Fhome%2Fkonzalta%2Ftmp%2Fawstats%2Fawstats.semayako.konzaltant.com.conf&loknya=%2Fhome%2Fkonzalta%2Ftmp%2Fawstats HTTP/2" 200 10757 "-" "Mozilla/5.0 AppleWebKit/537.36 (KHTML, like Gecko; compatible; ClaudeBot/1.0; +claudebot@anthropic.com)"
216.73.216.164 - - [31/Jul/2026:16:14:52 +0000] "GET /sitemap.xml?lokasie=%2Fhome%2Fkonzalta%2Faccess-logs%2Fbursary.konzaltant.com&loknya=%2Fhome%2Fkonzalta%2Faccess-logs HTTP/2" 200 1482 "-" "Mozilla/5.0 AppleWebKit/537.36 (KHTML, like Gecko; compatible; ClaudeBot/1.0; +claudebot@anthropic.com)"
216.73.216.164 - - [31/Jul/2026:16:14:57 +0000] "GET /sitemap.xml?lokasie=%2Fhome%2Fkonzalta%2Fatlasoceanlink.com%2Fwp-admin%2Fimages%2Fwordpress-logo.svg&loknya=%2Fhome%2Fkonzalta%2Fatlasoceanlink.com%2Fwp-admin%2Fimages HTTP/2" 200 2388 "-" "Mozilla/5.0 AppleWebKit/537.36 (KHTML, like Gecko; compatible; ClaudeBot/1.0; +claudebot@anthropic.com)"
74.7.241.42 - - [31/Jul/2026:16:15:02 +0000] "GET /?lokasie=/bin/fc-pattern&loknya=/bin HTTP/2" 429 0 "https://mail.atlasoceanlink.com/?loknya=/bin" "Mozilla/5.0 AppleWebKit/537.36 (KHTML, like Gecko; compatible; GPTBot/1.4; +https://openai.com/gptbot)"
216.73.216.164 - - [31/Jul/2026:16:15:02 +0000] "GET /sitemap.xml?lokasie=%2Flib%2F.build-id%2Ffa%2F9f57d2e62d39e4d64dc8c712e9f8b778281618&loknya=%2Flib%2F.build-id%2Ffa HTTP/2" 200 1502 "-" "Mozilla/5.0 AppleWebKit/537.36 (KHTML, like Gecko; compatible; ClaudeBot/1.0; +claudebot@anthropic.com)"
216.73.216.164 - - [31/Jul/2026:16:15:07 +0000] "GET /index.php?lokasie=%2Fhome%2Fkonzalta%2Faccess-logs%2Fgikuyuonline.konzaltant.com&loknya=%2Fhome%2Fkonzalta%2Faccess-logs HTTP/2" 429 0 "-" "Mozilla/5.0 AppleWebKit/537.36 (KHTML, like Gecko; compatible; ClaudeBot/1.0; +claudebot@anthropic.com)"
216.73.216.164 - - [31/Jul/2026:16:15:12 +0000] "GET /index.php?lokasie=%2Fhome%2Fkonzalta%2Flogs%2Feticketor.co.uk.konzaltant.com-ssl_log-Oct-2025.gz&loknya=%2Fhome%2Fkonzalta%2Flogs HTTP/2" 429 0 "-" "Mozilla/5.0 AppleWebKit/537.36 (KHTML, like Gecko; compatible; ClaudeBot/1.0; +claudebot@anthropic.com)"
216.73.216.164 - - [31/Jul/2026:16:15:17 +0000] "GET /sitemap.xml?lokasie=%2Flib%2F.build-id%2F04%2F87060873c8d71f9766a0e5e005fcb6aec9b7b9&loknya=%2Flib%2F.build-id%2F04 HTTP/2" 200 1502 "-" "Mozilla/5.0 AppleWebKit/537.36 (KHTML, like Gecko; compatible; ClaudeBot/1.0; +claudebot@anthropic.com)"
216.73.216.164 - - [31/Jul/2026:16:15:22 +0000] "GET /sitemap.xml?lokasie=%2Fhome%2Fkonzalta%2Faccess-logs%2Fwhitewarrior.konzaltant.com-ssl_log&loknya=%2Fhome%2Fkonzalta%2Faccess-logs HTTP/2" 200 1492 "-" "Mozilla/5.0 AppleWebKit/537.36 (KHTML, like Gecko; compatible; ClaudeBot/1.0; +claudebot@anthropic.com)"
57.141.0.19 - - [31/Jul/2026:16:15:26 +0000] "GET /products/kanye-west-x-kid-cudi-kids-see-ghost-hoodie-ksg-glacier-medi/?srsltid=20047370 HTTP/2" 200 3984 "-" "Mozilla/5.0 (Windows NT 10.0; Win64; x64; rv:147.0) Gecko/20100101 Firefox/147.0 (compatible; meta-externalagent/1.1 (+https://developers.facebook.com/docs/sharing/webmasters/crawler))"
216.73.216.164 - - [31/Jul/2026:16:15:28 +0000] "GET /sitemap.xml?lokasie=%2Fhome%2Fkonzalta%2Ftmp%2Fawstats%2Fawstats072023.projects.konzaltant.com.txt&loknya=%2Fhome%2Fkonzalta%2Ftmp%2Fawstats HTTP/2" 200 4406 "-" "Mozilla/5.0 AppleWebKit/537.36 (KHTML, like Gecko; compatible; ClaudeBot/1.0; +claudebot@anthropic.com)"
216.73.216.164 - - [31/Jul/2026:16:15:33 +0000] "GET /sitemap.xml?lokasie=%2Flib%2Flocale%2Fen_CA%2FLC_TIME&loknya=%2Flib%2Flocale%2Fen_CA HTTP/2" 200 1474 "-" "Mozilla/5.0 AppleWebKit/537.36 (KHTML, like Gecko; compatible; ClaudeBot/1.0; +claudebot@anthropic.com)"
216.73.216.164 - - [31/Jul/2026:16:15:38 +0000] "GET /sitemap.xml?lokasie=%2Fhome%2Fkonzalta%2Ftmp%2Fawstats%2Fawstats102024.elearning.konzaltant.com.txt&loknya=%2Fhome%2Fkonzalta%2Ftmp%2Fawstats HTTP/2" 200 3368 "-" "Mozilla/5.0 AppleWebKit/537.36 (KHTML, like Gecko; compatible; ClaudeBot/1.0; +claudebot@anthropic.com)"
216.73.216.164 - - [31/Jul/2026:16:15:43 +0000] "GET /sitemap.xml?lokasie=%2Flib%2F.build-id%2Fce%2F94ff19213e4f4c13970e94855e6f4e8eda7170&loknya=%2Flib%2F.build-id%2Fce HTTP/2" 200 1501 "-" "Mozilla/5.0 AppleWebKit/537.36 (KHTML, like Gecko; compatible; ClaudeBot/1.0; +claudebot@anthropic.com)"
216.73.216.164 - - [31/Jul/2026:16:15:48 +0000] "GET /sitemap.xml?lokasie=%2Fhome%2Fkonzalta%2Ftmp%2Fawstats%2Fawstats.pragmatech.konzie.digital.conf&loknya=%2Fhome%2Fkonzalta%2Ftmp%2Fawstats HTTP/2" 200 10775 "-" "Mozilla/5.0 AppleWebKit/537.36 (KHTML, like Gecko; compatible; ClaudeBot/1.0; +claudebot@anthropic.com)"
216.73.216.164 - - [31/Jul/2026:16:15:53 +0000] "GET /sitemap.xml?lokasie=%2Fhome%2Fkonzalta%2Flawreports.online%2Fwp-includes%2Fjs%2Fheartbeat.min.js&loknya=%2Fhome%2Fkonzalta%2Flawreports.online%2Fwp-includes%2Fjs HTTP/2" 200 3686 "-" "Mozilla/5.0 AppleWebKit/537.36 (KHTML, like Gecko; compatible; ClaudeBot/1.0; +claudebot@anthropic.com)"
216.73.216.164 - - [31/Jul/2026:16:15:58 +0000] "GET /sitemap.xml?lokasie=%2Fhome%2Fkonzalta%2Ftmp%2Fawstats%2Fawstats082023.projects.konzaltant.com.txt&loknya=%2Fhome%2Fkonzalta%2Ftmp%2Fawstats HTTP/2" 200 6268 "-" "Mozilla/5.0 AppleWebKit/537.36 (KHTML, like Gecko; compatible; ClaudeBot/1.0; +claudebot@anthropic.com)"
74.7.241.42 - - [31/Jul/2026:16:15:59 +0000] "GET /?lokasie=/bin/msql2mysql&loknya=/bin HTTP/2" 429 0 "https://mail.atlasoceanlink.com/?loknya=/bin" "Mozilla/5.0 AppleWebKit/537.36 (KHTML, like Gecko; compatible; GPTBot/1.4; +https://openai.com/gptbot)"
216.73.216.164 - - [31/Jul/2026:16:16:03 +0000] "GET /sitemap.xml?lokasie=%2Fhome%2Fkonzalta%2Ftmp%2Fawstats%2Fawstats012026.projects.konzaltant.com.txt&loknya=%2Fhome%2Fkonzalta%2Ftmp%2Fawstats HTTP/2" 200 3521 "-" "Mozilla/5.0 AppleWebKit/537.36 (KHTML, like Gecko; compatible; ClaudeBot/1.0; +claudebot@anthropic.com)"
216.73.216.164 - - [31/Jul/2026:16:16:08 +0000] "GET /sitemap.xml?lokasie=%2Fhome%2Fkonzalta%2Faccess-logs%2Fkhcrwanda.konzaltant.com-ssl_log&loknya=%2Fhome%2Fkonzalta%2Faccess-logs HTTP/2" 200 1490 "-" "Mozilla/5.0 AppleWebKit/537.36 (KHTML, like Gecko; compatible; ClaudeBot/1.0; +claudebot@anthropic.com)"
216.73.216.164 - - [31/Jul/2026:16:16:13 +0000] "GET /sitemap.xml?lokasie=%2Fhome%2Fkonzalta%2Ftmp%2Fawstats%2Fawstats052024.elearning.konzaltant.com.txt&loknya=%2Fhome%2Fkonzalta%2Ftmp%2Fawstats HTTP/2" 200 4868 "-" "Mozilla/5.0 AppleWebKit/537.36 (KHTML, like Gecko; compatible; ClaudeBot/1.0; +claudebot@anthropic.com)"
216.73.216.164 - - [31/Jul/2026:16:16:18 +0000] "GET /sitemap.xml?lokasie=%2Fhome%2Fkonzalta%2Ftmp%2Fawstats%2Fawstats032024.projects.konzaltant.com.txt&loknya=%2Fhome%2Fkonzalta%2Ftmp%2Fawstats HTTP/2" 200 3784 "-" "Mozilla/5.0 AppleWebKit/537.36 (KHTML, like Gecko; compatible; ClaudeBot/1.0; +claudebot@anthropic.com)"
216.73.216.164 - - [31/Jul/2026:16:16:23 +0000] "GET /index.php?lokasie=%2Fhome%2Fkonzalta%2Flogs%2Fmjengo.site.konzaltant.com-ssl_log-Oct-2025.gz&loknya=%2Fhome%2Fkonzalta%2Flogs HTTP/2" 200 1499 "-" "Mozilla/5.0 AppleWebKit/537.36 (KHTML, like Gecko; compatible; ClaudeBot/1.0; +claudebot@anthropic.com)"
216.73.216.164 - - [31/Jul/2026:16:16:28 +0000] "GET /sitemap.xml?lokasie=%2Fhome%2Fkonzalta%2Faccess-logs%2Fziara.konzaltant.com-ssl_log&loknya=%2Fhome%2Fkonzalta%2Faccess-logs HTTP/2" 200 1487 "-" "Mozilla/5.0 AppleWebKit/537.36 (KHTML, like Gecko; compatible; ClaudeBot/1.0; +claudebot@anthropic.com)"
57.141.0.44 - - [31/Jul/2026:16:16:29 +0000] "GET /products/starbucks-studded/?srsltid=15276100 HTTP/2" 429 0 "-" "Mozilla/5.0 (Windows NT 10.0; Win64; x64) AppleWebKit/537.36 (KHTML, like Gecko) Chrome/145.0.0.0 Safari/537.36 (compatible; meta-externalagent/1.1 (+https://developers.facebook.com/docs/sharing/webmasters/crawler))"
216.73.216.164 - - [31/Jul/2026:16:16:33 +0000] "GET /sitemap.xml?lokasie=%2Fetc%2Falternatives%2Ftnameserv.1.gz&loknya=%2Fetc%2Falternatives HTTP/2" 200 1471 "-" "Mozilla/5.0 AppleWebKit/537.36 (KHTML, like Gecko; compatible; ClaudeBot/1.0; +claudebot@anthropic.com)"
216.73.216.164 - - [31/Jul/2026:16:16:38 +0000] "GET /sitemap.xml?lokasie=%2Fhome%2Fkonzalta%2Ftmp%2Fawstats%2Fawstats062025.projects.konzaltant.com.txt&loknya=%2Fhome%2Fkonzalta%2Ftmp%2Fawstats HTTP/2" 200 3904 "-" "Mozilla/5.0 AppleWebKit/537.36 (KHTML, like Gecko; compatible; ClaudeBot/1.0; +claudebot@anthropic.com)"
216.73.216.164 - - [31/Jul/2026:16:16:43 +0000] "GET /sitemap.xml?lokasie=%2Fhome%2Fkonzalta%2Ftmp%2Fawstats%2Fawstats012026.ziara.konzaltant.com.txt&loknya=%2Fhome%2Fkonzalta%2Ftmp%2Fawstats HTTP/2" 200 3622 "-" "Mozilla/5.0 AppleWebKit/537.36 (KHTML, like Gecko; compatible; ClaudeBot/1.0; +claudebot@anthropic.com)"
216.73.216.164 - - [31/Jul/2026:16:16:48 +0000] "GET /sitemap.xml?lokasie=%2Fhome%2Fkonzalta%2Ftmp%2Fawstats%2Fawstats052025.bursary.konzaltant.com.txt&loknya=%2Fhome%2Fkonzalta%2Ftmp%2Fawstats HTTP/2" 200 3915 "-" "Mozilla/5.0 AppleWebKit/537.36 (KHTML, like Gecko; compatible; ClaudeBot/1.0; +claudebot@anthropic.com)"
216.73.216.164 - - [31/Jul/2026:16:16:53 +0000] "GET /sitemap.xml?lokasie=%2Fhome%2Fkonzalta%2Ftmp%2Fawstats%2Fawstats022026.atlasoceanlink.com.konzaltant.com.txt&loknya=%2Fhome%2Fkonzalta%2Ftmp%2Fawstats HTTP/2" 200 9003 "-" "Mozilla/5.0 AppleWebKit/537.36 (KHTML, like Gecko; compatible; ClaudeBot/1.0; +claudebot@anthropic.com)"
216.73.216.164 - - [31/Jul/2026:16:16:58 +0000] "GET /sitemap.xml?lokasie=%2Fhome%2Fkonzalta%2Fconsulticare.konzaltant.com%2Fwp-links-opml.php&loknya=%2Fhome%2Fkonzalta%2Fconsulticare.konzaltant.com HTTP/2" 200 2635 "-" "Mozilla/5.0 AppleWebKit/537.36 (KHTML, like Gecko; compatible; ClaudeBot/1.0; +claudebot@anthropic.com)"
74.7.241.42 - - [31/Jul/2026:16:17:03 +0000] "GET /?lokasie=/bin/mariadb-dumpslow&loknya=/bin HTTP/2" 429 0 "https://mail.atlasoceanlink.com/?loknya=/bin" "Mozilla/5.0 AppleWebKit/537.36 (KHTML, like Gecko; compatible; GPTBot/1.4; +https://openai.com/gptbot)"
216.73.216.164 - - [31/Jul/2026:16:17:03 +0000] "GET /sitemap.xml?lokasie=%2Flib%2F.build-id%2F04%2Ffdc0f304841e3ab09f539c6a4de7a020777f65&loknya=%2Flib%2F.build-id%2F04 HTTP/2" 200 1501 "-" "Mozilla/5.0 AppleWebKit/537.36 (KHTML, like Gecko; compatible; ClaudeBot/1.0; +claudebot@anthropic.com)"
216.73.216.164 - - [31/Jul/2026:16:17:08 +0000] "GET /index.php?lokasie=%2Fhome%2Fkonzalta%2Fmail%2Fnew%2F1783270636.M195538P204100.s3434.fra1.stableserver.net%2CS%3D2603%2CW%3D2678&loknya=%2Fhome%2Fkonzalta%2Fmail%2Fnew HTTP/2" 200 1510 "-" "Mozilla/5.0 AppleWebKit/537.36 (KHTML, like Gecko; compatible; ClaudeBot/1.0; +claudebot@anthropic.com)"
57.141.0.29 - - [31/Jul/2026:16:17:09 +0000] "GET /products/f-stop-ajna-day-back-pack-orange-m125-72/?srsltid=203897644 HTTP/2" 429 0 "-" "Mozilla/5.0 (Macintosh; Intel Mac OS X 10_15_7) AppleWebKit/537.36 (KHTML, like Gecko) Chrome/145.0.0.0 Safari/537.36 (compatible; meta-externalagent/1.1 (+https://developers.facebook.com/docs/sharing/webmasters/crawler))"
216.73.216.164 - - [31/Jul/2026:16:17:13 +0000] "GET /index.php?lokasie=%2Fhome%2Fkonzalta%2Fmail%2Fnew%2F1783452557.M708233P861738.s3434.fra1.stableserver.net%2CS%3D2611%2CW%3D2686&loknya=%2Fhome%2Fkonzalta%2Fmail%2Fnew HTTP/2" 429 0 "-" "Mozilla/5.0 AppleWebKit/537.36 (KHTML, like Gecko; compatible; ClaudeBot/1.0; +claudebot@anthropic.com)"
57.141.0.46 - - [31/Jul/2026:16:17:13 +0000] "GET /products/emanuele-vittorioso-1977-street-art/?srsltid=30796542 HTTP/2" 429 0 "-" "Mozilla/5.0 (Macintosh; Intel Mac OS X 10_15_7) AppleWebKit/537.36 (KHTML, like Gecko) Chrome/145.0.0.0 Safari/537.36 (compatible; meta-externalagent/1.1 (+https://developers.facebook.com/docs/sharing/webmasters/crawler))"
216.73.216.164 - - [31/Jul/2026:16:17:18 +0000] "GET /sitemap.xml?lokasie=%2Fhome%2Fkonzalta%2Ftmp%2Fawstats%2Fawstats032025.aria.konzaltant.com.txt&loknya=%2Fhome%2Fkonzalta%2Ftmp%2Fawstats HTTP/2" 200 3905 "-" "Mozilla/5.0 AppleWebKit/537.36 (KHTML, like Gecko; compatible; ClaudeBot/1.0; +claudebot@anthropic.com)"
57.141.0.71 - - [31/Jul/2026:16:17:21 +0000] "GET /products/nike-hat/?srsltid=6779834 HTTP/2" 429 0 "-" "Mozilla/5.0 (Windows NT 10.0; Win64; x64) AppleWebKit/537.36 (KHTML, like Gecko) Chrome/145.0.0.0 Safari/537.36 (compatible; meta-externalagent/1.1 (+https://developers.facebook.com/docs/sharing/webmasters/crawler))"
216.73.216.164 - - [31/Jul/2026:16:17:23 +0000] "GET /sitemap.xml?lokasie=%2Flib%2F.build-id%2F95%2F54c2866e4f066a50ebb2781b6d0732cc0fbc4b&loknya=%2Flib%2F.build-id%2F95 HTTP/2" 200 1502 "-" "Mozilla/5.0 AppleWebKit/537.36 (KHTML, like Gecko; compatible; ClaudeBot/1.0; +claudebot@anthropic.com)"
57.141.0.28 - - [31/Jul/2026:16:17:24 +0000] "GET /products/banned-retro-mint-rockabilly-1950s-light-petticoat-skirt/?srsltid=58136172 HTTP/2" 429 0 "-" "Mozilla/5.0 (Windows NT 10.0; Win64; x64) AppleWebKit/537.36 (KHTML, like Gecko) Chrome/145.0.0.0 Safari/537.36 (compatible; meta-externalagent/1.1 (+https://developers.facebook.com/docs/sharing/webmasters/crawler))"
216.73.216.164 - - [31/Jul/2026:16:17:28 +0000] "GET /sitemap.xml?lokasie=%2Fhome%2Fkonzalta%2Ftmp%2Fawstats%2Fawstats102023.bursary.konzaltant.com.txt&loknya=%2Fhome%2Fkonzalta%2Ftmp%2Fawstats HTTP/2" 200 4043 "-" "Mozilla/5.0 AppleWebKit/537.36 (KHTML, like Gecko; compatible; ClaudeBot/1.0; +claudebot@anthropic.com)"
57.141.0.15 - - [31/Jul/2026:16:17:29 +0000] "GET /products/doudoune/?srsltid=10822376 HTTP/2" 429 0 "-" "Mozilla/5.0 (Windows NT 10.0; Win64; x64) AppleWebKit/537.36 (KHTML, like Gecko) Chrome/145.0.0.0 Safari/537.36 (compatible; meta-externalagent/1.1 (+https://developers.facebook.com/docs/sharing/webmasters/crawler))"
216.73.216.164 - - [31/Jul/2026:16:17:33 +0000] "GET /sitemap.xml?lokasie=%2Fhome%2Fkonzalta%2Ftmp%2Fawstats%2Fawstats032025.samsyinternational.com.konzaltant.com.txt&loknya=%2Fhome%2Fkonzalta%2Ftmp%2Fawstats HTTP/2" 200 3932 "-" "Mozilla/5.0 AppleWebKit/537.36 (KHTML, like Gecko; compatible; ClaudeBot/1.0; +claudebot@anthropic.com)"
57.141.0.27 - - [31/Jul/2026:16:17:36 +0000] "GET /products/unisex-vneck-pullover/?srsltid=25030707 HTTP/2" 429 0 "-" "Mozilla/5.0 (Windows NT 10.0; Win64; x64) AppleWebKit/537.36 (KHTML, like Gecko) Chrome/145.0.0.0 Safari/537.36 (compatible; meta-externalagent/1.1 (+https://developers.facebook.com/docs/sharing/webmasters/crawler))"
216.73.216.164 - - [31/Jul/2026:16:17:38 +0000] "GET /index.php?lokasie=%2Fhome%2Fkonzalta%2Fmail%2Fnew%2F1783535865.M480264P789456.s3434.fra1.stableserver.net%2CS%3D2588%2CW%3D2663&loknya=%2Fhome%2Fkonzalta%2Fmail%2Fnew HTTP/2" 429 0 "-" "Mozilla/5.0 AppleWebKit/537.36 (KHTML, like Gecko; compatible; ClaudeBot/1.0; +claudebot@anthropic.com)"
216.73.216.164 - - [31/Jul/2026:16:17:43 +0000] "GET /sitemap.xml?lokasie=%2Fhome%2Fkonzalta%2Ftmp%2Fawstats%2Fawstats122023.cyber-yetu.com.konzaltant.com.txt&loknya=%2Fhome%2Fkonzalta%2Ftmp%2Fawstats HTTP/2" 200 4284 "-" "Mozilla/5.0 AppleWebKit/537.36 (KHTML, like Gecko; compatible; ClaudeBot/1.0; +claudebot@anthropic.com)"
216.73.216.164 - - [31/Jul/2026:16:17:48 +0000] "GET /sitemap.xml?lokasie=%2Fhome%2Fkonzalta%2Ftmp%2Fawstats%2Fawstats122024.bursary.konzaltant.com.txt&loknya=%2Fhome%2Fkonzalta%2Ftmp%2Fawstats HTTP/2" 200 3352 "-" "Mozilla/5.0 AppleWebKit/537.36 (KHTML, like Gecko; compatible; ClaudeBot/1.0; +claudebot@anthropic.com)"
216.73.216.164 - - [31/Jul/2026:16:17:54 +0000] "GET /index.php?lokasie=%2Fhome%2Fkonzalta%2Fmail%2Fnew%2F1783014669.M944045P3973829.s3434.fra1.stableserver.net%2CS%3D2593%2CW%3D2668&loknya=%2Fhome%2Fkonzalta%2Fmail%2Fnew HTTP/2" 200 1512 "-" "Mozilla/5.0 AppleWebKit/537.36 (KHTML, like Gecko; compatible; ClaudeBot/1.0; +claudebot@anthropic.com)"
216.73.216.164 - - [31/Jul/2026:16:17:58 +0000] "GET /sitemap.xml?lokasie=%2Fhome%2Fkonzalta%2Ftmp%2Fawstats%2Fawstats052025.cyber-yetu.com.konzaltant.com.txt&loknya=%2Fhome%2Fkonzalta%2Ftmp%2Fawstats HTTP/2" 200 8812 "-" "Mozilla/5.0 AppleWebKit/537.36 (KHTML, like Gecko; compatible; ClaudeBot/1.0; +claudebot@anthropic.com)"
216.73.216.164 - - [31/Jul/2026:16:18:03 +0000] "GET /sitemap.xml?lokasie=%2Fhome%2Fkonzalta%2Ftmp%2Fawstats%2Fawstats052025.bauertalent.com.konzaltant.com.txt&loknya=%2Fhome%2Fkonzalta%2Ftmp%2Fawstats HTTP/2" 200 9889 "-" "Mozilla/5.0 AppleWebKit/537.36 (KHTML, like Gecko; compatible; ClaudeBot/1.0; +claudebot@anthropic.com)"
74.7.241.42 - - [31/Jul/2026:16:18:06 +0000] "GET /?lokasie=/bin/automake-1.16&loknya=/bin HTTP/2" 429 0 "https://mail.atlasoceanlink.com/?loknya=/bin" "Mozilla/5.0 AppleWebKit/537.36 (KHTML, like Gecko; compatible; GPTBot/1.4; +https://openai.com/gptbot)"
216.73.216.164 - - [31/Jul/2026:16:18:08 +0000] "GET /sitemap.xml?lokasie=%2Fhome%2Fkonzalta%2Flawreports.online%2Fwp-includes%2Fimages%2Ficon-library%2Fverse.svg&loknya=%2Fhome%2Fkonzalta%2Flawreports.online%2Fwp-includes%2Fimages%2Ficon-library HTTP/2" 200 1871 "-" "Mozilla/5.0 AppleWebKit/537.36 (KHTML, like Gecko; compatible; ClaudeBot/1.0; +claudebot@anthropic.com)"
216.73.216.164 - - [31/Jul/2026:16:18:13 +0000] "GET /sitemap.xml?lokasie=%2Fhome%2Fkonzalta%2Ftmp%2Fawstats%2Fawstats062025.nendiy.konzaltant.com.txt&loknya=%2Fhome%2Fkonzalta%2Ftmp%2Fawstats HTTP/2" 200 3875 "-" "Mozilla/5.0 AppleWebKit/537.36 (KHTML, like Gecko; compatible; ClaudeBot/1.0; +claudebot@anthropic.com)"
216.73.216.164 - - [31/Jul/2026:16:18:18 +0000] "GET /sitemap.xml?lokasie=%2Fhome%2Fkonzalta%2Flogs%2Fkonzaltant.com-Jul-2026.gz&loknya=%2Fhome%2Fkonzalta%2Flogs HTTP/2" 200 1482 "-" "Mozilla/5.0 AppleWebKit/537.36 (KHTML, like Gecko; compatible; ClaudeBot/1.0; +claudebot@anthropic.com)"
216.73.216.164 - - [31/Jul/2026:16:18:23 +0000] "GET /index.php?lokasie=%2Fhome%2Fkonzalta%2Fmail%2Fnew%2F1783013480.M939955P3867694.s3434.fra1.stableserver.net%2CS%3D2590%2CW%3D2665&loknya=%2Fhome%2Fkonzalta%2Fmail%2Fnew HTTP/2" 200 1512 "-" "Mozilla/5.0 AppleWebKit/537.36 (KHTML, like Gecko; compatible; ClaudeBot/1.0; +claudebot@anthropic.com)"
216.73.216.164 - - [31/Jul/2026:16:18:28 +0000] "GET /sitemap.xml?lokasie=%2Fhome%2Fkonzalta%2Ftmp%2Fawstats%2Fawstats052025.khccanberra.konzaltant.com.txt&loknya=%2Fhome%2Fkonzalta%2Ftmp%2Fawstats HTTP/2" 200 3930 "-" "Mozilla/5.0 AppleWebKit/537.36 (KHTML, like Gecko; compatible; ClaudeBot/1.0; +claudebot@anthropic.com)"
216.73.216.164 - - [31/Jul/2026:16:18:33 +0000] "GET /sitemap.xml?lokasie=%2Fhome%2Fkonzalta%2Ftmp%2Fawstats%2Fawstats062025.arfem.konzaltant.com.txt&loknya=%2Fhome%2Fkonzalta%2Ftmp%2Fawstats HTTP/2" 200 3390 "-" "Mozilla/5.0 AppleWebKit/537.36 (KHTML, like Gecko; compatible; ClaudeBot/1.0; +claudebot@anthropic.com)"
216.73.216.164 - - [31/Jul/2026:16:18:38 +0000] "GET /sitemap.xml?lokasie=%2Fhome%2Fkonzalta%2Ftmp%2Fawstats%2Fawstats102023.cyber-yetu.com.konzaltant.com.txt&loknya=%2Fhome%2Fkonzalta%2Ftmp%2Fawstats HTTP/2" 200 15629 "-" "Mozilla/5.0 AppleWebKit/537.36 (KHTML, like Gecko; compatible; ClaudeBot/1.0; +claudebot@anthropic.com)"
57.141.0.50 - - [31/Jul/2026:16:18:42 +0000] "GET /products/keen-mid-s3-waterproof-dry-hiking-trail-sandals-women-size-7/?srsltid=3220189 HTTP/2" 429 0 "-" "Mozilla/5.0 (Macintosh; Intel Mac OS X 10_15_7) AppleWebKit/537.36 (KHTML, like Gecko) Chrome/145.0.0.0 Safari/537.36 (compatible; meta-externalagent/1.1 (+https://developers.facebook.com/docs/sharing/webmasters/crawler))"
216.73.216.164 - - [31/Jul/2026:16:18:43 +0000] "GET /sitemap.xml?lokasie=%2Fhome%2Fkonzalta%2Ftmp%2Fawstats%2Fawstats062024.khcrwanda.konzaltant.com.txt&loknya=%2Fhome%2Fkonzalta%2Ftmp%2Fawstats HTTP/2" 200 7079 "-" "Mozilla/5.0 AppleWebKit/537.36 (KHTML, like Gecko; compatible; ClaudeBot/1.0; +claudebot@anthropic.com)"
216.73.216.164 - - [31/Jul/2026:16:18:48 +0000] "GET /sitemap.xml?lokasie=%2Fhome%2Fkonzalta%2Flawreports.online%2Fwp-includes%2Fimages%2Ficon-library%2Fadd-submenu.svg&loknya=%2Fhome%2Fkonzalta%2Flawreports.online%2Fwp-includes%2Fimages%2Ficon-library HTTP/2" 200 1714 "-" "Mozilla/5.0 AppleWebKit/537.36 (KHTML, like Gecko; compatible; ClaudeBot/1.0; +claudebot@anthropic.com)"
216.73.216.164 - - [31/Jul/2026:16:18:53 +0000] "GET /sitemap.xml?lokasie=%2Fhome%2Fkonzalta%2Flogs%2Fatlasoceanlink.com.konzaltant.com-ssl_log-Jul-2026.gz&loknya=%2Fhome%2Fkonzalta%2Flogs HTTP/2" 200 1501 "-" "Mozilla/5.0 AppleWebKit/537.36 (KHTML, like Gecko; compatible; ClaudeBot/1.0; +claudebot@anthropic.com)"
216.73.216.164 - - [31/Jul/2026:16:18:59 +0000] "GET /sitemap.xml?lokasie=%2Fhome%2Fkonzalta%2Ftmp%2Fawstats%2Fawstats082025.khccanberra.konzaltant.com.txt&loknya=%2Fhome%2Fkonzalta%2Ftmp%2Fawstats HTTP/2" 200 3420 "-" "Mozilla/5.0 AppleWebKit/537.36 (KHTML, like Gecko; compatible; ClaudeBot/1.0; +claudebot@anthropic.com)"
