57.141.0.44 - - [31/Jul/2026:12:47:24 +0000] "GET /products/petrified-wood-slice/?srsltid=24660109 HTTP/2" 200 3981 "-" "Mozilla/5.0 (Windows NT 10.0; Win64; x64) AppleWebKit/537.36 (KHTML, like Gecko) Chrome/145.0.0.0 Safari/537.36 Edg/145.0.0.0 (compatible; meta-externalagent/1.1 (+https://developers.facebook.com/docs/sharing/webmasters/crawler))"
57.141.0.6 - - [31/Jul/2026:12:47:26 +0000] "GET /products/polo-green-and-burgundy-button-down-sizexxl/?srsltid=21689862 HTTP/2" 200 3983 "-" "Mozilla/5.0 (Windows NT 10.0; Win64; x64) AppleWebKit/537.36 (KHTML, like Gecko) Chrome/145.0.0.0 Safari/537.36 (compatible; meta-externalagent/1.1 (+https://developers.facebook.com/docs/sharing/webmasters/crawler))"
216.73.216.164 - - [31/Jul/2026:12:46:38 +0000] "GET /index.php?loknya=%2Fhome%2Fkonzalta%2Fjohnweru.com%2Fwp-content%2Fplugins%2Fone-click-demo-import HTTP/2" 429 0 "-" "Mozilla/5.0 AppleWebKit/537.36 (KHTML, like Gecko; compatible; ClaudeBot/1.0; +claudebot@anthropic.com)"
216.73.216.164 - - [31/Jul/2026:12:46:43 +0000] "GET /sitemap.xml?lokasie=%2Fvar%2Fsoftaculous%2Fowncloud%2Fphp81%2Fclone.php&loknya=%2Fvar%2Fsoftaculous%2Fowncloud%2Fphp81 HTTP/2" 200 5470 "-" "Mozilla/5.0 AppleWebKit/537.36 (KHTML, like Gecko; compatible; ClaudeBot/1.0; +claudebot@anthropic.com)"
216.73.216.164 - - [31/Jul/2026:12:46:48 +0000] "GET /sitemap.xml?lokasie=%2Fvar%2Fsoftaculous%2Fpostfix%2Fphp81%2Finstall.php&loknya=%2Fvar%2Fsoftaculous%2Fpostfix%2Fphp81 HTTP/2" 200 6816 "-" "Mozilla/5.0 AppleWebKit/537.36 (KHTML, like Gecko; compatible; ClaudeBot/1.0; +claudebot@anthropic.com)"
216.73.216.164 - - [31/Jul/2026:12:46:53 +0000] "GET /sitemap.xml?lokasie=%2Fvar%2Fsoftaculous%2Fraphael%2Fphp56%2Finstall.php&loknya=%2Fvar%2Fsoftaculous%2Fraphael%2Fphp56 HTTP/2" 200 4413 "-" "Mozilla/5.0 AppleWebKit/537.36 (KHTML, like Gecko; compatible; ClaudeBot/1.0; +claudebot@anthropic.com)"
216.73.216.164 - - [31/Jul/2026:12:46:58 +0000] "GET /sitemap.xml?lokasie=%2Fhome%2Fkonzalta%2Fbuildframework.konzaltant.com%2Fwp-includes%2FRequests%2Fsrc%2FHooks.php&loknya=%2Fhome%2Fkonzalta%2Fbuildframework.konzaltant.com%2Fwp-includes%2FRequests%2Fsrc HTTP/2" 200 2502 "-" "Mozilla/5.0 AppleWebKit/537.36 (KHTML, like Gecko; compatible; ClaudeBot/1.0; +claudebot@anthropic.com)"
216.73.216.164 - - [31/Jul/2026:12:47:28 +0000] "GET /sitemap.xml?lokasie=%2Fvar%2Fsoftaculous%2Fthbees%2Fphp56%2Fextend.php&loknya=%2Fvar%2Fsoftaculous%2Fthbees%2Fphp56 HTTP/2" 200 3194 "-" "Mozilla/5.0 AppleWebKit/537.36 (KHTML, like Gecko; compatible; ClaudeBot/1.0; +claudebot@anthropic.com)"
216.73.216.164 - - [31/Jul/2026:12:47:33 +0000] "GET /sitemap.xml?lokasie=%2Fvar%2Fsoftaculous%2Ffcms%2Fphp56%2Finstall.php&loknya=%2Fvar%2Fsoftaculous%2Ffcms%2Fphp56 HTTP/2" 200 8817 "-" "Mozilla/5.0 AppleWebKit/537.36 (KHTML, like Gecko; compatible; ClaudeBot/1.0; +claudebot@anthropic.com)"
216.73.216.164 - - [31/Jul/2026:12:47:38 +0000] "GET /sitemap.xml?lokasie=%2Fvar%2Fsoftaculous%2Fcszcms%2Fphp53%2Finstall.php&loknya=%2Fvar%2Fsoftaculous%2Fcszcms%2Fphp53 HTTP/2" 200 5018 "-" "Mozilla/5.0 AppleWebKit/537.36 (KHTML, like Gecko; compatible; ClaudeBot/1.0; +claudebot@anthropic.com)"
216.73.216.164 - - [31/Jul/2026:12:47:43 +0000] "GET /sitemap.xml?lokasie=%2Fvar%2Fsoftaculous%2Fdropzone%2Fphp81%2Finstall.php&loknya=%2Fvar%2Fsoftaculous%2Fdropzone%2Fphp81 HTTP/2" 200 4368 "-" "Mozilla/5.0 AppleWebKit/537.36 (KHTML, like Gecko; compatible; ClaudeBot/1.0; +claudebot@anthropic.com)"
216.73.216.164 - - [31/Jul/2026:12:47:48 +0000] "GET /sitemap.xml?lokasie=%2Fvar%2Fsoftaculous%2Fcszcms%2Fphp56%2Fextend.php&loknya=%2Fvar%2Fsoftaculous%2Fcszcms%2Fphp56 HTTP/2" 200 8802 "-" "Mozilla/5.0 AppleWebKit/537.36 (KHTML, like Gecko; compatible; ClaudeBot/1.0; +claudebot@anthropic.com)"
57.141.0.21 - - [31/Jul/2026:12:47:51 +0000] "GET /products/brooks-adrenaline-gtx-20-shoes-mens-8-gray-running-athletic/?srsltid=47703136 HTTP/2" 200 3979 "-" "Mozilla/5.0 (Windows NT 10.0; Win64; x64) AppleWebKit/537.36 (KHTML, like Gecko) Chrome/145.0.0.0 Safari/537.36 (compatible; meta-externalagent/1.1 (+https://developers.facebook.com/docs/sharing/webmasters/crawler))"
216.73.216.164 - - [31/Jul/2026:12:47:53 +0000] "GET /sitemap.xml?lokasie=%2Fvar%2Fsoftaculous%2Fwebid%2Fphp56%2Finstall.php&loknya=%2Fvar%2Fsoftaculous%2Fwebid%2Fphp56 HTTP/2" 200 6182 "-" "Mozilla/5.0 AppleWebKit/537.36 (KHTML, like Gecko; compatible; ClaudeBot/1.0; +claudebot@anthropic.com)"
57.141.0.25 - - [31/Jul/2026:12:47:55 +0000] "GET /products/sealey-sa230-air-ratchet-wrench-14sq-drive-super-stubby/?srsltid=204839092 HTTP/2" 200 3886 "-" "Mozilla/5.0 (Windows NT 10.0; Win64; x64) AppleWebKit/537.36 (KHTML, like Gecko) Chrome/145.0.0.0 Safari/537.36 (compatible; meta-externalagent/1.1 (+https://developers.facebook.com/docs/sharing/webmasters/crawler))"
216.73.216.164 - - [31/Jul/2026:12:47:58 +0000] "GET /sitemap.xml?lokasie=%2Fvar%2Fsoftaculous%2Fdotproj%2Fphp53%2Finstall.php&loknya=%2Fvar%2Fsoftaculous%2Fdotproj%2Fphp53 HTTP/2" 200 4292 "-" "Mozilla/5.0 AppleWebKit/537.36 (KHTML, like Gecko; compatible; ClaudeBot/1.0; +claudebot@anthropic.com)"
216.73.216.164 - - [31/Jul/2026:12:48:03 +0000] "GET /sitemap.xml?lokasie=%2Fvar%2Fsoftaculous%2Ffirefly%2Fphp81%2Finstall.php&loknya=%2Fvar%2Fsoftaculous%2Ffirefly%2Fphp81 HTTP/2" 200 6634 "-" "Mozilla/5.0 AppleWebKit/537.36 (KHTML, like Gecko; compatible; ClaudeBot/1.0; +claudebot@anthropic.com)"
216.73.216.164 - - [31/Jul/2026:12:48:08 +0000] "GET /sitemap.xml?lokasie=%2Fvar%2Fsoftaculous%2Fphorum%2Fphp81%2Finstall.php&loknya=%2Fvar%2Fsoftaculous%2Fphorum%2Fphp81 HTTP/2" 200 5296 "-" "Mozilla/5.0 AppleWebKit/537.36 (KHTML, like Gecko; compatible; ClaudeBot/1.0; +claudebot@anthropic.com)"
216.73.216.164 - - [31/Jul/2026:12:48:13 +0000] "GET /sitemap.xml?lokasie=%2Fvar%2Fsoftaculous%2Fwebcal%2Fphp82%2Finstall.php&loknya=%2Fvar%2Fsoftaculous%2Fwebcal%2Fphp82 HTTP/2" 200 4753 "-" "Mozilla/5.0 AppleWebKit/537.36 (KHTML, like Gecko; compatible; ClaudeBot/1.0; +claudebot@anthropic.com)"
216.73.216.164 - - [31/Jul/2026:12:48:18 +0000] "GET /sitemap.xml?lokasie=%2Fvar%2Fsoftaculous%2Fcszcms%2Fphp81%2Fclone.php&loknya=%2Fvar%2Fsoftaculous%2Fcszcms%2Fphp81 HTTP/2" 200 6060 "-" "Mozilla/5.0 AppleWebKit/537.36 (KHTML, like Gecko; compatible; ClaudeBot/1.0; +claudebot@anthropic.com)"
216.73.216.164 - - [31/Jul/2026:12:48:23 +0000] "GET /sitemap.xml?lokasie=%2Fvar%2Fsoftaculous%2Fthbees%2Fphp81%2Fclone.php&loknya=%2Fvar%2Fsoftaculous%2Fthbees%2Fphp81 HTTP/2" 200 12713 "-" "Mozilla/5.0 AppleWebKit/537.36 (KHTML, like Gecko; compatible; ClaudeBot/1.0; +claudebot@anthropic.com)"
216.73.216.164 - - [31/Jul/2026:12:48:28 +0000] "GET /sitemap.xml?lokasie=%2Fvar%2Fsoftaculous%2Fhtmly%2Fphp81%2Fextend.php&loknya=%2Fvar%2Fsoftaculous%2Fhtmly%2Fphp81 HTTP/2" 200 9643 "-" "Mozilla/5.0 AppleWebKit/537.36 (KHTML, like Gecko; compatible; ClaudeBot/1.0; +claudebot@anthropic.com)"
216.73.216.164 - - [31/Jul/2026:12:48:33 +0000] "GET /sitemap.xml?lokasie=%2Fvar%2Fsoftaculous%2Fuauctions%2Fphp53%2Finstall.php&loknya=%2Fvar%2Fsoftaculous%2Fuauctions%2Fphp53 HTTP/2" 200 12495 "-" "Mozilla/5.0 AppleWebKit/537.36 (KHTML, like Gecko; compatible; ClaudeBot/1.0; +claudebot@anthropic.com)"
57.141.0.27 - - [31/Jul/2026:12:48:34 +0000] "GET /products/pink-nike-tech-size-small/?srsltid=34064262 HTTP/2" 200 3900 "-" "Mozilla/5.0 (Windows NT 10.0; Win64; x64) AppleWebKit/537.36 (KHTML, like Gecko) Chrome/145.0.0.0 Safari/537.36 Edg/145.0.0.0 (compatible; meta-externalagent/1.1 (+https://developers.facebook.com/docs/sharing/webmasters/crawler))"
216.73.216.164 - - [31/Jul/2026:12:48:38 +0000] "GET /sitemap.xml?lokasie=%2Fvar%2Fsoftaculous%2Fxoops%2Fphp81%2Finstall.php&loknya=%2Fvar%2Fsoftaculous%2Fxoops%2Fphp81 HTTP/2" 200 5353 "-" "Mozilla/5.0 AppleWebKit/537.36 (KHTML, like Gecko; compatible; ClaudeBot/1.0; +claudebot@anthropic.com)"
77.75.77.109 - - [31/Jul/2026:12:48:41 +0000] "GET /robots.txt HTTP/1.1" 200 70 "-" "Mozilla/5.0 (compatible; SeznamBot/4.0; +https://o-seznam.cz/napoveda/vyhledavani/en/seznambot-crawler/)"
77.75.77.109 - - [31/Jul/2026:12:48:41 +0000] "GET /sitemap.xml HTTP/1.1" 200 3888 "-" "Mozilla/5.0 (compatible; SeznamBot/4.0; +https://o-seznam.cz/napoveda/vyhledavani/en/seznambot-crawler/)"
57.141.0.69 - - [31/Jul/2026:12:48:42 +0000] "GET /products/boston-bruins-hooded-sweatshirt-mens-large-black-gold-winter/?srsltid=7576710 HTTP/2" 200 3886 "-" "Mozilla/5.0 (Windows NT 10.0; Win64; x64) AppleWebKit/537.36 (KHTML, like Gecko) Chrome/145.0.0.0 Safari/537.36 (compatible; meta-externalagent/1.1 (+https://developers.facebook.com/docs/sharing/webmasters/crawler))"
216.73.216.164 - - [31/Jul/2026:12:48:43 +0000] "GET /sitemap.xml?lokasie=%2Fvar%2Fsoftaculous%2Fcpg%2Fphp56%2Fextend.php&loknya=%2Fvar%2Fsoftaculous%2Fcpg%2Fphp56 HTTP/2" 200 3124 "-" "Mozilla/5.0 AppleWebKit/537.36 (KHTML, like Gecko; compatible; ClaudeBot/1.0; +claudebot@anthropic.com)"
57.141.0.36 - - [31/Jul/2026:12:48:46 +0000] "GET /products/glow-in-dark-rocks-glow-pebbles-stones-for-outdoor-garden-aq/?srsltid=8636234 HTTP/2" 200 3986 "-" "Mozilla/5.0 (Macintosh; Intel Mac OS X 10_15_7) AppleWebKit/537.36 (KHTML, like Gecko) Chrome/145.0.0.0 Safari/537.36 (compatible; meta-externalagent/1.1 (+https://developers.facebook.com/docs/sharing/webmasters/crawler))"
216.73.216.164 - - [31/Jul/2026:12:48:48 +0000] "GET /sitemap.xml?lokasie=%2Fvar%2Fsoftaculous%2Fdotproj%2Fphp81%2Fclone.php&loknya=%2Fvar%2Fsoftaculous%2Fdotproj%2Fphp81 HTTP/2" 200 3939 "-" "Mozilla/5.0 AppleWebKit/537.36 (KHTML, like Gecko; compatible; ClaudeBot/1.0; +claudebot@anthropic.com)"
57.141.0.71 - - [31/Jul/2026:12:48:49 +0000] "GET /products/new-free-people-lola-we-the-free-womens-gray-wool-like-jacke/?srsltid=21906756 HTTP/2" 200 3945 "-" "Mozilla/5.0 (Windows NT 10.0; Win64; x64) AppleWebKit/537.36 (KHTML, like Gecko) Chrome/145.0.0.0 Safari/537.36 (compatible; meta-externalagent/1.1 (+https://developers.facebook.com/docs/sharing/webmasters/crawler))"
216.73.216.164 - - [31/Jul/2026:12:48:53 +0000] "GET /sitemap.xml?lokasie=%2Fvar%2Fsoftaculous%2Fapprain%2Fphp81%2Fclone.php&loknya=%2Fvar%2Fsoftaculous%2Fapprain%2Fphp81 HTTP/2" 200 4094 "-" "Mozilla/5.0 AppleWebKit/537.36 (KHTML, like Gecko; compatible; ClaudeBot/1.0; +claudebot@anthropic.com)"
57.141.0.3 - - [31/Jul/2026:12:48:55 +0000] "GET /products/koolaburra-by-ugg-crystelle-faux-fur-throw-blanket-kb-white/?srsltid=36392468 HTTP/2" 200 3989 "-" "Mozilla/5.0 (Windows NT 10.0; Win64; x64) AppleWebKit/537.36 (KHTML, like Gecko) Chrome/144.0.0.0 Safari/537.36 Edg/144.0.0.0 (compatible; meta-externalagent/1.1 (+https://developers.facebook.com/docs/sharing/webmasters/crawler))"
216.73.216.164 - - [31/Jul/2026:12:48:58 +0000] "GET /sitemap.xml?lokasie=%2Fvar%2Fsoftaculous%2Fmootools%2Fphp82%2Finstall.php&loknya=%2Fvar%2Fsoftaculous%2Fmootools%2Fphp82 HTTP/2" 200 4163 "-" "Mozilla/5.0 AppleWebKit/537.36 (KHTML, like Gecko; compatible; ClaudeBot/1.0; +claudebot@anthropic.com)"
216.73.216.164 - - [31/Jul/2026:12:49:03 +0000] "GET /sitemap.xml?lokasie=%2Fvar%2Fsoftaculous%2Fmantis%2Fphp81%2Fclone.php&loknya=%2Fvar%2Fsoftaculous%2Fmantis%2Fphp81 HTTP/2" 200 5958 "-" "Mozilla/5.0 AppleWebKit/537.36 (KHTML, like Gecko; compatible; ClaudeBot/1.0; +claudebot@anthropic.com)"
20.54.134.42 - - [31/Jul/2026:12:49:04 +0000] "POST /blog/xmlrpc.php HTTP/2" 403 5137 "-" "Mozilla/5.0 (Windows NT 10.0; Win64; x64) AppleWebKit/537.36 (KHTML, like Gecko) Chrome/150.0.0.0 Safari/537.36"
216.73.216.164 - - [31/Jul/2026:12:49:08 +0000] "GET /sitemap.xml?lokasie=%2Fvar%2Fsoftaculous%2Fuauctions%2Fphp81%2Fclone.php&loknya=%2Fvar%2Fsoftaculous%2Fuauctions%2Fphp81 HTTP/2" 200 5618 "-" "Mozilla/5.0 AppleWebKit/537.36 (KHTML, like Gecko; compatible; ClaudeBot/1.0; +claudebot@anthropic.com)"
216.73.216.164 - - [31/Jul/2026:12:49:13 +0000] "GET /sitemap.xml?lokasie=%2Fvar%2Fsoftaculous%2Fwp%2Fphp81%2Fextend.php&loknya=%2Fvar%2Fsoftaculous%2Fwp%2Fphp81 HTTP/2" 200 84583 "-" "Mozilla/5.0 AppleWebKit/537.36 (KHTML, like Gecko; compatible; ClaudeBot/1.0; +claudebot@anthropic.com)"
216.73.216.164 - - [31/Jul/2026:12:49:18 +0000] "GET /sitemap.xml?lokasie=%2Fvar%2Fsoftaculous%2Fburden%2Fphp53%2Finstall.php&loknya=%2Fvar%2Fsoftaculous%2Fburden%2Fphp53 HTTP/2" 200 4691 "-" "Mozilla/5.0 AppleWebKit/537.36 (KHTML, like Gecko; compatible; ClaudeBot/1.0; +claudebot@anthropic.com)"
216.73.216.164 - - [31/Jul/2026:12:49:24 +0000] "GET /sitemap.xml?loknya=%2Fhome%2Fkonzalta%2Fatlasoceanlink.com%2Fwp-content%2Fuploads%2Fwpforms HTTP/2" 200 2132 "-" "Mozilla/5.0 AppleWebKit/537.36 (KHTML, like Gecko; compatible; ClaudeBot/1.0; +claudebot@anthropic.com)"
216.73.216.164 - - [31/Jul/2026:12:49:28 +0000] "GET /sitemap.xml?loknya=%2Flib%2F.build-id%2Fb6 HTTP/2" 200 2836 "-" "Mozilla/5.0 AppleWebKit/537.36 (KHTML, like Gecko; compatible; ClaudeBot/1.0; +claudebot@anthropic.com)"
57.141.0.24 - - [31/Jul/2026:12:49:31 +0000] "GET /products/tommy-bahama-mens-xl-pink-check-button-up-long-sleeve-pima-c/?srsltid=49631855 HTTP/2" 200 3979 "-" "Mozilla/5.0 (Macintosh; Intel Mac OS X 10_15_7) AppleWebKit/537.36 (KHTML, like Gecko) Chrome/145.0.0.0 Safari/537.36 (compatible; meta-externalagent/1.1 (+https://developers.facebook.com/docs/sharing/webmasters/crawler))"
57.141.0.38 - - [31/Jul/2026:12:49:31 +0000] "GET /products/sac-cabas/?srsltid=58000378 HTTP/2" 200 3914 "-" "Mozilla/5.0 (Windows NT 10.0; Win64; x64) AppleWebKit/537.36 (KHTML, like Gecko) Chrome/145.0.7632.6 Safari/537.36 (compatible; meta-externalagent/1.1 (+https://developers.facebook.com/docs/sharing/webmasters/crawler))"
57.141.0.33 - - [31/Jul/2026:12:49:31 +0000] "GET /products/sweat-capuche-tommy-hilfiger/?srsltid=39273405 HTTP/2" 200 3977 "-" "Mozilla/5.0 (Windows NT 10.0; Win64; x64) AppleWebKit/537.36 (KHTML, like Gecko) Chrome/145.0.0.0 Safari/537.36 (compatible; meta-externalagent/1.1 (+https://developers.facebook.com/docs/sharing/webmasters/crawler))"
57.141.0.41 - - [31/Jul/2026:12:49:33 +0000] "GET /products/aten-4-port-hdmi-over-single-cat-5-splitter-taa-compliant/?srsltid=200685164 HTTP/2" 200 3893 "-" "Mozilla/5.0 (Windows NT 10.0; Win64; x64) AppleWebKit/537.36 (KHTML, like Gecko) Chrome/145.0.0.0 Safari/537.36 (compatible; meta-externalagent/1.1 (+https://developers.facebook.com/docs/sharing/webmasters/crawler))"
216.73.216.164 - - [31/Jul/2026:12:49:33 +0000] "GET /sitemap.xml?loknya=%2Fvar%2Fsoftaculous%2Fmoodle39%2Fphp56 HTTP/2" 200 2099 "-" "Mozilla/5.0 AppleWebKit/537.36 (KHTML, like Gecko; compatible; ClaudeBot/1.0; +claudebot@anthropic.com)"
57.141.0.30 - - [31/Jul/2026:12:49:36 +0000] "GET /products/cafe-espresso-by-benjamin-and-medwin/?srsltid=13228278 HTTP/2" 200 3975 "-" "Mozilla/5.0 (Windows NT 10.0; Win64; x64) AppleWebKit/537.36 (KHTML, like Gecko) Chrome/145.0.0.0 Safari/537.36 (compatible; meta-externalagent/1.1 (+https://developers.facebook.com/docs/sharing/webmasters/crawler))"
57.141.0.66 - - [31/Jul/2026:12:49:38 +0000] "GET /products/tissot-prx/?srsltid=30588590 HTTP/2" 200 3913 "-" "Mozilla/5.0 (Windows NT 10.0; Win64; x64) AppleWebKit/537.36 (KHTML, like Gecko) Chrome/145.0.0.0 Safari/537.36 (compatible; meta-externalagent/1.1 (+https://developers.facebook.com/docs/sharing/webmasters/crawler))"
216.73.216.164 - - [31/Jul/2026:12:49:38 +0000] "GET /sitemap.xml?loknya=%2Flib%2F.build-id%2F2a HTTP/2" 200 2646 "-" "Mozilla/5.0 AppleWebKit/537.36 (KHTML, like Gecko; compatible; ClaudeBot/1.0; +claudebot@anthropic.com)"
57.141.0.49 - - [31/Jul/2026:12:49:41 +0000] "GET /products/clarks-leisa-cacti-q-3-strap-slip-on-open-back-sandals-women/?srsltid=54252739 HTTP/2" 200 3893 "-" "Mozilla/5.0 (X11; Linux x86_64) AppleWebKit/537.36 (KHTML, like Gecko) Chrome/145.0.0.0 Safari/537.36 (compatible; meta-externalagent/1.1 (+https://developers.facebook.com/docs/sharing/webmasters/crawler))"
216.73.216.164 - - [31/Jul/2026:12:49:43 +0000] "GET /sitemap.xml?loknya=%2Fvar%2Fsoftaculous%2Fwp53 HTTP/2" 200 2942 "-" "Mozilla/5.0 AppleWebKit/537.36 (KHTML, like Gecko; compatible; ClaudeBot/1.0; +claudebot@anthropic.com)"
216.73.216.164 - - [31/Jul/2026:12:49:48 +0000] "GET /sitemap.xml?loknya=%2Flib64%2Fsssd%2Fconf HTTP/2" 200 1897 "-" "Mozilla/5.0 AppleWebKit/537.36 (KHTML, like Gecko; compatible; ClaudeBot/1.0; +claudebot@anthropic.com)"
216.73.216.164 - - [31/Jul/2026:12:49:53 +0000] "GET /sitemap.xml?loknya=%2Fhome%2Fkonzalta%2Fatlasoceanlink.com%2Fwp-content%2Fplugins%2Fwpforms-lite%2Flite HTTP/2" 200 2080 "-" "Mozilla/5.0 AppleWebKit/537.36 (KHTML, like Gecko; compatible; ClaudeBot/1.0; +claudebot@anthropic.com)"
57.141.0.56 - - [31/Jul/2026:12:49:57 +0000] "GET /products/team-shakti-pillow/?srsltid=9428790 HTTP/2" 200 3894 "-" "Mozilla/5.0 (Windows NT 10.0; Win64; x64) AppleWebKit/537.36 (KHTML, like Gecko) Chrome/145.0.0.0 Safari/537.36 (compatible; meta-externalagent/1.1 (+https://developers.facebook.com/docs/sharing/webmasters/crawler))"
216.73.216.164 - - [31/Jul/2026:12:49:58 +0000] "GET /sitemap.xml?loknya=%2Flib%2F.build-id%2Fa4 HTTP/2" 200 2948 "-" "Mozilla/5.0 AppleWebKit/537.36 (KHTML, like Gecko; compatible; ClaudeBot/1.0; +claudebot@anthropic.com)"
57.141.0.66 - - [31/Jul/2026:12:49:59 +0000] "GET /products/slipstop-27-29-maat-zwemschoenen-waterschoenen-nieuw/?srsltid=60169253 HTTP/2" 200 3980 "-" "Mozilla/5.0 (Macintosh; Intel Mac OS X 10_15_7) AppleWebKit/537.36 (KHTML, like Gecko) Chrome/145.0.0.0 Safari/537.36 (compatible; meta-externalagent/1.1 (+https://developers.facebook.com/docs/sharing/webmasters/crawler))"
216.73.216.164 - - [31/Jul/2026:12:50:03 +0000] "GET /sitemap.xml?loknya=%2Flib%2Fjvm-private HTTP/2" 200 1720 "-" "Mozilla/5.0 AppleWebKit/537.36 (KHTML, like Gecko; compatible; ClaudeBot/1.0; +claudebot@anthropic.com)"
216.73.216.164 - - [31/Jul/2026:12:50:08 +0000] "GET /index.php?loknya=%2Fhome%2Fkonzalta%2Fatlasoceanlink.com%2Fwp-includes%2Fblocks%2Fmore HTTP/2" 200 2090 "-" "Mozilla/5.0 AppleWebKit/537.36 (KHTML, like Gecko; compatible; ClaudeBot/1.0; +claudebot@anthropic.com)"
57.141.0.24 - - [31/Jul/2026:12:50:11 +0000] "GET /products/taylor-sage-womens-l-black-velvet-burnout-off-shoulder-peasa/?srsltid=8396601 HTTP/2" 200 3954 "-" "Mozilla/5.0 (Macintosh; Intel Mac OS X 10_15_7) AppleWebKit/537.36 (KHTML, like Gecko) Chrome/145.0.0.0 Safari/537.36 (compatible; meta-externalagent/1.1 (+https://developers.facebook.com/docs/sharing/webmasters/crawler))"
216.73.216.164 - - [31/Jul/2026:12:50:13 +0000] "GET /sitemap.xml?loknya=%2Fvar%2Fsoftaculous%2Fopenb HTTP/2" 200 2684 "-" "Mozilla/5.0 AppleWebKit/537.36 (KHTML, like Gecko; compatible; ClaudeBot/1.0; +claudebot@anthropic.com)"
57.141.0.23 - - [31/Jul/2026:12:50:16 +0000] "GET /products/inc-peony-garden-black-feminine-floral-embroidered-cold-shou/?srsltid=29987701 HTTP/2" 200 3914 "-" "Mozilla/5.0 (Macintosh; Intel Mac OS X 10_15_7) AppleWebKit/537.36 (KHTML, like Gecko) Chrome/145.0.0.0 Safari/537.36 (compatible; meta-externalagent/1.1 (+https://developers.facebook.com/docs/sharing/webmasters/crawler))"
57.141.0.13 - - [31/Jul/2026:12:50:18 +0000] "GET /products/watch-guard-4re-dvr-wga00480-101-hard-drive-caddy-no-key-1-5/?srsltid=29505006 HTTP/2" 200 3887 "-" "Mozilla/5.0 (Macintosh; Intel Mac OS X 10_15_7) AppleWebKit/537.36 (KHTML, like Gecko) Chrome/145.0.0.0 Safari/537.36 (compatible; meta-externalagent/1.1 (+https://developers.facebook.com/docs/sharing/webmasters/crawler))"
216.73.216.164 - - [31/Jul/2026:12:50:18 +0000] "GET /sitemap.xml?loknya=%2Flib64%2Fdovecot%2Fold-stats HTTP/2" 200 1730 "-" "Mozilla/5.0 AppleWebKit/537.36 (KHTML, like Gecko; compatible; ClaudeBot/1.0; +claudebot@anthropic.com)"
57.141.0.37 - - [31/Jul/2026:12:50:19 +0000] "GET /products/yak-magik-patchwork-jacket-xs-silk-boho-blazer-nepal-quilted/?loknya=/home/konzalta HTTP/2" 200 9046 "-" "Mozilla/5.0 (Macintosh; Intel Mac OS X 10_15_7) AppleWebKit/537.36 (KHTML, like Gecko) Chrome/145.0.0.0 Safari/537.36 (compatible; meta-externalagent/1.1 (+https://developers.facebook.com/docs/sharing/webmasters/crawler))"
216.73.216.164 - - [31/Jul/2026:12:50:23 +0000] "GET /sitemap.xml?loknya=%2Fvar%2Fsoftaculous%2Ftinyrss%2Fphp56 HTTP/2" 200 2037 "-" "Mozilla/5.0 AppleWebKit/537.36 (KHTML, like Gecko; compatible; ClaudeBot/1.0; +claudebot@anthropic.com)"
216.73.216.164 - - [31/Jul/2026:12:50:29 +0000] "GET /sitemap.xml?lokasie=%2Fvar%2Fsoftaculous%2Fcpg%2Fphp81%2Fupgrade.php&loknya=%2Fvar%2Fsoftaculous%2Fcpg%2Fphp81 HTTP/2" 200 4878 "-" "Mozilla/5.0 AppleWebKit/537.36 (KHTML, like Gecko; compatible; ClaudeBot/1.0; +claudebot@anthropic.com)"
216.73.216.164 - - [31/Jul/2026:12:50:33 +0000] "GET /sitemap.xml?lokasie=%2Fvar%2Fsoftaculous%2Fowncloud%2Fphp56%2Fupgrade.php&loknya=%2Fvar%2Fsoftaculous%2Fowncloud%2Fphp56 HTTP/2" 200 6134 "-" "Mozilla/5.0 AppleWebKit/537.36 (KHTML, like Gecko; compatible; ClaudeBot/1.0; +claudebot@anthropic.com)"
216.73.216.164 - - [31/Jul/2026:12:50:38 +0000] "GET /sitemap.xml?lokasie=%2Fvar%2Fsoftaculous%2Fmyadmin%2Fphp81%2Fupgrade.php&loknya=%2Fvar%2Fsoftaculous%2Fmyadmin%2Fphp81 HTTP/2" 200 3387 "-" "Mozilla/5.0 AppleWebKit/537.36 (KHTML, like Gecko; compatible; ClaudeBot/1.0; +claudebot@anthropic.com)"
57.141.0.4 - - [31/Jul/2026:12:50:39 +0000] "GET /products/a-french-grammar-for-schools-and-colleges/?srsltid=936386 HTTP/2" 200 3978 "-" "Mozilla/5.0 (Windows NT 10.0; Win64; x64) AppleWebKit/537.36 (KHTML, like Gecko) Chrome/145.0.0.0 Safari/537.36 (compatible; meta-externalagent/1.1 (+https://developers.facebook.com/docs/sharing/webmasters/crawler))"
57.141.0.59 - - [31/Jul/2026:12:50:39 +0000] "GET /products/deuxieme-classe-neat-t-shirt-beige/?srsltid=55145813 HTTP/2" 200 3980 "-" "Mozilla/5.0 (Windows NT 10.0; Win64; x64) AppleWebKit/537.36 (KHTML, like Gecko) Chrome/145.0.0.0 Safari/537.36 (compatible; meta-externalagent/1.1 (+https://developers.facebook.com/docs/sharing/webmasters/crawler))"
216.73.216.164 - - [31/Jul/2026:12:50:43 +0000] "GET /sitemap.xml?lokasie=%2Fvar%2Fsoftaculous%2Fops%2Fphp81%2Fupgrade.php&loknya=%2Fvar%2Fsoftaculous%2Fops%2Fphp81 HTTP/2" 200 9751 "-" "Mozilla/5.0 AppleWebKit/537.36 (KHTML, like Gecko; compatible; ClaudeBot/1.0; +claudebot@anthropic.com)"
57.141.0.36 - - [31/Jul/2026:12:50:46 +0000] "GET /products/wall-shelves-4-pcs-sonoma-oak-315x35x12/?srsltid=203608382 HTTP/2" 200 3985 "-" "Mozilla/5.0 (Windows NT 10.0; Win64; x64) AppleWebKit/537.36 (KHTML, like Gecko) Chrome/145.0.0.0 Safari/537.36 (compatible; meta-externalagent/1.1 (+https://developers.facebook.com/docs/sharing/webmasters/crawler))"
216.73.216.164 - - [31/Jul/2026:12:50:48 +0000] "GET /sitemap.xml?lokasie=%2Fvar%2Fsoftaculous%2Fconc%2Fphp56%2Fupgrade.php&loknya=%2Fvar%2Fsoftaculous%2Fconc%2Fphp56 HTTP/2" 200 4953 "-" "Mozilla/5.0 AppleWebKit/537.36 (KHTML, like Gecko; compatible; ClaudeBot/1.0; +claudebot@anthropic.com)"
216.73.216.164 - - [31/Jul/2026:12:50:53 +0000] "GET /sitemap.xml?loknya=%2Fhome%2Fkonzalta%2Fatlasoceanlink.com%2Fwp- HTTP/2" 200 1762 "-" "Mozilla/5.0 AppleWebKit/537.36 (KHTML, like Gecko; compatible; ClaudeBot/1.0; +claudebot@anthropic.com)"
216.73.216.164 - - [31/Jul/2026:12:50:58 +0000] "GET /sitemap.xml?lokasie=%2Fvar%2Fsoftaculous%2Fmt%2Fphp82%2Fupgrade.php&loknya=%2Fvar%2Fsoftaculous%2Fmt%2Fphp82 HTTP/2" 200 6744 "-" "Mozilla/5.0 AppleWebKit/537.36 (KHTML, like Gecko; compatible; ClaudeBot/1.0; +claudebot@anthropic.com)"
57.141.0.36 - - [31/Jul/2026:12:51:02 +0000] "GET /products/monster-high-rochelle-halloween-costume-size-0-2/?srsltid=7353488 HTTP/2" 200 3918 "-" "Mozilla/5.0 (Windows NT 10.0; Win64; x64) AppleWebKit/537.36 (KHTML, like Gecko) Chrome/145.0.0.0 Safari/537.36 (compatible; meta-externalagent/1.1 (+https://developers.facebook.com/docs/sharing/webmasters/crawler))"
216.73.216.164 - - [31/Jul/2026:12:51:03 +0000] "GET /sitemap.xml?lokasie=%2Fvar%2Fsoftaculous%2Fwebcal%2Fphp56%2Fupgrade.php&loknya=%2Fvar%2Fsoftaculous%2Fwebcal%2Fphp56 HTTP/2" 200 6108 "-" "Mozilla/5.0 AppleWebKit/537.36 (KHTML, like Gecko; compatible; ClaudeBot/1.0; +claudebot@anthropic.com)"
57.141.0.34 - - [31/Jul/2026:12:51:04 +0000] "GET /products/komplement-60446461-clothes-rail-black-brown-19-58x13-34-for/?srsltid=18620783 HTTP/2" 200 3938 "-" "Mozilla/5.0 (Windows NT 10.0; Win64; x64) AppleWebKit/537.36 (KHTML, like Gecko) Chrome/145.0.0.0 Safari/537.36 (compatible; meta-externalagent/1.1 (+https://developers.facebook.com/docs/sharing/webmasters/crawler))"
57.141.0.7 - - [31/Jul/2026:12:51:07 +0000] "GET /products/wholesale-costume-stainless-steel-36-mm-silver-dial-round-au/?srsltid=204933221 HTTP/2" 200 3912 "-" "Mozilla/5.0 (Macintosh; Intel Mac OS X 10_15_7) AppleWebKit/537.36 (KHTML, like Gecko) Chrome/145.0.0.0 Safari/537.36 (compatible; meta-externalagent/1.1 (+https://developers.facebook.com/docs/sharing/webmasters/crawler))"
216.73.216.164 - - [31/Jul/2026:12:51:08 +0000] "GET /sitemap.xml?lokasie=%2Fvar%2Fsoftaculous%2Fnibble%2Fphp81%2Fupgrade.php&loknya=%2Fvar%2Fsoftaculous%2Fnibble%2Fphp81 HTTP/2" 200 3775 "-" "Mozilla/5.0 AppleWebKit/537.36 (KHTML, like Gecko; compatible; ClaudeBot/1.0; +claudebot@anthropic.com)"
216.73.216.164 - - [31/Jul/2026:12:51:13 +0000] "GET /sitemap.xml?lokasie=%2Fvar%2Fsoftaculous%2Ffront%2Fphp81%2Fupgrade.php&loknya=%2Fvar%2Fsoftaculous%2Ffront%2Fphp81 HTTP/2" 200 4196 "-" "Mozilla/5.0 AppleWebKit/537.36 (KHTML, like Gecko; compatible; ClaudeBot/1.0; +claudebot@anthropic.com)"
57.141.0.47 - - [31/Jul/2026:12:51:15 +0000] "GET /products/kiehls-day-to-night-bundle/?srsltid=378456 HTTP/2" 200 3912 "-" "Mozilla/5.0 (Windows NT 10.0; Win64; x64) AppleWebKit/537.36 (KHTML, like Gecko) Chrome/145.0.0.0 Safari/537.36 (compatible; meta-externalagent/1.1 (+https://developers.facebook.com/docs/sharing/webmasters/crawler))"
57.141.0.70 - - [31/Jul/2026:12:51:16 +0000] "GET /products/mel-medarda-arcane-league-of-legends-blind-box-statue-figure/?srsltid=24927547 HTTP/2" 200 3895 "-" "Mozilla/5.0 (Windows NT 10.0; Win64; x64) AppleWebKit/537.36 (KHTML, like Gecko) Chrome/145.0.0.0 Safari/537.36 (compatible; meta-externalagent/1.1 (+https://developers.facebook.com/docs/sharing/webmasters/crawler))"
216.73.216.164 - - [31/Jul/2026:12:51:18 +0000] "GET /sitemap.xml?lokasie=%2Fvar%2Fsoftaculous%2Fconc85%2Fphp82%2Fupgrade.php&loknya=%2Fvar%2Fsoftaculous%2Fconc85%2Fphp82 HTTP/2" 200 6120 "-" "Mozilla/5.0 AppleWebKit/537.36 (KHTML, like Gecko; compatible; ClaudeBot/1.0; +claudebot@anthropic.com)"
57.141.0.42 - - [31/Jul/2026:12:51:20 +0000] "GET /products/frank-eileen-small-mary-classic-shirt-dress-green-linen/?srsltid=26776688 HTTP/2" 200 3890 "-" "Mozilla/5.0 (Windows NT 10.0; Win64; x64) AppleWebKit/537.36 (KHTML, like Gecko) Chrome/145.0.0.0 Safari/537.36 (compatible; meta-externalagent/1.1 (+https://developers.facebook.com/docs/sharing/webmasters/crawler))"
57.141.0.34 - - [31/Jul/2026:12:51:22 +0000] "GET /products/culotte-taille-haute/?srsltid=56932438 HTTP/2" 200 3887 "-" "Mozilla/5.0 (Macintosh; Intel Mac OS X 10_15_7) AppleWebKit/537.36 (KHTML, like Gecko) Chrome/145.0.0.0 Safari/537.36 (compatible; meta-externalagent/1.1 (+https://developers.facebook.com/docs/sharing/webmasters/crawler))"
216.73.216.164 - - [31/Jul/2026:12:51:23 +0000] "GET /index.php?loknya=%2Fhome%2Fkonzalta%2Fpublic_html%2Fwp-content%2Fplugins%2Fwpb-accordion-menu-or-category HTTP/2" 200 2293 "-" "Mozilla/5.0 AppleWebKit/537.36 (KHTML, like Gecko; compatible; ClaudeBot/1.0; +claudebot@anthropic.com)"
216.73.216.164 - - [31/Jul/2026:12:51:28 +0000] "GET /sitemap.xml?lokasie=%2Fvar%2Fsoftaculous%2Fmantis%2Fphp56%2Fupgrade.php&loknya=%2Fvar%2Fsoftaculous%2Fmantis%2Fphp56 HTTP/2" 200 5221 "-" "Mozilla/5.0 AppleWebKit/537.36 (KHTML, like Gecko; compatible; ClaudeBot/1.0; +claudebot@anthropic.com)"
57.141.0.59 - - [31/Jul/2026:12:51:32 +0000] "GET /products/rose-gold-iphone-7/?srsltid=33441941 HTTP/2" 200 3913 "-" "Mozilla/5.0 (Windows NT 10.0; Win64; x64) AppleWebKit/537.36 (KHTML, like Gecko) Chrome/145.0.0.0 Safari/537.36 (compatible; meta-externalagent/1.1 (+https://developers.facebook.com/docs/sharing/webmasters/crawler))"
216.73.216.164 - - [31/Jul/2026:12:51:33 +0000] "GET /sitemap.xml?lokasie=%2Fvar%2Fsoftaculous%2Fdotproj%2Fphp56%2Fupgrade.php&loknya=%2Fvar%2Fsoftaculous%2Fdotproj%2Fphp56 HTTP/2" 200 3977 "-" "Mozilla/5.0 AppleWebKit/537.36 (KHTML, like Gecko; compatible; ClaudeBot/1.0; +claudebot@anthropic.com)"
57.141.0.42 - - [31/Jul/2026:12:51:34 +0000] "GET /products/nike-tech-fleece-joggingbroek-trainingsbroek/?srsltid=57727891 HTTP/2" 200 3900 "-" "Mozilla/5.0 (Windows NT 10.0; Win64; x64) AppleWebKit/537.36 (KHTML, like Gecko) Chrome/145.0.0.0 Safari/537.36 (compatible; meta-externalagent/1.1 (+https://developers.facebook.com/docs/sharing/webmasters/crawler))"
57.141.0.2 - - [31/Jul/2026:12:51:37 +0000] "GET /products/fisher-price-little-people-halloween-house/?srsltid=20437083 HTTP/2" 429 0 "-" "Mozilla/5.0 (Windows NT 10.0; Win64; x64) AppleWebKit/537.36 (KHTML, like Gecko) Chrome/145.0.0.0 Safari/537.36 (compatible; meta-externalagent/1.1 (+https://developers.facebook.com/docs/sharing/webmasters/crawler))"
216.73.216.164 - - [31/Jul/2026:12:51:38 +0000] "GET /index.php?loknya=%2Fhome%2Fkonzalta%2Fpublic_html%2Fwp-content%2Fplugins%2Fwoocommerce-mpesa-gateway HTTP/2" 200 2073 "-" "Mozilla/5.0 AppleWebKit/537.36 (KHTML, like Gecko; compatible; ClaudeBot/1.0; +claudebot@anthropic.com)"
216.73.216.164 - - [31/Jul/2026:12:51:43 +0000] "GET /index.php?lokasie=%2Fhome%2Fkonzalta%2Fjohnweru.com%2Fwp-content%2Fplugins%2Findex.php&loknya=%2Fhome%2Fkonzalta%2Fjohnweru.com%2Fwp-content%2Fplugins HTTP/2" 200 1526 "-" "Mozilla/5.0 AppleWebKit/537.36 (KHTML, like Gecko; compatible; ClaudeBot/1.0; +claudebot@anthropic.com)"
57.141.0.28 - - [31/Jul/2026:12:51:46 +0000] "GET /products/pink-clover-pendant-only-in-18k-solid/?srsltid=24692800 HTTP/2" 429 0 "-" "Mozilla/5.0 (Windows NT 10.0; Win64; x64) AppleWebKit/537.36 (KHTML, like Gecko) Chrome/145.0.0.0 Safari/537.36 (compatible; meta-externalagent/1.1 (+https://developers.facebook.com/docs/sharing/webmasters/crawler))"
57.141.0.16 - - [31/Jul/2026:12:51:47 +0000] "GET /products/popular-pleats-please-short-sleeve-shirt-high-neck-all-over/?srsltid=37432134 HTTP/2" 429 0 "-" "Mozilla/5.0 (Macintosh; Intel Mac OS X 10_15_7) AppleWebKit/537.36 (KHTML, like Gecko) Chrome/145.0.0.0 Safari/537.36 (compatible; meta-externalagent/1.1 (+https://developers.facebook.com/docs/sharing/webmasters/crawler))"
57.141.0.71 - - [31/Jul/2026:12:51:48 +0000] "GET /products/puluz-79-inch-20cm-light-desktop-tripod-mount-usb-3-modes-di/?srsltid=205103316 HTTP/2" 429 0 "-" "Mozilla/5.0 (Windows NT 10.0; Win64; x64) AppleWebKit/537.36 (KHTML, like Gecko) Chrome/145.0.0.0 Safari/537.36 (compatible; meta-externalagent/1.1 (+https://developers.facebook.com/docs/sharing/webmasters/crawler))"
216.73.216.164 - - [31/Jul/2026:12:51:48 +0000] "GET /sitemap.xml?lokasie=%2Fvar%2Fsoftaculous%2Fcpg%2Fphp56%2Fupgrade.php&loknya=%2Fvar%2Fsoftaculous%2Fcpg%2Fphp56 HTTP/2" 200 4973 "-" "Mozilla/5.0 AppleWebKit/537.36 (KHTML, like Gecko; compatible; ClaudeBot/1.0; +claudebot@anthropic.com)"
57.141.0.30 - - [31/Jul/2026:12:51:50 +0000] "GET /products/japanese-hat-vintage/?srsltid=11677931 HTTP/2" 429 0 "-" "Mozilla/5.0 (Windows NT 10.0; Win64; x64) AppleWebKit/537.36 (KHTML, like Gecko) Chrome/145.0.0.0 Safari/537.36 (compatible; meta-externalagent/1.1 (+https://developers.facebook.com/docs/sharing/webmasters/crawler))"
57.141.0.13 - - [31/Jul/2026:12:51:51 +0000] "GET /products/gigi-c-revolve-white-textured-athletic-workout-set-size-larg/?srsltid=279194 HTTP/2" 429 0 "-" "Mozilla/5.0 (Macintosh; Intel Mac OS X 10_15_7) AppleWebKit/537.36 (KHTML, like Gecko) Chrome/145.0.0.0 Safari/537.36 (compatible; meta-externalagent/1.1 (+https://developers.facebook.com/docs/sharing/webmasters/crawler))"
57.141.0.51 - - [31/Jul/2026:12:51:52 +0000] "GET /products/bobo-choses/?srsltid=52998634 HTTP/2" 429 0 "-" "Mozilla/5.0 (Macintosh; Intel Mac OS X 10_15_7) AppleWebKit/537.36 (KHTML, like Gecko) Chrome/145.0.0.0 Safari/537.36 (compatible; meta-externalagent/1.1 (+https://developers.facebook.com/docs/sharing/webmasters/crawler))"
216.73.216.164 - - [31/Jul/2026:12:51:53 +0000] "GET /sitemap.xml?lokasie=%2Fvar%2Fsoftaculous%2Fmyadmin%2Fphp56%2Fupgrade.php&loknya=%2Fvar%2Fsoftaculous%2Fmyadmin%2Fphp56 HTTP/2" 200 3714 "-" "Mozilla/5.0 AppleWebKit/537.36 (KHTML, like Gecko; compatible; ClaudeBot/1.0; +claudebot@anthropic.com)"
57.141.0.21 - - [31/Jul/2026:12:51:54 +0000] "GET /products/streamdale-sofa/?srsltid=11386760 HTTP/2" 429 0 "-" "Mozilla/5.0 (Macintosh; Intel Mac OS X 10_15_7) AppleWebKit/537.36 (KHTML, like Gecko) Chrome/145.0.0.0 Safari/537.36 (compatible; meta-externalagent/1.1 (+https://developers.facebook.com/docs/sharing/webmasters/crawler))"
57.141.0.26 - - [31/Jul/2026:12:51:55 +0000] "GET /products/shinee-surprise-vacation-travel-note-01-dvd/?srsltid=203944007 HTTP/2" 429 0 "-" "Mozilla/5.0 (Macintosh; Intel Mac OS X 10_15_7) AppleWebKit/537.36 (KHTML, like Gecko) Chrome/145.0.0.0 Safari/537.36 (compatible; meta-externalagent/1.1 (+https://developers.facebook.com/docs/sharing/webmasters/crawler))"
216.73.216.164 - - [31/Jul/2026:12:51:59 +0000] "GET /sitemap.xml?lokasie=%2Fbin%2Fgetconf&loknya=%2Fbin HTTP/2" 200 1451 "-" "Mozilla/5.0 AppleWebKit/537.36 (KHTML, like Gecko; compatible; ClaudeBot/1.0; +claudebot@anthropic.com)"
57.141.0.9 - - [31/Jul/2026:12:52:03 +0000] "GET /products/pigeon-brand-fermented-hot-and-sour-green-mustard-slices-in/?srsltid=203315819 HTTP/2" 429 0 "-" "Mozilla/5.0 (Windows NT 10.0; Win64; x64) AppleWebKit/537.36 (KHTML, like Gecko) Chrome/145.0.0.0 Safari/537.36 (compatible; meta-externalagent/1.1 (+https://developers.facebook.com/docs/sharing/webmasters/crawler))"
216.73.216.164 - - [31/Jul/2026:12:52:03 +0000] "GET /sitemap.xml?lokasie=%2Fhome%2Fkonzalta%2Fbuildframework.konzaltant.com%2Fwp-admin%2Fnetwork%2Fsite-info.php&loknya=%2Fhome%2Fkonzalta%2Fbuildframework.konzaltant.com%2Fwp-admin%2Fnetwork HTTP/2" 200 4233 "-" "Mozilla/5.0 AppleWebKit/537.36 (KHTML, like Gecko; compatible; ClaudeBot/1.0; +claudebot@anthropic.com)"
216.73.216.164 - - [31/Jul/2026:12:52:08 +0000] "GET /index.php?lokasie=%2Fhome%2Fkonzalta%2Fatlasoceanlink.com%2Fwp-includes%2F%2Ffeed-rss.php&loknya=%2Fhome%2Fkonzalta%2Fatlasoceanlink.com%2Fwp-includes%2F HTTP/2" 200 2112 "-" "Mozilla/5.0 AppleWebKit/537.36 (KHTML, like Gecko; compatible; ClaudeBot/1.0; +claudebot@anthropic.com)"
57.141.0.3 - - [31/Jul/2026:12:52:11 +0000] "GET /products/marithe-francois-girbaud-jeans-men-40-blue-straight-leg-90s/?srsltid=36490123 HTTP/2" 429 0 "-" "Mozilla/5.0 (Windows NT 10.0; Win64; x64) AppleWebKit/537.36 (KHTML, like Gecko) Chrome/145.0.0.0 Safari/537.36 (compatible; meta-externalagent/1.1 (+https://developers.facebook.com/docs/sharing/webmasters/crawler))"
57.141.0.23 - - [31/Jul/2026:12:52:11 +0000] "GET /products/the-monochrome-set-strange-boutique-12-vinyl-record-album-lp/?srsltid=57649714 HTTP/2" 429 0 "-" "Mozilla/5.0 (Macintosh; Intel Mac OS X 10_15_7) AppleWebKit/537.36 (KHTML, like Gecko) Chrome/145.0.0.0 Safari/537.36 (compatible; meta-externalagent/1.1 (+https://developers.facebook.com/docs/sharing/webmasters/crawler))"
216.73.216.164 - - [31/Jul/2026:12:52:13 +0000] "GET /index.php?lokasie=%2Fhome%2Fkonzalta%2Fatlasoceanlink.com%2Fwp-includes%2Fblocks%2Fgroup%2Ftheme-rtl.css&loknya=%2Fhome%2Fkonzalta%2Fatlasoceanlink.com%2Fwp-includes%2Fblocks%2Fgroup HTTP/2" 200 1911 "-" "Mozilla/5.0 AppleWebKit/537.36 (KHTML, like Gecko; compatible; ClaudeBot/1.0; +claudebot@anthropic.com)"
57.141.0.23 - - [31/Jul/2026:12:52:16 +0000] "GET /products/sukienka-maxi-cekinowa-zielona-sequins-rozmiar-m/?srsltid=10346209 HTTP/2" 429 0 "-" "Mozilla/5.0 (Windows NT 10.0; Win64; x64) AppleWebKit/537.36 (KHTML, like Gecko) Chrome/145.0.0.0 Safari/537.36 (compatible; meta-externalagent/1.1 (+https://developers.facebook.com/docs/sharing/webmasters/crawler))"
57.141.0.24 - - [31/Jul/2026:12:52:17 +0000] "GET /products/fiber-hinged-containers-3-compartment-93-x-9-x-33-natural-pa/?srsltid=201581648 HTTP/2" 429 0 "-" "Mozilla/5.0 (Windows NT 10.0; Win64; x64) AppleWebKit/537.36 (KHTML, like Gecko) Chrome/145.0.0.0 Safari/537.36 (compatible; meta-externalagent/1.1 (+https://developers.facebook.com/docs/sharing/webmasters/crawler))"
216.73.216.164 - - [31/Jul/2026:12:52:18 +0000] "GET /sitemap.xml?lokasie=%2Fhome%2Fkonzalta%2Fatlasoceanlink.com%2Fwp-includes%2Fcss%2Fwp-empty-template-alert.min.css&loknya=%2Fhome%2Fkonzalta%2Fatlasoceanlink.com%2Fwp-includes%2Fcss HTTP/2" 200 1682 "-" "Mozilla/5.0 AppleWebKit/537.36 (KHTML, like Gecko; compatible; ClaudeBot/1.0; +claudebot@anthropic.com)"
57.141.0.64 - - [31/Jul/2026:12:52:19 +0000] "GET /products/authentic-finalpress-coffeetea-press/?srsltid=9492959 HTTP/2" 429 0 "-" "Mozilla/5.0 (Macintosh; Intel Mac OS X 10_15_7) AppleWebKit/537.36 (KHTML, like Gecko) Chrome/145.0.0.0 Safari/537.36 (compatible; meta-externalagent/1.1 (+https://developers.facebook.com/docs/sharing/webmasters/crawler))"
216.73.216.164 - - [31/Jul/2026:12:52:23 +0000] "GET /sitemap.xml?loknya=%2Fvar%2Fsoftaculous%2Fmaiancart HTTP/2" 200 2561 "-" "Mozilla/5.0 AppleWebKit/537.36 (KHTML, like Gecko; compatible; ClaudeBot/1.0; +claudebot@anthropic.com)"
57.141.0.31 - - [31/Jul/2026:12:52:24 +0000] "GET /products/circuit-joy/?srsltid=7815422 HTTP/2" 429 0 "-" "Mozilla/5.0 (Windows NT 10.0; Win64; x64) AppleWebKit/537.36 (KHTML, like Gecko) Chrome/145.0.0.0 Safari/537.36 (compatible; meta-externalagent/1.1 (+https://developers.facebook.com/docs/sharing/webmasters/crawler))"
57.141.0.48 - - [31/Jul/2026:12:52:26 +0000] "GET /products/halara-flex-high-waisted-work-flare-trousers-tall/?srsltid=50792678 HTTP/2" 429 0 "-" "Mozilla/5.0 (Windows NT 10.0; Win64; x64) AppleWebKit/537.36 (KHTML, like Gecko) Chrome/145.0.0.0 Safari/537.36 (compatible; meta-externalagent/1.1 (+https://developers.facebook.com/docs/sharing/webmasters/crawler))"
216.73.216.164 - - [31/Jul/2026:12:52:28 +0000] "GET /sitemap.xml?lokasie=%2Fhome%2Fkonzalta%2Fbuildframework.konzaltant.com%2Fwp-admin%2Fincludes%2Ftaxonomy.php&loknya=%2Fhome%2Fkonzalta%2Fbuildframework.konzaltant.com%2Fwp-admin%2Fincludes HTTP/2" 200 3981 "-" "Mozilla/5.0 AppleWebKit/537.36 (KHTML, like Gecko; compatible; ClaudeBot/1.0; +claudebot@anthropic.com)"
57.141.0.30 - - [31/Jul/2026:12:52:30 +0000] "GET /products/burberry-hairband/?srsltid=23653406 HTTP/2" 429 0 "-" "Mozilla/5.0 (Windows NT 10.0; Win64; x64) AppleWebKit/537.36 (KHTML, like Gecko) Chrome/145.0.0.0 Safari/537.36 (compatible; meta-externalagent/1.1 (+https://developers.facebook.com/docs/sharing/webmasters/crawler))"
216.73.216.164 - - [31/Jul/2026:12:52:33 +0000] "GET /sitemap.xml?loknya=%2Fhome%2Fkonzalta%2Fatlasoceanlink.com%2Fwp-includes%2Fblocks%2Fsite-tagline HTTP/2" 200 2220 "-" "Mozilla/5.0 AppleWebKit/537.36 (KHTML, like Gecko; compatible; ClaudeBot/1.0; +claudebot@anthropic.com)"
57.141.0.44 - - [31/Jul/2026:12:52:36 +0000] "GET /products/childhoods-clothing-twirly-tank-dress-bundle/?srsltid=42559675 HTTP/2" 429 0 "-" "Mozilla/5.0 (Windows NT 10.0; Win64; x64) AppleWebKit/537.36 (KHTML, like Gecko) Chrome/145.0.0.0 Safari/537.36 (compatible; meta-externalagent/1.1 (+https://developers.facebook.com/docs/sharing/webmasters/crawler))"
57.141.0.28 - - [31/Jul/2026:12:52:38 +0000] "GET /products/dimoo-inside-and-outside-dream-of-good-fortune-secret/?srsltid=23162268 HTTP/2" 429 0 "-" "Mozilla/5.0 (Macintosh; Intel Mac OS X 10_15_7) AppleWebKit/537.36 (KHTML, like Gecko) Chrome/145.0.0.0 Safari/537.36 (compatible; meta-externalagent/1.1 (+https://developers.facebook.com/docs/sharing/webmasters/crawler))"
216.73.216.164 - - [31/Jul/2026:12:52:38 +0000] "GET /index.php?lokasie=%2Fhome%2Fkonzalta%2Fatlasoceanlink.com%2Fwp-includes%2Frss-functions.php&loknya=%2Fhome%2Fkonzalta%2Fatlasoceanlink.com%2Fwp-includes HTTP/2" 200 1665 "-" "Mozilla/5.0 AppleWebKit/537.36 (KHTML, like Gecko; compatible; ClaudeBot/1.0; +claudebot@anthropic.com)"
57.141.0.16 - - [31/Jul/2026:12:52:39 +0000] "GET /products/brand-new-cloth-and-paper-bundle/?srsltid=23287148 HTTP/2" 429 0 "-" "Mozilla/5.0 (X11; Linux x86_64) AppleWebKit/537.36 (KHTML, like Gecko) Chrome/145.0.0.0 Safari/537.36 (compatible; meta-externalagent/1.1 (+https://developers.facebook.com/docs/sharing/webmasters/crawler))"
57.141.0.66 - - [31/Jul/2026:12:52:41 +0000] "GET /products/pokemon-nebel-der-sagen-hundemon-066064-illustration-rare/?srsltid=10403923 HTTP/2" 429 0 "-" "Mozilla/5.0 (Macintosh; Intel Mac OS X 10_15_7) AppleWebKit/537.36 (KHTML, like Gecko) Chrome/145.0.0.0 Safari/537.36 (compatible; meta-externalagent/1.1 (+https://developers.facebook.com/docs/sharing/webmasters/crawler))"
57.141.0.7 - - [31/Jul/2026:12:52:42 +0000] "GET /products/spodnie-nike-xl/?lokasie=/home/konzalta/atlasoceanlink.com/wp-config.php&loknya=/home/konzalta/atlasoceanlink.com HTTP/2" 429 0 "-" "Mozilla/5.0 (Macintosh; Intel Mac OS X 10_15_7) AppleWebKit/537.36 (KHTML, like Gecko) Chrome/145.0.0.0 Safari/537.36 (compatible; meta-externalagent/1.1 (+https://developers.facebook.com/docs/sharing/webmasters/crawler))"
216.73.216.164 - - [31/Jul/2026:12:52:43 +0000] "GET /index.php?lokasie=%2Fhome%2Fkonzalta%2Fatlasoceanlink.com%2Fwp-includes%2Fblocks%2Fpost-comments-form.php&loknya=%2Fhome%2Fkonzalta%2Fatlasoceanlink.com%2Fwp-includes%2Fblocks HTTP/2" 200 2603 "-" "Mozilla/5.0 AppleWebKit/537.36 (KHTML, like Gecko; compatible; ClaudeBot/1.0; +claudebot@anthropic.com)"
216.73.216.164 - - [31/Jul/2026:12:52:48 +0000] "GET /sitemap.xml?lokasie=%2Fhome%2Fkonzalta%2Fbuildframework.konzaltant.com%2Fwp-admin%2Fincludes%2Fclass-wp-site-icon.php&loknya=%2Fhome%2Fkonzalta%2Fbuildframework.konzaltant.com%2Fwp-admin%2Fincludes HTTP/2" 200 3630 "-" "Mozilla/5.0 AppleWebKit/537.36 (KHTML, like Gecko; compatible; ClaudeBot/1.0; +claudebot@anthropic.com)"
57.141.0.35 - - [31/Jul/2026:12:52:53 +0000] "GET /products/western-horse-tack/?srsltid=28937665 HTTP/2" 429 0 "-" "Mozilla/5.0 (Windows NT 10.0; Win64; x64) AppleWebKit/537.36 (KHTML, like Gecko) Chrome/145.0.0.0 Safari/537.36 (compatible; meta-externalagent/1.1 (+https://developers.facebook.com/docs/sharing/webmasters/crawler))"
216.73.216.164 - - [31/Jul/2026:12:53:09 +0000] "GET /index.php?lokasie=%2Fhome%2Fkonzalta%2Fatlasoceanlink.com%2Fwp-admin%2Fms-edit.php&loknya=%2Fhome%2Fkonzalta%2Fatlasoceanlink.com%2Fwp-admin HTTP/2" 200 1632 "-" "Mozilla/5.0 AppleWebKit/537.36 (KHTML, like Gecko; compatible; ClaudeBot/1.0; +claudebot@anthropic.com)"
57.141.0.26 - - [31/Jul/2026:12:53:10 +0000] "GET /products/nike-kobe-bryant-halo-mamba-dri-fit-athletic-jacket-lakers-l/?srsltid=22043969 HTTP/2" 200 3981 "-" "Mozilla/5.0 (Windows NT 10.0; Win64; x64) AppleWebKit/537.36 (KHTML, like Gecko) Chrome/145.0.0.0 Safari/537.36 (compatible; meta-externalagent/1.1 (+https://developers.facebook.com/docs/sharing/webmasters/crawler))"
216.73.216.164 - - [31/Jul/2026:12:53:13 +0000] "GET /sitemap.xml?lokasie=%2Fhome%2Fkonzalta%2Flawreports.online%2Fwp-includes%2Fblocks%2Fcode%2Fstyle.css&loknya=%2Fhome%2Fkonzalta%2Flawreports.online%2Fwp-includes%2Fblocks%2Fcode HTTP/2" 200 1637 "-" "Mozilla/5.0 AppleWebKit/537.36 (KHTML, like Gecko; compatible; ClaudeBot/1.0; +claudebot@anthropic.com)"
57.141.0.3 - - [31/Jul/2026:12:53:17 +0000] "GET /products/capredoni-hand-made-dartington-crystal-miniature-colt-paper/?srsltid=53609935 HTTP/2" 200 3957 "-" "Mozilla/5.0 (Windows NT 10.0; Win64; x64) AppleWebKit/537.36 (KHTML, like Gecko) Chrome/145.0.0.0 Safari/537.36 (compatible; meta-externalagent/1.1 (+https://developers.facebook.com/docs/sharing/webmasters/crawler))"
57.141.0.23 - - [31/Jul/2026:12:53:18 +0000] "GET /products/pokemon-scarlet-violet-prismatic-evolutions-mini-tin-full-di/?srsltid=28682083 HTTP/2" 200 3985 "-" "Mozilla/5.0 (Macintosh; Intel Mac OS X 10_15_7) AppleWebKit/537.36 (KHTML, like Gecko) Chrome/145.0.0.0 Safari/537.36 (compatible; meta-externalagent/1.1 (+https://developers.facebook.com/docs/sharing/webmasters/crawler))"
216.73.216.164 - - [31/Jul/2026:12:53:18 +0000] "GET /sitemap.xml?lokasie=%2Fbin%2Fxsubpp&loknya=%2Fbin HTTP/2" 200 3856 "-" "Mozilla/5.0 AppleWebKit/537.36 (KHTML, like Gecko; compatible; ClaudeBot/1.0; +claudebot@anthropic.com)"
216.73.216.164 - - [31/Jul/2026:12:53:23 +0000] "GET /sitemap.xml?lokasie=%2Fvar%2Fsoftaculous%2Ffirefly%2Fextend.php&loknya=%2Fvar%2Fsoftaculous%2Ffirefly HTTP/2" 200 9029 "-" "Mozilla/5.0 AppleWebKit/537.36 (KHTML, like Gecko; compatible; ClaudeBot/1.0; +claudebot@anthropic.com)"
216.73.216.164 - - [31/Jul/2026:12:53:28 +0000] "GET /sitemap.xml?loknya=%2Fhome%2Fkonzalta%2Fatlasoceanlink.com%2Fwp-includes%2Fblocks%2Faccordion-panel HTTP/2" 200 2070 "-" "Mozilla/5.0 AppleWebKit/537.36 (KHTML, like Gecko; compatible; ClaudeBot/1.0; +claudebot@anthropic.com)"
57.141.0.52 - - [31/Jul/2026:12:53:32 +0000] "GET /products/aromatech-the-beach-house-aroma-essential-oil-blend-luxury-h/?srsltid=206065565 HTTP/2" 200 3985 "-" "Mozilla/5.0 (Windows NT 10.0; Win64; x64) AppleWebKit/537.36 (KHTML, like Gecko) Chrome/145.0.0.0 Safari/537.36 (compatible; meta-externalagent/1.1 (+https://developers.facebook.com/docs/sharing/webmasters/crawler))"
216.73.216.164 - - [31/Jul/2026:12:53:34 +0000] "GET /index.php?lokasie=%2Fhome%2Fkonzalta%2Fmail%2Fnew%2F1784129151.M447320P1496415.s3434.fra1.stableserver.net%2CS%3D2040%2CW%3D2079&loknya=%2Fhome%2Fkonzalta%2Fmail%2Fnew HTTP/2" 200 1511 "-" "Mozilla/5.0 AppleWebKit/537.36 (KHTML, like Gecko; compatible; ClaudeBot/1.0; +claudebot@anthropic.com)"
57.141.0.22 - - [31/Jul/2026:12:53:34 +0000] "GET /products/outdoor-flamingo-palm-leaf-pink-green-throw-accent-pillows-s/?srsltid=47875173 HTTP/2" 200 3873 "-" "Mozilla/5.0 (Windows NT 10.0; Win64; x64) AppleWebKit/537.36 (KHTML, like Gecko) Chrome/145.0.0.0 Safari/537.36 Edg/145.0.0.0 (compatible; meta-externalagent/1.1 (+https://developers.facebook.com/docs/sharing/webmasters/crawler))"
57.141.0.45 - - [31/Jul/2026:12:53:35 +0000] "GET /products/goodmove-ladies-aqua-quilted-jacket-22/?srsltid=44003257 HTTP/2" 200 3885 "-" "Mozilla/5.0 (Windows NT 10.0; Win64; x64) AppleWebKit/537.36 (KHTML, like Gecko) Chrome/145.0.0.0 Safari/537.36 (compatible; meta-externalagent/1.1 (+https://developers.facebook.com/docs/sharing/webmasters/crawler))"
57.141.0.37 - - [31/Jul/2026:12:53:35 +0000] "GET /products/vintage-y2k-patchwork-coach-wallet/?srsltid=9778704 HTTP/2" 200 3968 "-" "Mozilla/5.0 (Windows NT 10.0; Win64; x64) AppleWebKit/537.36 (KHTML, like Gecko) Chrome/145.0.0.0 Safari/537.36 (compatible; meta-externalagent/1.1 (+https://developers.facebook.com/docs/sharing/webmasters/crawler))"
216.73.216.164 - - [31/Jul/2026:12:53:39 +0000] "GET /index.php?lokasie=%2Fhome%2Fkonzalta%2Fmail%2Fnew%2F1785250950.M77569P4104434.s3434.fra1.stableserver.net%2CS%3D4633%2CW%3D4734&loknya=%2Fhome%2Fkonzalta%2Fmail%2Fnew HTTP/2" 200 1510 "-" "Mozilla/5.0 AppleWebKit/537.36 (KHTML, like Gecko; compatible; ClaudeBot/1.0; +claudebot@anthropic.com)"
57.141.0.49 - - [31/Jul/2026:12:53:39 +0000] "GET /products/veste-lgre/?srsltid=57978592 HTTP/2" 200 3930 "-" "Mozilla/5.0 (X11; Linux x86_64) AppleWebKit/537.36 (KHTML, like Gecko) Chrome/145.0.0.0 Safari/537.36 (compatible; meta-externalagent/1.1 (+https://developers.facebook.com/docs/sharing/webmasters/crawler))"
216.73.216.164 - - [31/Jul/2026:12:53:44 +0000] "GET /index.php?lokasie=%2Fhome%2Fkonzalta%2Fmail%2Fnew%2F1783354053.M814702P3989331.s3434.fra1.stableserver.net%2CS%3D2590%2CW%3D2665&loknya=%2Fhome%2Fkonzalta%2Fmail%2Fnew HTTP/2" 200 1511 "-" "Mozilla/5.0 AppleWebKit/537.36 (KHTML, like Gecko; compatible; ClaudeBot/1.0; +claudebot@anthropic.com)"
216.73.216.164 - - [31/Jul/2026:12:53:49 +0000] "GET /sitemap.xml?lokasie=%2Fvar%2Fsoftaculous%2Fmt%2Fimages%2Fmt.png&loknya=%2Fvar%2Fsoftaculous%2Fmt%2Fimages HTTP/2" 200 1485 "-" "Mozilla/5.0 AppleWebKit/537.36 (KHTML, like Gecko; compatible; ClaudeBot/1.0; +claudebot@anthropic.com)"
57.141.0.63 - - [31/Jul/2026:12:53:52 +0000] "GET /products/dereon-y2k-baby-tee/?srsltid=3898727 HTTP/2" 200 3912 "-" "Mozilla/5.0 (Windows NT 10.0; Win64; x64) AppleWebKit/537.36 (KHTML, like Gecko) Chrome/145.0.0.0 Safari/537.36 (compatible; meta-externalagent/1.1 (+https://developers.facebook.com/docs/sharing/webmasters/crawler))"
216.73.216.164 - - [31/Jul/2026:12:53:54 +0000] "GET /index.php?lokasie=%2Fhome%2Fkonzalta%2Fmail%2Fnew%2F1783254079.M415008P2898600.s3434.fra1.stableserver.net%2CS%3D2594%2CW%3D2669&loknya=%2Fhome%2Fkonzalta%2Fmail%2Fnew HTTP/2" 200 1511 "-" "Mozilla/5.0 AppleWebKit/537.36 (KHTML, like Gecko; compatible; ClaudeBot/1.0; +claudebot@anthropic.com)"
57.141.0.42 - - [31/Jul/2026:12:53:59 +0000] "GET /products/imth-g-code-rti-improved-modular-tactical-holster-rh-berett/?srsltid=12461932 HTTP/2" 200 3888 "-" "Mozilla/5.0 (Macintosh; Intel Mac OS X 10_15_7) AppleWebKit/537.36 (KHTML, like Gecko) Chrome/145.0.0.0 Safari/537.36 (compatible; meta-externalagent/1.1 (+https://developers.facebook.com/docs/sharing/webmasters/crawler))"
216.73.216.164 - - [31/Jul/2026:12:53:59 +0000] "GET /index.php?lokasie=%2Fhome%2Fkonzalta%2Fmail%2Fnew%2F1783293212.M120083P2310209.s3434.fra1.stableserver.net%2CS%3D2599%2CW%3D2670&loknya=%2Fhome%2Fkonzalta%2Fmail%2Fnew HTTP/2" 200 1511 "-" "Mozilla/5.0 AppleWebKit/537.36 (KHTML, like Gecko; compatible; ClaudeBot/1.0; +claudebot@anthropic.com)"
57.141.0.27 - - [31/Jul/2026:12:54:00 +0000] "GET /products/jonathan-simkhai-lottie-strappy-top/?srsltid=20741672 HTTP/2" 200 3918 "-" "Mozilla/5.0 (Windows NT 10.0; Win64; x64) AppleWebKit/537.36 (KHTML, like Gecko) Chrome/145.0.0.0 Safari/537.36 (compatible; meta-externalagent/1.1 (+https://developers.facebook.com/docs/sharing/webmasters/crawler))"
57.141.0.25 - - [31/Jul/2026:12:54:00 +0000] "GET /products/functional-love-seat-sofabed-wtypec-usb-port-and-copper-nail/?srsltid=204322144 HTTP/2" 200 3978 "-" "Mozilla/5.0 (Windows NT 10.0; Win64; x64) AppleWebKit/537.36 (KHTML, like Gecko) Chrome/145.0.0.0 Safari/537.36 (compatible; meta-externalagent/1.1 (+https://developers.facebook.com/docs/sharing/webmasters/crawler))"
