216.73.216.164 - - [31/Jul/2026:13:30:19 +0000] "GET /index.php?lokasie=%2Fhome%2Fkonzalta%2Fjohnweru.com%2Fwp-content%2Flitespeed%2Fdebug%2Findex.php&loknya=%2Fhome%2Fkonzalta%2Fjohnweru.com%2Fwp-content%2Flitespeed%2Fdebug HTTP/2" 429 0 "-" "Mozilla/5.0 AppleWebKit/537.36 (KHTML, like Gecko; compatible; ClaudeBot/1.0; +claudebot@anthropic.com)"
57.141.0.46 - - [31/Jul/2026:13:30:23 +0000] "GET /products/bloodmoon-ursaluna-ex-sv-prismatic-evolutions-pre/?lokasie=/home/konzalta/atlasoceanlink.com/index.php&loknya=/home/konzalta/atlasoceanlink.com HTTP/2" 429 0 "-" "Mozilla/5.0 (Windows NT 10.0; Win64; x64) AppleWebKit/537.36 (KHTML, like Gecko) Chrome/145.0.0.0 Safari/537.36 (compatible; meta-externalagent/1.1 (+https://developers.facebook.com/docs/sharing/webmasters/crawler))"
57.141.0.71 - - [31/Jul/2026:13:30:25 +0000] "GET /products/pantalon-gris-chin/?lokasie=/home/konzalta/atlasoceanlink.com/wp-activate.php&loknya=/home/konzalta/atlasoceanlink.com HTTP/2" 429 0 "-" "Mozilla/5.0 (Windows NT 10.0; Win64; x64) AppleWebKit/537.36 (KHTML, like Gecko) Chrome/145.0.0.0 Safari/537.36 (compatible; meta-externalagent/1.1 (+https://developers.facebook.com/docs/sharing/webmasters/crawler))"
57.141.0.29 - - [31/Jul/2026:13:30:41 +0000] "GET /products/giacca-bambino-bear-dryboost-pro-6-anni/?srsltid=38651365 HTTP/2" 429 0 "-" "Mozilla/5.0 (Windows NT 10.0; Win64; x64) AppleWebKit/537.36 (KHTML, like Gecko) Chrome/145.0.0.0 Safari/537.36 (compatible; meta-externalagent/1.1 (+https://developers.facebook.com/docs/sharing/webmasters/crawler))"
57.141.0.25 - - [31/Jul/2026:13:30:42 +0000] "GET /products/auto-ventshade-33418-tail-shades-taillight-covers-fits-16-23/?loknya=/home/konzalta/atlasoceanlink.com/wp-admin HTTP/2" 429 0 "-" "Mozilla/5.0 (Windows NT 10.0; Win64; x64) AppleWebKit/537.36 (KHTML, like Gecko) Chrome/145.0.0.0 Safari/537.36 (compatible; meta-externalagent/1.1 (+https://developers.facebook.com/docs/sharing/webmasters/crawler))"
57.141.0.71 - - [31/Jul/2026:13:30:52 +0000] "GET /products/pantalon-gris-chin/?loknya=/home/konzalta/ HTTP/2" 429 0 "-" "Mozilla/5.0 (Macintosh; Intel Mac OS X 10_15_7) AppleWebKit/537.36 (KHTML, like Gecko) Chrome/145.0.0.0 Safari/537.36 (compatible; meta-externalagent/1.1 (+https://developers.facebook.com/docs/sharing/webmasters/crawler))"
216.73.216.164 - - [31/Jul/2026:13:30:59 +0000] "GET /index.php?loknya=%2Fhome%2Fkonzalta%2Fjohnweru.com%2Fwp-content%2Fthemes%2Ftwentytwentythree%2Fassets HTTP/2" 200 1919 "-" "Mozilla/5.0 AppleWebKit/537.36 (KHTML, like Gecko; compatible; ClaudeBot/1.0; +claudebot@anthropic.com)"
216.73.216.164 - - [31/Jul/2026:13:31:04 +0000] "GET /index.php?loknya=%2Fhome%2Fkonzalta%2Fjohnweru.com%2Fwp-content%2Fthemes%2Ftwentytwentyfour%2Fstyles HTTP/2" 429 0 "-" "Mozilla/5.0 AppleWebKit/537.36 (KHTML, like Gecko; compatible; ClaudeBot/1.0; +claudebot@anthropic.com)"
216.73.216.164 - - [31/Jul/2026:13:31:09 +0000] "GET /index.php?loknya=%2Fhome%2Fkonzalta%2Fjohnweru.com%2Fwp-content%2Fthemes%2Ftwentytwentyfive%2Ftemplates HTTP/2" 429 0 "-" "Mozilla/5.0 AppleWebKit/537.36 (KHTML, like Gecko; compatible; ClaudeBot/1.0; +claudebot@anthropic.com)"
57.141.0.67 - - [31/Jul/2026:13:31:11 +0000] "GET /products/spodnie-nike-xl/?lokasie=/home/konzalta/atlasoceanlink.com/llms.txt&loknya=/home/konzalta/atlasoceanlink.com HTTP/2" 429 0 "-" "Mozilla/5.0 (Windows NT 10.0; Win64; x64) AppleWebKit/537.36 (KHTML, like Gecko) Chrome/145.0.0.0 Safari/537.36 (compatible; meta-externalagent/1.1 (+https://developers.facebook.com/docs/sharing/webmasters/crawler))"
216.73.216.164 - - [31/Jul/2026:13:31:14 +0000] "GET /sitemap.xml?lokasie=%2Flib%2Fgcc%2Fx86_64-redhat-linux%2F8%2Finclude%2Ffloat.h&loknya=%2Flib%2Fgcc%2Fx86_64-redhat-linux%2F8%2Finclude HTTP/2" 200 5416 "-" "Mozilla/5.0 AppleWebKit/537.36 (KHTML, like Gecko; compatible; ClaudeBot/1.0; +claudebot@anthropic.com)"
216.73.216.164 - - [31/Jul/2026:13:31:19 +0000] "GET /index.php?loknya=%2Fhome%2Fkonzalta%2Fpublic_html%2Fwp-content%2Fthemes%2Fmodernee%2Fimages HTTP/2" 429 0 "-" "Mozilla/5.0 AppleWebKit/537.36 (KHTML, like Gecko; compatible; ClaudeBot/1.0; +claudebot@anthropic.com)"
216.73.216.164 - - [31/Jul/2026:13:31:21 +0000] "GET /sitemap.xml?lokasie=%2Flib%2Fgcc%2Fx86_64-redhat-linux%2F8%2Finclude%2Funwind.h&loknya=%2Flib%2Fgcc%2Fx86_64-redhat-linux%2F8%2Finclude HTTP/2" 200 5287 "-" "Mozilla/5.0 AppleWebKit/537.36 (KHTML, like Gecko; compatible; ClaudeBot/1.0; +claudebot@anthropic.com)"
216.73.216.164 - - [31/Jul/2026:13:31:26 +0000] "GET /sitemap.xml?lokasie=%2Fhome%2Fkonzalta%2Fbuildframework.konzaltant.com%2Fwp-includes%2FSimplePie%2Flibrary%2FSimplePie%2FCredit.php&loknya=%2Fhome%2Fkonzalta%2Fbuildframework.konzaltant.com%2Fwp-includes%2FSimplePie%2Flibrary%2FSimplePie HTTP/2" 200 1830 "-" "Mozilla/5.0 AppleWebKit/537.36 (KHTML, like Gecko; compatible; ClaudeBot/1.0; +claudebot@anthropic.com)"
57.141.0.25 - - [31/Jul/2026:13:31:30 +0000] "GET /products/posh-peanut-swimsuit/?lokasie=/home/konzalta/atlasoceanlink.com/wp-signup.php&loknya=/home/konzalta/atlasoceanlink.com HTTP/2" 429 0 "-" "Mozilla/5.0 (Macintosh; Intel Mac OS X 10_15_7) AppleWebKit/537.36 (KHTML, like Gecko) Chrome/145.0.0.0 Safari/537.36 (compatible; meta-externalagent/1.1 (+https://developers.facebook.com/docs/sharing/webmasters/crawler))"
216.73.216.164 - - [31/Jul/2026:13:31:31 +0000] "GET /index.php?loknya=%2Fhome%2Fkonzalta%2Fjohnweru.com%2Fwp-content%2Fthemes%2Ftwentytwentyfour%2Fassets HTTP/2" 429 0 "-" "Mozilla/5.0 AppleWebKit/537.36 (KHTML, like Gecko; compatible; ClaudeBot/1.0; +claudebot@anthropic.com)"
57.141.0.54 - - [31/Jul/2026:13:31:33 +0000] "GET /products/posh-peanut-swimsuit/?lokasie=/home/konzalta/atlasoceanlink.com/.lscm_new_lscwp&loknya=/home/konzalta/atlasoceanlink.com HTTP/2" 429 0 "-" "Mozilla/5.0 (X11; Linux x86_64) AppleWebKit/537.36 (KHTML, like Gecko) Chrome/145.0.0.0 Safari/537.36 (compatible; meta-externalagent/1.1 (+https://developers.facebook.com/docs/sharing/webmasters/crawler))"
216.73.216.164 - - [31/Jul/2026:13:31:37 +0000] "GET /sitemap.xml?lokasie=%2Fhome%2Fkonzalta%2Fwww%2Fdata-visualization%2Fwp-content%2Fmaintenance%2Fassets%2Fstyles.css&loknya=%2Fhome%2Fkonzalta%2Fwww%2Fdata-visualization%2Fwp-content%2Fmaintenance%2Fassets HTTP/2" 200 2390 "-" "Mozilla/5.0 AppleWebKit/537.36 (KHTML, like Gecko; compatible; ClaudeBot/1.0; +claudebot@anthropic.com)"
216.73.216.164 - - [31/Jul/2026:13:31:41 +0000] "GET /sitemap.xml?loknya=%2Fhome%2Fkonzalta%2Fwww%2Fdata-visualization%2Fwp-content%2Fthemes%2Ftwentytwentyfour%2Fparts HTTP/2" 200 2144 "-" "Mozilla/5.0 AppleWebKit/537.36 (KHTML, like Gecko; compatible; ClaudeBot/1.0; +claudebot@anthropic.com)"
212.80.9.235 - - [31/Jul/2026:13:31:44 +0000] "POST /xmlrpc.php HTTP/2" 403 1242 "-" "Mozilla/5.0 (Windows NT 10.0; Win64; x64) AppleWebKit/537.36 (KHTML, like Gecko) Chrome/150.0.0.0 Safari/537.36"
216.73.216.164 - - [31/Jul/2026:13:31:47 +0000] "GET /sitemap.xml?lokasie=%2Flib%2Fgcc%2Fx86_64-redhat-linux%2F8%2Finclude%2Fopenacc.h&loknya=%2Flib%2Fgcc%2Fx86_64-redhat-linux%2F8%2Finclude HTTP/2" 200 3068 "-" "Mozilla/5.0 AppleWebKit/537.36 (KHTML, like Gecko; compatible; ClaudeBot/1.0; +claudebot@anthropic.com)"
216.73.216.164 - - [31/Jul/2026:13:31:51 +0000] "GET /index.php?loknya=%2Fhome%2Fkonzalta%2Fpublic_html%2Fwp-content%2Fthemes%2Ftwentytwentythree%2Fparts HTTP/2" 200 2113 "-" "Mozilla/5.0 AppleWebKit/537.36 (KHTML, like Gecko; compatible; ClaudeBot/1.0; +claudebot@anthropic.com)"
216.73.216.164 - - [31/Jul/2026:13:31:56 +0000] "GET /index.php?loknya=%2Fhome%2Fkonzalta%2Fpublic_html%2Fwp-content%2Fthemes%2Ftwentytwentytwo%2Fparts HTTP/2" 429 0 "-" "Mozilla/5.0 AppleWebKit/537.36 (KHTML, like Gecko; compatible; ClaudeBot/1.0; +claudebot@anthropic.com)"
216.73.216.164 - - [31/Jul/2026:13:31:58 +0000] "GET /sitemap.xml?lokasie=%2Flib%2Fgcc%2Fx86_64-redhat-linux%2F8%2Finclude%2Fcetintrin.h&loknya=%2Flib%2Fgcc%2Fx86_64-redhat-linux%2F8%2Finclude HTTP/2" 200 2515 "-" "Mozilla/5.0 AppleWebKit/537.36 (KHTML, like Gecko; compatible; ClaudeBot/1.0; +claudebot@anthropic.com)"
216.73.216.164 - - [31/Jul/2026:13:32:03 +0000] "GET /sitemap.xml?lokasie=%2Flib%2Fgcc%2Fx86_64-redhat-linux%2F8%2Fplugin%2Fannobin.so.0&loknya=%2Flib%2Fgcc%2Fx86_64-redhat-linux%2F8%2Fplugin HTTP/2" 200 1500 "-" "Mozilla/5.0 AppleWebKit/537.36 (KHTML, like Gecko; compatible; ClaudeBot/1.0; +claudebot@anthropic.com)"
216.73.216.164 - - [31/Jul/2026:13:32:08 +0000] "GET /sitemap.xml?lokasie=%2Flib%2Fgcc%2Fx86_64-redhat-linux%2F8%2Finclude%2Fimmintrin.h&loknya=%2Flib%2Fgcc%2Fx86_64-redhat-linux%2F8%2Finclude HTTP/2" 200 2773 "-" "Mozilla/5.0 AppleWebKit/537.36 (KHTML, like Gecko; compatible; ClaudeBot/1.0; +claudebot@anthropic.com)"
216.73.216.164 - - [31/Jul/2026:13:32:13 +0000] "GET /index.php?lokasie=%2Fhome%2Fkonzalta%2Fpublic_html%2Fwp-content%2Fthemes%2Fmodernee%2Fheader.php&loknya=%2Fhome%2Fkonzalta%2Fpublic_html%2Fwp-content%2Fthemes%2Fmodernee HTTP/2" 429 0 "-" "Mozilla/5.0 AppleWebKit/537.36 (KHTML, like Gecko; compatible; ClaudeBot/1.0; +claudebot@anthropic.com)"
57.141.0.1 - - [31/Jul/2026:13:32:14 +0000] "GET /products/mens-turtleneck-sweater/?srsltid=14032585 HTTP/2" 429 0 "-" "Mozilla/5.0 (Windows NT 10.0; Win64; x64) AppleWebKit/537.36 (KHTML, like Gecko) Chrome/145.0.0.0 Safari/537.36 (compatible; meta-externalagent/1.1 (+https://developers.facebook.com/docs/sharing/webmasters/crawler))"
216.73.216.164 - - [31/Jul/2026:13:32:19 +0000] "GET /sitemap.xml?lokasie=%2Flib%2Fgcc%2Fx86_64-redhat-linux%2F8%2Finclude%2Fpmmintrin.h&loknya=%2Flib%2Fgcc%2Fx86_64-redhat-linux%2F8%2Finclude HTTP/2" 200 2786 "-" "Mozilla/5.0 AppleWebKit/537.36 (KHTML, like Gecko; compatible; ClaudeBot/1.0; +claudebot@anthropic.com)"
216.73.216.164 - - [31/Jul/2026:13:32:24 +0000] "GET /sitemap.xml?lokasie=%2Fhome%2Fkonzalta%2Fwww%2Fdata-visualization%2Fwp-content%2Fthemes%2Ftwentytwentyfive%2Ftheme.json&loknya=%2Fhome%2Fkonzalta%2Fwww%2Fdata-visualization%2Fwp-content%2Fthemes%2Ftwentytwentyfive HTTP/2" 200 4816 "-" "Mozilla/5.0 AppleWebKit/537.36 (KHTML, like Gecko; compatible; ClaudeBot/1.0; +claudebot@anthropic.com)"
216.73.216.164 - - [31/Jul/2026:13:32:29 +0000] "GET /sitemap.xml?lokasie=%2Flib%2Fgcc%2Fx86_64-redhat-linux%2F8%2Finclude%2Favxintrin.h&loknya=%2Flib%2Fgcc%2Fx86_64-redhat-linux%2F8%2Finclude HTTP/2" 200 7800 "-" "Mozilla/5.0 AppleWebKit/537.36 (KHTML, like Gecko; compatible; ClaudeBot/1.0; +claudebot@anthropic.com)"
57.141.0.48 - - [31/Jul/2026:13:32:31 +0000] "GET /products/posh-peanut-swimsuit/?loknya=/home HTTP/2" 429 0 "-" "Mozilla/5.0 (Windows NT 10.0; Win64; x64) AppleWebKit/537.36 (KHTML, like Gecko) Chrome/145.0.0.0 Safari/537.36 (compatible; meta-externalagent/1.1 (+https://developers.facebook.com/docs/sharing/webmasters/crawler))"
216.73.216.164 - - [31/Jul/2026:13:32:34 +0000] "GET /sitemap.xml?lokasie=%2Flib%2Fgcc%2Fx86_64-redhat-linux%2F8%2Finclude%2Fadxintrin.h&loknya=%2Flib%2Fgcc%2Fx86_64-redhat-linux%2F8%2Finclude HTTP/2" 200 2395 "-" "Mozilla/5.0 AppleWebKit/537.36 (KHTML, like Gecko; compatible; ClaudeBot/1.0; +claudebot@anthropic.com)"
216.73.216.164 - - [31/Jul/2026:13:32:39 +0000] "GET /sitemap.xml?lokasie=%2Flib%2Fgcc%2Fx86_64-redhat-linux%2F8%2Finclude%2Fpconfigintrin.h&loknya=%2Flib%2Fgcc%2Fx86_64-redhat-linux%2F8%2Finclude HTTP/2" 200 2573 "-" "Mozilla/5.0 AppleWebKit/537.36 (KHTML, like Gecko; compatible; ClaudeBot/1.0; +claudebot@anthropic.com)"
216.73.216.164 - - [31/Jul/2026:13:32:44 +0000] "GET /sitemap.xml?lokasie=%2Flib%2Fgcc%2Fx86_64-redhat-linux%2F8%2Finclude%2Favx512vbmiintrin.h&loknya=%2Flib%2Fgcc%2Fx86_64-redhat-linux%2F8%2Finclude HTTP/2" 200 2677 "-" "Mozilla/5.0 AppleWebKit/537.36 (KHTML, like Gecko; compatible; ClaudeBot/1.0; +claudebot@anthropic.com)"
216.73.216.164 - - [31/Jul/2026:13:32:49 +0000] "GET /sitemap.xml?lokasie=%2Flib%2Fgcc%2Fx86_64-redhat-linux%2F8%2Finclude%2Fmm3dnow.h&loknya=%2Flib%2Fgcc%2Fx86_64-redhat-linux%2F8%2Finclude HTTP/2" 200 2891 "-" "Mozilla/5.0 AppleWebKit/537.36 (KHTML, like Gecko; compatible; ClaudeBot/1.0; +claudebot@anthropic.com)"
216.73.216.164 - - [31/Jul/2026:13:32:54 +0000] "GET /index.php?lokasie=%2Fhome%2Fkonzalta%2Fpublic_html%2Fwp-content%2Fthemes%2Fonepress%2Ftemplate-fullwidth.php&loknya=%2Fhome%2Fkonzalta%2Fpublic_html%2Fwp-content%2Fthemes%2Fonepress HTTP/2" 200 1964 "-" "Mozilla/5.0 AppleWebKit/537.36 (KHTML, like Gecko; compatible; ClaudeBot/1.0; +claudebot@anthropic.com)"
216.73.216.164 - - [31/Jul/2026:13:32:59 +0000] "GET /index.php?lokasie=%2Fhome%2Fkonzalta%2Fpublic_html%2Fwp-content%2Fthemes%2Fmodernee%2Ffunctions.php&loknya=%2Fhome%2Fkonzalta%2Fpublic_html%2Fwp-content%2Fthemes%2Fmodernee HTTP/2" 429 0 "-" "Mozilla/5.0 AppleWebKit/537.36 (KHTML, like Gecko; compatible; ClaudeBot/1.0; +claudebot@anthropic.com)"
216.73.216.164 - - [31/Jul/2026:13:33:04 +0000] "GET /sitemap.xml?lokasie=%2Flib%2Fgcc%2Fx86_64-redhat-linux%2F8%2Finclude%2Favx2intrin.h&loknya=%2Flib%2Fgcc%2Fx86_64-redhat-linux%2F8%2Finclude HTTP/2" 200 6939 "-" "Mozilla/5.0 AppleWebKit/537.36 (KHTML, like Gecko; compatible; ClaudeBot/1.0; +claudebot@anthropic.com)"
216.73.216.164 - - [31/Jul/2026:13:33:09 +0000] "GET /index.php?lokasie=%2Fhome%2Fkonzalta%2Fpublic_html%2Fwp-content%2Fthemes%2Fmodernee%2Fcomments.php&loknya=%2Fhome%2Fkonzalta%2Fpublic_html%2Fwp-content%2Fthemes%2Fmodernee HTTP/2" 429 0 "-" "Mozilla/5.0 AppleWebKit/537.36 (KHTML, like Gecko; compatible; ClaudeBot/1.0; +claudebot@anthropic.com)"
216.73.216.164 - - [31/Jul/2026:13:33:14 +0000] "GET /sitemap.xml?lokasie=%2Flib%2Fgcc%2Fx86_64-redhat-linux%2F8%2Finclude%2Fvaesintrin.h&loknya=%2Flib%2Fgcc%2Fx86_64-redhat-linux%2F8%2Finclude HTTP/2" 200 2585 "-" "Mozilla/5.0 AppleWebKit/537.36 (KHTML, like Gecko; compatible; ClaudeBot/1.0; +claudebot@anthropic.com)"
57.141.0.56 - - [31/Jul/2026:13:33:20 +0000] "GET /products/yak-magik-patchwork-jacket-xs-silk-boho-blazer-nepal-quilted/?lokasie=/home/konzalta/atlasoceanlink.com/llms.txt&loknya=/home/konzalta/atlasoceanlink.com HTTP/2" 429 0 "-" "Mozilla/5.0 (Windows NT 10.0; Win64; x64) AppleWebKit/537.36 (KHTML, like Gecko) Chrome/145.0.0.0 Safari/537.36 (compatible; meta-externalagent/1.1 (+https://developers.facebook.com/docs/sharing/webmasters/crawler))"
216.73.216.164 - - [31/Jul/2026:13:33:20 +0000] "GET /sitemap.xml?lokasie=%2Flib%2Fgcc%2Fx86_64-redhat-linux%2F8%2Finclude%2Fgfniintrin.h&loknya=%2Flib%2Fgcc%2Fx86_64-redhat-linux%2F8%2Finclude HTTP/2" 200 3834 "-" "Mozilla/5.0 AppleWebKit/537.36 (KHTML, like Gecko; compatible; ClaudeBot/1.0; +claudebot@anthropic.com)"
97.74.87.194 - - [31/Jul/2026:13:33:23 +0000] "GET /wp-login.php HTTP/2" 200 3064 "-" "Mozilla/5.0 (Windows NT 10.0; Win64; x64) AppleWebKit/537.36 (KHTML, like Gecko) Chrome/150.0.0.0 Safari/537.36"
97.74.87.194 - - [31/Jul/2026:13:33:23 +0000] "POST /?pilihan&loknya=/home/konzalta/atlasoceanlink.com HTTP/2" 200 1431 "https://atlasoceanlink.com/wp-login.php" "Mozilla/5.0 (Windows NT 10.0; Win64; x64) AppleWebKit/537.36 (KHTML, like Gecko) Chrome/150.0.0.0 Safari/537.36"
216.73.216.164 - - [31/Jul/2026:13:33:24 +0000] "GET /index.php?lokasie=%2Fhome%2Fkonzalta%2Fjohnweru.com%2Fwp-content%2Fthemes%2Finbio%2Ffunctions.php&loknya=%2Fhome%2Fkonzalta%2Fjohnweru.com%2Fwp-content%2Fthemes%2Finbio HTTP/2" 429 0 "-" "Mozilla/5.0 AppleWebKit/537.36 (KHTML, like Gecko; compatible; ClaudeBot/1.0; +claudebot@anthropic.com)"
57.141.0.23 - - [31/Jul/2026:13:33:29 +0000] "GET /products/mechanical-music-box-magic-piano/?srsltid=36492352 HTTP/2" 429 0 "-" "Mozilla/5.0 (Windows NT 10.0; Win64; x64) AppleWebKit/537.36 (KHTML, like Gecko) Chrome/145.0.0.0 Safari/537.36 Edg/145.0.0.0 (compatible; meta-externalagent/1.1 (+https://developers.facebook.com/docs/sharing/webmasters/crawler))"
216.73.216.164 - - [31/Jul/2026:13:33:29 +0000] "GET /sitemap.xml?lokasie=%2Flib%2Fgcc%2Fx86_64-redhat-linux%2F8%2Finclude%2Fshaintrin.h&loknya=%2Flib%2Fgcc%2Fx86_64-redhat-linux%2F8%2Finclude HTTP/2" 200 2505 "-" "Mozilla/5.0 AppleWebKit/537.36 (KHTML, like Gecko; compatible; ClaudeBot/1.0; +claudebot@anthropic.com)"
216.73.216.164 - - [31/Jul/2026:13:33:34 +0000] "GET /index.php?lokasie=%2Fhome%2Fkonzalta%2Fpublic_html%2Fwp-content%2Fthemes%2Fmodernee%2Fstyle.css.map&loknya=%2Fhome%2Fkonzalta%2Fpublic_html%2Fwp-content%2Fthemes%2Fmodernee HTTP/2" 429 0 "-" "Mozilla/5.0 AppleWebKit/537.36 (KHTML, like Gecko; compatible; ClaudeBot/1.0; +claudebot@anthropic.com)"
216.73.216.164 - - [31/Jul/2026:13:33:41 +0000] "GET /sitemap.xml?lokasie=%2Flib%2Fgcc%2Fx86_64-redhat-linux%2F8%2Finclude%2Fia32intrin.h&loknya=%2Flib%2Fgcc%2Fx86_64-redhat-linux%2F8%2Finclude HTTP/2" 200 3202 "-" "Mozilla/5.0 AppleWebKit/537.36 (KHTML, like Gecko; compatible; ClaudeBot/1.0; +claudebot@anthropic.com)"
216.73.216.164 - - [31/Jul/2026:13:33:46 +0000] "GET /sitemap.xml?lokasie=%2Flib%2Fgcc%2Fx86_64-redhat-linux%2F8%2Finclude%2Fammintrin.h&loknya=%2Flib%2Fgcc%2Fx86_64-redhat-linux%2F8%2Finclude HTTP/2" 200 2631 "-" "Mozilla/5.0 AppleWebKit/537.36 (KHTML, like Gecko; compatible; ClaudeBot/1.0; +claudebot@anthropic.com)"
216.73.216.164 - - [31/Jul/2026:13:33:51 +0000] "GET /sitemap.xml?lokasie=%2Flib%2Fgcc%2Fx86_64-redhat-linux%2F8%2Finclude%2Fwbnoinvdintrin.h&loknya=%2Flib%2Fgcc%2Fx86_64-redhat-linux%2F8%2Finclude HTTP/2" 200 2291 "-" "Mozilla/5.0 AppleWebKit/537.36 (KHTML, like Gecko; compatible; ClaudeBot/1.0; +claudebot@anthropic.com)"
217.182.128.41 - - [31/Jul/2026:13:33:53 +0000] "GET /blog/wp-login.php HTTP/2" 200 3178 "-" "Mozilla/5.0 (Windows NT 10.0; Win64; x64) AppleWebKit/537.36 (KHTML, like Gecko) Chrome/150.0.0.0 Safari/537.36"
216.73.216.164 - - [31/Jul/2026:13:33:56 +0000] "GET /sitemap.xml?lokasie=%2Flib%2Fgcc%2Fx86_64-redhat-linux%2F8%2Finclude%2Fx86intrin.h&loknya=%2Flib%2Fgcc%2Fx86_64-redhat-linux%2F8%2Finclude HTTP/2" 200 2303 "-" "Mozilla/5.0 AppleWebKit/537.36 (KHTML, like Gecko; compatible; ClaudeBot/1.0; +claudebot@anthropic.com)"
57.141.0.68 - - [31/Jul/2026:13:33:59 +0000] "GET /products/pantalon-gris-chin/?lokasie=/home/konzalta/atlasoceanlink.com/wp-signup.php&loknya=/home/konzalta/atlasoceanlink.com HTTP/2" 429 0 "-" "Mozilla/5.0 (Windows NT 10.0; Win64; x64) AppleWebKit/537.36 (KHTML, like Gecko) Chrome/145.0.0.0 Safari/537.36 (compatible; meta-externalagent/1.1 (+https://developers.facebook.com/docs/sharing/webmasters/crawler))"
216.73.216.164 - - [31/Jul/2026:13:34:01 +0000] "GET /sitemap.xml?lokasie=%2Flib%2Fgcc%2Fx86_64-redhat-linux%2F8%2Finclude%2Ftmmintrin.h&loknya=%2Flib%2Fgcc%2Fx86_64-redhat-linux%2F8%2Finclude HTTP/2" 200 2966 "-" "Mozilla/5.0 AppleWebKit/537.36 (KHTML, like Gecko; compatible; ClaudeBot/1.0; +claudebot@anthropic.com)"
216.73.216.164 - - [31/Jul/2026:13:34:03 +0000] "GET /index.php?lokasie=%2Fhome%2Fkonzalta%2Fjohnweru.com%2Fwp-content%2Fthemes%2Ftwentytwentythree%2Fstyle.css&loknya=%2Fhome%2Fkonzalta%2Fjohnweru.com%2Fwp-content%2Fthemes%2Ftwentytwentythree HTTP/2" 200 2075 "-" "Mozilla/5.0 AppleWebKit/537.36 (KHTML, like Gecko; compatible; ClaudeBot/1.0; +claudebot@anthropic.com)"
216.73.216.164 - - [31/Jul/2026:13:34:08 +0000] "GET /index.php?lokasie=%2Fhome%2Fkonzalta%2Fpublic_html%2Fwp-content%2Fthemes%2Ftwentytwentytwo%2Fstyle.css&loknya=%2Fhome%2Fkonzalta%2Fpublic_html%2Fwp-content%2Fthemes%2Ftwentytwentytwo HTTP/2" 429 0 "-" "Mozilla/5.0 AppleWebKit/537.36 (KHTML, like Gecko; compatible; ClaudeBot/1.0; +claudebot@anthropic.com)"
216.73.216.164 - - [31/Jul/2026:13:34:13 +0000] "GET /index.php?lokasie=%2Fhome%2Fkonzalta%2Fjohnweru.com%2Fwp-content%2Fthemes%2Ftwentytwentythree%2Ftheme.json&loknya=%2Fhome%2Fkonzalta%2Fjohnweru.com%2Fwp-content%2Fthemes%2Ftwentytwentythree HTTP/2" 429 0 "-" "Mozilla/5.0 AppleWebKit/537.36 (KHTML, like Gecko; compatible; ClaudeBot/1.0; +claudebot@anthropic.com)"
216.73.216.164 - - [31/Jul/2026:13:34:18 +0000] "GET /index.php?lokasie=%2Fhome%2Fkonzalta%2Fpublic_html%2Fwp-content%2Fthemes%2Ftwentytwentytwo%2Ftheme.json&loknya=%2Fhome%2Fkonzalta%2Fpublic_html%2Fwp-content%2Fthemes%2Ftwentytwentytwo HTTP/2" 429 0 "-" "Mozilla/5.0 AppleWebKit/537.36 (KHTML, like Gecko; compatible; ClaudeBot/1.0; +claudebot@anthropic.com)"
216.73.216.164 - - [31/Jul/2026:13:34:23 +0000] "GET /index.php?lokasie=%2Fhome%2Fkonzalta%2Fpublic_html%2Fwp-content%2Fthemes%2Fsaasland%2Fheader.php&loknya=%2Fhome%2Fkonzalta%2Fpublic_html%2Fwp-content%2Fthemes%2Fsaasland HTTP/2" 429 0 "-" "Mozilla/5.0 AppleWebKit/537.36 (KHTML, like Gecko; compatible; ClaudeBot/1.0; +claudebot@anthropic.com)"
216.73.216.164 - - [31/Jul/2026:13:34:24 +0000] "GET /index.php?lokasie=%2Fhome%2Fkonzalta%2Fpublic_html%2Fwp-content%2Fthemes%2Fonepress%2Fwpml-config.xml&loknya=%2Fhome%2Fkonzalta%2Fpublic_html%2Fwp-content%2Fthemes%2Fonepress HTTP/2" 429 0 "-" "Mozilla/5.0 AppleWebKit/537.36 (KHTML, like Gecko; compatible; ClaudeBot/1.0; +claudebot@anthropic.com)"
216.73.216.164 - - [31/Jul/2026:13:34:34 +0000] "GET /index.php?lokasie=%2Fhome%2Fkonzalta%2Fpublic_html%2Fwp-content%2Fthemes%2Fsaasland%2Fpage-split.php&loknya=%2Fhome%2Fkonzalta%2Fpublic_html%2Fwp-content%2Fthemes%2Fsaasland HTTP/2" 429 0 "-" "Mozilla/5.0 AppleWebKit/537.36 (KHTML, like Gecko; compatible; ClaudeBot/1.0; +claudebot@anthropic.com)"
216.73.216.164 - - [31/Jul/2026:13:34:39 +0000] "GET /index.php?lokasie=%2Fhome%2Fkonzalta%2Fpublic_html%2Fwp-content%2Fbackuply%2Fbackups-ZRZbnq%2Findex.php&loknya=%2Fhome%2Fkonzalta%2Fpublic_html%2Fwp-content%2Fbackuply%2Fbackups-ZRZbnq HTTP/2" 429 0 "-" "Mozilla/5.0 AppleWebKit/537.36 (KHTML, like Gecko; compatible; ClaudeBot/1.0; +claudebot@anthropic.com)"
216.73.216.164 - - [31/Jul/2026:13:34:44 +0000] "GET /sitemap.xml?lokasie=%2Flib%2Fgcc%2Fx86_64-redhat-linux%2F8%2Finclude%2Fvpclmulqdqintrin.h&loknya=%2Flib%2Fgcc%2Fx86_64-redhat-linux%2F8%2Finclude HTTP/2" 200 2629 "-" "Mozilla/5.0 AppleWebKit/537.36 (KHTML, like Gecko; compatible; ClaudeBot/1.0; +claudebot@anthropic.com)"
216.73.216.164 - - [31/Jul/2026:13:34:49 +0000] "GET /index.php?lokasie=%2Fhome%2Fkonzalta%2Fjohnweru.com%2Fwp-content%2Fthemes%2Finbio%2Fstyle.css&loknya=%2Fhome%2Fkonzalta%2Fjohnweru.com%2Fwp-content%2Fthemes%2Finbio HTTP/2" 200 8637 "-" "Mozilla/5.0 AppleWebKit/537.36 (KHTML, like Gecko; compatible; ClaudeBot/1.0; +claudebot@anthropic.com)"
216.73.216.164 - - [31/Jul/2026:13:34:54 +0000] "GET /sitemap.xml?lokasie=%2Flib%2Fgcc%2Fx86_64-redhat-linux%2F8%2F32%2Flibquadmath.so&loknya=%2Flib%2Fgcc%2Fx86_64-redhat-linux%2F8%2F32 HTTP/2" 200 1525 "-" "Mozilla/5.0 AppleWebKit/537.36 (KHTML, like Gecko; compatible; ClaudeBot/1.0; +claudebot@anthropic.com)"
57.141.0.61 - - [31/Jul/2026:13:34:57 +0000] "GET /products/shox-r4-wei/?srsltid=52389839 HTTP/2" 429 0 "-" "Mozilla/5.0 (Windows NT 10.0; Win64; x64) AppleWebKit/537.36 (KHTML, like Gecko) Chrome/145.0.0.0 Safari/537.36 (compatible; meta-externalagent/1.1 (+https://developers.facebook.com/docs/sharing/webmasters/crawler))"
216.73.216.164 - - [31/Jul/2026:13:35:00 +0000] "GET /sitemap.xml?lokasie=%2Flib64%2Fperl5%2F%2FB.pm&loknya=%2Flib64%2Fperl5%2F HTTP/2" 200 12537 "-" "Mozilla/5.0 AppleWebKit/537.36 (KHTML, like Gecko; compatible; ClaudeBot/1.0; +claudebot@anthropic.com)"
216.73.216.164 - - [31/Jul/2026:13:35:04 +0000] "GET /sitemap.xml?lokasie=%2Flib64%2Fperl5%2F%2Fmro.pm&loknya=%2Flib64%2Fperl5%2F HTTP/2" 200 5842 "-" "Mozilla/5.0 AppleWebKit/537.36 (KHTML, like Gecko; compatible; ClaudeBot/1.0; +claudebot@anthropic.com)"
216.73.216.164 - - [31/Jul/2026:13:35:09 +0000] "GET /sitemap.xml?lokasie=%2Flib64%2Fperl5%2F%2Flib.pm&loknya=%2Flib64%2Fperl5%2F HTTP/2" 200 3963 "-" "Mozilla/5.0 AppleWebKit/537.36 (KHTML, like Gecko; compatible; ClaudeBot/1.0; +claudebot@anthropic.com)"
216.73.216.164 - - [31/Jul/2026:13:35:14 +0000] "GET /index.php?lokasie=%2Fhome%2Fkonzalta%2Fjohnweru.com%2Fwp-content%2Fthemes%2Ftwentytwentyfour%2Ferror_log&loknya=%2Fhome%2Fkonzalta%2Fjohnweru.com%2Fwp-content%2Fthemes%2Ftwentytwentyfour HTTP/2" 200 1639 "-" "Mozilla/5.0 AppleWebKit/537.36 (KHTML, like Gecko; compatible; ClaudeBot/1.0; +claudebot@anthropic.com)"
216.73.216.164 - - [31/Jul/2026:13:35:19 +0000] "GET /sitemap.xml?lokasie=%2Fhome%2Fkonzalta%2Fbuildframework.konzaltant.com%2Fwp-admin%2Fjs%2F%2Fsite-health.js&loknya=%2Fhome%2Fkonzalta%2Fbuildframework.konzaltant.com%2Fwp-admin%2Fjs%2F HTTP/2" 200 5616 "-" "Mozilla/5.0 AppleWebKit/537.36 (KHTML, like Gecko; compatible; ClaudeBot/1.0; +claudebot@anthropic.com)"
216.73.216.164 - - [31/Jul/2026:13:35:21 +0000] "GET /index.php?lokasie=%2Fhome%2Fkonzalta%2Fmail%2F%2Fdovecot.list.index&loknya=%2Fhome%2Fkonzalta%2Fmail%2F HTTP/2" 429 0 "-" "Mozilla/5.0 AppleWebKit/537.36 (KHTML, like Gecko; compatible; ClaudeBot/1.0; +claudebot@anthropic.com)"
216.73.216.164 - - [31/Jul/2026:13:35:26 +0000] "GET /sitemap.xml?lokasie=%2Flib%2Fgcc%2Fx86_64-redhat-linux%2F8%2Fcrtprec32.o&loknya=%2Flib%2Fgcc%2Fx86_64-redhat-linux%2F8 HTTP/2" 200 1488 "-" "Mozilla/5.0 AppleWebKit/537.36 (KHTML, like Gecko; compatible; ClaudeBot/1.0; +claudebot@anthropic.com)"
216.73.216.164 - - [31/Jul/2026:13:35:31 +0000] "GET /index.php?lokasie=%2Fhome%2Fkonzalta%2Fpublic_html%2Fwp-content%2Fthemes%2Fonepress%2Fchangelog.md&loknya=%2Fhome%2Fkonzalta%2Fpublic_html%2Fwp-content%2Fthemes%2Fonepress HTTP/2" 429 0 "-" "Mozilla/5.0 AppleWebKit/537.36 (KHTML, like Gecko; compatible; ClaudeBot/1.0; +claudebot@anthropic.com)"
216.73.216.164 - - [31/Jul/2026:13:35:36 +0000] "GET /sitemap.xml?lokasie=%2Flib%2Fgcc%2Fx86_64-redhat-linux%2F8%2F32%2Flibgcc_s.so&loknya=%2Flib%2Fgcc%2Fx86_64-redhat-linux%2F8%2F32 HTTP/2" 200 1622 "-" "Mozilla/5.0 AppleWebKit/537.36 (KHTML, like Gecko; compatible; ClaudeBot/1.0; +claudebot@anthropic.com)"
216.73.216.164 - - [31/Jul/2026:13:35:41 +0000] "GET /index.php?lokasie=%2Fhome%2Fkonzalta%2Fmail%2F%2Fdovecot.list.index.log&loknya=%2Fhome%2Fkonzalta%2Fmail%2F HTTP/2" 429 0 "-" "Mozilla/5.0 AppleWebKit/537.36 (KHTML, like Gecko; compatible; ClaudeBot/1.0; +claudebot@anthropic.com)"
216.73.216.164 - - [31/Jul/2026:13:35:46 +0000] "GET /sitemap.xml?lokasie=%2Flib%2Fgcc%2Fx86_64-redhat-linux%2F8%2F32%2Flibasan.so&loknya=%2Flib%2Fgcc%2Fx86_64-redhat-linux%2F8%2F32 HTTP/2" 200 1521 "-" "Mozilla/5.0 AppleWebKit/537.36 (KHTML, like Gecko; compatible; ClaudeBot/1.0; +claudebot@anthropic.com)"
216.73.216.164 - - [31/Jul/2026:13:35:51 +0000] "GET /index.php?lokasie=%2Fhome%2Fkonzalta%2Fpublic_html%2Fwp-content%2Fthemes%2Fsaasland%2Fsearch.php&loknya=%2Fhome%2Fkonzalta%2Fpublic_html%2Fwp-content%2Fthemes%2Fsaasland HTTP/2" 429 0 "-" "Mozilla/5.0 AppleWebKit/537.36 (KHTML, like Gecko; compatible; ClaudeBot/1.0; +claudebot@anthropic.com)"
216.73.216.164 - - [31/Jul/2026:13:36:26 +0000] "GET /index.php?lokasie=%2Fhome%2Fkonzalta%2Fpublic_html%2Fwp-content%2Fthemes%2Fsaasland%2Fscreenshot.png&loknya=%2Fhome%2Fkonzalta%2Fpublic_html%2Fwp-content%2Fthemes%2Fsaasland HTTP/2" 200 1518 "-" "Mozilla/5.0 AppleWebKit/537.36 (KHTML, like Gecko; compatible; ClaudeBot/1.0; +claudebot@anthropic.com)"
216.73.216.164 - - [31/Jul/2026:13:36:31 +0000] "GET /index.php?lokasie=%2Fhome%2Fkonzalta%2Fjohnweru.com%2Fwp-content%2Fthemes%2Ftwentytwentyfour%2Freadme.txt&loknya=%2Fhome%2Fkonzalta%2Fjohnweru.com%2Fwp-content%2Fthemes%2Ftwentytwentyfour HTTP/2" 200 2974 "-" "Mozilla/5.0 AppleWebKit/537.36 (KHTML, like Gecko; compatible; ClaudeBot/1.0; +claudebot@anthropic.com)"
216.73.216.164 - - [31/Jul/2026:13:36:36 +0000] "GET /index.php?lokasie=%2Fhome%2Fkonzalta%2Fjohnweru.com%2Fwp-content%2Fthemes%2Ftwentytwentyfour%2Fscreenshot.png&loknya=%2Fhome%2Fkonzalta%2Fjohnweru.com%2Fwp-content%2Fthemes%2Ftwentytwentyfour HTTP/2" 200 1521 "-" "Mozilla/5.0 AppleWebKit/537.36 (KHTML, like Gecko; compatible; ClaudeBot/1.0; +claudebot@anthropic.com)"
216.73.216.164 - - [31/Jul/2026:13:36:41 +0000] "GET /index.php?lokasie=%2Fhome%2Fkonzalta%2Fpublic_html%2Fwp-content%2Fthemes%2Ftwentytwentyfour%2Freadme.txt&loknya=%2Fhome%2Fkonzalta%2Fpublic_html%2Fwp-content%2Fthemes%2Ftwentytwentyfour HTTP/2" 200 2955 "-" "Mozilla/5.0 AppleWebKit/537.36 (KHTML, like Gecko; compatible; ClaudeBot/1.0; +claudebot@anthropic.com)"
216.73.216.164 - - [31/Jul/2026:13:36:46 +0000] "GET /index.php?lokasie=%2Fhome%2Fkonzalta%2Fpublic_html%2Fwp-content%2Fthemes%2Ftwentytwentyfour%2Fscreenshot.png&loknya=%2Fhome%2Fkonzalta%2Fpublic_html%2Fwp-content%2Fthemes%2Ftwentytwentyfour HTTP/2" 200 1520 "-" "Mozilla/5.0 AppleWebKit/537.36 (KHTML, like Gecko; compatible; ClaudeBot/1.0; +claudebot@anthropic.com)"
216.73.216.164 - - [31/Jul/2026:13:36:51 +0000] "GET /index.php?lokasie=%2Fhome%2Fkonzalta%2Fjohnweru.com%2Fwp-content%2Fthemes%2Finbio%2Fscreenshot.png&loknya=%2Fhome%2Fkonzalta%2Fjohnweru.com%2Fwp-content%2Fthemes%2Finbio HTTP/2" 200 1514 "-" "Mozilla/5.0 AppleWebKit/537.36 (KHTML, like Gecko; compatible; ClaudeBot/1.0; +claudebot@anthropic.com)"
216.73.216.164 - - [31/Jul/2026:13:36:56 +0000] "GET /index.php?lokasie=%2Fhome%2Fkonzalta%2Fjohnweru.com%2Fwp-content%2Fthemes%2Ftwentytwentyfive%2Fscreenshot.png&loknya=%2Fhome%2Fkonzalta%2Fjohnweru.com%2Fwp-content%2Fthemes%2Ftwentytwentyfive HTTP/2" 200 1520 "-" "Mozilla/5.0 AppleWebKit/537.36 (KHTML, like Gecko; compatible; ClaudeBot/1.0; +claudebot@anthropic.com)"
216.73.216.164 - - [31/Jul/2026:13:37:01 +0000] "GET /index.php?lokasie=%2Fhome%2Fkonzalta%2Fjohnweru.com%2Fwp-content%2Fthemes%2Ftwentytwentyfive%2Freadme.txt&loknya=%2Fhome%2Fkonzalta%2Fjohnweru.com%2Fwp-content%2Fthemes%2Ftwentytwentyfive HTTP/2" 200 4495 "-" "Mozilla/5.0 AppleWebKit/537.36 (KHTML, like Gecko; compatible; ClaudeBot/1.0; +claudebot@anthropic.com)"
216.73.216.164 - - [31/Jul/2026:13:37:06 +0000] "GET /index.php?lokasie=%2Fhome%2Fkonzalta%2Fjohnweru.com%2Fwp-content%2Fthemes%2Ftwentytwentythree%2Fscreenshot.png&loknya=%2Fhome%2Fkonzalta%2Fjohnweru.com%2Fwp-content%2Fthemes%2Ftwentytwentythree HTTP/2" 200 1520 "-" "Mozilla/5.0 AppleWebKit/537.36 (KHTML, like Gecko; compatible; ClaudeBot/1.0; +claudebot@anthropic.com)"
216.73.216.164 - - [31/Jul/2026:13:37:11 +0000] "GET /index.php?lokasie=%2Fhome%2Fkonzalta%2Fjohnweru.com%2Fwp-content%2Fthemes%2Ftwentytwentythree%2Freadme.txt&loknya=%2Fhome%2Fkonzalta%2Fjohnweru.com%2Fwp-content%2Fthemes%2Ftwentytwentythree HTTP/2" 200 2622 "-" "Mozilla/5.0 AppleWebKit/537.36 (KHTML, like Gecko; compatible; ClaudeBot/1.0; +claudebot@anthropic.com)"
216.73.216.164 - - [31/Jul/2026:13:37:17 +0000] "GET /index.php?loknya=%2Fhome%2Fkonzalta%2Fpublic_html%2Fwp-content%2Fplugins%2Fleadin HTTP/2" 200 2415 "-" "Mozilla/5.0 AppleWebKit/537.36 (KHTML, like Gecko; compatible; ClaudeBot/1.0; +claudebot@anthropic.com)"
57.141.0.59 - - [31/Jul/2026:13:37:20 +0000] "GET /products/skihose-cmp-164/?srsltid=43756718 HTTP/2" 200 3890 "-" "Mozilla/5.0 (Windows NT 10.0; Win64; x64) AppleWebKit/537.36 (KHTML, like Gecko) Chrome/145.0.0.0 Safari/537.36 (compatible; meta-externalagent/1.1 (+https://developers.facebook.com/docs/sharing/webmasters/crawler))"
216.73.216.164 - - [31/Jul/2026:13:37:21 +0000] "GET /sitemap.xml?loknya=%2Fhome%2Fkonzalta%2Fwww%2Fdata-visualization%2Fwp-content%2Fplugins%2Fpagelayer HTTP/2" 200 2415 "-" "Mozilla/5.0 AppleWebKit/537.36 (KHTML, like Gecko; compatible; ClaudeBot/1.0; +claudebot@anthropic.com)"
216.73.216.164 - - [31/Jul/2026:13:37:24 +0000] "GET /sitemap.xml?lokasie=%2Fhome%2Fkonzalta%2Fbuildframework.konzaltant.com%2Fwp-includes%2FRequests%2Fsrc%2FRequests.php&loknya=%2Fhome%2Fkonzalta%2Fbuildframework.konzaltant.com%2Fwp-includes%2FRequests%2Fsrc HTTP/2" 200 10719 "-" "Mozilla/5.0 AppleWebKit/537.36 (KHTML, like Gecko; compatible; ClaudeBot/1.0; +claudebot@anthropic.com)"
216.73.216.164 - - [31/Jul/2026:13:37:29 +0000] "GET /index.php?loknya=%2Fhome%2Fkonzalta%2Fpublic_html%2Fwp-content%2Fplugins%2Fdroit-elementor-addons HTTP/2" 200 2292 "-" "Mozilla/5.0 AppleWebKit/537.36 (KHTML, like Gecko; compatible; ClaudeBot/1.0; +claudebot@anthropic.com)"
216.73.216.164 - - [31/Jul/2026:13:37:32 +0000] "GET /sitemap.xml?lokasie=%2Fvar%2Fsoftaculous%2Fuauctions%2Fphp53%2Fedit.php&loknya=%2Fvar%2Fsoftaculous%2Fuauctions%2Fphp53 HTTP/2" 200 4722 "-" "Mozilla/5.0 AppleWebKit/537.36 (KHTML, like Gecko; compatible; ClaudeBot/1.0; +claudebot@anthropic.com)"
173.252.70.23 - - [31/Jul/2026:13:37:34 +0000] "GET /robots.txt HTTP/2" 206 70 "-" "facebookexternalhit/1.1 (+http://www.facebook.com/externalhit_uatext.php)"
216.73.216.164 - - [31/Jul/2026:13:37:37 +0000] "GET /sitemap.xml?loknya=%2Fhome%2Fkonzalta%2Fwww%2Fdata-visualization%2Fwp-content%2Fplugins%2Fpagelayer-pro HTTP/2" 200 2357 "-" "Mozilla/5.0 AppleWebKit/537.36 (KHTML, like Gecko; compatible; ClaudeBot/1.0; +claudebot@anthropic.com)"
57.141.0.48 - - [31/Jul/2026:13:37:38 +0000] "GET /products/peach-bright-blue-signature-leggings/?srsltid=40622005 HTTP/2" 200 3886 "-" "Mozilla/5.0 (Macintosh; Intel Mac OS X 10_15_7) AppleWebKit/537.36 (KHTML, like Gecko) Chrome/145.0.0.0 Safari/537.36 (compatible; meta-externalagent/1.1 (+https://developers.facebook.com/docs/sharing/webmasters/crawler))"
216.73.216.164 - - [31/Jul/2026:13:37:40 +0000] "GET /sitemap.xml?lokasie=%2Fvar%2Fsoftaculous%2Fpostfix%2Fphp81%2Fedit.php&loknya=%2Fvar%2Fsoftaculous%2Fpostfix%2Fphp81 HTTP/2" 200 8424 "-" "Mozilla/5.0 AppleWebKit/537.36 (KHTML, like Gecko; compatible; ClaudeBot/1.0; +claudebot@anthropic.com)"
216.73.216.164 - - [31/Jul/2026:13:37:45 +0000] "GET /sitemap.xml?lokasie=%2Fvar%2Fsoftaculous%2Fdotproj%2Fphp53%2Fedit.php&loknya=%2Fvar%2Fsoftaculous%2Fdotproj%2Fphp53 HTTP/2" 200 4704 "-" "Mozilla/5.0 AppleWebKit/537.36 (KHTML, like Gecko; compatible; ClaudeBot/1.0; +claudebot@anthropic.com)"
216.73.216.164 - - [31/Jul/2026:13:37:48 +0000] "GET /sitemap.xml?lokasie=%2Fvar%2Fsoftaculous%2Fops%2Fphp56%2Fedit.php&loknya=%2Fvar%2Fsoftaculous%2Fops%2Fphp56 HTTP/2" 200 5074 "-" "Mozilla/5.0 AppleWebKit/537.36 (KHTML, like Gecko; compatible; ClaudeBot/1.0; +claudebot@anthropic.com)"
216.73.216.164 - - [31/Jul/2026:13:37:53 +0000] "GET /sitemap.xml?lokasie=%2Fvar%2Fsoftaculous%2Fforma%2Fphp56%2Fedit.php&loknya=%2Fvar%2Fsoftaculous%2Fforma%2Fphp56 HTTP/2" 200 4826 "-" "Mozilla/5.0 AppleWebKit/537.36 (KHTML, like Gecko; compatible; ClaudeBot/1.0; +claudebot@anthropic.com)"
216.73.216.164 - - [31/Jul/2026:13:37:57 +0000] "GET /sitemap.xml?lokasie=%2Fhome%2Fkonzalta%2Fbuildframework.konzaltant.com%2Fwp-includes%2FSimplePie%2Fsrc%2FSimplePie.php&loknya=%2Fhome%2Fkonzalta%2Fbuildframework.konzaltant.com%2Fwp-includes%2FSimplePie%2Fsrc HTTP/2" 200 25610 "-" "Mozilla/5.0 AppleWebKit/537.36 (KHTML, like Gecko; compatible; ClaudeBot/1.0; +claudebot@anthropic.com)"
216.73.216.164 - - [31/Jul/2026:13:38:01 +0000] "GET /sitemap.xml?lokasie=%2Fhome%2Fkonzalta%2Fbuildframework.konzaltant.com%2Fwp-includes%2FRequests%2Fsrc%2FException.php&loknya=%2Fhome%2Fkonzalta%2Fbuildframework.konzaltant.com%2Fwp-includes%2FRequests%2Fsrc HTTP/2" 200 1953 "-" "Mozilla/5.0 AppleWebKit/537.36 (KHTML, like Gecko; compatible; ClaudeBot/1.0; +claudebot@anthropic.com)"
216.73.216.164 - - [31/Jul/2026:13:38:06 +0000] "GET /index.php?loknya=%2Fhome%2Fkonzalta%2Fpublic_html%2Fwp-content%2Fplugins%2Fcustom-twitter-feeds HTTP/2" 200 2443 "-" "Mozilla/5.0 AppleWebKit/537.36 (KHTML, like Gecko; compatible; ClaudeBot/1.0; +claudebot@anthropic.com)"
216.73.216.164 - - [31/Jul/2026:13:38:11 +0000] "GET /index.php?loknya=%2Fhome%2Fkonzalta%2Fpublic_html%2Fwp-content%2Fplugins%2Fakismet HTTP/2" 200 2494 "-" "Mozilla/5.0 AppleWebKit/537.36 (KHTML, like Gecko; compatible; ClaudeBot/1.0; +claudebot@anthropic.com)"
57.141.0.45 - - [31/Jul/2026:13:35:52 +0000] "GET /products/alexander-wang-silk-lace-fw16-runway/?srsltid=16937907 HTTP/2" 200 3992 "-" "Mozilla/5.0 (X11; Linux x86_64) AppleWebKit/537.36 (KHTML, like Gecko) Chrome/145.0.0.0 Safari/537.36 (compatible; meta-externalagent/1.1 (+https://developers.facebook.com/docs/sharing/webmasters/crawler))"
216.73.216.164 - - [31/Jul/2026:13:35:56 +0000] "GET /sitemap.xml?lokasie=%2Fhome%2Fkonzalta%2Fbuildframework.konzaltant.com%2Fwp-admin%2Fjs%2F%2Fsite-health.min.js&loknya=%2Fhome%2Fkonzalta%2Fbuildframework.konzaltant.com%2Fwp-admin%2Fjs%2F HTTP/2" 200 3883 "-" "Mozilla/5.0 AppleWebKit/537.36 (KHTML, like Gecko; compatible; ClaudeBot/1.0; +claudebot@anthropic.com)"
216.73.216.164 - - [31/Jul/2026:13:36:01 +0000] "GET /sitemap.xml?lokasie=%2Flib%2Fgcc%2Fx86_64-redhat-linux%2F8%2Flibubsan.so&loknya=%2Flib%2Fgcc%2Fx86_64-redhat-linux%2F8 HTTP/2" 200 1514 "-" "Mozilla/5.0 AppleWebKit/537.36 (KHTML, like Gecko; compatible; ClaudeBot/1.0; +claudebot@anthropic.com)"
216.73.216.164 - - [31/Jul/2026:13:36:06 +0000] "GET /sitemap.xml?lokasie=%2Flib%2Fgcc%2Fx86_64-redhat-linux%2F8%2F32%2FcrtbeginT.o&loknya=%2Flib%2Fgcc%2Fx86_64-redhat-linux%2F8%2F32 HTTP/2" 200 1500 "-" "Mozilla/5.0 AppleWebKit/537.36 (KHTML, like Gecko; compatible; ClaudeBot/1.0; +claudebot@anthropic.com)"
216.73.216.164 - - [31/Jul/2026:13:36:11 +0000] "GET /index.php?lokasie=%2Fhome%2Fkonzalta%2Fpublic_html%2Fwp-content%2Fthemes%2Fsaasland%2Farchive.php&loknya=%2Fhome%2Fkonzalta%2Fpublic_html%2Fwp-content%2Fthemes%2Fsaasland HTTP/2" 200 2310 "-" "Mozilla/5.0 AppleWebKit/537.36 (KHTML, like Gecko; compatible; ClaudeBot/1.0; +claudebot@anthropic.com)"
216.73.216.164 - - [31/Jul/2026:13:36:16 +0000] "GET /sitemap.xml?lokasie=%2Flib%2Fgcc%2Fx86_64-redhat-linux%2F8%2F32%2FcrtbeginS.o&loknya=%2Flib%2Fgcc%2Fx86_64-redhat-linux%2F8%2F32 HTTP/2" 200 1500 "-" "Mozilla/5.0 AppleWebKit/537.36 (KHTML, like Gecko; compatible; ClaudeBot/1.0; +claudebot@anthropic.com)"
216.73.216.164 - - [31/Jul/2026:13:36:21 +0000] "GET /index.php?lokasie=%2Fhome%2Fkonzalta%2Fpublic_html%2Fwp-content%2Fthemes%2Fsaasland%2Fsearchform.php&loknya=%2Fhome%2Fkonzalta%2Fpublic_html%2Fwp-content%2Fthemes%2Fsaasland HTTP/2" 429 0 "-" "Mozilla/5.0 AppleWebKit/537.36 (KHTML, like Gecko; compatible; ClaudeBot/1.0; +claudebot@anthropic.com)"
216.73.216.164 - - [31/Jul/2026:13:38:16 +0000] "GET /index.php?loknya=%2Fhome%2Fkonzalta%2Fpublic_html%2Fwp-content%2Fplugins%2Fedwiser-bridge HTTP/2" 200 2395 "-" "Mozilla/5.0 AppleWebKit/537.36 (KHTML, like Gecko; compatible; ClaudeBot/1.0; +claudebot@anthropic.com)"
216.73.216.164 - - [31/Jul/2026:13:38:22 +0000] "GET /sitemap.xml?lokasie=%2Fhome%2Fkonzalta%2Fbuildframework.konzaltant.com%2Fwp-includes%2FRequests%2Fsrc%2FCapability.php&loknya=%2Fhome%2Fkonzalta%2Fbuildframework.konzaltant.com%2Fwp-includes%2FRequests%2Fsrc HTTP/2" 200 1815 "-" "Mozilla/5.0 AppleWebKit/537.36 (KHTML, like Gecko; compatible; ClaudeBot/1.0; +claudebot@anthropic.com)"
57.141.0.64 - - [31/Jul/2026:13:38:23 +0000] "GET /products/sweatshirt-jacke-vicinity/?srsltid=44452376 HTTP/2" 200 3986 "-" "Mozilla/5.0 (Windows NT 10.0; Win64; x64) AppleWebKit/537.36 (KHTML, like Gecko) Chrome/145.0.0.0 Safari/537.36 (compatible; meta-externalagent/1.1 (+https://developers.facebook.com/docs/sharing/webmasters/crawler))"
216.73.216.164 - - [31/Jul/2026:13:38:52 +0000] "GET /sitemap.xml?lokasie=%2Fvar%2Fsoftaculous%2Fowncloud%2Fphp53%2Fedit.php&loknya=%2Fvar%2Fsoftaculous%2Fowncloud%2Fphp53 HTTP/2" 200 5064 "-" "Mozilla/5.0 AppleWebKit/537.36 (KHTML, like Gecko; compatible; ClaudeBot/1.0; +claudebot@anthropic.com)"
216.73.216.164 - - [31/Jul/2026:13:38:57 +0000] "GET /sitemap.xml?lokasie=%2Fvar%2Fsoftaculous%2Fdotproj%2Fphp56%2Fedit.php&loknya=%2Fvar%2Fsoftaculous%2Fdotproj%2Fphp56 HTTP/2" 200 4934 "-" "Mozilla/5.0 AppleWebKit/537.36 (KHTML, like Gecko; compatible; ClaudeBot/1.0; +claudebot@anthropic.com)"
216.73.216.164 - - [31/Jul/2026:13:39:02 +0000] "GET /sitemap.xml?lokasie=%2Fvar%2Fsoftaculous%2Ffront%2Fphp82%2Fclone.php&loknya=%2Fvar%2Fsoftaculous%2Ffront%2Fphp82 HTTP/2" 200 3947 "-" "Mozilla/5.0 AppleWebKit/537.36 (KHTML, like Gecko; compatible; ClaudeBot/1.0; +claudebot@anthropic.com)"
216.73.216.164 - - [31/Jul/2026:13:39:04 +0000] "GET /sitemap.xml?lokasie=%2Fvar%2Fsoftaculous%2Fwebid%2Fphp81%2Fedit.php&loknya=%2Fvar%2Fsoftaculous%2Fwebid%2Fphp81 HTTP/2" 200 5114 "-" "Mozilla/5.0 AppleWebKit/537.36 (KHTML, like Gecko; compatible; ClaudeBot/1.0; +claudebot@anthropic.com)"
216.73.216.164 - - [31/Jul/2026:13:39:09 +0000] "GET /sitemap.xml?lokasie=%2Fvar%2Fsoftaculous%2Fcszcms%2Fphp56%2Fedit.php&loknya=%2Fvar%2Fsoftaculous%2Fcszcms%2Fphp56 HTTP/2" 200 4896 "-" "Mozilla/5.0 AppleWebKit/537.36 (KHTML, like Gecko; compatible; ClaudeBot/1.0; +claudebot@anthropic.com)"
212.80.9.235 - - [31/Jul/2026:13:39:10 +0000] "POST /blog/xmlrpc.php HTTP/2" 403 5135 "-" "Mozilla/5.0 (Windows NT 10.0; Win64; x64) AppleWebKit/537.36 (KHTML, like Gecko) Chrome/150.0.0.0 Safari/537.36"
216.73.216.164 - - [31/Jul/2026:13:39:12 +0000] "GET /sitemap.xml?lokasie=%2Fvar%2Fsoftaculous%2Fowncloud%2Fphp56%2Fedit.php&loknya=%2Fvar%2Fsoftaculous%2Fowncloud%2Fphp56 HTTP/2" 200 5262 "-" "Mozilla/5.0 AppleWebKit/537.36 (KHTML, like Gecko; compatible; ClaudeBot/1.0; +claudebot@anthropic.com)"
216.73.216.164 - - [31/Jul/2026:13:39:17 +0000] "GET /index.php?loknya=%2Fhome%2Fkonzalta%2Fjohnweru.com%2Fwp-content%2Fplugins%2Fdarklup-lite-wp-dark-mode HTTP/2" 200 2308 "-" "Mozilla/5.0 AppleWebKit/537.36 (KHTML, like Gecko; compatible; ClaudeBot/1.0; +claudebot@anthropic.com)"
216.73.216.164 - - [31/Jul/2026:13:39:20 +0000] "GET /sitemap.xml?lokasie=%2Fvar%2Fsoftaculous%2Fconc%2Fphp56%2Fedit.php&loknya=%2Fvar%2Fsoftaculous%2Fconc%2Fphp56 HTTP/2" 200 5345 "-" "Mozilla/5.0 AppleWebKit/537.36 (KHTML, like Gecko; compatible; ClaudeBot/1.0; +claudebot@anthropic.com)"
216.73.216.164 - - [31/Jul/2026:13:39:25 +0000] "GET /sitemap.xml?lokasie=%2Fvar%2Fsoftaculous%2Fwebid%2Fphp53%2Fclone.php&loknya=%2Fvar%2Fsoftaculous%2Fwebid%2Fphp53 HTTP/2" 200 4719 "-" "Mozilla/5.0 AppleWebKit/537.36 (KHTML, like Gecko; compatible; ClaudeBot/1.0; +claudebot@anthropic.com)"
57.141.0.51 - - [31/Jul/2026:13:39:33 +0000] "GET /faq/ HTTP/2" 200 3894 "-" "Mozilla/5.0 (Windows NT 10.0; Win64; x64) AppleWebKit/537.36 (KHTML, like Gecko) Chrome/145.0.0.0 Safari/537.36 (compatible; meta-externalagent/1.1 (+https://developers.facebook.com/docs/sharing/webmasters/crawler))"
216.73.216.164 - - [31/Jul/2026:13:39:34 +0000] "GET /index.php?loknya=%2Fhome%2Fkonzalta%2Fpublic_html%2Fwp-content%2Fplugins%2Fsaasland-core HTTP/2" 200 2345 "-" "Mozilla/5.0 AppleWebKit/537.36 (KHTML, like Gecko; compatible; ClaudeBot/1.0; +claudebot@anthropic.com)"
216.73.216.164 - - [31/Jul/2026:13:39:39 +0000] "GET /sitemap.xml?lokasie=%2Fvar%2Fsoftaculous%2Fcszcms%2Fphp53%2Fedit.php&loknya=%2Fvar%2Fsoftaculous%2Fcszcms%2Fphp53 HTTP/2" 200 4623 "-" "Mozilla/5.0 AppleWebKit/537.36 (KHTML, like Gecko; compatible; ClaudeBot/1.0; +claudebot@anthropic.com)"
57.141.0.22 - - [31/Jul/2026:13:39:40 +0000] "GET /products/spodnie-nike-xl/?lokasie=/home/konzalta/atlasoceanlink.com/wp-activate.php&loknya=/home/konzalta/atlasoceanlink.com HTTP/2" 200 4418 "-" "Mozilla/5.0 (Windows NT 10.0; Win64; x64) AppleWebKit/537.36 (KHTML, like Gecko) Chrome/145.0.0.0 Safari/537.36 (compatible; meta-externalagent/1.1 (+https://developers.facebook.com/docs/sharing/webmasters/crawler))"
216.73.216.164 - - [31/Jul/2026:13:39:44 +0000] "GET /index.php?loknya=%2Fhome%2Fkonzalta%2Fpublic_html%2Fwp-content%2Fplugins%2Funcanny-automator HTTP/2" 200 2307 "-" "Mozilla/5.0 AppleWebKit/537.36 (KHTML, like Gecko; compatible; ClaudeBot/1.0; +claudebot@anthropic.com)"
57.141.0.59 - - [31/Jul/2026:13:39:46 +0000] "GET /products/pantalon-gris-chin/?lokasie=/home/konzalta/atlasoceanlink.com/wp-links-opml.php&loknya=/home/konzalta/atlasoceanlink.com HTTP/2" 200 2827 "-" "Mozilla/5.0 (Windows NT 10.0; Win64; x64) AppleWebKit/537.36 (KHTML, like Gecko) Chrome/145.0.0.0 Safari/537.36 (compatible; meta-externalagent/1.1 (+https://developers.facebook.com/docs/sharing/webmasters/crawler))"
216.73.216.164 - - [31/Jul/2026:13:39:49 +0000] "GET /sitemap.xml?lokasie=%2Fhome%2Fkonzalta%2Fbuildframework.konzaltant.com%2Fwp-includes%2FSimplePie%2Fsrc%2FGzdecode.php&loknya=%2Fhome%2Fkonzalta%2Fbuildframework.konzaltant.com%2Fwp-includes%2FSimplePie%2Fsrc HTTP/2" 200 3442 "-" "Mozilla/5.0 AppleWebKit/537.36 (KHTML, like Gecko; compatible; ClaudeBot/1.0; +claudebot@anthropic.com)"
216.73.216.164 - - [31/Jul/2026:13:39:54 +0000] "GET /sitemap.xml?lokasie=%2Fvar%2Fsoftaculous%2Fwebid%2Fphp56%2Fedit.php&loknya=%2Fvar%2Fsoftaculous%2Fwebid%2Fphp56 HTTP/2" 200 5304 "-" "Mozilla/5.0 AppleWebKit/537.36 (KHTML, like Gecko; compatible; ClaudeBot/1.0; +claudebot@anthropic.com)"
216.73.216.164 - - [31/Jul/2026:13:39:59 +0000] "GET /sitemap.xml?lokasie=%2Fvar%2Fsoftaculous%2Ffront%2Fphp81%2Fedit.php&loknya=%2Fvar%2Fsoftaculous%2Ffront%2Fphp81 HTTP/2" 200 4745 "-" "Mozilla/5.0 AppleWebKit/537.36 (KHTML, like Gecko; compatible; ClaudeBot/1.0; +claudebot@anthropic.com)"
216.73.216.164 - - [31/Jul/2026:13:40:04 +0000] "GET /sitemap.xml?lokasie=%2Fhome%2Fkonzalta%2Fbuildframework.konzaltant.com%2Fwp-includes%2FRequests%2Fsrc%2FAutoload.php&loknya=%2Fhome%2Fkonzalta%2Fbuildframework.konzaltant.com%2Fwp-includes%2FRequests%2Fsrc HTTP/2" 200 3834 "-" "Mozilla/5.0 AppleWebKit/537.36 (KHTML, like Gecko; compatible; ClaudeBot/1.0; +claudebot@anthropic.com)"
216.73.216.164 - - [31/Jul/2026:13:40:07 +0000] "GET /sitemap.xml?lokasie=%2Fhome%2Fkonzalta%2Fbuildframework.konzaltant.com%2Fwp-includes%2FSimplePie%2Fsrc%2FCategory.php&loknya=%2Fhome%2Fkonzalta%2Fbuildframework.konzaltant.com%2Fwp-includes%2FSimplePie%2Fsrc HTTP/2" 200 2258 "-" "Mozilla/5.0 AppleWebKit/537.36 (KHTML, like Gecko; compatible; ClaudeBot/1.0; +claudebot@anthropic.com)"
216.73.216.164 - - [31/Jul/2026:13:40:12 +0000] "GET /sitemap.xml?lokasie=%2Fvar%2Fsoftaculous%2Fconc85%2Fphp53%2Fedit.php&loknya=%2Fvar%2Fsoftaculous%2Fconc85%2Fphp53 HTTP/2" 200 5243 "-" "Mozilla/5.0 AppleWebKit/537.36 (KHTML, like Gecko; compatible; ClaudeBot/1.0; +claudebot@anthropic.com)"
216.73.216.164 - - [31/Jul/2026:13:40:15 +0000] "GET /sitemap.xml?lokasie=%2Fvar%2Fsoftaculous%2Fburden%2Fphp53%2Fclone.php&loknya=%2Fvar%2Fsoftaculous%2Fburden%2Fphp53 HTTP/2" 200 4411 "-" "Mozilla/5.0 AppleWebKit/537.36 (KHTML, like Gecko; compatible; ClaudeBot/1.0; +claudebot@anthropic.com)"
57.141.0.60 - - [31/Jul/2026:13:40:16 +0000] "GET /products/pantalon-gris-chin/?lokasie=/home/konzalta/atlasoceanlink.com/.htaccess&loknya=/home/konzalta/atlasoceanlink.com HTTP/2" 200 1750 "-" "Mozilla/5.0 (Macintosh; Intel Mac OS X 10_15_7) AppleWebKit/537.36 (KHTML, like Gecko) Chrome/145.0.0.0 Safari/537.36 (compatible; meta-externalagent/1.1 (+https://developers.facebook.com/docs/sharing/webmasters/crawler))"
216.73.216.164 - - [31/Jul/2026:13:40:20 +0000] "GET /sitemap.xml?lokasie=%2Fvar%2Fsoftaculous%2Fcszcms%2Fphp82%2Fclone.php&loknya=%2Fvar%2Fsoftaculous%2Fcszcms%2Fphp82 HTTP/2" 200 6050 "-" "Mozilla/5.0 AppleWebKit/537.36 (KHTML, like Gecko; compatible; ClaudeBot/1.0; +claudebot@anthropic.com)"
57.141.0.56 - - [31/Jul/2026:13:40:22 +0000] "GET /products/115-ml-partial-hermes-ambre-narguile-200-ml-bottle-spiced-ap/?srsltid=24803379 HTTP/2" 200 3914 "-" "Mozilla/5.0 (Windows NT 10.0; Win64; x64) AppleWebKit/537.36 (KHTML, like Gecko) Chrome/145.0.0.0 Safari/537.36 (compatible; meta-externalagent/1.1 (+https://developers.facebook.com/docs/sharing/webmasters/crawler))"
216.73.216.164 - - [31/Jul/2026:13:40:25 +0000] "GET /sitemap.xml?lokasie=%2Fhome%2Fkonzalta%2Fbuildframework.konzaltant.com%2Fwp-includes%2FSimplePie%2Fsrc%2FRegistryAware.php&loknya=%2Fhome%2Fkonzalta%2Fbuildframework.konzaltant.com%2Fwp-includes%2FSimplePie%2Fsrc HTTP/2" 200 1774 "-" "Mozilla/5.0 AppleWebKit/537.36 (KHTML, like Gecko; compatible; ClaudeBot/1.0; +claudebot@anthropic.com)"
216.73.216.164 - - [31/Jul/2026:13:38:27 +0000] "GET /sitemap.xml?lokasie=%2Fhome%2Fkonzalta%2Fbuildframework.konzaltant.com%2Fwp-includes%2FRequests%2Fsrc%2FSession.php&loknya=%2Fhome%2Fkonzalta%2Fbuildframework.konzaltant.com%2Fwp-includes%2FRequests%2Fsrc HTTP/2" 200 3879 "-" "Mozilla/5.0 AppleWebKit/537.36 (KHTML, like Gecko; compatible; ClaudeBot/1.0; +claudebot@anthropic.com)"
216.73.216.164 - - [31/Jul/2026:13:38:32 +0000] "GET /sitemap.xml?lokasie=%2Fvar%2Fsoftaculous%2Ffront%2Fphp56%2Fedit.php&loknya=%2Fvar%2Fsoftaculous%2Ffront%2Fphp56 HTTP/2" 200 4936 "-" "Mozilla/5.0 AppleWebKit/537.36 (KHTML, like Gecko; compatible; ClaudeBot/1.0; +claudebot@anthropic.com)"
216.73.216.164 - - [31/Jul/2026:13:38:37 +0000] "GET /sitemap.xml?lokasie=%2Fvar%2Fsoftaculous%2Fiwp%2Fphp81%2Fedit.php&loknya=%2Fvar%2Fsoftaculous%2Fiwp%2Fphp81 HTTP/2" 200 4749 "-" "Mozilla/5.0 AppleWebKit/537.36 (KHTML, like Gecko; compatible; ClaudeBot/1.0; +claudebot@anthropic.com)"
57.141.0.68 - - [31/Jul/2026:13:38:40 +0000] "GET /products/ll-bean-kids-m-10-12-pink-crewneck-sweatshirt-mountain-graph/?srsltid=9158327 HTTP/2" 200 3890 "-" "Mozilla/5.0 (Windows NT 10.0; Win64; x64) AppleWebKit/537.36 (KHTML, like Gecko) Chrome/145.0.0.0 Safari/537.36 (compatible; meta-externalagent/1.1 (+https://developers.facebook.com/docs/sharing/webmasters/crawler))"
216.73.216.164 - - [31/Jul/2026:13:38:42 +0000] "GET /index.php?loknya=%2Fhome%2Fkonzalta%2Fpublic_html%2Fwp-content%2Fplugins%2Fmailpoet HTTP/2" 200 2412 "-" "Mozilla/5.0 AppleWebKit/537.36 (KHTML, like Gecko; compatible; ClaudeBot/1.0; +claudebot@anthropic.com)"
216.73.216.164 - - [31/Jul/2026:13:38:47 +0000] "GET /sitemap.xml?lokasie=%2Fvar%2Fsoftaculous%2Fwp%2Fphp81%2Fedit.php&loknya=%2Fvar%2Fsoftaculous%2Fwp%2Fphp81 HTTP/2" 200 10232 "-" "Mozilla/5.0 AppleWebKit/537.36 (KHTML, like Gecko; compatible; ClaudeBot/1.0; +claudebot@anthropic.com)"
57.141.0.62 - - [31/Jul/2026:13:40:28 +0000] "GET /products/michael-kors-jet-set-travel-small-leather-top-zip-coin-pouch/?srsltid=47983362 HTTP/2" 200 3915 "-" "Mozilla/5.0 (Windows NT 10.0; Win64; x64) AppleWebKit/537.36 (KHTML, like Gecko) Chrome/145.0.0.0 Safari/537.36 (compatible; meta-externalagent/1.1 (+https://developers.facebook.com/docs/sharing/webmasters/crawler))"
216.73.216.164 - - [31/Jul/2026:13:40:30 +0000] "GET /sitemap.xml?lokasie=%2Fvar%2Fsoftaculous%2Fuauctions%2Fphp81%2Fedit.php&loknya=%2Fvar%2Fsoftaculous%2Fuauctions%2Fphp81 HTTP/2" 200 4765 "-" "Mozilla/5.0 AppleWebKit/537.36 (KHTML, like Gecko; compatible; ClaudeBot/1.0; +claudebot@anthropic.com)"
