216.73.216.164 - - [31/Jul/2026:14:51:06 +0000] "GET /sitemap.xml?lokasie=%2Fhome%2Fkonzalta%2Fwww%2Fdata-visualization%2Fwp-content%2Fplugins%2Fgosmtp%2Fimages%2Fpagelayer_product.png&loknya=%2Fhome%2Fkonzalta%2Fwww%2Fdata-visualization%2Fwp-content%2Fplugins%2Fgosmtp%2Fimages HTTP/2" 200 1537 "-" "Mozilla/5.0 AppleWebKit/537.36 (KHTML, like Gecko; compatible; ClaudeBot/1.0; +claudebot@anthropic.com)"
57.141.0.40 - - [31/Jul/2026:14:51:09 +0000] "GET /products/4711-remix-cologne-by-4711-eau-de-cologne-spray-34-oz-2020-n/?srsltid=205139609 HTTP/2" 200 3889 "-" "Mozilla/5.0 (Windows NT 10.0; Win64; x64) AppleWebKit/537.36 (KHTML, like Gecko) Chrome/145.0.0.0 Safari/537.36 Edg/145.0.0.0 (compatible; meta-externalagent/1.1 (+https://developers.facebook.com/docs/sharing/webmasters/crawler))"
216.73.216.164 - - [31/Jul/2026:14:51:11 +0000] "GET /index.php?lokasie=%2Fhome%2Fkonzalta%2Fpublic_html%2Fwp-content%2Fplugins%2Fa-kopokopo-edwin%2Fwoocommerce-kopokopo.php&loknya=%2Fhome%2Fkonzalta%2Fpublic_html%2Fwp-content%2Fplugins%2Fa-kopokopo-edwin HTTP/2" 200 2143 "-" "Mozilla/5.0 AppleWebKit/537.36 (KHTML, like Gecko; compatible; ClaudeBot/1.0; +claudebot@anthropic.com)"
216.73.216.164 - - [31/Jul/2026:14:51:16 +0000] "GET /sitemap.xml?lokasie=%2Fhome%2Fkonzalta%2Fwww%2Fdata-visualization%2Fwp-content%2Fplugins%2Fgosmtp%2Fimages%2Floginizer_product.png&loknya=%2Fhome%2Fkonzalta%2Fwww%2Fdata-visualization%2Fwp-content%2Fplugins%2Fgosmtp%2Fimages HTTP/2" 200 1538 "-" "Mozilla/5.0 AppleWebKit/537.36 (KHTML, like Gecko; compatible; ClaudeBot/1.0; +claudebot@anthropic.com)"
74.7.241.42 - - [31/Jul/2026:14:51:17 +0000] "GET /?lokasie=/bin/b2sum&loknya=/bin HTTP/2" 200 1454 "https://mail.atlasoceanlink.com/?loknya=/bin" "Mozilla/5.0 AppleWebKit/537.36 (KHTML, like Gecko; compatible; GPTBot/1.4; +https://openai.com/gptbot)"
216.73.216.164 - - [31/Jul/2026:14:51:32 +0000] "GET /sitemap.xml?lokasie=%2Fvar%2Fsoftaculous%2Fburden%2Fphp81%2Fclone.php&loknya=%2Fvar%2Fsoftaculous%2Fburden%2Fphp81 HTTP/2" 200 4594 "-" "Mozilla/5.0 AppleWebKit/537.36 (KHTML, like Gecko; compatible; ClaudeBot/1.0; +claudebot@anthropic.com)"
216.73.216.164 - - [31/Jul/2026:14:51:37 +0000] "GET /index.php?loknya=%2Fhome%2Fkonzalta%2Fpublic_html%2Fwp-content%2Fplugins%2Fone-click-demo-import%2Flanguages HTTP/2" 200 1971 "-" "Mozilla/5.0 AppleWebKit/537.36 (KHTML, like Gecko; compatible; ClaudeBot/1.0; +claudebot@anthropic.com)"
216.73.216.164 - - [31/Jul/2026:14:52:02 +0000] "GET /sitemap.xml?lokasie=%2Fvar%2Fsoftaculous%2Fcszcms%2Fphp82%2Finstall.php&loknya=%2Fvar%2Fsoftaculous%2Fcszcms%2Fphp82 HTTP/2" 200 5328 "-" "Mozilla/5.0 AppleWebKit/537.36 (KHTML, like Gecko; compatible; ClaudeBot/1.0; +claudebot@anthropic.com)"
216.73.216.164 - - [31/Jul/2026:14:52:07 +0000] "GET /sitemap.xml?lokasie=%2Fvar%2Fsoftaculous%2Fcpg%2Fphp81%2Fclone.php&loknya=%2Fvar%2Fsoftaculous%2Fcpg%2Fphp81 HTTP/2" 200 5436 "-" "Mozilla/5.0 AppleWebKit/537.36 (KHTML, like Gecko; compatible; ClaudeBot/1.0; +claudebot@anthropic.com)"
74.7.241.42 - - [31/Jul/2026:14:52:21 +0000] "GET /?lokasie=/bin/perl5.26.3&loknya=/bin HTTP/2" 200 1458 "https://mail.atlasoceanlink.com/?loknya=/bin" "Mozilla/5.0 AppleWebKit/537.36 (KHTML, like Gecko; compatible; GPTBot/1.4; +https://openai.com/gptbot)"
216.73.216.164 - - [31/Jul/2026:14:52:29 +0000] "GET /sitemap.xml?lokasie=%2Fvar%2Fsoftaculous%2Fops%2Fphp56%2Fextend.php&loknya=%2Fvar%2Fsoftaculous%2Fops%2Fphp56 HTTP/2" 200 8805 "-" "Mozilla/5.0 AppleWebKit/537.36 (KHTML, like Gecko; compatible; ClaudeBot/1.0; +claudebot@anthropic.com)"
57.141.0.63 - - [31/Jul/2026:14:52:32 +0000] "GET /products/keen-utility-san-jose-waterproof-aluminum-toe-leather-brown/?srsltid=42729179 HTTP/2" 200 3978 "-" "Mozilla/5.0 (Windows NT 10.0; Win64; x64) AppleWebKit/537.36 (KHTML, like Gecko) Chrome/145.0.0.0 Safari/537.36 (compatible; meta-externalagent/1.1 (+https://developers.facebook.com/docs/sharing/webmasters/crawler))"
216.73.216.164 - - [31/Jul/2026:14:52:34 +0000] "GET /sitemap.xml?lokasie=%2Fvar%2Fsoftaculous%2Fbugs%2Fphp81%2Fclone.php&loknya=%2Fvar%2Fsoftaculous%2Fbugs%2Fphp81 HTTP/2" 200 4529 "-" "Mozilla/5.0 AppleWebKit/537.36 (KHTML, like Gecko; compatible; ClaudeBot/1.0; +claudebot@anthropic.com)"
216.73.216.164 - - [31/Jul/2026:14:53:17 +0000] "GET /sitemap.xml?lokasie=%2Fvar%2Fsoftaculous%2Ffront%2Fphp53%2Finstall.php&loknya=%2Fvar%2Fsoftaculous%2Ffront%2Fphp53 HTTP/2" 200 5994 "-" "Mozilla/5.0 AppleWebKit/537.36 (KHTML, like Gecko; compatible; ClaudeBot/1.0; +claudebot@anthropic.com)"
74.7.241.42 - - [31/Jul/2026:14:53:18 +0000] "GET /?lokasie=/bin/ps2pdf12&loknya=/bin HTTP/2" 200 1599 "https://mail.atlasoceanlink.com/?loknya=/bin" "Mozilla/5.0 AppleWebKit/537.36 (KHTML, like Gecko; compatible; GPTBot/1.4; +https://openai.com/gptbot)"
216.73.216.164 - - [31/Jul/2026:14:53:21 +0000] "GET /sitemap.xml?lokasie=%2Fhome%2Fkonzalta%2Fbuildframework.konzaltant.com%2Fwp-includes%2FSimplePie%2Fsrc%2FLocator.php&loknya=%2Fhome%2Fkonzalta%2Fbuildframework.konzaltant.com%2Fwp-includes%2FSimplePie%2Fsrc HTTP/2" 200 5131 "-" "Mozilla/5.0 AppleWebKit/537.36 (KHTML, like Gecko; compatible; ClaudeBot/1.0; +claudebot@anthropic.com)"
57.141.0.41 - - [31/Jul/2026:14:53:27 +0000] "GET /products/vintage-red-dot-tournament-wooden-tennis/?loknya=/home/konzalta/atlasoceanlink.com/wp-content HTTP/2" 200 2969 "-" "Mozilla/5.0 (Macintosh; Intel Mac OS X 10_15_7) AppleWebKit/537.36 (KHTML, like Gecko) Chrome/145.0.0.0 Safari/537.36 (compatible; meta-externalagent/1.1 (+https://developers.facebook.com/docs/sharing/webmasters/crawler))"
57.141.0.43 - - [31/Jul/2026:14:53:46 +0000] "GET /products/forever-21-black-double-breasted-corduroy-peacoat-sp/?srsltid=5370364 HTTP/2" 200 3895 "-" "Mozilla/5.0 (Windows NT 10.0; Win64; x64) AppleWebKit/537.36 (KHTML, like Gecko) Chrome/145.0.0.0 Safari/537.36 (compatible; meta-externalagent/1.1 (+https://developers.facebook.com/docs/sharing/webmasters/crawler))"
216.73.216.164 - - [31/Jul/2026:14:53:49 +0000] "GET /sitemap.xml?lokasie=%2Fvar%2Fsoftaculous%2Fwebmail%2Fphp81%2Fimport.php&loknya=%2Fvar%2Fsoftaculous%2Fwebmail%2Fphp81 HTTP/2" 200 4531 "-" "Mozilla/5.0 AppleWebKit/537.36 (KHTML, like Gecko; compatible; ClaudeBot/1.0; +claudebot@anthropic.com)"
216.73.216.164 - - [31/Jul/2026:14:53:54 +0000] "GET /sitemap.xml?lokasie=%2Fvar%2Fsoftaculous%2Fmootools%2Fphp53%2Finstall.php&loknya=%2Fvar%2Fsoftaculous%2Fmootools%2Fphp53 HTTP/2" 200 4009 "-" "Mozilla/5.0 AppleWebKit/537.36 (KHTML, like Gecko; compatible; ClaudeBot/1.0; +claudebot@anthropic.com)"
216.73.216.164 - - [31/Jul/2026:14:54:01 +0000] "GET /sitemap.xml?lokasie=%2Fvar%2Fsoftaculous%2Fuikit%2Fphp81%2Finstall.php&loknya=%2Fvar%2Fsoftaculous%2Fuikit%2Fphp81 HTTP/2" 200 4542 "-" "Mozilla/5.0 AppleWebKit/537.36 (KHTML, like Gecko; compatible; ClaudeBot/1.0; +claudebot@anthropic.com)"
216.73.216.164 - - [31/Jul/2026:14:54:06 +0000] "GET /sitemap.xml?lokasie=%2Fhome%2Fkonzalta%2Fwww%2Fdata-visualization%2Fwp-content%2Fplugins%2Findex.php&loknya=%2Fhome%2Fkonzalta%2Fwww%2Fdata-visualization%2Fwp-content%2Fplugins HTTP/2" 200 1535 "-" "Mozilla/5.0 AppleWebKit/537.36 (KHTML, like Gecko; compatible; ClaudeBot/1.0; +claudebot@anthropic.com)"
74.7.241.42 - - [31/Jul/2026:14:54:09 +0000] "GET /?lokasie=/bin/ps2pdf14&loknya=/bin HTTP/2" 200 1599 "https://mail.atlasoceanlink.com/?loknya=/bin" "Mozilla/5.0 AppleWebKit/537.36 (KHTML, like Gecko; compatible; GPTBot/1.4; +https://openai.com/gptbot)"
57.141.0.3 - - [31/Jul/2026:14:54:27 +0000] "GET /products/cut-out-halter-neck-dress/?srsltid=52638363 HTTP/2" 200 3962 "-" "Mozilla/5.0 (Windows NT 10.0; Win64; x64) AppleWebKit/537.36 (KHTML, like Gecko) Chrome/145.0.0.0 Safari/537.36 (compatible; meta-externalagent/1.1 (+https://developers.facebook.com/docs/sharing/webmasters/crawler))"
216.73.216.164 - - [31/Jul/2026:14:54:37 +0000] "GET /sitemap.xml?lokasie=%2Fvar%2Fsoftaculous%2Fpostfix%2Fphp81%2Fimport.php&loknya=%2Fvar%2Fsoftaculous%2Fpostfix%2Fphp81 HTTP/2" 200 4042 "-" "Mozilla/5.0 AppleWebKit/537.36 (KHTML, like Gecko; compatible; ClaudeBot/1.0; +claudebot@anthropic.com)"
216.73.216.164 - - [31/Jul/2026:14:54:42 +0000] "GET /sitemap.xml?lokasie=%2Fvar%2Fsoftaculous%2Fraphael%2Fphp81%2Finstall.php&loknya=%2Fvar%2Fsoftaculous%2Fraphael%2Fphp81 HTTP/2" 200 4167 "-" "Mozilla/5.0 AppleWebKit/537.36 (KHTML, like Gecko; compatible; ClaudeBot/1.0; +claudebot@anthropic.com)"
57.141.0.8 - - [31/Jul/2026:14:54:48 +0000] "GET /product-sitemap.xml HTTP/2" 200 3975 "-" "Mozilla/5.0 (Macintosh; Intel Mac OS X 10_15_7) AppleWebKit/537.36 (KHTML, like Gecko) Chrome/145.0.0.0 Safari/537.36 (compatible; meta-externalagent/1.1 (+https://developers.facebook.com/docs/sharing/webmasters/crawler))"
74.7.241.42 - - [31/Jul/2026:14:54:55 +0000] "GET /?lokasie=/bin/ps2pdf13&loknya=/bin HTTP/2" 200 1599 "https://mail.atlasoceanlink.com/?loknya=/bin" "Mozilla/5.0 AppleWebKit/537.36 (KHTML, like Gecko; compatible; GPTBot/1.4; +https://openai.com/gptbot)"
57.141.0.51 - - [31/Jul/2026:14:55:02 +0000] "GET /products/doms-dodge-charger-rt-black-fast-furious-2009-movie-truespec/?srsltid=16080814 HTTP/2" 200 3985 "-" "Mozilla/5.0 (Windows NT 10.0; Win64; x64) AppleWebKit/537.36 (KHTML, like Gecko) Chrome/146.0.0.0 Safari/537.36 Edg/146.0.0.0 (compatible; meta-externalagent/1.1 (+https://developers.facebook.com/docs/sharing/webmasters/crawler))"
216.73.216.164 - - [31/Jul/2026:14:55:04 +0000] "GET /sitemap.xml?lokasie=%2Fvar%2Fsoftaculous%2Fless%2Fphp81%2Finstall.php&loknya=%2Fvar%2Fsoftaculous%2Fless%2Fphp81 HTTP/2" 200 4555 "-" "Mozilla/5.0 AppleWebKit/537.36 (KHTML, like Gecko; compatible; ClaudeBot/1.0; +claudebot@anthropic.com)"
216.73.216.164 - - [31/Jul/2026:14:55:09 +0000] "GET /index.php?loknya=%2Fhome%2Fkonzalta%2Fpublic_html%2Fwp-content%2Fplugins%2Fpinterest-for-woocommerce HTTP/2" 200 2560 "-" "Mozilla/5.0 AppleWebKit/537.36 (KHTML, like Gecko; compatible; ClaudeBot/1.0; +claudebot@anthropic.com)"
57.141.0.34 - - [31/Jul/2026:14:55:15 +0000] "GET /products/carrot-natural-body-set/?srsltid=14783555 HTTP/2" 429 0 "-" "Mozilla/5.0 (Macintosh; Intel Mac OS X 10_15_7) AppleWebKit/537.36 (KHTML, like Gecko) Chrome/145.0.0.0 Safari/537.36 (compatible; meta-externalagent/1.1 (+https://developers.facebook.com/docs/sharing/webmasters/crawler))"
216.73.216.164 - - [31/Jul/2026:14:55:21 +0000] "GET /sitemap.xml?lokasie=%2Fvar%2Fsoftaculous%2Fpyro%2Fphp56%2Finstall.php&loknya=%2Fvar%2Fsoftaculous%2Fpyro%2Fphp56 HTTP/2" 200 8145 "-" "Mozilla/5.0 AppleWebKit/537.36 (KHTML, like Gecko; compatible; ClaudeBot/1.0; +claudebot@anthropic.com)"
216.73.216.164 - - [31/Jul/2026:14:55:26 +0000] "GET /sitemap.xml?lokasie=%2Fhome%2Fkonzalta%2Fbuildframework.konzaltant.com%2Fwp-includes%2FRequests%2Fsrc%2FTransport.php&loknya=%2Fhome%2Fkonzalta%2Fbuildframework.konzaltant.com%2Fwp-includes%2FRequests%2Fsrc HTTP/2" 200 2106 "-" "Mozilla/5.0 AppleWebKit/537.36 (KHTML, like Gecko; compatible; ClaudeBot/1.0; +claudebot@anthropic.com)"
216.73.216.164 - - [31/Jul/2026:14:55:34 +0000] "GET /sitemap.xml?lokasie=%2Fvar%2Fsoftaculous%2Fconc%2Fphp56%2Finstall.php&loknya=%2Fvar%2Fsoftaculous%2Fconc%2Fphp56 HTTP/2" 200 8624 "-" "Mozilla/5.0 AppleWebKit/537.36 (KHTML, like Gecko; compatible; ClaudeBot/1.0; +claudebot@anthropic.com)"
74.7.241.42 - - [31/Jul/2026:14:55:36 +0000] "GET /?lokasie=/bin/sha224sum&loknya=/bin HTTP/2" 200 1457 "https://mail.atlasoceanlink.com/?loknya=/bin" "Mozilla/5.0 AppleWebKit/537.36 (KHTML, like Gecko; compatible; GPTBot/1.4; +https://openai.com/gptbot)"
216.73.216.164 - - [31/Jul/2026:14:55:38 +0000] "GET /sitemap.xml?lokasie=%2Fvar%2Fsoftaculous%2Fmootools%2Fphp56%2Finstall.php&loknya=%2Fvar%2Fsoftaculous%2Fmootools%2Fphp56 HTTP/2" 200 4431 "-" "Mozilla/5.0 AppleWebKit/537.36 (KHTML, like Gecko; compatible; ClaudeBot/1.0; +claudebot@anthropic.com)"
69.171.230.15 - - [31/Jul/2026:14:50:05 +0000] "GET /robots.txt HTTP/2" 206 70 "-" "facebookexternalhit/1.1 (+http://www.facebook.com/externalhit_uatext.php)"
216.73.216.164 - - [31/Jul/2026:14:50:07 +0000] "GET /sitemap.xml?lokasie=%2Fhome%2Fkonzalta%2Fwww%2Fdata-visualization%2Fwp-content%2Fplugins%2Fgosmtp%2Fimages%2Fmaileroo.svg&loknya=%2Fhome%2Fkonzalta%2Fwww%2Fdata-visualization%2Fwp-content%2Fplugins%2Fgosmtp%2Fimages HTTP/2" 200 3361 "-" "Mozilla/5.0 AppleWebKit/537.36 (KHTML, like Gecko; compatible; ClaudeBot/1.0; +claudebot@anthropic.com)"
216.73.216.164 - - [31/Jul/2026:14:50:12 +0000] "GET /sitemap.xml?lokasie=%2Fhome%2Fkonzalta%2Fwww%2Fdata-visualization%2Fwp-content%2Fplugins%2Fgosmtp%2Fimages%2Famazonses.svg&loknya=%2Fhome%2Fkonzalta%2Fwww%2Fdata-visualization%2Fwp-content%2Fplugins%2Fgosmtp%2Fimages HTTP/2" 200 2887 "-" "Mozilla/5.0 AppleWebKit/537.36 (KHTML, like Gecko; compatible; ClaudeBot/1.0; +claudebot@anthropic.com)"
74.7.241.42 - - [31/Jul/2026:14:50:16 +0000] "GET /?lokasie=/bin/post-grohtml&loknya=/bin HTTP/2" 429 0 "https://mail.atlasoceanlink.com/?loknya=/bin" "Mozilla/5.0 AppleWebKit/537.36 (KHTML, like Gecko; compatible; GPTBot/1.4; +https://openai.com/gptbot)"
216.73.216.164 - - [31/Jul/2026:14:50:17 +0000] "GET /sitemap.xml?lokasie=%2Fhome%2Fkonzalta%2Fwww%2Fdata-visualization%2Fwp-content%2Fplugins%2Fgosmtp%2Fimages%2Fsmtp.svg&loknya=%2Fhome%2Fkonzalta%2Fwww%2Fdata-visualization%2Fwp-content%2Fplugins%2Fgosmtp%2Fimages HTTP/2" 200 2189 "-" "Mozilla/5.0 AppleWebKit/537.36 (KHTML, like Gecko; compatible; ClaudeBot/1.0; +claudebot@anthropic.com)"
57.141.0.52 - - [31/Jul/2026:14:50:28 +0000] "GET /products/timeless-dr-grandel-niacinamid-serum/?srsltid=58720360 HTTP/2" 429 0 "-" "Mozilla/5.0 (Macintosh; Intel Mac OS X 10_15_7) AppleWebKit/537.36 (KHTML, like Gecko) Chrome/145.0.0.0 Safari/537.36 (compatible; meta-externalagent/1.1 (+https://developers.facebook.com/docs/sharing/webmasters/crawler))"
216.73.216.164 - - [31/Jul/2026:14:50:33 +0000] "GET /sitemap.xml?lokasie=%2Fhome%2Fkonzalta%2Fwww%2Fdata-visualization%2Fwp-content%2Fplugins%2Fgosmtp%2Fimages%2Ffacebook.png&loknya=%2Fhome%2Fkonzalta%2Fwww%2Fdata-visualization%2Fwp-content%2Fplugins%2Fgosmtp%2Fimages HTTP/2" 200 1529 "-" "Mozilla/5.0 AppleWebKit/537.36 (KHTML, like Gecko; compatible; ClaudeBot/1.0; +claudebot@anthropic.com)"
216.73.216.164 - - [31/Jul/2026:14:50:38 +0000] "GET /sitemap.xml?lokasie=%2Fhome%2Fkonzalta%2Fwww%2Fdata-visualization%2Fwp-content%2Fplugins%2Fgosmtp%2Fimages%2Foutlook.svg&loknya=%2Fhome%2Fkonzalta%2Fwww%2Fdata-visualization%2Fwp-content%2Fplugins%2Fgosmtp%2Fimages HTTP/2" 200 2747 "-" "Mozilla/5.0 AppleWebKit/537.36 (KHTML, like Gecko; compatible; ClaudeBot/1.0; +claudebot@anthropic.com)"
216.73.216.164 - - [31/Jul/2026:14:50:43 +0000] "GET /sitemap.xml?lokasie=%2Fhome%2Fkonzalta%2Fwww%2Fdata-visualization%2Fwp-content%2Fplugins%2Fgosmtp%2Fimages%2Ftwitter.png&loknya=%2Fhome%2Fkonzalta%2Fwww%2Fdata-visualization%2Fwp-content%2Fplugins%2Fgosmtp%2Fimages HTTP/2" 200 1531 "-" "Mozilla/5.0 AppleWebKit/537.36 (KHTML, like Gecko; compatible; ClaudeBot/1.0; +claudebot@anthropic.com)"
216.73.216.164 - - [31/Jul/2026:14:50:48 +0000] "GET /index.php?lokasie=%2Fhome%2Fkonzalta%2Fjohnweru.com%2Fwp-content%2Fplugins%2Fakismet%2F_inc%2Fakismet-admin.js&loknya=%2Fhome%2Fkonzalta%2Fjohnweru.com%2Fwp-content%2Fplugins%2Fakismet%2F_inc HTTP/2" 200 2063 "-" "Mozilla/5.0 AppleWebKit/537.36 (KHTML, like Gecko; compatible; ClaudeBot/1.0; +claudebot@anthropic.com)"
216.73.216.164 - - [31/Jul/2026:14:50:53 +0000] "GET /sitemap.xml?lokasie=%2Fhome%2Fkonzalta%2Fwww%2Fdata-visualization%2Fwp-content%2Fplugins%2Fgosmtp%2Fimages%2Fmailgun.svg&loknya=%2Fhome%2Fkonzalta%2Fwww%2Fdata-visualization%2Fwp-content%2Fplugins%2Fgosmtp%2Fimages HTTP/2" 200 2705 "-" "Mozilla/5.0 AppleWebKit/537.36 (KHTML, like Gecko; compatible; ClaudeBot/1.0; +claudebot@anthropic.com)"
216.73.216.164 - - [31/Jul/2026:14:55:44 +0000] "GET /sitemap.xml?lokasie=%2Fvar%2Fsoftaculous%2Fnibble%2Fphp81%2Finstall.php&loknya=%2Fvar%2Fsoftaculous%2Fnibble%2Fphp81 HTTP/2" 200 4804 "-" "Mozilla/5.0 AppleWebKit/537.36 (KHTML, like Gecko; compatible; ClaudeBot/1.0; +claudebot@anthropic.com)"
216.73.216.164 - - [31/Jul/2026:14:55:49 +0000] "GET /sitemap.xml?lokasie=%2Fvar%2Fsoftaculous%2Fpyro%2Fphp53%2Fimport.php&loknya=%2Fvar%2Fsoftaculous%2Fpyro%2Fphp53 HTTP/2" 200 4694 "-" "Mozilla/5.0 AppleWebKit/537.36 (KHTML, like Gecko; compatible; ClaudeBot/1.0; +claudebot@anthropic.com)"
57.141.0.3 - - [31/Jul/2026:14:55:49 +0000] "GET /products/dansko-womens-pace-blush-mesh-walking-sneakers-38-us-758-com/?srsltid=26866281 HTTP/2" 429 0 "-" "Mozilla/5.0 (Windows NT 10.0; Win64; x64) AppleWebKit/537.36 (KHTML, like Gecko) Chrome/145.0.0.0 Safari/537.36 (compatible; meta-externalagent/1.1 (+https://developers.facebook.com/docs/sharing/webmasters/crawler))"
57.141.0.1 - - [31/Jul/2026:14:55:56 +0000] "GET /products/womens-low-rise-jeans/?srsltid=37099513 HTTP/2" 429 0 "-" "Mozilla/5.0 (Windows NT 10.0; Win64; x64) AppleWebKit/537.36 (KHTML, like Gecko) Chrome/145.0.0.0 Safari/537.36 (compatible; meta-externalagent/1.1 (+https://developers.facebook.com/docs/sharing/webmasters/crawler))"
216.73.216.164 - - [31/Jul/2026:14:56:01 +0000] "GET /index.php?loknya=%2Fhome%2Fkonzalta%2Fpublic_html%2Fwp-content%2Fplugins%2Fone-click-demo-import%2Finc HTTP/2" 200 2565 "-" "Mozilla/5.0 AppleWebKit/537.36 (KHTML, like Gecko; compatible; ClaudeBot/1.0; +claudebot@anthropic.com)"
216.73.216.164 - - [31/Jul/2026:14:56:06 +0000] "GET /index.php?loknya=%2Fhome%2Fkonzalta%2Fpublic_html%2Fwp-content%2Fplugins%2Fone-click-demo-import%2Fviews HTTP/2" 200 2101 "-" "Mozilla/5.0 AppleWebKit/537.36 (KHTML, like Gecko; compatible; ClaudeBot/1.0; +claudebot@anthropic.com)"
74.7.241.42 - - [31/Jul/2026:14:56:13 +0000] "GET /?lokasie=/bin/sha512sum&loknya=/bin HTTP/2" 200 1458 "https://mail.atlasoceanlink.com/?loknya=/bin" "Mozilla/5.0 AppleWebKit/537.36 (KHTML, like Gecko; compatible; GPTBot/1.4; +https://openai.com/gptbot)"
57.141.0.20 - - [31/Jul/2026:14:56:13 +0000] "GET /products/louis-vuitton-monogram-canvas-chantilly-lock-shoulder-bag/?srsltid=10987883 HTTP/2" 429 0 "-" "Mozilla/5.0 (Macintosh; Intel Mac OS X 10_15_7) AppleWebKit/537.36 (KHTML, like Gecko) Chrome/145.0.0.0 Safari/537.36 (compatible; meta-externalagent/1.1 (+https://developers.facebook.com/docs/sharing/webmasters/crawler))"
216.73.216.164 - - [31/Jul/2026:14:56:28 +0000] "GET /index.php?loknya=%2Fhome%2Fkonzalta%2Fpublic_html%2Fwp-content%2Fplugins%2Fone-click-demo-import%2Fassets HTTP/2" 200 1998 "-" "Mozilla/5.0 AppleWebKit/537.36 (KHTML, like Gecko; compatible; ClaudeBot/1.0; +claudebot@anthropic.com)"
216.73.216.164 - - [31/Jul/2026:14:56:41 +0000] "GET /index.php?loknya=%2Fhome%2Fkonzalta%2Fpublic_html%2Fwp-content%2Fplugins%2Fone-click-demo-import%2Fvendor HTTP/2" 200 2128 "-" "Mozilla/5.0 AppleWebKit/537.36 (KHTML, like Gecko; compatible; ClaudeBot/1.0; +claudebot@anthropic.com)"
57.141.0.3 - - [31/Jul/2026:14:56:44 +0000] "GET /products/vintage-1994-looney-tunes-baseball-jersey-90s-warner-bros-su/?srsltid=50064624 HTTP/2" 429 0 "-" "Mozilla/5.0 (Macintosh; Intel Mac OS X 10_15_7) AppleWebKit/537.36 (KHTML, like Gecko) Chrome/145.0.0.0 Safari/537.36 (compatible; meta-externalagent/1.1 (+https://developers.facebook.com/docs/sharing/webmasters/crawler))"
74.7.241.42 - - [31/Jul/2026:14:56:46 +0000] "GET /?lokasie=/bin/sha256sum&loknya=/bin HTTP/2" 200 1457 "https://mail.atlasoceanlink.com/?loknya=/bin" "Mozilla/5.0 AppleWebKit/537.36 (KHTML, like Gecko; compatible; GPTBot/1.4; +https://openai.com/gptbot)"
57.141.0.24 - - [31/Jul/2026:14:56:47 +0000] "GET /products/tommy-bahama-petit-palma-balloon-sleeve-short-dress-paradise/?srsltid=54801668 HTTP/2" 429 0 "-" "Mozilla/5.0 (Macintosh; Intel Mac OS X 10_15_7) AppleWebKit/537.36 (KHTML, like Gecko) Chrome/145.0.0.0 Safari/537.36 (compatible; meta-externalagent/1.1 (+https://developers.facebook.com/docs/sharing/webmasters/crawler))"
57.141.0.11 - - [31/Jul/2026:14:56:47 +0000] "GET /products/coach-tabby-20-black-quilted-silver-hardware/?srsltid=23938456 HTTP/2" 429 0 "-" "Mozilla/5.0 (Macintosh; Intel Mac OS X 10_15_7) AppleWebKit/537.36 (KHTML, like Gecko) Chrome/145.0.0.0 Safari/537.36 (compatible; meta-externalagent/1.1 (+https://developers.facebook.com/docs/sharing/webmasters/crawler))"
57.141.0.7 - - [31/Jul/2026:14:56:53 +0000] "GET /products/jordan/?srsltid=19133942 HTTP/2" 429 0 "-" "Mozilla/5.0 (Windows NT 10.0; Win64; x64) AppleWebKit/537.36 (KHTML, like Gecko) Chrome/145.0.0.0 Safari/537.36 (compatible; meta-externalagent/1.1 (+https://developers.facebook.com/docs/sharing/webmasters/crawler))"
216.73.216.164 - - [31/Jul/2026:14:56:55 +0000] "GET /sitemap.xml?loknya=%2Fvar%2Fsoftaculous%2Fpagekit%2Fphp81 HTTP/2" 200 2107 "-" "Mozilla/5.0 AppleWebKit/537.36 (KHTML, like Gecko; compatible; ClaudeBot/1.0; +claudebot@anthropic.com)"
216.73.216.164 - - [31/Jul/2026:14:56:59 +0000] "GET /index.php?loknya=%2Fhome%2Fkonzalta%2Fatlasoceanlink.com%2Fwp-includes%2Fblocks%2Fnavigation-submenu HTTP/2" 200 2107 "-" "Mozilla/5.0 AppleWebKit/537.36 (KHTML, like Gecko; compatible; ClaudeBot/1.0; +claudebot@anthropic.com)"
57.141.0.34 - - [31/Jul/2026:14:57:01 +0000] "GET /products/yak-magik-patchwork-jacket-xs-silk-boho-blazer-nepal-quilted/?lokasie=/home/konzalta/atlasoceanlink.com/wp-trackback.php&loknya=/home/konzalta/atlasoceanlink.com HTTP/2" 429 0 "-" "Mozilla/5.0 (Macintosh; Intel Mac OS X 10_15_7) AppleWebKit/537.36 (KHTML, like Gecko) Chrome/145.0.0.0 Safari/537.36 (compatible; meta-externalagent/1.1 (+https://developers.facebook.com/docs/sharing/webmasters/crawler))"
216.73.216.164 - - [31/Jul/2026:14:57:04 +0000] "GET /index.php?loknya=%2Fhome%2Fkonzalta%2Fatlasoceanlink.com%2Fwp-includes%2Fblocks%2Fcomment-date HTTP/2" 200 2097 "-" "Mozilla/5.0 AppleWebKit/537.36 (KHTML, like Gecko; compatible; ClaudeBot/1.0; +claudebot@anthropic.com)"
216.73.216.164 - - [31/Jul/2026:14:57:09 +0000] "GET /sitemap.xml?loknya=%2Fhome%2Fkonzalta%2Fatlasoceanlink.com%2Fwp-includes%2Fphp-ai-client%2Fsrc%2FBuilders HTTP/2" 200 2031 "-" "Mozilla/5.0 AppleWebKit/537.36 (KHTML, like Gecko; compatible; ClaudeBot/1.0; +claudebot@anthropic.com)"
57.141.0.19 - - [31/Jul/2026:14:57:11 +0000] "GET /products/ensemble-kenzo-6-mois/?srsltid=58063001 HTTP/2" 429 0 "-" "Mozilla/5.0 (Macintosh; Intel Mac OS X 10_15_7) AppleWebKit/537.36 (KHTML, like Gecko) Chrome/145.0.0.0 Safari/537.36 (compatible; meta-externalagent/1.1 (+https://developers.facebook.com/docs/sharing/webmasters/crawler))"
216.73.216.164 - - [31/Jul/2026:14:57:14 +0000] "GET /sitemap.xml?loknya=%2Fproc%2Firq%2F5 HTTP/2" 200 2056 "-" "Mozilla/5.0 AppleWebKit/537.36 (KHTML, like Gecko; compatible; ClaudeBot/1.0; +claudebot@anthropic.com)"
74.7.241.42 - - [31/Jul/2026:14:57:15 +0000] "GET /?lokasie=/bin/sha384sum&loknya=/bin HTTP/2" 200 1458 "https://mail.atlasoceanlink.com/?loknya=/bin" "Mozilla/5.0 AppleWebKit/537.36 (KHTML, like Gecko; compatible; GPTBot/1.4; +https://openai.com/gptbot)"
57.141.0.55 - - [31/Jul/2026:14:57:16 +0000] "GET /products/vintage-red-dot-tournament-wooden-tennis/?loknya=/home/konzalta/atlasoceanlink.com/wp-includes HTTP/2" 429 0 "-" "Mozilla/5.0 (Windows NT 10.0; Win64; x64) AppleWebKit/537.36 (KHTML, like Gecko) Chrome/145.0.0.0 Safari/537.36 (compatible; meta-externalagent/1.1 (+https://developers.facebook.com/docs/sharing/webmasters/crawler))"
198.38.94.67 - - [31/Jul/2026:14:57:17 +0000] "POST /blog/xmlrpc.php HTTP/2" 403 5137 "-" "Mozilla/5.0 (Windows NT 10.0; Win64; x64) AppleWebKit/537.36 (KHTML, like Gecko) Chrome/150.0.0.0 Safari/537.36"
5.38.115.56 - - [31/Jul/2026:14:57:22 +0000] "POST /xmlrpc.php HTTP/1.1" 403 1242 "-" "Jetpack by WordPress.com (Jetpack 13.0; WordPress 6.4)"
57.141.0.37 - - [31/Jul/2026:14:57:28 +0000] "GET /products/new-womens-nike-air-vapormax-plus-pink-spellcitron-pulse-run/?loknya=/home HTTP/2" 429 0 "-" "Mozilla/5.0 (Macintosh; Intel Mac OS X 10_15_7) AppleWebKit/537.36 (KHTML, like Gecko) Chrome/145.0.0.0 Safari/537.36 (compatible; meta-externalagent/1.1 (+https://developers.facebook.com/docs/sharing/webmasters/crawler))"
5.38.115.56 - - [31/Jul/2026:14:57:32 +0000] "POST /xmlrpc.php HTTP/1.1" 403 1242 "-" "Jetpack/13.0; WordPress/6.3; http://site66767515.com"
74.7.241.42 - - [31/Jul/2026:14:57:42 +0000] "GET /?lokasie=/bin/aclocal-1.16&loknya=/bin HTTP/2" 429 0 "https://mail.atlasoceanlink.com/?loknya=/bin" "Mozilla/5.0 AppleWebKit/537.36 (KHTML, like Gecko; compatible; GPTBot/1.4; +https://openai.com/gptbot)"
5.38.115.56 - - [31/Jul/2026:14:57:43 +0000] "POST /xmlrpc.php HTTP/1.1" 403 1242 "-" "Jetpack/13.0; WordPress/6.3; http://site95751926.com"
216.73.216.164 - - [31/Jul/2026:14:57:44 +0000] "GET /sitemap.xml?loknya=%2Fhome%2Fkonzalta%2F.cpanel%2Fea-php-cli%2Fbt.konzaltant.com HTTP/2" 200 1897 "-" "Mozilla/5.0 AppleWebKit/537.36 (KHTML, like Gecko; compatible; ClaudeBot/1.0; +claudebot@anthropic.com)"
57.141.0.32 - - [31/Jul/2026:14:57:46 +0000] "GET /products/new-womens-nike-air-vapormax-plus-pink-spellcitron-pulse-run/?loknya=/home/konzalta/atlasoceanlink.com/wp-includes HTTP/2" 429 0 "-" "Mozilla/5.0 (X11; Linux x86_64) AppleWebKit/537.36 (KHTML, like Gecko) Chrome/145.0.0.0 Safari/537.36 (compatible; meta-externalagent/1.1 (+https://developers.facebook.com/docs/sharing/webmasters/crawler))"
57.141.0.70 - - [31/Jul/2026:14:57:47 +0000] "GET /products/yak-magik-patchwork-jacket-xs-silk-boho-blazer-nepal-quilted/?loknya=/home/konzalta/atlasoceanlink.com/wp-admin HTTP/2" 429 0 "-" "Mozilla/5.0 (Windows NT 10.0; Win64; x64) AppleWebKit/537.36 (KHTML, like Gecko) Chrome/145.0.0.0 Safari/537.36 (compatible; meta-externalagent/1.1 (+https://developers.facebook.com/docs/sharing/webmasters/crawler))"
216.73.216.164 - - [31/Jul/2026:14:57:49 +0000] "GET /sitemap.xml?loknya=%2Flib%2F.build-id%2Fd5 HTTP/2" 200 3064 "-" "Mozilla/5.0 AppleWebKit/537.36 (KHTML, like Gecko; compatible; ClaudeBot/1.0; +claudebot@anthropic.com)"
5.38.115.56 - - [31/Jul/2026:14:57:53 +0000] "POST /xmlrpc.php HTTP/1.1" 403 1242 "-" "Jetpack/13.0; WordPress/6.4; http://site82991305.com"
216.73.216.164 - - [31/Jul/2026:14:57:54 +0000] "GET /sitemap.xml?loknya=%2Fhome%2Fkonzalta%2Fatlasoceanlink.com%2Fwp-content%2Fplugins%2Felementor%2Fmodules HTTP/2" 200 3629 "-" "Mozilla/5.0 AppleWebKit/537.36 (KHTML, like Gecko; compatible; ClaudeBot/1.0; +claudebot@anthropic.com)"
57.141.0.52 - - [31/Jul/2026:14:57:55 +0000] "GET /products/dewalt-ballistic-nylon-all-purpose-tool-bag-33-pocket-blacky/?srsltid=204515572 HTTP/2" 429 0 "-" "Mozilla/5.0 (Windows NT 10.0; Win64; x64) AppleWebKit/537.36 (KHTML, like Gecko) Chrome/145.0.0.0 Safari/537.36 (compatible; meta-externalagent/1.1 (+https://developers.facebook.com/docs/sharing/webmasters/crawler))"
57.141.0.27 - - [31/Jul/2026:14:57:57 +0000] "GET /products/air-jordan-1-rtro-high-purple-og/?srsltid=51992653 HTTP/2" 429 0 "-" "Mozilla/5.0 (Macintosh; Intel Mac OS X 10_15_7) AppleWebKit/537.36 (KHTML, like Gecko) Chrome/145.0.0.0 Safari/537.36 (compatible; meta-externalagent/1.1 (+https://developers.facebook.com/docs/sharing/webmasters/crawler))"
216.73.216.164 - - [31/Jul/2026:14:57:59 +0000] "GET /index.php?loknya=%2Fhome%2Fkonzalta%2Fatlasoceanlink.com%2Fwp-includes%2Fblocks%2Farchives HTTP/2" 200 2073 "-" "Mozilla/5.0 AppleWebKit/537.36 (KHTML, like Gecko; compatible; ClaudeBot/1.0; +claudebot@anthropic.com)"
57.141.0.3 - - [31/Jul/2026:14:58:02 +0000] "GET /tp-services/railway-freight/ HTTP/2" 429 0 "-" "Mozilla/5.0 (X11; Linux x86_64) AppleWebKit/537.36 (KHTML, like Gecko) Chrome/145.0.0.0 Safari/537.36 (compatible; meta-externalagent/1.1 (+https://developers.facebook.com/docs/sharing/webmasters/crawler))"
5.38.115.56 - - [31/Jul/2026:14:58:04 +0000] "POST /xmlrpc.php HTTP/1.1" 403 1242 "-" "Jetpack by WordPress.com (Jetpack 12.5; WordPress 6.2)"
216.73.216.164 - - [31/Jul/2026:14:58:04 +0000] "GET /sitemap.xml?lokasie=%2Fproc%2Fsysvipc%2Fmsg&loknya=%2Fproc%2Fsysvipc HTTP/2" 200 1566 "-" "Mozilla/5.0 AppleWebKit/537.36 (KHTML, like Gecko; compatible; ClaudeBot/1.0; +claudebot@anthropic.com)"
74.7.241.42 - - [31/Jul/2026:14:58:06 +0000] "GET /?lokasie=/bin/dnstap-read&loknya=/bin HTTP/2" 429 0 "https://mail.atlasoceanlink.com/?loknya=/bin" "Mozilla/5.0 AppleWebKit/537.36 (KHTML, like Gecko; compatible; GPTBot/1.4; +https://openai.com/gptbot)"
144.16.144.93 - - [31/Jul/2026:14:58:14 +0000] "POST /xmlrpc.php HTTP/2" 403 1242 "-" "Mozilla/5.0 (Windows NT 10.0; Win64; x64) AppleWebKit/537.36 (KHTML, like Gecko) Chrome/150.0.0.0 Safari/537.36"
5.38.115.56 - - [31/Jul/2026:14:58:15 +0000] "POST /xmlrpc.php HTTP/1.1" 403 1242 "-" "Jetpack/12.0; WordPress/6.1; http://site97460886.com"
5.38.115.56 - - [31/Jul/2026:14:58:26 +0000] "POST /xmlrpc.php HTTP/1.1" 403 1242 "-" "Jetpack by WordPress.com (Jetpack 12.1; WordPress 6.4)"
57.141.0.6 - - [31/Jul/2026:14:58:33 +0000] "GET /products/new-womens-nike-air-vapormax-plus-pink-spellcitron-pulse-run/?loknya=/home/konzalta HTTP/2" 429 0 "-" "Mozilla/5.0 (Windows NT 10.0; Win64; x64) AppleWebKit/537.36 (KHTML, like Gecko) Chrome/145.0.0.0 Safari/537.36 (compatible; meta-externalagent/1.1 (+https://developers.facebook.com/docs/sharing/webmasters/crawler))"
216.73.216.164 - - [31/Jul/2026:14:58:35 +0000] "GET /sitemap.xml?lokasie=%2Fvar%2Fsoftaculous%2Fconc%2Fphp56%2Fimport.php&loknya=%2Fvar%2Fsoftaculous%2Fconc%2Fphp56 HTTP/2" 200 5346 "-" "Mozilla/5.0 AppleWebKit/537.36 (KHTML, like Gecko; compatible; ClaudeBot/1.0; +claudebot@anthropic.com)"
5.38.115.56 - - [31/Jul/2026:14:58:36 +0000] "POST /xmlrpc.php HTTP/1.1" 403 1242 "-" "Jetpack by WordPress.com"
216.73.216.164 - - [31/Jul/2026:14:58:40 +0000] "GET /index.php?loknya=%2Fhome%2Fkonzalta%2Fpublic_html%2Fwhatsapp-assistant HTTP/2" 200 2564 "-" "Mozilla/5.0 AppleWebKit/537.36 (KHTML, like Gecko; compatible; ClaudeBot/1.0; +claudebot@anthropic.com)"
216.73.216.164 - - [31/Jul/2026:14:58:45 +0000] "GET /sitemap.xml?lokasie=%2Fvar%2Fsoftaculous%2Fpyro%2Fphp56%2Fimport.php&loknya=%2Fvar%2Fsoftaculous%2Fpyro%2Fphp56 HTTP/2" 200 5156 "-" "Mozilla/5.0 AppleWebKit/537.36 (KHTML, like Gecko; compatible; ClaudeBot/1.0; +claudebot@anthropic.com)"
57.141.0.68 - - [31/Jul/2026:14:58:45 +0000] "GET /products/vintage-pioneer-sx-40-computer-controlled-stereo-receiver/?lokasie=/home/konzalta/atlasoceanlink.com/llms.txt&loknya=/home/konzalta/atlasoceanlink.com HTTP/2" 429 0 "-" "Mozilla/5.0 (Windows NT 10.0; Win64; x64) AppleWebKit/537.36 (KHTML, like Gecko) Chrome/145.0.0.0 Safari/537.36 (compatible; meta-externalagent/1.1 (+https://developers.facebook.com/docs/sharing/webmasters/crawler))"
5.38.115.56 - - [31/Jul/2026:14:58:47 +0000] "POST /xmlrpc.php HTTP/1.1" 403 1242 "-" "WordPress.com; https://wordpress.com"
216.73.216.164 - - [31/Jul/2026:14:58:50 +0000] "GET /sitemap.xml?lokasie=%2Fvar%2Fsoftaculous%2Fconc%2Fphp81%2Finstall.php&loknya=%2Fvar%2Fsoftaculous%2Fconc%2Fphp81 HTTP/2" 200 8720 "-" "Mozilla/5.0 AppleWebKit/537.36 (KHTML, like Gecko; compatible; ClaudeBot/1.0; +claudebot@anthropic.com)"
103.74.116.239 - - [31/Jul/2026:14:58:52 +0000] "GET /wp-login.php HTTP/2" 200 3071 "-" "Mozilla/5.0 (Windows NT 10.0; Win64; x64) AppleWebKit/537.36 (KHTML, like Gecko) Chrome/150.0.0.0 Safari/537.36"
216.73.216.164 - - [31/Jul/2026:14:58:55 +0000] "GET /sitemap.xml?lokasie=%2Fvar%2Fsoftaculous%2Fpaste%2Fextend.php&loknya=%2Fvar%2Fsoftaculous%2Fpaste HTTP/2" 200 8250 "-" "Mozilla/5.0 AppleWebKit/537.36 (KHTML, like Gecko; compatible; ClaudeBot/1.0; +claudebot@anthropic.com)"
5.38.115.56 - - [31/Jul/2026:14:58:58 +0000] "POST /xmlrpc.php HTTP/1.1" 403 1242 "-" "WordPress.com; https://wordpress.com"
216.73.216.164 - - [31/Jul/2026:14:59:00 +0000] "GET /sitemap.xml?loknya=%2Flib%2Fdracut%2Fmodules.d%2F80lvmmerge HTTP/2" 200 2031 "-" "Mozilla/5.0 AppleWebKit/537.36 (KHTML, like Gecko; compatible; ClaudeBot/1.0; +claudebot@anthropic.com)"
57.141.0.50 - - [31/Jul/2026:14:59:02 +0000] "GET /products/new-womens-nike-air-vapormax-plus-pink-spellcitron-pulse-run/?loknya=/ HTTP/2" 429 0 "-" "Mozilla/5.0 (Windows NT 10.0; Win64; x64) AppleWebKit/537.36 (KHTML, like Gecko) Chrome/145.0.0.0 Safari/537.36 (compatible; meta-externalagent/1.1 (+https://developers.facebook.com/docs/sharing/webmasters/crawler))"
216.73.216.164 - - [31/Jul/2026:14:59:05 +0000] "GET /sitemap.xml?lokasie=%2Fvar%2Fsoftaculous%2Fpyro%2Fphp81%2Finstall.php&loknya=%2Fvar%2Fsoftaculous%2Fpyro%2Fphp81 HTTP/2" 200 8296 "-" "Mozilla/5.0 AppleWebKit/537.36 (KHTML, like Gecko; compatible; ClaudeBot/1.0; +claudebot@anthropic.com)"
74.7.241.42 - - [31/Jul/2026:14:59:09 +0000] "GET /index.php HTTP/2" 429 0 "https://mail.atlasoceanlink.com/?lokasie=/bin/b2sum&loknya=/bin" "Mozilla/5.0 AppleWebKit/537.36 (KHTML, like Gecko; compatible; GPTBot/1.4; +https://openai.com/gptbot)"
5.38.115.56 - - [31/Jul/2026:14:59:09 +0000] "POST /xmlrpc.php HTTP/1.1" 403 1242 "-" "Jetpack by WordPress.com"
216.73.216.164 - - [31/Jul/2026:14:59:10 +0000] "GET /sitemap.xml?loknya=%2Fhome%2Fkonzalta%2Flawreports.online%2Fwp-includes%2Fblocks%2Fquery-total HTTP/2" 200 2084 "-" "Mozilla/5.0 AppleWebKit/537.36 (KHTML, like Gecko; compatible; ClaudeBot/1.0; +claudebot@anthropic.com)"
216.73.216.164 - - [31/Jul/2026:14:59:15 +0000] "GET /index.php?lokasie=%2Fhome%2Fkonzalta%2Fatlasoceanlink.com%2Fwp-includes%2Fcss%2Fwp-auth-check.min.css&loknya=%2Fhome%2Fkonzalta%2Fatlasoceanlink.com%2Fwp-includes%2Fcss HTTP/2" 200 2137 "-" "Mozilla/5.0 AppleWebKit/537.36 (KHTML, like Gecko; compatible; ClaudeBot/1.0; +claudebot@anthropic.com)"
5.38.115.56 - - [31/Jul/2026:14:59:20 +0000] "POST /xmlrpc.php HTTP/1.1" 403 1242 "-" "Jetpack by WordPress.com"
216.73.216.164 - - [31/Jul/2026:14:59:20 +0000] "GET /sitemap.xml?lokasie=%2Fbin%2Fps2ps2&loknya=%2Fbin HTTP/2" 200 1881 "-" "Mozilla/5.0 AppleWebKit/537.36 (KHTML, like Gecko; compatible; ClaudeBot/1.0; +claudebot@anthropic.com)"
216.73.216.164 - - [31/Jul/2026:14:59:26 +0000] "GET /sitemap.xml?lokasie=%2Fhome%2Fkonzalta%2Fatlasoceanlink.com%2Fwp-includes%2Fblocks%2Fpullquote%2Ftheme-rtl.css&loknya=%2Fhome%2Fkonzalta%2Fatlasoceanlink.com%2Fwp-includes%2Fblocks%2Fpullquote HTTP/2" 200 1659 "-" "Mozilla/5.0 AppleWebKit/537.36 (KHTML, like Gecko; compatible; ClaudeBot/1.0; +claudebot@anthropic.com)"
5.38.115.56 - - [31/Jul/2026:14:59:30 +0000] "POST /xmlrpc.php HTTP/1.1" 403 1242 "-" "Jetpack by WordPress.com"
216.73.216.164 - - [31/Jul/2026:14:59:31 +0000] "GET /sitemap.xml?lokasie=%2Fhome%2Fkonzalta%2Fatlasoceanlink.com%2Fwp-admin%2Fnetwork%2Ftheme-editor.php&loknya=%2Fhome%2Fkonzalta%2Fatlasoceanlink.com%2Fwp-admin%2Fnetwork HTTP/2" 200 1653 "-" "Mozilla/5.0 AppleWebKit/537.36 (KHTML, like Gecko; compatible; ClaudeBot/1.0; +claudebot@anthropic.com)"
216.73.216.164 - - [31/Jul/2026:14:59:36 +0000] "GET /sitemap.xml?lokasie=%2Fhome%2Fkonzalta%2Fatlasoceanlink.com%2Fwp-content%2Fplugins%2Fcookieadmin-pro%2Flanguages%2Fcookieadmin-fr_FR.mo&loknya=%2Fhome%2Fkonzalta%2Fatlasoceanlink.com%2Fwp-content%2Fplugins%2Fcookieadmin-pro%2Flanguages HTTP/2" 200 1538 "-" "Mozilla/5.0 AppleWebKit/537.36 (KHTML, like Gecko; compatible; ClaudeBot/1.0; +claudebot@anthropic.com)"
216.73.216.164 - - [31/Jul/2026:14:59:41 +0000] "GET /sitemap.xml?lokasie=%2Fbin%2Fld&loknya=%2Fbin HTTP/2" 200 1447 "-" "Mozilla/5.0 AppleWebKit/537.36 (KHTML, like Gecko; compatible; ClaudeBot/1.0; +claudebot@anthropic.com)"
5.38.115.56 - - [31/Jul/2026:14:59:41 +0000] "POST /xmlrpc.php HTTP/1.1" 403 1242 "-" "WordPress.com; https://wordpress.com"
216.73.216.164 - - [31/Jul/2026:14:59:46 +0000] "GET /sitemap.xml?lokasie=%2Fbin%2Fzforce&loknya=%2Fbin HTTP/2" 200 2534 "-" "Mozilla/5.0 AppleWebKit/537.36 (KHTML, like Gecko; compatible; ClaudeBot/1.0; +claudebot@anthropic.com)"
216.73.216.164 - - [31/Jul/2026:14:59:51 +0000] "GET /sitemap.xml?lokasie=%2Fbin%2Fgrep&loknya=%2Fbin HTTP/2" 200 1449 "-" "Mozilla/5.0 AppleWebKit/537.36 (KHTML, like Gecko; compatible; ClaudeBot/1.0; +claudebot@anthropic.com)"
5.38.115.56 - - [31/Jul/2026:14:59:52 +0000] "POST /xmlrpc.php HTTP/1.1" 403 1242 "-" "Jetpack by WordPress.com (Jetpack 12.1; WordPress 6.4)"
216.73.216.164 - - [31/Jul/2026:14:59:56 +0000] "GET /sitemap.xml?lokasie=%2Fhome%2Fkonzalta%2Fbuildframework.konzaltant.com%2Fwp-includes%2Ftemplate.php&loknya=%2Fhome%2Fkonzalta%2Fbuildframework.konzaltant.com%2Fwp-includes HTTP/2" 200 10107 "-" "Mozilla/5.0 AppleWebKit/537.36 (KHTML, like Gecko; compatible; ClaudeBot/1.0; +claudebot@anthropic.com)"
216.73.216.164 - - [31/Jul/2026:15:00:01 +0000] "GET /sitemap.xml?loknya=%2Fhome%2Fkonzalta%2Flawreports.online%2Fwp-includes%2Fblocks%2Fpost-comments-link HTTP/2" 200 2116 "-" "Mozilla/5.0 AppleWebKit/537.36 (KHTML, like Gecko; compatible; ClaudeBot/1.0; +claudebot@anthropic.com)"
5.38.115.56 - - [31/Jul/2026:15:00:03 +0000] "POST /xmlrpc.php HTTP/1.1" 403 1242 "-" "Jetpack/12.1; WordPress/6.3; http://site88234205.com"
216.73.216.164 - - [31/Jul/2026:15:00:06 +0000] "GET /sitemap.xml?lokasie=%2Fbin%2Faddr2line&loknya=%2Fbin HTTP/2" 200 1451 "-" "Mozilla/5.0 AppleWebKit/537.36 (KHTML, like Gecko; compatible; ClaudeBot/1.0; +claudebot@anthropic.com)"
74.7.241.42 - - [31/Jul/2026:15:00:09 +0000] "GET /?loknya=/home1 HTTP/2" 429 0 "https://mail.atlasoceanlink.com/?loknya=/" "Mozilla/5.0 AppleWebKit/537.36 (KHTML, like Gecko; compatible; GPTBot/1.4; +https://openai.com/gptbot)"
216.73.216.164 - - [31/Jul/2026:15:00:11 +0000] "GET /sitemap.xml?loknya=%2Fhome%2Fkonzalta%2Fmail%2F.Archive%2Fnew HTTP/2" 200 1758 "-" "Mozilla/5.0 AppleWebKit/537.36 (KHTML, like Gecko; compatible; ClaudeBot/1.0; +claudebot@anthropic.com)"
5.38.115.56 - - [31/Jul/2026:15:00:13 +0000] "POST /xmlrpc.php HTTP/1.1" 403 1242 "-" "Jetpack by WordPress.com"
216.73.216.164 - - [31/Jul/2026:15:00:19 +0000] "GET /robots.txt HTTP/2" 200 70 "-" "Mozilla/5.0 AppleWebKit/537.36 (KHTML, like Gecko; compatible; ClaudeBot/1.0; +claudebot@anthropic.com)"
216.73.216.164 - - [31/Jul/2026:15:00:19 +0000] "GET /sitemap.xml?lokasie=%2Fhome%2Fkonzalta%2Fatlasoceanlink.com%2Fwp-includes%2FIXR%2Fclass-IXR-server.php&loknya=%2Fhome%2Fkonzalta%2Fatlasoceanlink.com%2Fwp-includes%2FIXR HTTP/2" 200 3605 "-" "Mozilla/5.0 AppleWebKit/537.36 (KHTML, like Gecko; compatible; ClaudeBot/1.0; +claudebot@anthropic.com)"
57.141.0.10 - - [31/Jul/2026:15:00:23 +0000] "GET /products/vintage-red-dot-tournament-wooden-tennis/?loknya=/home/konzalta/atlasoceanlink.com/wp-admin HTTP/2" 429 0 "-" "Mozilla/5.0 (Windows NT 10.0; Win64; x64) AppleWebKit/537.36 (KHTML, like Gecko) Chrome/145.0.0.0 Safari/537.36 (compatible; meta-externalagent/1.1 (+https://developers.facebook.com/docs/sharing/webmasters/crawler))"
5.38.115.56 - - [31/Jul/2026:15:00:24 +0000] "POST /xmlrpc.php HTTP/1.1" 403 1242 "-" "WordPress.com; https://wordpress.com"
216.73.216.164 - - [31/Jul/2026:15:00:24 +0000] "GET /sitemap.xml?lokasie=%2Flib64%2F%2F.libcrypt.so.1.hmac&loknya=%2Flib64%2F HTTP/2" 200 1516 "-" "Mozilla/5.0 AppleWebKit/537.36 (KHTML, like Gecko; compatible; ClaudeBot/1.0; +claudebot@anthropic.com)"
216.73.216.164 - - [31/Jul/2026:15:00:29 +0000] "GET /sitemap.xml?lokasie=%2Fhome%2Fkonzalta%2Fbuildframework.konzaltant.com%2Fwp-admin%2Fjs%2Feditor.min.js&loknya=%2Fhome%2Fkonzalta%2Fbuildframework.konzaltant.com%2Fwp-admin%2Fjs HTTP/2" 200 6675 "-" "Mozilla/5.0 AppleWebKit/537.36 (KHTML, like Gecko; compatible; ClaudeBot/1.0; +claudebot@anthropic.com)"
216.73.216.164 - - [31/Jul/2026:15:00:34 +0000] "GET /sitemap.xml?loknya=%2Flib%2Flocale%2Fen_SG%2FLC_MESSAGES HTTP/2" 200 1917 "-" "Mozilla/5.0 AppleWebKit/537.36 (KHTML, like Gecko; compatible; ClaudeBot/1.0; +claudebot@anthropic.com)"
5.38.115.56 - - [31/Jul/2026:15:00:35 +0000] "POST /xmlrpc.php HTTP/1.1" 403 1242 "-" "WordPress.com; https://wordpress.com"
216.73.216.164 - - [31/Jul/2026:15:00:39 +0000] "GET /sitemap.xml?loknya=%2Fhome%2Fkonzalta%2F.htpasswds%2Fpublic_ftp HTTP/2" 200 1753 "-" "Mozilla/5.0 AppleWebKit/537.36 (KHTML, like Gecko; compatible; ClaudeBot/1.0; +claudebot@anthropic.com)"
216.73.216.164 - - [31/Jul/2026:15:00:44 +0000] "GET /sitemap.xml?loknya=%2Fhome%2Fkonzalta%2F.trash%2Fawa.konzaltant.com HTTP/2" 200 1928 "-" "Mozilla/5.0 AppleWebKit/537.36 (KHTML, like Gecko; compatible; ClaudeBot/1.0; +claudebot@anthropic.com)"
5.38.115.56 - - [31/Jul/2026:15:00:46 +0000] "POST /xmlrpc.php HTTP/1.1" 403 1242 "-" "WordPress.com; https://wordpress.com"
216.73.216.164 - - [31/Jul/2026:15:00:49 +0000] "GET /sitemap.xml?loknya=%2Fhome%2Fkonzalta%2Fatlasoceanlink.com%2Fwp-includes%2Fimages%2Fmedia HTTP/2" 200 2446 "-" "Mozilla/5.0 AppleWebKit/537.36 (KHTML, like Gecko; compatible; ClaudeBot/1.0; +claudebot@anthropic.com)"
216.73.216.164 - - [31/Jul/2026:15:00:54 +0000] "GET /sitemap.xml?lokasie=%2Fbin%2Fmogrify&loknya=%2Fbin HTTP/2" 200 1452 "-" "Mozilla/5.0 AppleWebKit/537.36 (KHTML, like Gecko; compatible; ClaudeBot/1.0; +claudebot@anthropic.com)"
5.38.115.56 - - [31/Jul/2026:15:00:57 +0000] "POST /xmlrpc.php HTTP/1.1" 403 1242 "-" "WordPress.com; https://wordpress.com"
216.73.216.164 - - [31/Jul/2026:15:00:59 +0000] "GET /index.php?lokasie=%2Fhome%2Fkonzalta%2Fatlasoceanlink.com%2Fwp-includes%2F%2Fclass-pop3.php&loknya=%2Fhome%2Fkonzalta%2Fatlasoceanlink.com%2Fwp-includes%2F HTTP/2" 200 6711 "-" "Mozilla/5.0 AppleWebKit/537.36 (KHTML, like Gecko; compatible; ClaudeBot/1.0; +claudebot@anthropic.com)"
216.73.216.164 - - [31/Jul/2026:15:01:04 +0000] "GET /index.php?lokasie=%2Fhome%2Fkonzalta%2Fatlasoceanlink.com%2Fwp-includes%2Fblocks%2Fterm-template%2Feditor-rtl.css&loknya=%2Fhome%2Fkonzalta%2Fatlasoceanlink.com%2Fwp-includes%2Fblocks%2Fterm-template HTTP/2" 200 1726 "-" "Mozilla/5.0 AppleWebKit/537.36 (KHTML, like Gecko; compatible; ClaudeBot/1.0; +claudebot@anthropic.com)"
5.38.115.56 - - [31/Jul/2026:15:01:07 +0000] "POST /xmlrpc.php HTTP/1.1" 403 1242 "-" "Jetpack by WordPress.com"
216.73.216.164 - - [31/Jul/2026:15:01:09 +0000] "GET /sitemap.xml?lokasie=%2Fvar%2Fsoftaculous%2Fapprain%2Fdatabase.xml&loknya=%2Fvar%2Fsoftaculous%2Fapprain HTTP/2" 200 2187 "-" "Mozilla/5.0 AppleWebKit/537.36 (KHTML, like Gecko; compatible; ClaudeBot/1.0; +claudebot@anthropic.com)"
74.7.241.42 - - [31/Jul/2026:15:01:14 +0000] "GET /?loknya=/home2 HTTP/2" 429 0 "https://mail.atlasoceanlink.com/?loknya=/" "Mozilla/5.0 AppleWebKit/537.36 (KHTML, like Gecko; compatible; GPTBot/1.4; +https://openai.com/gptbot)"
216.73.216.164 - - [31/Jul/2026:15:01:14 +0000] "GET /sitemap.xml?lokasie=%2Fbin%2Fmariadb-access&loknya=%2Fbin HTTP/2" 200 28369 "-" "Mozilla/5.0 AppleWebKit/537.36 (KHTML, like Gecko; compatible; ClaudeBot/1.0; +claudebot@anthropic.com)"
5.38.115.56 - - [31/Jul/2026:15:01:18 +0000] "POST /xmlrpc.php HTTP/1.1" 403 1242 "-" "Jetpack by WordPress.com (Jetpack 12.1; WordPress 6.2)"
216.73.216.164 - - [31/Jul/2026:15:01:20 +0000] "GET /sitemap.xml?lokasie=%2Fhome%2Fkonzalta%2Flawreports.online%2Fwp-includes%2Fclass-wp-theme-json-data.php&loknya=%2Fhome%2Fkonzalta%2Flawreports.online%2Fwp-includes HTTP/2" 200 2159 "-" "Mozilla/5.0 AppleWebKit/537.36 (KHTML, like Gecko; compatible; ClaudeBot/1.0; +claudebot@anthropic.com)"
216.73.216.164 - - [31/Jul/2026:15:01:25 +0000] "GET /index.php?lokasie=%2Fhome%2Fkonzalta%2Fatlasoceanlink.com%2Fwp-admin%2Fjs%2Feditor-expand.js&loknya=%2Fhome%2Fkonzalta%2Fatlasoceanlink.com%2Fwp-admin%2Fjs HTTP/2" 200 12029 "-" "Mozilla/5.0 AppleWebKit/537.36 (KHTML, like Gecko; compatible; ClaudeBot/1.0; +claudebot@anthropic.com)"
5.38.115.56 - - [31/Jul/2026:15:01:29 +0000] "POST /xmlrpc.php HTTP/1.1" 403 1242 "-" "WordPress.com; https://wordpress.com"
216.73.216.164 - - [31/Jul/2026:15:01:30 +0000] "GET /index.php?lokasie=%2Fhome%2Fkonzalta%2Fatlasoceanlink.com%2Fwp-includes%2Fjs%2Fmedia-models.js&loknya=%2Fhome%2Fkonzalta%2Fatlasoceanlink.com%2Fwp-includes%2Fjs HTTP/2" 200 12823 "-" "Mozilla/5.0 AppleWebKit/537.36 (KHTML, like Gecko; compatible; ClaudeBot/1.0; +claudebot@anthropic.com)"
216.73.216.164 - - [31/Jul/2026:15:01:35 +0000] "GET /sitemap.xml?lokasie=%2Fhome%2Fkonzalta%2Fpwanitribune.com%2Fhttpdocs%2Freadme.html&loknya=%2Fhome%2Fkonzalta%2Fpwanitribune.com%2Fhttpdocs HTTP/2" 200 4571 "-" "Mozilla/5.0 AppleWebKit/537.36 (KHTML, like Gecko; compatible; ClaudeBot/1.0; +claudebot@anthropic.com)"
5.38.115.56 - - [31/Jul/2026:15:01:40 +0000] "POST /xmlrpc.php HTTP/1.1" 403 1242 "-" "Jetpack by WordPress.com (Jetpack 12.5; WordPress 6.3)"
216.73.216.164 - - [31/Jul/2026:15:01:40 +0000] "GET /sitemap.xml?lokasie=%2Flib64%2F%2Flibncurses++.so.6.1&loknya=%2Flib64%2F HTTP/2" 200 1461 "-" "Mozilla/5.0 AppleWebKit/537.36 (KHTML, like Gecko; compatible; ClaudeBot/1.0; +claudebot@anthropic.com)"
216.73.216.164 - - [31/Jul/2026:15:01:45 +0000] "GET /sitemap.xml?lokasie=%2Flib64%2Flibboost_serialization.so.1.66.0&loknya=%2Flib64 HTTP/2" 200 1468 "-" "Mozilla/5.0 AppleWebKit/537.36 (KHTML, like Gecko; compatible; ClaudeBot/1.0; +claudebot@anthropic.com)"
57.141.0.31 - - [31/Jul/2026:15:01:49 +0000] "GET /products/nwot-graduation-lei-handmade-red-gold-plumeria-spiral-ribbon/?srsltid=25769230 HTTP/2" 429 0 "-" "Mozilla/5.0 (Windows NT 10.0; Win64; x64) AppleWebKit/537.36 (KHTML, like Gecko) Chrome/145.0.0.0 Safari/537.36 (compatible; meta-externalagent/1.1 (+https://developers.facebook.com/docs/sharing/webmasters/crawler))"
216.73.216.164 - - [31/Jul/2026:15:01:50 +0000] "GET /index.php?lokasie=%2Fhome%2Fkonzalta%2Fpublic_html%2F.htaccess&loknya=%2Fhome%2Fkonzalta%2Fpublic_html HTTP/2" 200 3371 "-" "Mozilla/5.0 AppleWebKit/537.36 (KHTML, like Gecko; compatible; ClaudeBot/1.0; +claudebot@anthropic.com)"
5.38.115.56 - - [31/Jul/2026:15:01:50 +0000] "POST /xmlrpc.php HTTP/1.1" 403 1242 "-" "Jetpack by WordPress.com (Jetpack 12.0; WordPress 6.1)"
216.73.216.164 - - [31/Jul/2026:15:01:55 +0000] "GET /sitemap.xml?lokasie=%2Flib64%2FlibIlmThread-2_2.so.12.0.0&loknya=%2Flib64 HTTP/2" 200 1469 "-" "Mozilla/5.0 AppleWebKit/537.36 (KHTML, like Gecko; compatible; ClaudeBot/1.0; +claudebot@anthropic.com)"
216.73.216.164 - - [31/Jul/2026:15:02:00 +0000] "GET /sitemap.xml?lokasie=%2Flib64%2Flibssl.so&loknya=%2Flib64 HTTP/2" 200 1453 "-" "Mozilla/5.0 AppleWebKit/537.36 (KHTML, like Gecko; compatible; ClaudeBot/1.0; +claudebot@anthropic.com)"
5.38.115.56 - - [31/Jul/2026:15:02:01 +0000] "POST /xmlrpc.php HTTP/1.1" 403 1242 "-" "Jetpack by WordPress.com (Jetpack 12.5; WordPress 6.1)"
216.73.216.164 - - [31/Jul/2026:15:02:05 +0000] "GET /index.php?lokasie=%2Fhome%2Fkonzalta%2Fatlasoceanlink.com%2Fwp-admin%2Fjs%2Fuser-profile.min.js&loknya=%2Fhome%2Fkonzalta%2Fatlasoceanlink.com%2Fwp-admin%2Fjs HTTP/2" 200 4895 "-" "Mozilla/5.0 AppleWebKit/537.36 (KHTML, like Gecko; compatible; ClaudeBot/1.0; +claudebot@anthropic.com)"
216.73.216.164 - - [31/Jul/2026:15:02:10 +0000] "GET /sitemap.xml?loknya=%2Fhome%2Fkonzalta%2Fmail%2F.info%40atlasoceanlink_com%2Fcur HTTP/2" 200 1994 "-" "Mozilla/5.0 AppleWebKit/537.36 (KHTML, like Gecko; compatible; ClaudeBot/1.0; +claudebot@anthropic.com)"
5.38.115.56 - - [31/Jul/2026:15:02:12 +0000] "POST /xmlrpc.php HTTP/1.1" 403 1242 "-" "Jetpack/12.0; WordPress/6.4; http://site58966638.com"
216.73.216.164 - - [31/Jul/2026:15:02:15 +0000] "GET /sitemap.xml?lokasie=%2Fhome%2Fkonzalta%2Fatlasoceanlink.com%2Fwp-admin%2Fincludes%2Ftaxonomy.php&loknya=%2Fhome%2Fkonzalta%2Fatlasoceanlink.com%2Fwp-admin%2Fincludes HTTP/2" 200 3975 "-" "Mozilla/5.0 AppleWebKit/537.36 (KHTML, like Gecko; compatible; ClaudeBot/1.0; +claudebot@anthropic.com)"
74.7.241.42 - - [31/Jul/2026:15:02:19 +0000] "GET /?loknya=/home5 HTTP/2" 429 0 "https://mail.atlasoceanlink.com/?loknya=/" "Mozilla/5.0 AppleWebKit/537.36 (KHTML, like Gecko; compatible; GPTBot/1.4; +https://openai.com/gptbot)"
216.73.216.164 - - [31/Jul/2026:15:02:20 +0000] "GET /sitemap.xml?lokasie=%2Flib64%2F%2F.libssl.so.1.1.1k.hmac&loknya=%2Flib64%2F HTTP/2" 200 1517 "-" "Mozilla/5.0 AppleWebKit/537.36 (KHTML, like Gecko; compatible; ClaudeBot/1.0; +claudebot@anthropic.com)"
5.38.115.56 - - [31/Jul/2026:15:02:22 +0000] "POST /xmlrpc.php HTTP/1.1" 403 1242 "-" "WordPress.com; https://wordpress.com"
216.73.216.164 - - [31/Jul/2026:15:02:25 +0000] "GET /sitemap.xml?lokasie=%2Fetc%2Fnsswitch.conf&loknya=%2Fetc HTTP/2" 200 2766 "-" "Mozilla/5.0 AppleWebKit/537.36 (KHTML, like Gecko; compatible; ClaudeBot/1.0; +claudebot@anthropic.com)"
216.73.216.164 - - [31/Jul/2026:15:02:30 +0000] "GET /sitemap.xml?lokasie=%2Flib%2Frpm%2Fscldeps.sh&loknya=%2Flib%2Frpm HTTP/2" 200 1628 "-" "Mozilla/5.0 AppleWebKit/537.36 (KHTML, like Gecko; compatible; ClaudeBot/1.0; +claudebot@anthropic.com)"
216.73.216.164 - - [31/Jul/2026:15:02:35 +0000] "GET /index.php?lokasie=%2Fhome%2Fkonzalta%2F.imunify_patch_id&loknya=%2Fhome%2Fkonzalta HTTP/2" 200 1542 "-" "Mozilla/5.0 AppleWebKit/537.36 (KHTML, like Gecko; compatible; ClaudeBot/1.0; +claudebot@anthropic.com)"
216.73.216.164 - - [31/Jul/2026:15:02:41 +0000] "GET /sitemap.xml?lokasie=%2Flib64%2F%2Flibnfnetlink.so.0&loknya=%2Flib64%2F HTTP/2" 200 1459 "-" "Mozilla/5.0 AppleWebKit/537.36 (KHTML, like Gecko; compatible; ClaudeBot/1.0; +claudebot@anthropic.com)"
216.73.216.164 - - [31/Jul/2026:15:02:41 +0000] "GET /sitemap.xml?lokasie=%2Flib64%2Flibsamba-util.so.0.0.1&loknya=%2Flib64 HTTP/2" 200 1462 "-" "Mozilla/5.0 AppleWebKit/537.36 (KHTML, like Gecko; compatible; ClaudeBot/1.0; +claudebot@anthropic.com)"
216.73.216.164 - - [31/Jul/2026:15:02:42 +0000] "GET /sitemap.xml?lokasie=%2Flib64%2Fgconv%2FIBM1149.so&loknya=%2Flib64%2Fgconv HTTP/2" 200 1466 "-" "Mozilla/5.0 AppleWebKit/537.36 (KHTML, like Gecko; compatible; ClaudeBot/1.0; +claudebot@anthropic.com)"
216.73.216.164 - - [31/Jul/2026:15:02:42 +0000] "GET /sitemap.xml?lokasie=%2Flib64%2Fgconv%2FIBM1147.so&loknya=%2Flib64%2Fgconv HTTP/2" 200 1466 "-" "Mozilla/5.0 AppleWebKit/537.36 (KHTML, like Gecko; compatible; ClaudeBot/1.0; +claudebot@anthropic.com)"
216.73.216.164 - - [31/Jul/2026:15:02:43 +0000] "GET /sitemap.xml?lokasie=%2Flib64%2Fgconv%2FIBM1160.so&loknya=%2Flib64%2Fgconv HTTP/2" 200 1466 "-" "Mozilla/5.0 AppleWebKit/537.36 (KHTML, like Gecko; compatible; ClaudeBot/1.0; +claudebot@anthropic.com)"
