57.141.0.46 - - [31/Jul/2026:15:16:09 +0000] "GET /products/invicta-subaqua-red-mens-watch-44mm-nwt/?srsltid=36460351 HTTP/2" 429 0 "-" "Mozilla/5.0 (Windows NT 10.0; Win64; x64) AppleWebKit/537.36 (KHTML, like Gecko) Chrome/144.0.0.0 Safari/537.36 Edg/144.0.0.0 (compatible; meta-externalagent/1.1 (+https://developers.facebook.com/docs/sharing/webmasters/crawler))"
216.73.216.164 - - [31/Jul/2026:15:16:12 +0000] "GET /sitemap.xml?lokasie=%2Fhome%2Fkonzalta%2Ftmp%2Fawstats%2Fawstats122024.awa.konzaltant.com.txt&loknya=%2Fhome%2Fkonzalta%2Ftmp%2Fawstats HTTP/2" 200 3354 "-" "Mozilla/5.0 AppleWebKit/537.36 (KHTML, like Gecko; compatible; ClaudeBot/1.0; +claudebot@anthropic.com)"
5.38.115.56 - - [31/Jul/2026:15:16:12 +0000] "POST /xmlrpc.php HTTP/1.1" 403 1242 "-" "WordPress.com; https://wordpress.com"
216.73.216.164 - - [31/Jul/2026:15:16:17 +0000] "GET /sitemap.xml?lokasie=%2Fhome%2Fkonzalta%2Ftmp%2Fawstats%2Fawstats092025.mjengo.site.konzaltant.com.txt&loknya=%2Fhome%2Fkonzalta%2Ftmp%2Fawstats HTTP/2" 200 9737 "-" "Mozilla/5.0 AppleWebKit/537.36 (KHTML, like Gecko; compatible; ClaudeBot/1.0; +claudebot@anthropic.com)"
57.141.0.15 - - [31/Jul/2026:15:16:21 +0000] "GET /products/fragrant-jewels-aries-satin-ring/?srsltid=53946658 HTTP/2" 429 0 "-" "Mozilla/5.0 (Windows NT 10.0; Win64; x64) AppleWebKit/537.36 (KHTML, like Gecko) Chrome/145.0.0.0 Safari/537.36 (compatible; meta-externalagent/1.1 (+https://developers.facebook.com/docs/sharing/webmasters/crawler))"
5.38.115.56 - - [31/Jul/2026:15:16:23 +0000] "POST /xmlrpc.php HTTP/1.1" 403 1242 "-" "Jetpack by WordPress.com (Jetpack 12.0; WordPress 6.3)"
216.73.216.164 - - [31/Jul/2026:15:16:23 +0000] "GET /sitemap.xml?lokasie=%2Flib%2F.build-id%2Fe0%2F84b7c9ad967913526ea2247234e8455942efec&loknya=%2Flib%2F.build-id%2Fe0 HTTP/2" 200 1502 "-" "Mozilla/5.0 AppleWebKit/537.36 (KHTML, like Gecko; compatible; ClaudeBot/1.0; +claudebot@anthropic.com)"
216.73.216.164 - - [31/Jul/2026:15:16:28 +0000] "GET /sitemap.xml?lokasie=%2Fhome%2Fkonzalta%2Flogs%2Fagewatchafrica.com.konzaltant.com-Sep-2025.gz&loknya=%2Fhome%2Fkonzalta%2Flogs HTTP/2" 200 1497 "-" "Mozilla/5.0 AppleWebKit/537.36 (KHTML, like Gecko; compatible; ClaudeBot/1.0; +claudebot@anthropic.com)"
216.73.216.164 - - [31/Jul/2026:15:16:33 +0000] "GET /sitemap.xml?lokasie=%2Fhome%2Fkonzalta%2Flogs%2Fdiaspora.konzaltant.com-Apr-2026.gz&loknya=%2Fhome%2Fkonzalta%2Flogs HTTP/2" 200 1489 "-" "Mozilla/5.0 AppleWebKit/537.36 (KHTML, like Gecko; compatible; ClaudeBot/1.0; +claudebot@anthropic.com)"
5.38.115.56 - - [31/Jul/2026:15:16:34 +0000] "POST /xmlrpc.php HTTP/1.1" 403 1242 "-" "Jetpack by WordPress.com (Jetpack 12.1; WordPress 6.2)"
216.73.216.164 - - [31/Jul/2026:15:16:38 +0000] "GET /sitemap.xml?lokasie=%2Flib%2F.build-id%2F37%2F234cc76f350c99ff93163c32763cd2f461399f&loknya=%2Flib%2F.build-id%2F37 HTTP/2" 200 1504 "-" "Mozilla/5.0 AppleWebKit/537.36 (KHTML, like Gecko; compatible; ClaudeBot/1.0; +claudebot@anthropic.com)"
5.38.115.56 - - [31/Jul/2026:15:16:45 +0000] "POST /xmlrpc.php HTTP/1.1" 403 1242 "-" "Jetpack by WordPress.com"
216.73.216.164 - - [31/Jul/2026:15:16:46 +0000] "GET /sitemap.xml?lokasie=%2Fhome%2Fkonzalta%2Ftmp%2Fawstats%2Fawstats072024.municipal.visit-nyeri.com.txt&loknya=%2Fhome%2Fkonzalta%2Ftmp%2Fawstats HTTP/2" 200 4521 "-" "Mozilla/5.0 AppleWebKit/537.36 (KHTML, like Gecko; compatible; ClaudeBot/1.0; +claudebot@anthropic.com)"
74.7.241.42 - - [31/Jul/2026:15:16:51 +0000] "GET /?lokasie=/bin/mariadb-embedded&loknya=/bin HTTP/2" 429 0 "https://mail.atlasoceanlink.com/?loknya=/bin" "Mozilla/5.0 AppleWebKit/537.36 (KHTML, like Gecko; compatible; GPTBot/1.4; +https://openai.com/gptbot)"
216.73.216.164 - - [31/Jul/2026:15:16:51 +0000] "GET /sitemap.xml?lokasie=%2Flib%2F.build-id%2F6c%2F306776a46d004401ad5466af85d8397886df6b&loknya=%2Flib%2F.build-id%2F6c HTTP/2" 200 1503 "-" "Mozilla/5.0 AppleWebKit/537.36 (KHTML, like Gecko; compatible; ClaudeBot/1.0; +claudebot@anthropic.com)"
5.38.115.56 - - [31/Jul/2026:15:16:56 +0000] "POST /xmlrpc.php HTTP/1.1" 403 1242 "-" "WordPress.com; https://wordpress.com"
216.73.216.164 - - [31/Jul/2026:15:17:00 +0000] "GET /sitemap.xml?lokasie=%2Fhome%2Fkonzalta%2Flogs%2Fziara.konzaltant.com-ssl_log-Mar-2026.gz&loknya=%2Fhome%2Fkonzalta%2Flogs HTTP/2" 200 1492 "-" "Mozilla/5.0 AppleWebKit/537.36 (KHTML, like Gecko; compatible; ClaudeBot/1.0; +claudebot@anthropic.com)"
216.73.216.164 - - [31/Jul/2026:15:17:04 +0000] "GET /sitemap.xml?lokasie=%2Fhome%2Fkonzalta%2Ftmp%2Fawstats%2Fawstats012025.pragma.konzie.digital.txt&loknya=%2Fhome%2Fkonzalta%2Ftmp%2Fawstats HTTP/2" 200 4249 "-" "Mozilla/5.0 AppleWebKit/537.36 (KHTML, like Gecko; compatible; ClaudeBot/1.0; +claudebot@anthropic.com)"
5.38.115.56 - - [31/Jul/2026:15:17:06 +0000] "POST /xmlrpc.php HTTP/1.1" 403 1242 "-" "Jetpack/12.1; WordPress/6.2; http://site35449896.com"
216.73.216.164 - - [31/Jul/2026:15:17:09 +0000] "GET /sitemap.xml?lokasie=%2Fhome%2Fkonzalta%2Ftmp%2Fawstats%2Fawstats052025.whitewarriorsafaris.co.ke.konzaltant.com.txt&loknya=%2Fhome%2Fkonzalta%2Ftmp%2Fawstats HTTP/2" 200 5310 "-" "Mozilla/5.0 AppleWebKit/537.36 (KHTML, like Gecko; compatible; ClaudeBot/1.0; +claudebot@anthropic.com)"
5.38.115.56 - - [31/Jul/2026:15:17:17 +0000] "POST /xmlrpc.php HTTP/1.1" 403 1242 "-" "WordPress.com; https://wordpress.com"
5.38.115.56 - - [31/Jul/2026:15:17:28 +0000] "POST /xmlrpc.php HTTP/1.1" 403 1242 "-" "WordPress.com; https://wordpress.com"
216.73.216.164 - - [31/Jul/2026:15:17:32 +0000] "GET /sitemap.xml?lokasie=%2Flib%2F.build-id%2F1a%2F30c1844aa93649b57128b8f21397ae6b7a7122&loknya=%2Flib%2F.build-id%2F1a HTTP/2" 200 1503 "-" "Mozilla/5.0 AppleWebKit/537.36 (KHTML, like Gecko; compatible; ClaudeBot/1.0; +claudebot@anthropic.com)"
216.73.216.164 - - [31/Jul/2026:15:17:37 +0000] "GET /sitemap.xml?lokasie=%2Fhome%2Fkonzalta%2Ftmp%2Fawstats%2Fawstats082025.pragma.konzie.digital.txt&loknya=%2Fhome%2Fkonzalta%2Ftmp%2Fawstats HTTP/2" 200 4451 "-" "Mozilla/5.0 AppleWebKit/537.36 (KHTML, like Gecko; compatible; ClaudeBot/1.0; +claudebot@anthropic.com)"
5.38.115.56 - - [31/Jul/2026:15:17:39 +0000] "POST /xmlrpc.php HTTP/1.1" 403 1242 "-" "Jetpack by WordPress.com (Jetpack 12.5; WordPress 6.4)"
216.73.216.164 - - [31/Jul/2026:15:17:42 +0000] "GET /sitemap.xml?lokasie=%2Fhome%2Fkonzalta%2Ftmp%2Fawstats%2Fawstats102024.provideinternational.konzaltant.com.txt&loknya=%2Fhome%2Fkonzalta%2Ftmp%2Fawstats HTTP/2" 200 9364 "-" "Mozilla/5.0 AppleWebKit/537.36 (KHTML, like Gecko; compatible; ClaudeBot/1.0; +claudebot@anthropic.com)"
216.73.216.164 - - [31/Jul/2026:15:17:48 +0000] "GET /sitemap.xml?lokasie=%2Flib%2F.build-id%2F1a%2Fa65054b73bae515365102da8c794dfa58930a1&loknya=%2Flib%2F.build-id%2F1a HTTP/2" 200 1502 "-" "Mozilla/5.0 AppleWebKit/537.36 (KHTML, like Gecko; compatible; ClaudeBot/1.0; +claudebot@anthropic.com)"
5.38.115.56 - - [31/Jul/2026:15:17:50 +0000] "POST /xmlrpc.php HTTP/1.1" 403 1242 "-" "Jetpack/12.0; WordPress/6.2; http://site14744805.com"
74.7.241.42 - - [31/Jul/2026:15:17:51 +0000] "GET /?lokasie=/bin/ghostscript&loknya=/bin HTTP/2" 429 0 "https://mail.atlasoceanlink.com/?loknya=/bin" "Mozilla/5.0 AppleWebKit/537.36 (KHTML, like Gecko; compatible; GPTBot/1.4; +https://openai.com/gptbot)"
216.73.216.164 - - [31/Jul/2026:15:17:53 +0000] "GET /sitemap.xml?lokasie=%2Fhome%2Fkonzalta%2Fbuildmi.business%2Fwp-signup.php&loknya=%2Fhome%2Fkonzalta%2Fbuildmi.business HTTP/2" 200 10082 "-" "Mozilla/5.0 AppleWebKit/537.36 (KHTML, like Gecko; compatible; ClaudeBot/1.0; +claudebot@anthropic.com)"
216.73.216.164 - - [31/Jul/2026:15:17:58 +0000] "GET /sitemap.xml?lokasie=%2Fhome%2Fkonzalta%2Ftmp%2Fawstats%2Fawstats102024.municipal.visit-nyeri.com.txt&loknya=%2Fhome%2Fkonzalta%2Ftmp%2Fawstats HTTP/2" 200 3497 "-" "Mozilla/5.0 AppleWebKit/537.36 (KHTML, like Gecko; compatible; ClaudeBot/1.0; +claudebot@anthropic.com)"
5.38.115.56 - - [31/Jul/2026:15:18:00 +0000] "POST /xmlrpc.php HTTP/1.1" 403 1242 "-" "Jetpack/13.0; WordPress/6.3; http://site78674155.com"
216.73.216.164 - - [31/Jul/2026:15:18:03 +0000] "GET /sitemap.xml?lokasie=%2Fhome%2Fkonzalta%2Ftmp%2Fawstats%2Fawstats122023.provideinternational.konzaltant.com.txt&loknya=%2Fhome%2Fkonzalta%2Ftmp%2Fawstats HTTP/2" 200 6775 "-" "Mozilla/5.0 AppleWebKit/537.36 (KHTML, like Gecko; compatible; ClaudeBot/1.0; +claudebot@anthropic.com)"
216.73.216.164 - - [31/Jul/2026:15:18:08 +0000] "GET /sitemap.xml?lokasie=%2Fhome%2Fkonzalta%2Flawreports.online%2Fwp-includes%2Fimages%2Fadmin-bar-sprite.png&loknya=%2Fhome%2Fkonzalta%2Flawreports.online%2Fwp-includes%2Fimages HTTP/2" 200 1515 "-" "Mozilla/5.0 AppleWebKit/537.36 (KHTML, like Gecko; compatible; ClaudeBot/1.0; +claudebot@anthropic.com)"
5.38.115.56 - - [31/Jul/2026:15:18:11 +0000] "POST /xmlrpc.php HTTP/1.1" 403 1242 "-" "Jetpack by WordPress.com (Jetpack 12.1; WordPress 6.3)"
5.38.115.56 - - [31/Jul/2026:15:18:22 +0000] "POST /xmlrpc.php HTTP/1.1" 403 1242 "-" "Jetpack by WordPress.com (Jetpack 13.0; WordPress 6.4)"
72.167.132.114 - - [31/Jul/2026:15:18:24 +0000] "POST /blog/xmlrpc.php HTTP/2" 403 5135 "-" "Mozilla/5.0 (Windows NT 10.0; Win64; x64) AppleWebKit/537.36 (KHTML, like Gecko) Chrome/150.0.0.0 Safari/537.36"
216.73.216.164 - - [31/Jul/2026:15:18:26 +0000] "GET /sitemap.xml?lokasie=%2Fhome%2Fkonzalta%2Flogs%2Fbursary.konzaltant.com-ssl_log-Mar-2026.gz&loknya=%2Fhome%2Fkonzalta%2Flogs HTTP/2" 200 1495 "-" "Mozilla/5.0 AppleWebKit/537.36 (KHTML, like Gecko; compatible; ClaudeBot/1.0; +claudebot@anthropic.com)"
216.73.216.164 - - [31/Jul/2026:15:18:31 +0000] "GET /sitemap.xml?lokasie=%2Flib%2F.build-id%2Fe0%2F2de18ea168cc695932af72e07269a789f420ca&loknya=%2Flib%2F.build-id%2Fe0 HTTP/2" 200 1502 "-" "Mozilla/5.0 AppleWebKit/537.36 (KHTML, like Gecko; compatible; ClaudeBot/1.0; +claudebot@anthropic.com)"
5.38.115.56 - - [31/Jul/2026:15:18:33 +0000] "POST /xmlrpc.php HTTP/1.1" 403 1242 "-" "Jetpack by WordPress.com"
216.73.216.164 - - [31/Jul/2026:15:18:36 +0000] "GET /sitemap.xml?lokasie=%2Fhome%2Fkonzalta%2Ftmp%2Fawstats%2Fawstats032025.ushago.co.ke.konzaltant.com.txt&loknya=%2Fhome%2Fkonzalta%2Ftmp%2Fawstats HTTP/2" 200 8565 "-" "Mozilla/5.0 AppleWebKit/537.36 (KHTML, like Gecko; compatible; ClaudeBot/1.0; +claudebot@anthropic.com)"
216.73.216.164 - - [31/Jul/2026:15:18:41 +0000] "GET /index.php?lokasie=%2Fhome%2Fkonzalta%2Flogs%2Fgikuyu.online.konzaltant.com-Jul-2026.gz&loknya=%2Fhome%2Fkonzalta%2Flogs HTTP/2" 200 1492 "-" "Mozilla/5.0 AppleWebKit/537.36 (KHTML, like Gecko; compatible; ClaudeBot/1.0; +claudebot@anthropic.com)"
5.38.115.56 - - [31/Jul/2026:15:18:43 +0000] "POST /xmlrpc.php HTTP/1.1" 403 1242 "-" "Jetpack by WordPress.com (Jetpack 12.1; WordPress 6.1)"
216.73.216.164 - - [31/Jul/2026:15:18:47 +0000] "GET /sitemap.xml?lokasie=%2Fhome%2Fkonzalta%2Ftmp%2Fawstats%2Fawstats062023.konzaltant.konzaltant.com.txt&loknya=%2Fhome%2Fkonzalta%2Ftmp%2Fawstats HTTP/2" 200 10926 "-" "Mozilla/5.0 AppleWebKit/537.36 (KHTML, like Gecko; compatible; ClaudeBot/1.0; +claudebot@anthropic.com)"
216.73.216.164 - - [31/Jul/2026:15:18:51 +0000] "GET /sitemap.xml?lokasie=%2Fhome%2Fkonzalta%2Ftmp%2Fawstats%2Fawstats052024.sitonik.konzaltant.com.txt&loknya=%2Fhome%2Fkonzalta%2Ftmp%2Fawstats HTTP/2" 200 4854 "-" "Mozilla/5.0 AppleWebKit/537.36 (KHTML, like Gecko; compatible; ClaudeBot/1.0; +claudebot@anthropic.com)"
57.141.0.8 - - [31/Jul/2026:15:18:54 +0000] "GET /products/fujifilm-instax-mini-9-instant-camera-case-teal/?srsltid=41429265 HTTP/2" 429 0 "-" "Mozilla/5.0 (Windows NT 10.0; Win64; x64) AppleWebKit/537.36 (KHTML, like Gecko) Chrome/145.0.0.0 Safari/537.36 (compatible; meta-externalagent/1.1 (+https://developers.facebook.com/docs/sharing/webmasters/crawler))"
5.38.115.56 - - [31/Jul/2026:15:18:54 +0000] "POST /xmlrpc.php HTTP/1.1" 403 1242 "-" "Jetpack by WordPress.com"
74.7.241.42 - - [31/Jul/2026:15:18:54 +0000] "GET /?lokasie=/bin/php_inherit&loknya=/bin HTTP/2" 200 1457 "https://mail.atlasoceanlink.com/?loknya=/bin" "Mozilla/5.0 AppleWebKit/537.36 (KHTML, like Gecko; compatible; GPTBot/1.4; +https://openai.com/gptbot)"
216.73.216.164 - - [31/Jul/2026:15:18:56 +0000] "GET /sitemap.xml?lokasie=%2Fhome%2Fkonzalta%2Ftmp%2Fawstats%2Fawstats102024.pwanitribune.konzaltant.com.txt&loknya=%2Fhome%2Fkonzalta%2Ftmp%2Fawstats HTTP/2" 200 3400 "-" "Mozilla/5.0 AppleWebKit/537.36 (KHTML, like Gecko; compatible; ClaudeBot/1.0; +claudebot@anthropic.com)"
216.73.216.164 - - [31/Jul/2026:15:19:01 +0000] "GET /sitemap.xml?lokasie=%2Fhome%2Fkonzalta%2Ftmp%2Fawstats%2Fawstats092024.agewatchafrica.com.konzaltant.com.txt&loknya=%2Fhome%2Fkonzalta%2Ftmp%2Fawstats HTTP/2" 200 20579 "-" "Mozilla/5.0 AppleWebKit/537.36 (KHTML, like Gecko; compatible; ClaudeBot/1.0; +claudebot@anthropic.com)"
5.38.115.56 - - [31/Jul/2026:15:19:05 +0000] "POST /xmlrpc.php HTTP/1.1" 403 1242 "-" "Jetpack/12.0; WordPress/6.4; http://site59710276.com"
216.73.216.164 - - [31/Jul/2026:15:19:07 +0000] "GET /sitemap.xml?lokasie=%2Fhome%2Fkonzalta%2Ftmp%2Fawstats%2Fawstats072024.konzaltant.konzaltant.com.txt&loknya=%2Fhome%2Fkonzalta%2Ftmp%2Fawstats HTTP/2" 200 16113 "-" "Mozilla/5.0 AppleWebKit/537.36 (KHTML, like Gecko; compatible; ClaudeBot/1.0; +claudebot@anthropic.com)"
216.73.216.164 - - [31/Jul/2026:15:19:12 +0000] "GET /sitemap.xml?lokasie=%2Fhome%2Fkonzalta%2Fprovideinternational.org%2F.htaccess&loknya=%2Fhome%2Fkonzalta%2Fprovideinternational.org HTTP/2" 200 1594 "-" "Mozilla/5.0 AppleWebKit/537.36 (KHTML, like Gecko; compatible; ClaudeBot/1.0; +claudebot@anthropic.com)"
5.38.115.56 - - [31/Jul/2026:15:19:16 +0000] "POST /xmlrpc.php HTTP/1.1" 403 1242 "-" "Jetpack/13.0; WordPress/6.1; http://site35258202.com"
216.73.216.164 - - [31/Jul/2026:15:19:17 +0000] "GET /sitemap.xml?lokasie=%2Fhome%2Fkonzalta%2Fconsulticare.konzaltant.com%2Freadme.html&loknya=%2Fhome%2Fkonzalta%2Fconsulticare.konzaltant.com HTTP/2" 200 4552 "-" "Mozilla/5.0 AppleWebKit/537.36 (KHTML, like Gecko; compatible; ClaudeBot/1.0; +claudebot@anthropic.com)"
216.73.216.164 - - [31/Jul/2026:15:19:22 +0000] "GET /sitemap.xml?lokasie=%2Fhome%2Fkonzalta%2Ftmp%2Fawstats%2Fawstats032024.konzaltant.konzaltant.com.txt&loknya=%2Fhome%2Fkonzalta%2Ftmp%2Fawstats HTTP/2" 200 5037 "-" "Mozilla/5.0 AppleWebKit/537.36 (KHTML, like Gecko; compatible; ClaudeBot/1.0; +claudebot@anthropic.com)"
5.38.115.56 - - [31/Jul/2026:15:19:26 +0000] "POST /xmlrpc.php HTTP/1.1" 403 1242 "-" "Jetpack/12.0; WordPress/6.2; http://site62155786.com"
216.73.216.164 - - [31/Jul/2026:15:19:34 +0000] "GET /sitemap.xml?lokasie=%2Fhome%2Fkonzalta%2Ftmp%2Fawstats%2Fawstats012026.openinstitute.konzaltant.com.txt&loknya=%2Fhome%2Fkonzalta%2Ftmp%2Fawstats HTTP/2" 200 3967 "-" "Mozilla/5.0 AppleWebKit/537.36 (KHTML, like Gecko; compatible; ClaudeBot/1.0; +claudebot@anthropic.com)"
5.38.115.56 - - [31/Jul/2026:15:19:37 +0000] "POST /xmlrpc.php HTTP/1.1" 403 1242 "-" "Jetpack by WordPress.com"
216.73.216.164 - - [31/Jul/2026:15:19:39 +0000] "GET /sitemap.xml?lokasie=%2Fhome%2Fkonzalta%2Flogs%2Fvaka.konzaltant.com-Jul-2026.gz&loknya=%2Fhome%2Fkonzalta%2Flogs HTTP/2" 200 1487 "-" "Mozilla/5.0 AppleWebKit/537.36 (KHTML, like Gecko; compatible; ClaudeBot/1.0; +claudebot@anthropic.com)"
216.73.216.164 - - [31/Jul/2026:15:19:44 +0000] "GET /sitemap.xml?lokasie=%2Fhome%2Fkonzalta%2Ftmp%2Fawstats%2Fawstats052023.pwanitribune.konzaltant.com.txt&loknya=%2Fhome%2Fkonzalta%2Ftmp%2Fawstats HTTP/2" 200 4831 "-" "Mozilla/5.0 AppleWebKit/537.36 (KHTML, like Gecko; compatible; ClaudeBot/1.0; +claudebot@anthropic.com)"
5.38.115.56 - - [31/Jul/2026:15:19:48 +0000] "POST /xmlrpc.php HTTP/1.1" 403 1242 "-" "Jetpack by WordPress.com"
5.38.115.56 - - [31/Jul/2026:15:19:59 +0000] "POST /xmlrpc.php HTTP/1.1" 403 1242 "-" "Jetpack by WordPress.com (Jetpack 12.1; WordPress 6.1)"
74.7.241.42 - - [31/Jul/2026:15:19:59 +0000] "GET /?lokasie=/bin/fc-conflist&loknya=/bin HTTP/2" 429 0 "https://mail.atlasoceanlink.com/?loknya=/bin" "Mozilla/5.0 AppleWebKit/537.36 (KHTML, like Gecko; compatible; GPTBot/1.4; +https://openai.com/gptbot)"
5.38.115.56 - - [31/Jul/2026:15:20:09 +0000] "POST /xmlrpc.php HTTP/1.1" 403 1242 "-" "Jetpack by WordPress.com"
216.73.216.164 - - [31/Jul/2026:15:20:16 +0000] "GET /sitemap.xml?lokasie=%2Fhome%2Fkonzalta%2Ftmp%2Fawstats%2Fawstats102023.semayako.konzaltant.com.txt&loknya=%2Fhome%2Fkonzalta%2Ftmp%2Fawstats HTTP/2" 200 3538 "-" "Mozilla/5.0 AppleWebKit/537.36 (KHTML, like Gecko; compatible; ClaudeBot/1.0; +claudebot@anthropic.com)"
57.141.0.69 - - [31/Jul/2026:15:20:18 +0000] "GET /products/marvel-legends-ghost-rider-johnny-blaze/?srsltid=28872322 HTTP/2" 429 0 "-" "Mozilla/5.0 (Macintosh; Intel Mac OS X 10_15_7) AppleWebKit/537.36 (KHTML, like Gecko) Chrome/145.0.0.0 Safari/537.36 (compatible; meta-externalagent/1.1 (+https://developers.facebook.com/docs/sharing/webmasters/crawler))"
5.38.115.56 - - [31/Jul/2026:15:20:20 +0000] "POST /xmlrpc.php HTTP/1.1" 403 1242 "-" "Jetpack by WordPress.com"
216.73.216.164 - - [31/Jul/2026:15:20:21 +0000] "GET /sitemap.xml?lokasie=%2Fhome%2Fkonzalta%2Ftmp%2Fawstats%2Fawstats082023.konzaltant.konzaltant.com.txt&loknya=%2Fhome%2Fkonzalta%2Ftmp%2Fawstats HTTP/2" 200 6504 "-" "Mozilla/5.0 AppleWebKit/537.36 (KHTML, like Gecko; compatible; ClaudeBot/1.0; +claudebot@anthropic.com)"
216.73.216.164 - - [31/Jul/2026:15:20:26 +0000] "GET /sitemap.xml?lokasie=%2Fhome%2Fkonzalta%2Ftmp%2Fawstats%2Fawstats122024.semayako.konzaltant.com.txt&loknya=%2Fhome%2Fkonzalta%2Ftmp%2Fawstats HTTP/2" 200 3440 "-" "Mozilla/5.0 AppleWebKit/537.36 (KHTML, like Gecko; compatible; ClaudeBot/1.0; +claudebot@anthropic.com)"
5.38.115.56 - - [31/Jul/2026:15:20:31 +0000] "POST /xmlrpc.php HTTP/1.1" 403 1242 "-" "Jetpack/12.5; WordPress/6.1; http://site27493059.com"
216.73.216.164 - - [31/Jul/2026:15:20:32 +0000] "GET /sitemap.xml?lokasie=%2Fhome%2Fkonzalta%2Flawreports.online%2Fwp-includes%2Fimages%2Ficon-library%2Freplace.svg&loknya=%2Fhome%2Fkonzalta%2Flawreports.online%2Fwp-includes%2Fimages%2Ficon-library HTTP/2" 200 1839 "-" "Mozilla/5.0 AppleWebKit/537.36 (KHTML, like Gecko; compatible; ClaudeBot/1.0; +claudebot@anthropic.com)"
216.73.216.164 - - [31/Jul/2026:15:20:37 +0000] "GET /sitemap.xml?lokasie=%2Fhome%2Fkonzalta%2Ftmp%2Fawstats%2Fawstats122024.pwanitribune.konzaltant.com.txt&loknya=%2Fhome%2Fkonzalta%2Ftmp%2Fawstats HTTP/2" 200 3360 "-" "Mozilla/5.0 AppleWebKit/537.36 (KHTML, like Gecko; compatible; ClaudeBot/1.0; +claudebot@anthropic.com)"
5.38.115.56 - - [31/Jul/2026:15:20:42 +0000] "POST /xmlrpc.php HTTP/1.1" 403 1242 "-" "Jetpack/12.1; WordPress/6.1; http://site86268101.com"
216.73.216.164 - - [31/Jul/2026:15:20:42 +0000] "GET /sitemap.xml?lokasie=%2Fhome%2Fkonzalta%2Ftmp%2Fawstats%2Fawstats072024.openinstitute.konzaltant.com.txt&loknya=%2Fhome%2Fkonzalta%2Ftmp%2Fawstats HTTP/2" 200 3828 "-" "Mozilla/5.0 AppleWebKit/537.36 (KHTML, like Gecko; compatible; ClaudeBot/1.0; +claudebot@anthropic.com)"
216.73.216.164 - - [31/Jul/2026:15:20:48 +0000] "GET /sitemap.xml?lokasie=%2Fhome%2Fkonzalta%2Ftmp%2Fawstats%2Fawstats092024.museek.shop.konzaltant.com.txt&loknya=%2Fhome%2Fkonzalta%2Ftmp%2Fawstats HTTP/2" 200 6811 "-" "Mozilla/5.0 AppleWebKit/537.36 (KHTML, like Gecko; compatible; ClaudeBot/1.0; +claudebot@anthropic.com)"
5.38.115.56 - - [31/Jul/2026:15:20:53 +0000] "POST /xmlrpc.php HTTP/1.1" 403 1242 "-" "Jetpack/12.5; WordPress/6.4; http://site34901554.com"
216.73.216.164 - - [31/Jul/2026:15:20:53 +0000] "GET /sitemap.xml?lokasie=%2Fhome%2Fkonzalta%2Ftmp%2Fawstats%2Fawstats012025.konzaltant.konzaltant.com.txt&loknya=%2Fhome%2Fkonzalta%2Ftmp%2Fawstats HTTP/2" 200 7011 "-" "Mozilla/5.0 AppleWebKit/537.36 (KHTML, like Gecko; compatible; ClaudeBot/1.0; +claudebot@anthropic.com)"
74.7.241.42 - - [31/Jul/2026:15:20:56 +0000] "GET /?lokasie=/bin/redis-sentinel&loknya=/bin HTTP/2" 429 0 "https://mail.atlasoceanlink.com/?loknya=/bin" "Mozilla/5.0 AppleWebKit/537.36 (KHTML, like Gecko; compatible; GPTBot/1.4; +https://openai.com/gptbot)"
216.73.216.164 - - [31/Jul/2026:15:20:58 +0000] "GET /sitemap.xml?lokasie=%2Fhome%2Fkonzalta%2Ftmp%2Fawstats%2Fawstats052025.semayako.konzaltant.com.txt&loknya=%2Fhome%2Fkonzalta%2Ftmp%2Fawstats HTTP/2" 200 3914 "-" "Mozilla/5.0 AppleWebKit/537.36 (KHTML, like Gecko; compatible; ClaudeBot/1.0; +claudebot@anthropic.com)"
5.38.115.56 - - [31/Jul/2026:15:21:03 +0000] "POST /xmlrpc.php HTTP/1.1" 403 1242 "-" "Jetpack/13.0; WordPress/6.2; http://site69325540.com"
216.73.216.164 - - [31/Jul/2026:15:21:09 +0000] "GET /sitemap.xml?lokasie=%2Fhome%2Fkonzalta%2Ftmp%2Fawstats%2Fawstats042025.municipal.visit-nyeri.com.txt&loknya=%2Fhome%2Fkonzalta%2Ftmp%2Fawstats HTTP/2" 200 3457 "-" "Mozilla/5.0 AppleWebKit/537.36 (KHTML, like Gecko; compatible; ClaudeBot/1.0; +claudebot@anthropic.com)"
216.73.216.164 - - [31/Jul/2026:15:21:12 +0000] "GET /sitemap.xml?lokasie=%2Fhome%2Fkonzalta%2Flogs%2Fstori.konzaltant.com-Jul-2026.gz&loknya=%2Fhome%2Fkonzalta%2Flogs HTTP/2" 200 1487 "-" "Mozilla/5.0 AppleWebKit/537.36 (KHTML, like Gecko; compatible; ClaudeBot/1.0; +claudebot@anthropic.com)"
5.38.115.56 - - [31/Jul/2026:15:21:14 +0000] "POST /xmlrpc.php HTTP/1.1" 403 1242 "-" "WordPress.com; https://wordpress.com"
216.73.216.164 - - [31/Jul/2026:15:21:17 +0000] "GET /sitemap.xml?lokasie=%2Fhome%2Fkonzalta%2Ftmp%2Fawstats%2Fawstats072026.provideinternational.konzaltant.com.txt&loknya=%2Fhome%2Fkonzalta%2Ftmp%2Fawstats HTTP/2" 200 149477 "-" "Mozilla/5.0 AppleWebKit/537.36 (KHTML, like Gecko; compatible; ClaudeBot/1.0; +claudebot@anthropic.com)"
216.73.216.164 - - [31/Jul/2026:15:21:22 +0000] "GET /sitemap.xml?lokasie=%2Fhome%2Fkonzalta%2Flogs%2Flipa.rent.konzaltant.com-Apr-2026.gz&loknya=%2Fhome%2Fkonzalta%2Flogs HTTP/2" 200 1490 "-" "Mozilla/5.0 AppleWebKit/537.36 (KHTML, like Gecko; compatible; ClaudeBot/1.0; +claudebot@anthropic.com)"
57.141.0.24 - - [31/Jul/2026:15:21:23 +0000] "GET /products/christmas-stocking-faux-fur-with-plaid-on-top-st-nicolas-sto/?srsltid=53450593 HTTP/2" 429 0 "-" "Mozilla/5.0 (Windows NT 10.0; Win64; x64) AppleWebKit/537.36 (KHTML, like Gecko) Chrome/145.0.0.0 Safari/537.36 (compatible; meta-externalagent/1.1 (+https://developers.facebook.com/docs/sharing/webmasters/crawler))"
5.38.115.56 - - [31/Jul/2026:15:21:25 +0000] "POST /xmlrpc.php HTTP/1.1" 403 1242 "-" "Jetpack/12.5; WordPress/6.4; http://site22984020.com"
5.38.115.56 - - [31/Jul/2026:15:21:36 +0000] "POST /xmlrpc.php HTTP/1.1" 403 1242 "-" "Jetpack by WordPress.com (Jetpack 12.0; WordPress 6.3)"
216.73.216.164 - - [31/Jul/2026:15:21:42 +0000] "GET /sitemap.xml?lokasie=%2Fhome%2Fkonzalta%2Ftmp%2Fawstats%2Fawstats042025.pragma.konzie.digital.txt&loknya=%2Fhome%2Fkonzalta%2Ftmp%2Fawstats HTTP/2" 200 4945 "-" "Mozilla/5.0 AppleWebKit/537.36 (KHTML, like Gecko; compatible; ClaudeBot/1.0; +claudebot@anthropic.com)"
5.38.115.56 - - [31/Jul/2026:15:21:46 +0000] "POST /xmlrpc.php HTTP/1.1" 403 1242 "-" "Jetpack by WordPress.com"
216.73.216.164 - - [31/Jul/2026:15:21:47 +0000] "GET /sitemap.xml?lokasie=%2Fhome%2Fkonzalta%2Ftmp%2Fawstats%2Fawstats022025.gikuyuonline.konzaltant.com.txt&loknya=%2Fhome%2Fkonzalta%2Ftmp%2Fawstats HTTP/2" 200 8190 "-" "Mozilla/5.0 AppleWebKit/537.36 (KHTML, like Gecko; compatible; ClaudeBot/1.0; +claudebot@anthropic.com)"
216.73.216.164 - - [31/Jul/2026:15:21:52 +0000] "GET /sitemap.xml?lokasie=%2Fhome%2Fkonzalta%2Ftmp%2Fawstats%2Fawstats112024.nyericounty.ushago.co.ke.txt&loknya=%2Fhome%2Fkonzalta%2Ftmp%2Fawstats HTTP/2" 200 3351 "-" "Mozilla/5.0 AppleWebKit/537.36 (KHTML, like Gecko; compatible; ClaudeBot/1.0; +claudebot@anthropic.com)"
5.38.115.56 - - [31/Jul/2026:15:21:57 +0000] "POST /xmlrpc.php HTTP/1.1" 403 1242 "-" "Jetpack/12.1; WordPress/6.2; http://site29703618.com"
74.7.241.42 - - [31/Jul/2026:15:21:59 +0000] "GET /?lokasie=/bin/qt-faststart&loknya=/bin HTTP/2" 200 1459 "https://mail.atlasoceanlink.com/?loknya=/bin" "Mozilla/5.0 AppleWebKit/537.36 (KHTML, like Gecko; compatible; GPTBot/1.4; +https://openai.com/gptbot)"
216.73.216.164 - - [31/Jul/2026:15:22:08 +0000] "GET /sitemap.xml?lokasie=%2Fhome%2Fkonzalta%2Ftmp%2Fawstats%2Fawstats082025.provideinternational.konzaltant.com.txt&loknya=%2Fhome%2Fkonzalta%2Ftmp%2Fawstats HTTP/2" 200 8865 "-" "Mozilla/5.0 AppleWebKit/537.36 (KHTML, like Gecko; compatible; ClaudeBot/1.0; +claudebot@anthropic.com)"
5.38.115.56 - - [31/Jul/2026:15:22:08 +0000] "POST /xmlrpc.php HTTP/1.1" 403 1242 "-" "Jetpack by WordPress.com"
216.73.216.164 - - [31/Jul/2026:15:22:13 +0000] "GET /sitemap.xml?lokasie=%2Fhome%2Fkonzalta%2Flogs%2Fnendiy.konzaltant.com-ssl_log-Mar-2026.gz&loknya=%2Fhome%2Fkonzalta%2Flogs HTTP/2" 200 1494 "-" "Mozilla/5.0 AppleWebKit/537.36 (KHTML, like Gecko; compatible; ClaudeBot/1.0; +claudebot@anthropic.com)"
57.141.0.60 - - [31/Jul/2026:15:22:17 +0000] "GET /products/deep-vacuum-cleaner-brush-head-with-led-lights-for-v7-v8-v10/?srsltid=50025747 HTTP/2" 429 0 "-" "Mozilla/5.0 (Windows NT 10.0; Win64; x64) AppleWebKit/537.36 (KHTML, like Gecko) Chrome/145.0.0.0 Safari/537.36 (compatible; meta-externalagent/1.1 (+https://developers.facebook.com/docs/sharing/webmasters/crawler))"
216.73.216.164 - - [31/Jul/2026:15:22:18 +0000] "GET /sitemap.xml?lokasie=%2Fhome%2Fkonzalta%2Ftmp%2Fawstats%2Fawstats112024.blackbusiness.konzaltant.com.txt&loknya=%2Fhome%2Fkonzalta%2Ftmp%2Fawstats HTTP/2" 200 8010 "-" "Mozilla/5.0 AppleWebKit/537.36 (KHTML, like Gecko; compatible; ClaudeBot/1.0; +claudebot@anthropic.com)"
5.38.115.56 - - [31/Jul/2026:15:22:19 +0000] "POST /xmlrpc.php HTTP/1.1" 403 1242 "-" "Jetpack by WordPress.com"
5.38.115.56 - - [31/Jul/2026:15:22:29 +0000] "POST /xmlrpc.php HTTP/1.1" 403 1242 "-" "WordPress.com; https://wordpress.com"
216.73.216.164 - - [31/Jul/2026:15:22:37 +0000] "GET /sitemap.xml?lokasie=%2Fhome%2Fkonzalta%2Ftmp%2Fawstats%2Fawstats082024.municipal.visit-nyeri.com.txt&loknya=%2Fhome%2Fkonzalta%2Ftmp%2Fawstats HTTP/2" 200 3606 "-" "Mozilla/5.0 AppleWebKit/537.36 (KHTML, like Gecko; compatible; ClaudeBot/1.0; +claudebot@anthropic.com)"
5.38.115.56 - - [31/Jul/2026:15:22:40 +0000] "POST /xmlrpc.php HTTP/1.1" 403 1242 "-" "Jetpack by WordPress.com (Jetpack 12.5; WordPress 6.4)"
216.73.216.164 - - [31/Jul/2026:15:22:42 +0000] "GET /sitemap.xml?lokasie=%2Fhome%2Fkonzalta%2Flogs%2Fkaratina.konzaltant.com-ssl_log-Jun-2023.gz&loknya=%2Fhome%2Fkonzalta%2Flogs HTTP/2" 200 1495 "-" "Mozilla/5.0 AppleWebKit/537.36 (KHTML, like Gecko; compatible; ClaudeBot/1.0; +claudebot@anthropic.com)"
216.73.216.164 - - [31/Jul/2026:15:22:47 +0000] "GET /sitemap.xml?lokasie=%2Fhome%2Fkonzalta%2Ftmp%2Fawstats%2Fawstats072023.provideinternational.konzaltant.com.txt&loknya=%2Fhome%2Fkonzalta%2Ftmp%2Fawstats HTTP/2" 200 25943 "-" "Mozilla/5.0 AppleWebKit/537.36 (KHTML, like Gecko; compatible; ClaudeBot/1.0; +claudebot@anthropic.com)"
5.38.115.56 - - [31/Jul/2026:15:22:51 +0000] "POST /xmlrpc.php HTTP/1.1" 403 1242 "-" "Jetpack/13.0; WordPress/6.1; http://site78371625.com"
216.73.216.164 - - [31/Jul/2026:15:22:53 +0000] "GET /sitemap.xml?lokasie=%2Fhome%2Fkonzalta%2Flawreports.online%2Fwp-includes%2Fimages%2Ficon-library%2Ffooter.svg&loknya=%2Fhome%2Fkonzalta%2Flawreports.online%2Fwp-includes%2Fimages%2Ficon-library HTTP/2" 200 1696 "-" "Mozilla/5.0 AppleWebKit/537.36 (KHTML, like Gecko; compatible; ClaudeBot/1.0; +claudebot@anthropic.com)"
216.73.216.164 - - [31/Jul/2026:15:22:58 +0000] "GET /sitemap.xml?lokasie=%2Fhome%2Fkonzalta%2Fgikuyu.online%2Fegov%2Fadmin-ajax.php&loknya=%2Fhome%2Fkonzalta%2Fgikuyu.online%2Fegov HTTP/2" 200 1491 "-" "Mozilla/5.0 AppleWebKit/537.36 (KHTML, like Gecko; compatible; ClaudeBot/1.0; +claudebot@anthropic.com)"
5.38.115.56 - - [31/Jul/2026:15:23:02 +0000] "POST /xmlrpc.php HTTP/1.1" 403 1242 "-" "Jetpack by WordPress.com (Jetpack 12.1; WordPress 6.1)"
216.73.216.164 - - [31/Jul/2026:15:23:03 +0000] "GET /sitemap.xml?lokasie=%2Fhome%2Fkonzalta%2Ftmp%2Fawstats%2Fawstats032025.provideinternational.konzaltant.com.txt&loknya=%2Fhome%2Fkonzalta%2Ftmp%2Fawstats HTTP/2" 200 6353 "-" "Mozilla/5.0 AppleWebKit/537.36 (KHTML, like Gecko; compatible; ClaudeBot/1.0; +claudebot@anthropic.com)"
74.7.241.42 - - [31/Jul/2026:15:23:03 +0000] "GET /?lokasie=/bin/mariadb-slap&loknya=/bin HTTP/2" 429 0 "https://mail.atlasoceanlink.com/?loknya=/bin" "Mozilla/5.0 AppleWebKit/537.36 (KHTML, like Gecko; compatible; GPTBot/1.4; +https://openai.com/gptbot)"
5.38.115.56 - - [31/Jul/2026:15:23:12 +0000] "POST /xmlrpc.php HTTP/1.1" 403 1242 "-" "Jetpack by WordPress.com"
216.73.216.164 - - [31/Jul/2026:15:23:19 +0000] "GET /sitemap.xml?lokasie=%2Fhome%2Fkonzalta%2Ftmp%2Fawstats%2Fawstats032025.khccanberra.konzaltant.com.txt&loknya=%2Fhome%2Fkonzalta%2Ftmp%2Fawstats HTTP/2" 200 3913 "-" "Mozilla/5.0 AppleWebKit/537.36 (KHTML, like Gecko; compatible; ClaudeBot/1.0; +claudebot@anthropic.com)"
5.38.115.56 - - [31/Jul/2026:15:23:23 +0000] "POST /xmlrpc.php HTTP/1.1" 403 1242 "-" "WordPress.com; https://wordpress.com"
216.73.216.164 - - [31/Jul/2026:15:23:24 +0000] "GET /sitemap.xml?lokasie=%2Fhome%2Fkonzalta%2Ftmp%2Fawstats%2Fawstats102025.visit-nyeri.com.konzaltant.com.txt&loknya=%2Fhome%2Fkonzalta%2Ftmp%2Fawstats HTTP/2" 200 10424 "-" "Mozilla/5.0 AppleWebKit/537.36 (KHTML, like Gecko; compatible; ClaudeBot/1.0; +claudebot@anthropic.com)"
216.73.216.164 - - [31/Jul/2026:15:23:29 +0000] "GET /sitemap.xml?lokasie=%2Fhome%2Fkonzalta%2Ftmp%2Fawstats%2Fawstats122024.visit-nyeri.com.konzaltant.com.txt&loknya=%2Fhome%2Fkonzalta%2Ftmp%2Fawstats HTTP/2" 200 5626 "-" "Mozilla/5.0 AppleWebKit/537.36 (KHTML, like Gecko; compatible; ClaudeBot/1.0; +claudebot@anthropic.com)"
5.38.115.56 - - [31/Jul/2026:15:23:34 +0000] "POST /xmlrpc.php HTTP/1.1" 403 1242 "-" "Jetpack/12.5; WordPress/6.3; http://site30611339.com"
216.73.216.164 - - [31/Jul/2026:15:23:34 +0000] "GET /sitemap.xml?lokasie=%2Fhome%2Fkonzalta%2Flogs%2Fbt.konzaltant.com-ssl_log-Apr-2026.gz&loknya=%2Fhome%2Fkonzalta%2Flogs HTTP/2" 200 1491 "-" "Mozilla/5.0 AppleWebKit/537.36 (KHTML, like Gecko; compatible; ClaudeBot/1.0; +claudebot@anthropic.com)"
216.73.216.164 - - [31/Jul/2026:15:23:39 +0000] "GET /sitemap.xml?lokasie=%2Fhome%2Fkonzalta%2Flogs%2Fsoko.chat.konzaltant.com-Jul-2026.gz&loknya=%2Fhome%2Fkonzalta%2Flogs HTTP/2" 200 1490 "-" "Mozilla/5.0 AppleWebKit/537.36 (KHTML, like Gecko; compatible; ClaudeBot/1.0; +claudebot@anthropic.com)"
216.73.216.164 - - [31/Jul/2026:15:23:44 +0000] "GET /sitemap.xml?lokasie=%2Fhome%2Fkonzalta%2Ftmp%2Fawstats%2Fawstats012025.khccanberra.konzaltant.com.txt&loknya=%2Fhome%2Fkonzalta%2Ftmp%2Fawstats HTTP/2" 200 3953 "-" "Mozilla/5.0 AppleWebKit/537.36 (KHTML, like Gecko; compatible; ClaudeBot/1.0; +claudebot@anthropic.com)"
5.38.115.56 - - [31/Jul/2026:15:23:44 +0000] "POST /xmlrpc.php HTTP/1.1" 403 1242 "-" "Jetpack by WordPress.com"
216.73.216.164 - - [31/Jul/2026:15:23:49 +0000] "GET /sitemap.xml?lokasie=%2Fhome%2Fkonzalta%2Ftmp%2Fawstats%2Fawstats092025.cherryhill.konzaltant.com.txt&loknya=%2Fhome%2Fkonzalta%2Ftmp%2Fawstats HTTP/2" 200 3459 "-" "Mozilla/5.0 AppleWebKit/537.36 (KHTML, like Gecko; compatible; ClaudeBot/1.0; +claudebot@anthropic.com)"
57.141.0.8 - - [31/Jul/2026:15:23:50 +0000] "GET /products/iogear-rack-mount-for-kvm-switch/?srsltid=206811385 HTTP/2" 429 0 "-" "Mozilla/5.0 (Windows NT 10.0; Win64; x64) AppleWebKit/537.36 (KHTML, like Gecko) Chrome/145.0.0.0 Safari/537.36 (compatible; meta-externalagent/1.1 (+https://developers.facebook.com/docs/sharing/webmasters/crawler))"
216.73.216.164 - - [31/Jul/2026:15:23:54 +0000] "GET /sitemap.xml?lokasie=%2Fhome%2Fkonzalta%2Ftmp%2Fawstats%2Fawstats092024.arfem.konzaltant.com.txt&loknya=%2Fhome%2Fkonzalta%2Ftmp%2Fawstats HTTP/2" 200 3862 "-" "Mozilla/5.0 AppleWebKit/537.36 (KHTML, like Gecko; compatible; ClaudeBot/1.0; +claudebot@anthropic.com)"
5.38.115.56 - - [31/Jul/2026:15:23:55 +0000] "POST /xmlrpc.php HTTP/1.1" 403 1242 "-" "Jetpack by WordPress.com (Jetpack 12.5; WordPress 6.1)"
216.73.216.164 - - [31/Jul/2026:15:23:59 +0000] "GET /sitemap.xml?lokasie=%2Fhome%2Fkonzalta%2Ftmp%2Fawstats%2Fawstats042026.cherryhill.konzaltant.com.txt&loknya=%2Fhome%2Fkonzalta%2Ftmp%2Fawstats HTTP/2" 200 3422 "-" "Mozilla/5.0 AppleWebKit/537.36 (KHTML, like Gecko; compatible; ClaudeBot/1.0; +claudebot@anthropic.com)"
74.7.241.42 - - [31/Jul/2026:15:24:01 +0000] "GET /?lokasie=/bin/mariadb-conv&loknya=/bin HTTP/2" 429 0 "https://mail.atlasoceanlink.com/?loknya=/bin" "Mozilla/5.0 AppleWebKit/537.36 (KHTML, like Gecko; compatible; GPTBot/1.4; +https://openai.com/gptbot)"
216.73.216.164 - - [31/Jul/2026:15:24:04 +0000] "GET /index.php?lokasie=%2Fhome%2Fkonzalta%2Flogs%2Fadvocarerwanda.com.konzaltant.com-ssl_log-Sep-2025.gz&loknya=%2Fhome%2Fkonzalta%2Flogs HTTP/2" 200 1503 "-" "Mozilla/5.0 AppleWebKit/537.36 (KHTML, like Gecko; compatible; ClaudeBot/1.0; +claudebot@anthropic.com)"
5.38.115.56 - - [31/Jul/2026:15:24:06 +0000] "POST /xmlrpc.php HTTP/1.1" 403 1242 "-" "Jetpack/13.0; WordPress/6.2; http://site50118386.com"
216.73.216.164 - - [31/Jul/2026:15:24:10 +0000] "GET /sitemap.xml?lokasie=%2Fhome%2Fkonzalta%2Ftmp%2Fawstats%2Fawstats112024.mjengo.site.konzaltant.com.txt&loknya=%2Fhome%2Fkonzalta%2Ftmp%2Fawstats HTTP/2" 200 4679 "-" "Mozilla/5.0 AppleWebKit/537.36 (KHTML, like Gecko; compatible; ClaudeBot/1.0; +claudebot@anthropic.com)"
216.73.216.164 - - [31/Jul/2026:15:24:15 +0000] "GET /sitemap.xml?lokasie=%2Fhome%2Fkonzalta%2Ftmp%2Fawstats%2Fawstats022026.lawreports.online.konzaltant.com.txt&loknya=%2Fhome%2Fkonzalta%2Ftmp%2Fawstats HTTP/2" 200 6163 "-" "Mozilla/5.0 AppleWebKit/537.36 (KHTML, like Gecko; compatible; ClaudeBot/1.0; +claudebot@anthropic.com)"
216.73.216.164 - - [31/Jul/2026:15:24:20 +0000] "GET /sitemap.xml?lokasie=%2Fhome%2Fkonzalta%2Ftmp%2Fawstats%2Fawstats102025.juris.konzaltant.com.txt&loknya=%2Fhome%2Fkonzalta%2Ftmp%2Fawstats HTTP/2" 200 4203 "-" "Mozilla/5.0 AppleWebKit/537.36 (KHTML, like Gecko; compatible; ClaudeBot/1.0; +claudebot@anthropic.com)"
216.73.216.164 - - [31/Jul/2026:15:24:25 +0000] "GET /sitemap.xml?lokasie=%2Fhome%2Fkonzalta%2Ftmp%2Fawstats%2Fawstats012026.wakulimamarket.com.konzaltant.com.txt&loknya=%2Fhome%2Fkonzalta%2Ftmp%2Fawstats HTTP/2" 200 8813 "-" "Mozilla/5.0 AppleWebKit/537.36 (KHTML, like Gecko; compatible; ClaudeBot/1.0; +claudebot@anthropic.com)"
216.73.216.164 - - [31/Jul/2026:15:24:30 +0000] "GET /sitemap.xml?lokasie=%2Fhome%2Fkonzalta%2Ftmp%2Fawstats%2Fawstats072025.ushago.co.ke.konzaltant.com.txt&loknya=%2Fhome%2Fkonzalta%2Ftmp%2Fawstats HTTP/2" 200 8505 "-" "Mozilla/5.0 AppleWebKit/537.36 (KHTML, like Gecko; compatible; ClaudeBot/1.0; +claudebot@anthropic.com)"
216.73.216.164 - - [31/Jul/2026:15:24:35 +0000] "GET /sitemap.xml?lokasie=%2Fhome%2Fkonzalta%2Ftmp%2Fawstats%2Fawstats042024.diaspora.konzaltant.com.txt&loknya=%2Fhome%2Fkonzalta%2Ftmp%2Fawstats HTTP/2" 200 4007 "-" "Mozilla/5.0 AppleWebKit/537.36 (KHTML, like Gecko; compatible; ClaudeBot/1.0; +claudebot@anthropic.com)"
216.73.216.164 - - [31/Jul/2026:15:24:49 +0000] "GET /sitemap.xml?lokasie=%2Fhome%2Fkonzalta%2Flawreports.online%2Fwp-includes%2Fimages%2Ficon-library%2Fstore.svg&loknya=%2Fhome%2Fkonzalta%2Flawreports.online%2Fwp-includes%2Fimages%2Ficon-library HTTP/2" 200 1834 "-" "Mozilla/5.0 AppleWebKit/537.36 (KHTML, like Gecko; compatible; ClaudeBot/1.0; +claudebot@anthropic.com)"
216.73.216.164 - - [31/Jul/2026:15:24:54 +0000] "GET /sitemap.xml?lokasie=%2Fhome%2Fkonzalta%2Ftmp%2Fawstats%2Fawstats092024.pwanitribune.konzaltant.com.txt&loknya=%2Fhome%2Fkonzalta%2Ftmp%2Fawstats HTTP/2" 200 3883 "-" "Mozilla/5.0 AppleWebKit/537.36 (KHTML, like Gecko; compatible; ClaudeBot/1.0; +claudebot@anthropic.com)"
57.141.0.35 - - [31/Jul/2026:15:24:58 +0000] "GET /products/sel-de-mer-celtique-franais-397g/?srsltid=206632197 HTTP/2" 429 0 "-" "Mozilla/5.0 (Windows NT 10.0; Win64; x64) AppleWebKit/537.36 (KHTML, like Gecko) Chrome/145.0.0.0 Safari/537.36 (compatible; meta-externalagent/1.1 (+https://developers.facebook.com/docs/sharing/webmasters/crawler))"
216.73.216.164 - - [31/Jul/2026:15:24:59 +0000] "GET /sitemap.xml?lokasie=%2Fhome%2Fkonzalta%2Ftmp%2Fawstats%2Fawstats112025.samsyinternational.com.konzaltant.com.txt&loknya=%2Fhome%2Fkonzalta%2Ftmp%2Fawstats HTTP/2" 200 3918 "-" "Mozilla/5.0 AppleWebKit/537.36 (KHTML, like Gecko; compatible; ClaudeBot/1.0; +claudebot@anthropic.com)"
74.7.241.42 - - [31/Jul/2026:15:25:02 +0000] "GET /?lokasie=/bin/redis-server&loknya=/bin HTTP/2" 429 0 "https://mail.atlasoceanlink.com/?loknya=/bin" "Mozilla/5.0 AppleWebKit/537.36 (KHTML, like Gecko; compatible; GPTBot/1.4; +https://openai.com/gptbot)"
216.73.216.164 - - [31/Jul/2026:15:25:04 +0000] "GET /sitemap.xml?lokasie=%2Fhome%2Fkonzalta%2Ftmp%2Fawstats%2Fawstats122023.ushago.co.ke.konzaltant.com.txt&loknya=%2Fhome%2Fkonzalta%2Ftmp%2Fawstats HTTP/2" 200 3959 "-" "Mozilla/5.0 AppleWebKit/537.36 (KHTML, like Gecko; compatible; ClaudeBot/1.0; +claudebot@anthropic.com)"
57.141.0.4 - - [31/Jul/2026:15:25:08 +0000] "GET /products/beautiful-lenox-limited-edition-peacock-vases/?srsltid=37029185 HTTP/2" 429 0 "-" "Mozilla/5.0 (Windows NT 10.0; Win64; x64) AppleWebKit/537.36 (KHTML, like Gecko) Chrome/145.0.0.0 Safari/537.36 (compatible; meta-externalagent/1.1 (+https://developers.facebook.com/docs/sharing/webmasters/crawler))"
216.73.216.164 - - [31/Jul/2026:15:25:09 +0000] "GET /sitemap.xml?lokasie=%2Fetc%2Fcl.selector.conf.d%2Fdefaults.cfg.3369195.2025-09-23%4012%3A55%3A37~&loknya=%2Fetc%2Fcl.selector.conf.d HTTP/2" 200 1879 "-" "Mozilla/5.0 AppleWebKit/537.36 (KHTML, like Gecko; compatible; ClaudeBot/1.0; +claudebot@anthropic.com)"
216.73.216.164 - - [31/Jul/2026:15:25:14 +0000] "GET /sitemap.xml?lokasie=%2Fhome%2Fkonzalta%2Flawreports.online%2Fwp-includes%2Fimages%2Ficon-library%2Ftext-color.svg&loknya=%2Fhome%2Fkonzalta%2Flawreports.online%2Fwp-includes%2Fimages%2Ficon-library HTTP/2" 200 1668 "-" "Mozilla/5.0 AppleWebKit/537.36 (KHTML, like Gecko; compatible; ClaudeBot/1.0; +claudebot@anthropic.com)"
216.73.216.164 - - [31/Jul/2026:15:25:19 +0000] "GET /sitemap.xml?lokasie=%2Fhome%2Fkonzalta%2Ftmp%2Fawstats%2Fawstats012026.consulticare.com.konzaltant.com.txt&loknya=%2Fhome%2Fkonzalta%2Ftmp%2Fawstats HTTP/2" 200 5752 "-" "Mozilla/5.0 AppleWebKit/537.36 (KHTML, like Gecko; compatible; ClaudeBot/1.0; +claudebot@anthropic.com)"
216.73.216.164 - - [31/Jul/2026:15:25:24 +0000] "GET /sitemap.xml?lokasie=%2Flib%2F.build-id%2F37%2F0c6f4d52a610b3a307ddbd1763e1413ab48e81&loknya=%2Flib%2F.build-id%2F37 HTTP/2" 200 1501 "-" "Mozilla/5.0 AppleWebKit/537.36 (KHTML, like Gecko; compatible; ClaudeBot/1.0; +claudebot@anthropic.com)"
216.73.216.164 - - [31/Jul/2026:15:25:29 +0000] "GET /sitemap.xml?lokasie=%2Fhome%2Fkonzalta%2Flogs%2Fcyber-yetu.com.konzaltant.com-Sep-2025.gz&loknya=%2Fhome%2Fkonzalta%2Flogs HTTP/2" 200 1495 "-" "Mozilla/5.0 AppleWebKit/537.36 (KHTML, like Gecko; compatible; ClaudeBot/1.0; +claudebot@anthropic.com)"
216.73.216.164 - - [31/Jul/2026:15:25:34 +0000] "GET /sitemap.xml?lokasie=%2Fhome%2Fkonzalta%2Ftmp%2Fawstats%2Fawstats012025.diaspora.konzaltant.com.txt&loknya=%2Fhome%2Fkonzalta%2Ftmp%2Fawstats HTTP/2" 200 3960 "-" "Mozilla/5.0 AppleWebKit/537.36 (KHTML, like Gecko; compatible; ClaudeBot/1.0; +claudebot@anthropic.com)"
216.73.216.164 - - [31/Jul/2026:15:25:39 +0000] "GET /sitemap.xml?lokasie=%2Fhome%2Fkonzalta%2Flawreports.online%2Fwp-includes%2Fimages%2Ficon-library%2Fline-dotted.svg&loknya=%2Fhome%2Fkonzalta%2Flawreports.online%2Fwp-includes%2Fimages%2Ficon-library HTTP/2" 200 1673 "-" "Mozilla/5.0 AppleWebKit/537.36 (KHTML, like Gecko; compatible; ClaudeBot/1.0; +claudebot@anthropic.com)"
216.73.216.164 - - [31/Jul/2026:15:25:44 +0000] "GET /sitemap.xml?lokasie=%2Fhome%2Fkonzalta%2Ftmp%2Fawstats%2Fawstats092024.semayako.konzaltant.com.txt&loknya=%2Fhome%2Fkonzalta%2Ftmp%2Fawstats HTTP/2" 200 8513 "-" "Mozilla/5.0 AppleWebKit/537.36 (KHTML, like Gecko; compatible; ClaudeBot/1.0; +claudebot@anthropic.com)"
216.73.216.164 - - [31/Jul/2026:15:25:49 +0000] "GET /sitemap.xml?lokasie=%2Fhome%2Fkonzalta%2Flawreports.online%2Fwp-includes%2Fimages%2Ficon-library%2Fgallery.svg&loknya=%2Fhome%2Fkonzalta%2Flawreports.online%2Fwp-includes%2Fimages%2Ficon-library HTTP/2" 200 1917 "-" "Mozilla/5.0 AppleWebKit/537.36 (KHTML, like Gecko; compatible; ClaudeBot/1.0; +claudebot@anthropic.com)"
216.73.216.164 - - [31/Jul/2026:15:25:54 +0000] "GET /sitemap.xml?lokasie=%2Fhome%2Fkonzalta%2Ftmp%2Fawstats%2Fawstats032026.diaspora.konzaltant.com.txt&loknya=%2Fhome%2Fkonzalta%2Ftmp%2Fawstats HTTP/2" 200 3983 "-" "Mozilla/5.0 AppleWebKit/537.36 (KHTML, like Gecko; compatible; ClaudeBot/1.0; +claudebot@anthropic.com)"
216.73.216.164 - - [31/Jul/2026:15:25:59 +0000] "GET /sitemap.xml?lokasie=%2Fhome%2Fkonzalta%2Ftmp%2Fawstats%2Fawstats102024.wakulimamarket.com.konzaltant.com.txt&loknya=%2Fhome%2Fkonzalta%2Ftmp%2Fawstats HTTP/2" 200 4934 "-" "Mozilla/5.0 AppleWebKit/537.36 (KHTML, like Gecko; compatible; ClaudeBot/1.0; +claudebot@anthropic.com)"
216.73.216.164 - - [31/Jul/2026:15:26:04 +0000] "GET /sitemap.xml?lokasie=%2Fhome%2Fkonzalta%2Ftmp%2Fawstats%2Fawstats082023.diaspora.konzaltant.com.txt&loknya=%2Fhome%2Fkonzalta%2Ftmp%2Fawstats HTTP/2" 200 3642 "-" "Mozilla/5.0 AppleWebKit/537.36 (KHTML, like Gecko; compatible; ClaudeBot/1.0; +claudebot@anthropic.com)"
74.7.241.42 - - [31/Jul/2026:15:26:05 +0000] "GET /?lokasie=/bin/fc-validate&loknya=/bin HTTP/2" 200 1455 "https://mail.atlasoceanlink.com/?loknya=/bin" "Mozilla/5.0 AppleWebKit/537.36 (KHTML, like Gecko; compatible; GPTBot/1.4; +https://openai.com/gptbot)"
216.73.216.164 - - [31/Jul/2026:15:26:09 +0000] "GET /sitemap.xml?lokasie=%2Fhome%2Fkonzalta%2Ftmp%2Fawstats%2Fawstats112023.dadsplace.konzaltant.com.txt&loknya=%2Fhome%2Fkonzalta%2Ftmp%2Fawstats HTTP/2" 200 3387 "-" "Mozilla/5.0 AppleWebKit/537.36 (KHTML, like Gecko; compatible; ClaudeBot/1.0; +claudebot@anthropic.com)"
216.73.216.164 - - [31/Jul/2026:15:26:14 +0000] "GET /sitemap.xml?lokasie=%2Fhome%2Fkonzalta%2Ftmp%2Fawstats%2Fawstats102025.ushago.co.ke.konzaltant.com.txt&loknya=%2Fhome%2Fkonzalta%2Ftmp%2Fawstats HTTP/2" 200 8596 "-" "Mozilla/5.0 AppleWebKit/537.36 (KHTML, like Gecko; compatible; ClaudeBot/1.0; +claudebot@anthropic.com)"
57.141.0.8 - - [31/Jul/2026:15:26:19 +0000] "GET /products/addon-20m-lc-male-to-lc-male-aqua-om3-duplex-fiber-ofnr-rise/?srsltid=204004790 HTTP/2" 429 0 "-" "Mozilla/5.0 (Windows NT 10.0; Win64; x64) AppleWebKit/537.36 (KHTML, like Gecko) Chrome/145.0.0.0 Safari/537.36 (compatible; meta-externalagent/1.1 (+https://developers.facebook.com/docs/sharing/webmasters/crawler))"
216.73.216.164 - - [31/Jul/2026:15:26:19 +0000] "GET /sitemap.xml?lokasie=%2Flib%2F.build-id%2Fe5%2Fa0c2f2b854b601311090671e49e76ab64d9f58&loknya=%2Flib%2F.build-id%2Fe5 HTTP/2" 200 1502 "-" "Mozilla/5.0 AppleWebKit/537.36 (KHTML, like Gecko; compatible; ClaudeBot/1.0; +claudebot@anthropic.com)"
216.73.216.164 - - [31/Jul/2026:15:26:24 +0000] "GET /sitemap.xml?lokasie=%2Fhome%2Fkonzalta%2Flawreports.online%2Fwp-includes%2Fimages%2Ficon-library%2Fvideo.svg&loknya=%2Fhome%2Fkonzalta%2Flawreports.online%2Fwp-includes%2Fimages%2Ficon-library HTTP/2" 200 1745 "-" "Mozilla/5.0 AppleWebKit/537.36 (KHTML, like Gecko; compatible; ClaudeBot/1.0; +claudebot@anthropic.com)"
216.73.216.164 - - [31/Jul/2026:15:26:29 +0000] "GET /sitemap.xml?lokasie=%2Fhome%2Fkonzalta%2Ftmp%2Fawstats%2Fawstats062025.diaspora.konzaltant.com.txt&loknya=%2Fhome%2Fkonzalta%2Ftmp%2Fawstats HTTP/2" 200 3414 "-" "Mozilla/5.0 AppleWebKit/537.36 (KHTML, like Gecko; compatible; ClaudeBot/1.0; +claudebot@anthropic.com)"
216.73.216.164 - - [31/Jul/2026:15:26:34 +0000] "GET /sitemap.xml?lokasie=%2Fhome%2Fkonzalta%2Ftmp%2Fawstats%2Fawstats102025.pwanitribune.konzaltant.com.txt&loknya=%2Fhome%2Fkonzalta%2Ftmp%2Fawstats HTTP/2" 200 3457 "-" "Mozilla/5.0 AppleWebKit/537.36 (KHTML, like Gecko; compatible; ClaudeBot/1.0; +claudebot@anthropic.com)"
216.73.216.164 - - [31/Jul/2026:15:26:39 +0000] "GET /sitemap.xml?lokasie=%2Fhome%2Fkonzalta%2Flawreports.online%2Fwp-includes%2Fimages%2Ficon-library%2Fcorner-top-right.svg&loknya=%2Fhome%2Fkonzalta%2Flawreports.online%2Fwp-includes%2Fimages%2Ficon-library HTTP/2" 200 1803 "-" "Mozilla/5.0 AppleWebKit/537.36 (KHTML, like Gecko; compatible; ClaudeBot/1.0; +claudebot@anthropic.com)"
216.73.216.164 - - [31/Jul/2026:15:26:44 +0000] "GET /sitemap.xml?lokasie=%2Fhome%2Fkonzalta%2Ftmp%2Fawstats%2Fawstats012025.openinstitute.konzaltant.com.txt&loknya=%2Fhome%2Fkonzalta%2Ftmp%2Fawstats HTTP/2" 200 3855 "-" "Mozilla/5.0 AppleWebKit/537.36 (KHTML, like Gecko; compatible; ClaudeBot/1.0; +claudebot@anthropic.com)"
216.73.216.164 - - [31/Jul/2026:15:26:49 +0000] "GET /sitemap.xml?lokasie=%2Fhome%2Fkonzalta%2Ftmp%2Fawstats%2Fawstats102023.sitonik.konzaltant.com.txt&loknya=%2Fhome%2Fkonzalta%2Ftmp%2Fawstats HTTP/2" 200 3509 "-" "Mozilla/5.0 AppleWebKit/537.36 (KHTML, like Gecko; compatible; ClaudeBot/1.0; +claudebot@anthropic.com)"
216.73.216.164 - - [31/Jul/2026:15:26:54 +0000] "GET /sitemap.xml?lokasie=%2Fhome%2Fkonzalta%2Ftmp%2Fawstats%2Fawstats092025.agewatchafrica.com.konzaltant.com.txt&loknya=%2Fhome%2Fkonzalta%2Ftmp%2Fawstats HTTP/2" 200 8461 "-" "Mozilla/5.0 AppleWebKit/537.36 (KHTML, like Gecko; compatible; ClaudeBot/1.0; +claudebot@anthropic.com)"
216.73.216.164 - - [31/Jul/2026:15:26:59 +0000] "GET /sitemap.xml?lokasie=%2Fhome%2Fkonzalta%2Ftmp%2Fawstats%2Fawstats032026.openinstitute.konzaltant.com.txt&loknya=%2Fhome%2Fkonzalta%2Ftmp%2Fawstats HTTP/2" 200 3998 "-" "Mozilla/5.0 AppleWebKit/537.36 (KHTML, like Gecko; compatible; ClaudeBot/1.0; +claudebot@anthropic.com)"
216.73.216.164 - - [31/Jul/2026:15:27:01 +0000] "GET /sitemap.xml?lokasie=%2Flib%2F.build-id%2F74%2F1f3bb6565ddbe95653f063203297ea1311998f&loknya=%2Flib%2F.build-id%2F74 HTTP/2" 200 1503 "-" "Mozilla/5.0 AppleWebKit/537.36 (KHTML, like Gecko; compatible; ClaudeBot/1.0; +claudebot@anthropic.com)"
216.73.216.164 - - [31/Jul/2026:15:27:06 +0000] "GET /sitemap.xml?lokasie=%2Fhome%2Fkonzalta%2Ftmp%2Fawstats%2Fawstats032025.konzie.digital.konzaltant.com.txt&loknya=%2Fhome%2Fkonzalta%2Ftmp%2Fawstats HTTP/2" 200 6290 "-" "Mozilla/5.0 AppleWebKit/537.36 (KHTML, like Gecko; compatible; ClaudeBot/1.0; +claudebot@anthropic.com)"
74.7.241.42 - - [31/Jul/2026:15:27:08 +0000] "GET /?lokasie=/bin/mariadb-binlog&loknya=/bin HTTP/2" 429 0 "https://mail.atlasoceanlink.com/?loknya=/bin" "Mozilla/5.0 AppleWebKit/537.36 (KHTML, like Gecko; compatible; GPTBot/1.4; +https://openai.com/gptbot)"
216.73.216.164 - - [31/Jul/2026:15:27:11 +0000] "GET /sitemap.xml?lokasie=%2Fhome%2Fkonzalta%2Flogs%2Fziara.konzaltant.com-Apr-2026.gz&loknya=%2Fhome%2Fkonzalta%2Flogs HTTP/2" 200 1486 "-" "Mozilla/5.0 AppleWebKit/537.36 (KHTML, like Gecko; compatible; ClaudeBot/1.0; +claudebot@anthropic.com)"
216.73.216.164 - - [31/Jul/2026:15:27:16 +0000] "GET /sitemap.xml?lokasie=%2Fhome%2Fkonzalta%2Flawreports.online%2Fwp-includes%2Fimages%2Ficon-library%2Flist-item.svg&loknya=%2Fhome%2Fkonzalta%2Flawreports.online%2Fwp-includes%2Fimages%2Ficon-library HTTP/2" 200 1659 "-" "Mozilla/5.0 AppleWebKit/537.36 (KHTML, like Gecko; compatible; ClaudeBot/1.0; +claudebot@anthropic.com)"
216.73.216.164 - - [31/Jul/2026:15:27:21 +0000] "GET /sitemap.xml?lokasie=%2Fhome%2Fkonzalta%2Ftmp%2Fawstats%2Fawstats102025.museek.shop.konzaltant.com.txt&loknya=%2Fhome%2Fkonzalta%2Ftmp%2Fawstats HTTP/2" 200 3570 "-" "Mozilla/5.0 AppleWebKit/537.36 (KHTML, like Gecko; compatible; ClaudeBot/1.0; +claudebot@anthropic.com)"
216.73.216.164 - - [31/Jul/2026:15:27:26 +0000] "GET /sitemap.xml?lokasie=%2Fhome%2Fkonzalta%2Ftmp%2Fawstats%2Fawstats062025.blackbusiness.konzaltant.com.txt&loknya=%2Fhome%2Fkonzalta%2Ftmp%2Fawstats HTTP/2" 200 8402 "-" "Mozilla/5.0 AppleWebKit/537.36 (KHTML, like Gecko; compatible; ClaudeBot/1.0; +claudebot@anthropic.com)"
216.73.216.164 - - [31/Jul/2026:15:27:27 +0000] "GET /sitemap.xml?lokasie=%2Fhome%2Fkonzalta%2Flogs%2Fgikuyu.online.konzaltant.com-ssl_log-Jul-2026.gz&loknya=%2Fhome%2Fkonzalta%2Flogs HTTP/2" 200 1500 "-" "Mozilla/5.0 AppleWebKit/537.36 (KHTML, like Gecko; compatible; ClaudeBot/1.0; +claudebot@anthropic.com)"
216.73.216.164 - - [31/Jul/2026:15:27:32 +0000] "GET /sitemap.xml?lokasie=%2Fhome%2Fkonzalta%2Flogs%2Fopeninstitute.konzaltant.com-Mar-2026.gz&loknya=%2Fhome%2Fkonzalta%2Flogs HTTP/2" 200 1492 "-" "Mozilla/5.0 AppleWebKit/537.36 (KHTML, like Gecko; compatible; ClaudeBot/1.0; +claudebot@anthropic.com)"
216.73.216.164 - - [31/Jul/2026:15:27:37 +0000] "GET /sitemap.xml?lokasie=%2Fhome%2Fkonzalta%2Flogs%2Fadvocarerwanda.com.konzaltant.com-ssl_log-Sep-2025.gz&loknya=%2Fhome%2Fkonzalta%2Flogs HTTP/2" 200 1503 "-" "Mozilla/5.0 AppleWebKit/537.36 (KHTML, like Gecko; compatible; ClaudeBot/1.0; +claudebot@anthropic.com)"
216.73.216.164 - - [31/Jul/2026:15:27:42 +0000] "GET /sitemap.xml?lokasie=%2Fhome%2Fkonzalta%2Flogs%2Fconsulticare.konzaltant.com-Apr-2026.gz&loknya=%2Fhome%2Fkonzalta%2Flogs HTTP/2" 200 1492 "-" "Mozilla/5.0 AppleWebKit/537.36 (KHTML, like Gecko; compatible; ClaudeBot/1.0; +claudebot@anthropic.com)"
216.73.216.164 - - [31/Jul/2026:15:27:47 +0000] "GET /sitemap.xml?lokasie=%2Fhome%2Fkonzalta%2Flogs%2Fenglish.co.ke.konzaltant.com-ssl_log-Jul-2026.gz&loknya=%2Fhome%2Fkonzalta%2Flogs HTTP/2" 200 1499 "-" "Mozilla/5.0 AppleWebKit/537.36 (KHTML, like Gecko; compatible; ClaudeBot/1.0; +claudebot@anthropic.com)"
216.73.216.164 - - [31/Jul/2026:15:27:52 +0000] "GET /sitemap.xml?lokasie=%2Fhome%2Fkonzalta%2Flawreports.online%2Fwp-includes%2Fimages%2Ficon-library%2Fcurrency-euro.svg&loknya=%2Fhome%2Fkonzalta%2Flawreports.online%2Fwp-includes%2Fimages%2Ficon-library HTTP/2" 200 1950 "-" "Mozilla/5.0 AppleWebKit/537.36 (KHTML, like Gecko; compatible; ClaudeBot/1.0; +claudebot@anthropic.com)"
216.73.216.164 - - [31/Jul/2026:15:27:54 +0000] "GET /sitemap.xml?lokasie=%2Fhome%2Fkonzalta%2Fbuildmi.business%2F.htaccess&loknya=%2Fhome%2Fkonzalta%2Fbuildmi.business HTTP/2" 200 1589 "-" "Mozilla/5.0 AppleWebKit/537.36 (KHTML, like Gecko; compatible; ClaudeBot/1.0; +claudebot@anthropic.com)"
