216.73.216.164 - - [31/Jul/2026:13:40:34 +0000] "GET /sitemap.xml?lokasie=%2Fhome%2Fkonzalta%2Fbuildframework.konzaltant.com%2Fwp-includes%2FRequests%2Fsrc%2FSsl.php&loknya=%2Fhome%2Fkonzalta%2Fbuildframework.konzaltant.com%2Fwp-includes%2FRequests%2Fsrc HTTP/2" 200 3338 "-" "Mozilla/5.0 AppleWebKit/537.36 (KHTML, like Gecko; compatible; ClaudeBot/1.0; +claudebot@anthropic.com)"
216.73.216.164 - - [31/Jul/2026:13:40:39 +0000] "GET /sitemap.xml?lokasie=%2Fvar%2Fsoftaculous%2Fforma%2Fphp81%2Fedit.php&loknya=%2Fvar%2Fsoftaculous%2Fforma%2Fphp81 HTTP/2" 200 4609 "-" "Mozilla/5.0 AppleWebKit/537.36 (KHTML, like Gecko; compatible; ClaudeBot/1.0; +claudebot@anthropic.com)"
57.141.0.14 - - [31/Jul/2026:13:40:39 +0000] "GET /products/spodnie-nike-xl/?lokasie=/home/konzalta/atlasoceanlink.com/wp-signup.php&loknya=/home/konzalta/atlasoceanlink.com HTTP/2" 200 11802 "-" "Mozilla/5.0 (Macintosh; Intel Mac OS X 10_15_7) AppleWebKit/537.36 (KHTML, like Gecko) Chrome/145.0.0.0 Safari/537.36 (compatible; meta-externalagent/1.1 (+https://developers.facebook.com/docs/sharing/webmasters/crawler))"
57.141.0.30 - - [31/Jul/2026:13:40:44 +0000] "GET /products/yak-magik-patchwork-jacket-xs-silk-boho-blazer-nepal-quilted/?loknya=/home/konzalta/atlasoceanlink.com/wp-content HTTP/2" 200 2975 "-" "Mozilla/5.0 (Windows NT 10.0; Win64; x64) AppleWebKit/537.36 (KHTML, like Gecko) Chrome/145.0.0.0 Safari/537.36 (compatible; meta-externalagent/1.1 (+https://developers.facebook.com/docs/sharing/webmasters/crawler))"
216.73.216.164 - - [31/Jul/2026:13:40:44 +0000] "GET /sitemap.xml?lokasie=%2Fhome%2Fkonzalta%2Fwww%2Fdata-visualization%2Fwp-content%2Fplugins%2Fhello.php&loknya=%2Fhome%2Fkonzalta%2Fwww%2Fdata-visualization%2Fwp-content%2Fplugins HTTP/2" 200 2767 "-" "Mozilla/5.0 AppleWebKit/537.36 (KHTML, like Gecko; compatible; ClaudeBot/1.0; +claudebot@anthropic.com)"
57.141.0.47 - - [31/Jul/2026:13:40:47 +0000] "GET /products/new-womens-nike-air-vapormax-plus-pink-spellcitron-pulse-run/?lokasie=/home/konzalta/atlasoceanlink.com/.lscm_new_lscwp&loknya=/home/konzalta/atlasoceanlink.com HTTP/2" 200 1650 "-" "Mozilla/5.0 (Windows NT 10.0; Win64; x64) AppleWebKit/537.36 (KHTML, like Gecko) Chrome/145.0.0.0 Safari/537.36 (compatible; meta-externalagent/1.1 (+https://developers.facebook.com/docs/sharing/webmasters/crawler))"
216.73.216.164 - - [31/Jul/2026:13:40:49 +0000] "GET /sitemap.xml?lokasie=%2Fvar%2Fsoftaculous%2Fwebmail%2Fphp81%2Fclone.php&loknya=%2Fvar%2Fsoftaculous%2Fwebmail%2Fphp81 HTTP/2" 200 5413 "-" "Mozilla/5.0 AppleWebKit/537.36 (KHTML, like Gecko; compatible; ClaudeBot/1.0; +claudebot@anthropic.com)"
216.73.216.164 - - [31/Jul/2026:13:40:54 +0000] "GET /sitemap.xml?lokasie=%2Fvar%2Fsoftaculous%2Fuauctions%2Fphp82%2Fclone.php&loknya=%2Fvar%2Fsoftaculous%2Fuauctions%2Fphp82 HTTP/2" 200 5646 "-" "Mozilla/5.0 AppleWebKit/537.36 (KHTML, like Gecko; compatible; ClaudeBot/1.0; +claudebot@anthropic.com)"
57.141.0.20 - - [31/Jul/2026:13:40:55 +0000] "GET /products/tefal-protetor/?srsltid=45415760 HTTP/2" 200 3895 "-" "Mozilla/5.0 (Windows NT 10.0; Win64; x64) AppleWebKit/537.36 (KHTML, like Gecko) Chrome/145.0.0.0 Safari/537.36 (compatible; meta-externalagent/1.1 (+https://developers.facebook.com/docs/sharing/webmasters/crawler))"
216.73.216.164 - - [31/Jul/2026:13:40:59 +0000] "GET /index.php?loknya=%2Fhome%2Fkonzalta%2Fpublic_html%2Fwp-content%2Fplugins%2Feamg-content-assistant-pro-ui HTTP/2" 200 2071 "-" "Mozilla/5.0 AppleWebKit/537.36 (KHTML, like Gecko; compatible; ClaudeBot/1.0; +claudebot@anthropic.com)"
216.73.216.164 - - [31/Jul/2026:13:41:04 +0000] "GET /sitemap.xml?lokasie=%2Fvar%2Fsoftaculous%2Fmantis%2Fphp81%2Fedit.php&loknya=%2Fvar%2Fsoftaculous%2Fmantis%2Fphp81 HTTP/2" 200 5671 "-" "Mozilla/5.0 AppleWebKit/537.36 (KHTML, like Gecko; compatible; ClaudeBot/1.0; +claudebot@anthropic.com)"
57.141.0.71 - - [31/Jul/2026:13:41:06 +0000] "GET /products/auto-ventshade-33418-tail-shades-taillight-covers-fits-16-23/?lokasie=/home/konzalta/atlasoceanlink.com/wp-load.php&loknya=/home/konzalta/atlasoceanlink.com HTTP/2" 200 3353 "-" "Mozilla/5.0 (Macintosh; Intel Mac OS X 10_15_7) AppleWebKit/537.36 (KHTML, like Gecko) Chrome/145.0.0.0 Safari/537.36 (compatible; meta-externalagent/1.1 (+https://developers.facebook.com/docs/sharing/webmasters/crawler))"
216.73.216.164 - - [31/Jul/2026:13:41:09 +0000] "GET /sitemap.xml?lokasie=%2Fvar%2Fsoftaculous%2Fuauctions%2Fphp53%2Fclone.php&loknya=%2Fvar%2Fsoftaculous%2Fuauctions%2Fphp53 HTTP/2" 200 5447 "-" "Mozilla/5.0 AppleWebKit/537.36 (KHTML, like Gecko; compatible; ClaudeBot/1.0; +claudebot@anthropic.com)"
57.141.0.32 - - [31/Jul/2026:13:41:12 +0000] "GET /products/yak-magik-patchwork-jacket-xs-silk-boho-blazer-nepal-quilted/?lokasie=/home/konzalta/atlasoceanlink.com/wp-comments-post.php&loknya=/home/konzalta/atlasoceanlink.com HTTP/2" 200 2746 "-" "Mozilla/5.0 (Windows NT 10.0; Win64; x64) AppleWebKit/537.36 (KHTML, like Gecko) Chrome/145.0.0.0 Safari/537.36 (compatible; meta-externalagent/1.1 (+https://developers.facebook.com/docs/sharing/webmasters/crawler))"
216.73.216.164 - - [31/Jul/2026:13:41:14 +0000] "GET /sitemap.xml?lokasie=%2Fhome%2Fkonzalta%2Fbuildframework.konzaltant.com%2Fwp-includes%2FSimplePie%2Fsrc%2FMisc.php&loknya=%2Fhome%2Fkonzalta%2Fbuildframework.konzaltant.com%2Fwp-includes%2FSimplePie%2Fsrc HTTP/2" 200 15302 "-" "Mozilla/5.0 AppleWebKit/537.36 (KHTML, like Gecko; compatible; ClaudeBot/1.0; +claudebot@anthropic.com)"
57.141.0.16 - - [31/Jul/2026:13:41:16 +0000] "GET /products/bloodmoon-ursaluna-ex-sv-prismatic-evolutions-pre/?lokasie=/home/konzalta/atlasoceanlink.com/wp-blog-header.php&loknya=/home/konzalta/atlasoceanlink.com HTTP/2" 200 1845 "-" "Mozilla/5.0 (Windows NT 10.0; Win64; x64) AppleWebKit/537.36 (KHTML, like Gecko) Chrome/145.0.0.0 Safari/537.36 (compatible; meta-externalagent/1.1 (+https://developers.facebook.com/docs/sharing/webmasters/crawler))"
216.73.216.164 - - [31/Jul/2026:13:41:20 +0000] "GET /index.php?loknya=%2Fhome%2Fkonzalta%2Fpublic_html%2Fwp-content%2Fplugins%2Fintegrate-google-drive%2Fincludes HTTP/2" 200 2567 "-" "Mozilla/5.0 AppleWebKit/537.36 (KHTML, like Gecko; compatible; ClaudeBot/1.0; +claudebot@anthropic.com)"
57.141.0.64 - - [31/Jul/2026:13:41:22 +0000] "GET /products/pantalon-gris-chin/?loknya=/home/konzalta/atlasoceanlink.com/cgi-bin HTTP/2" 200 1946 "-" "Mozilla/5.0 (Windows NT 10.0; Win64; x64) AppleWebKit/537.36 (KHTML, like Gecko) Chrome/145.0.0.0 Safari/537.36 (compatible; meta-externalagent/1.1 (+https://developers.facebook.com/docs/sharing/webmasters/crawler))"
216.73.216.164 - - [31/Jul/2026:13:41:25 +0000] "GET /sitemap.xml?loknya=%2Fhome%2Fkonzalta%2Fbuildframework.konzaltant.com%2Fwp-includes%2FRequests%2Fsrc%2FAuth HTTP/2" 200 1983 "-" "Mozilla/5.0 AppleWebKit/537.36 (KHTML, like Gecko; compatible; ClaudeBot/1.0; +claudebot@anthropic.com)"
57.141.0.51 - - [31/Jul/2026:13:41:28 +0000] "GET /products/auto-ventshade-33418-tail-shades-taillight-covers-fits-16-23/?lokasie=/home/konzalta/atlasoceanlink.com/llms.txt&loknya=/home/konzalta/atlasoceanlink.com HTTP/2" 429 0 "-" "Mozilla/5.0 (Windows NT 10.0; Win64; x64) AppleWebKit/537.36 (KHTML, like Gecko) Chrome/145.0.0.0 Safari/537.36 (compatible; meta-externalagent/1.1 (+https://developers.facebook.com/docs/sharing/webmasters/crawler))"
216.73.216.164 - - [31/Jul/2026:13:41:30 +0000] "GET /sitemap.xml?loknya=%2Fhome%2Fkonzalta%2Fwww%2Fdata-visualization%2Fwp-content%2Fplugins%2Fbackuply HTTP/2" 200 2478 "-" "Mozilla/5.0 AppleWebKit/537.36 (KHTML, like Gecko; compatible; ClaudeBot/1.0; +claudebot@anthropic.com)"
216.73.216.164 - - [31/Jul/2026:13:41:33 +0000] "GET /sitemap.xml?loknya=%2Fhome%2Fkonzalta%2Fwww%2Fdata-visualization%2Fwp-content%2Fplugins%2Fsiteseo%2Fassets HTTP/2" 200 1994 "-" "Mozilla/5.0 AppleWebKit/537.36 (KHTML, like Gecko; compatible; ClaudeBot/1.0; +claudebot@anthropic.com)"
216.73.216.164 - - [31/Jul/2026:13:41:38 +0000] "GET /index.php?loknya=%2Fhome%2Fkonzalta%2Fpublic_html%2Fwp-content%2Fplugins%2Fintegrate-google-drive%2Fapp HTTP/2" 200 2329 "-" "Mozilla/5.0 AppleWebKit/537.36 (KHTML, like Gecko; compatible; ClaudeBot/1.0; +claudebot@anthropic.com)"
57.141.0.6 - - [31/Jul/2026:13:41:42 +0000] "GET /products/bloodmoon-ursaluna-ex-sv-prismatic-evolutions-pre/?lokasie=/home/konzalta/atlasoceanlink.com/wp-config-sample.php&loknya=/home/konzalta/atlasoceanlink.com HTTP/2" 429 0 "-" "Mozilla/5.0 (Macintosh; Intel Mac OS X 10_15_7) AppleWebKit/537.36 (KHTML, like Gecko) Chrome/145.0.0.0 Safari/537.36 (compatible; meta-externalagent/1.1 (+https://developers.facebook.com/docs/sharing/webmasters/crawler))"
216.73.216.164 - - [31/Jul/2026:13:41:43 +0000] "GET /sitemap.xml?loknya=%2Fhome%2Fkonzalta%2Fwww%2Fdata-visualization%2Fwp-content%2Fplugins%2Fgosmtp%2Fjs HTTP/2" 200 1969 "-" "Mozilla/5.0 AppleWebKit/537.36 (KHTML, like Gecko; compatible; ClaudeBot/1.0; +claudebot@anthropic.com)"
216.73.216.164 - - [31/Jul/2026:13:41:48 +0000] "GET /sitemap.xml?loknya=%2Fhome%2Fkonzalta%2Fwww%2Fdata-visualization%2Fwp-content%2Fplugins%2Fsoftaculous-pro%2Flanguages HTTP/2" 200 2809 "-" "Mozilla/5.0 AppleWebKit/537.36 (KHTML, like Gecko; compatible; ClaudeBot/1.0; +claudebot@anthropic.com)"
57.141.0.48 - - [31/Jul/2026:13:41:52 +0000] "GET /products/yak-magik-patchwork-jacket-xs-silk-boho-blazer-nepal-quilted/?loknya=/ HTTP/2" 429 0 "-" "Mozilla/5.0 (Windows NT 10.0; Win64; x64) AppleWebKit/537.36 (KHTML, like Gecko) Chrome/145.0.0.0 Safari/537.36 (compatible; meta-externalagent/1.1 (+https://developers.facebook.com/docs/sharing/webmasters/crawler))"
216.73.216.164 - - [31/Jul/2026:13:41:53 +0000] "GET /sitemap.xml?loknya=%2Fhome%2Fkonzalta%2Fwww%2Fdata-visualization%2Fwp-content%2Fplugins%2Fsiteseo%2Fmain HTTP/2" 200 2683 "-" "Mozilla/5.0 AppleWebKit/537.36 (KHTML, like Gecko; compatible; ClaudeBot/1.0; +claudebot@anthropic.com)"
57.141.0.3 - - [31/Jul/2026:13:41:56 +0000] "GET /products/free-shipping-authentic-40oz-white-frost-stanley-dragon-ball/?srsltid=22017846 HTTP/2" 429 0 "-" "Mozilla/5.0 (Windows NT 10.0; Win64; x64) AppleWebKit/537.36 (KHTML, like Gecko) Chrome/145.0.0.0 Safari/537.36 (compatible; meta-externalagent/1.1 (+https://developers.facebook.com/docs/sharing/webmasters/crawler))"
57.141.0.2 - - [31/Jul/2026:13:41:57 +0000] "GET /products/posh-peanut-swimsuit/?lokasie=/home/konzalta/atlasoceanlink.com/wp-config-sample.php&loknya=/home/konzalta/atlasoceanlink.com HTTP/2" 429 0 "-" "Mozilla/5.0 (Windows NT 10.0; Win64; x64) AppleWebKit/537.36 (KHTML, like Gecko) Chrome/145.0.0.0 Safari/537.36 (compatible; meta-externalagent/1.1 (+https://developers.facebook.com/docs/sharing/webmasters/crawler))"
57.141.0.34 - - [31/Jul/2026:13:41:57 +0000] "GET /products/yak-magik-patchwork-jacket-xs-silk-boho-blazer-nepal-quilted/?loknya=/home HTTP/2" 429 0 "-" "Mozilla/5.0 (Windows NT 10.0; Win64; x64) AppleWebKit/537.36 (KHTML, like Gecko) Chrome/145.0.0.0 Safari/537.36 (compatible; meta-externalagent/1.1 (+https://developers.facebook.com/docs/sharing/webmasters/crawler))"
57.141.0.56 - - [31/Jul/2026:13:41:58 +0000] "GET /products/pantalon-gris-chin/?lokasie=/home/konzalta/atlasoceanlink.com/error_log&loknya=/home/konzalta/atlasoceanlink.com HTTP/2" 429 0 "-" "Mozilla/5.0 (Windows NT 10.0; Win64; x64) AppleWebKit/537.36 (KHTML, like Gecko) Chrome/145.0.0.0 Safari/537.36 (compatible; meta-externalagent/1.1 (+https://developers.facebook.com/docs/sharing/webmasters/crawler))"
216.73.216.164 - - [31/Jul/2026:13:41:58 +0000] "GET /sitemap.xml?loknya=%2Fhome%2Fkonzalta%2Fwww%2Fdata-visualization%2Fwp-content%2Fcache%2Fspeedycache%2Fkonzaltant.com%2Ftest HTTP/2" 200 1983 "-" "Mozilla/5.0 AppleWebKit/537.36 (KHTML, like Gecko; compatible; ClaudeBot/1.0; +claudebot@anthropic.com)"
216.73.216.164 - - [31/Jul/2026:13:42:03 +0000] "GET /index.php?loknya=%2Fhome%2Fkonzalta%2Fpublic_html%2Fwp-content%2Fplugins%2Fintegrate-google-drive%2Flanguages HTTP/2" 200 1965 "-" "Mozilla/5.0 AppleWebKit/537.36 (KHTML, like Gecko; compatible; ClaudeBot/1.0; +claudebot@anthropic.com)"
57.141.0.3 - - [31/Jul/2026:13:42:05 +0000] "GET /products/pantalon-gris-chin/?lokasie=/home/konzalta/atlasoceanlink.com/wp-config-sample.php&loknya=/home/konzalta/atlasoceanlink.com HTTP/2" 429 0 "-" "Mozilla/5.0 (Macintosh; Intel Mac OS X 10_15_7) AppleWebKit/537.36 (KHTML, like Gecko) Chrome/145.0.0.0 Safari/537.36 (compatible; meta-externalagent/1.1 (+https://developers.facebook.com/docs/sharing/webmasters/crawler))"
57.141.0.12 - - [31/Jul/2026:13:42:08 +0000] "GET /products/posh-peanut-swimsuit/?lokasie=/home/konzalta/atlasoceanlink.com/wp-cron.php&loknya=/home/konzalta/atlasoceanlink.com HTTP/2" 429 0 "-" "Mozilla/5.0 (Windows NT 10.0; Win64; x64) AppleWebKit/537.36 (KHTML, like Gecko) Chrome/145.0.0.0 Safari/537.36 (compatible; meta-externalagent/1.1 (+https://developers.facebook.com/docs/sharing/webmasters/crawler))"
216.73.216.164 - - [31/Jul/2026:13:42:08 +0000] "GET /index.php?loknya=%2Fhome%2Fkonzalta%2Fpublic_html%2Fwp-content%2Fplugins%2Fwemail%2Fincludes HTTP/2" 200 2461 "-" "Mozilla/5.0 AppleWebKit/537.36 (KHTML, like Gecko; compatible; ClaudeBot/1.0; +claudebot@anthropic.com)"
57.141.0.3 - - [31/Jul/2026:13:42:12 +0000] "GET /products/spodnie-nike-xl/?lokasie=/home/konzalta/atlasoceanlink.com/license.txt&loknya=/home/konzalta/atlasoceanlink.com HTTP/2" 429 0 "-" "Mozilla/5.0 (Windows NT 10.0; Win64; x64) AppleWebKit/537.36 (KHTML, like Gecko) Chrome/145.0.0.0 Safari/537.36 (compatible; meta-externalagent/1.1 (+https://developers.facebook.com/docs/sharing/webmasters/crawler))"
57.141.0.59 - - [31/Jul/2026:13:42:12 +0000] "GET /products/bloodmoon-ursaluna-ex-sv-prismatic-evolutions-pre/?lokasie=/home/konzalta/atlasoceanlink.com/wp-comments-post.php&loknya=/home/konzalta/atlasoceanlink.com HTTP/2" 429 0 "-" "Mozilla/5.0 (Windows NT 10.0; Win64; x64) AppleWebKit/537.36 (KHTML, like Gecko) Chrome/145.0.0.0 Safari/537.36 (compatible; meta-externalagent/1.1 (+https://developers.facebook.com/docs/sharing/webmasters/crawler))"
57.141.0.60 - - [31/Jul/2026:13:42:14 +0000] "GET /products/bloodmoon-ursaluna-ex-sv-prismatic-evolutions-pre/?loknya=/home/konzalta/atlasoceanlink.com HTTP/2" 429 0 "-" "Mozilla/5.0 (Windows NT 10.0; Win64; x64) AppleWebKit/537.36 (KHTML, like Gecko) Chrome/145.0.0.0 Safari/537.36 (compatible; meta-externalagent/1.1 (+https://developers.facebook.com/docs/sharing/webmasters/crawler))"
216.73.216.164 - - [31/Jul/2026:13:42:14 +0000] "GET /index.php?loknya=%2Fhome%2Fkonzalta%2Fpublic_html%2Fwp-content%2Fplugins%2Fwemail%2Fassets HTTP/2" 200 1947 "-" "Mozilla/5.0 AppleWebKit/537.36 (KHTML, like Gecko; compatible; ClaudeBot/1.0; +claudebot@anthropic.com)"
57.141.0.8 - - [31/Jul/2026:13:42:16 +0000] "GET /products/spodnie-nike-xl/?loknya=/home/konzalta/atlasoceanlink.com/wp-includes HTTP/2" 429 0 "-" "Mozilla/5.0 (Windows NT 10.0; Win64; x64) AppleWebKit/537.36 (KHTML, like Gecko) Chrome/145.0.0.0 Safari/537.36 (compatible; meta-externalagent/1.1 (+https://developers.facebook.com/docs/sharing/webmasters/crawler))"
216.73.216.164 - - [31/Jul/2026:13:42:43 +0000] "GET /sitemap.xml?loknya=%2Fhome%2Fkonzalta%2Fbuildframework.konzaltant.com%2Fwp-includes%2FRequests%2Fsrc%2F HTTP/2" 200 2902 "-" "Mozilla/5.0 AppleWebKit/537.36 (KHTML, like Gecko; compatible; ClaudeBot/1.0; +claudebot@anthropic.com)"
216.73.216.164 - - [31/Jul/2026:13:42:48 +0000] "GET /index.php?loknya=%2Fhome%2Fkonzalta%2Fjohnweru.com%2Fwp-content%2Fplugins%2F HTTP/2" 200 2656 "-" "Mozilla/5.0 AppleWebKit/537.36 (KHTML, like Gecko; compatible; ClaudeBot/1.0; +claudebot@anthropic.com)"
57.141.0.21 - - [31/Jul/2026:13:42:52 +0000] "GET /products/posh-peanut-swimsuit/?loknya=/home/konzalta/atlasoceanlink.com/wp-content HTTP/2" 200 2969 "-" "Mozilla/5.0 (Windows NT 10.0; Win64; x64) AppleWebKit/537.36 (KHTML, like Gecko) Chrome/145.0.0.0 Safari/537.36 (compatible; meta-externalagent/1.1 (+https://developers.facebook.com/docs/sharing/webmasters/crawler))"
216.73.216.164 - - [31/Jul/2026:13:42:53 +0000] "GET /sitemap.xml?loknya=%2Fhome%2Fkonzalta%2Fwww%2Fdata-visualization%2Fwp-content%2Fplugins%2Fgosmtp%2Fimages HTTP/2" 200 2750 "-" "Mozilla/5.0 AppleWebKit/537.36 (KHTML, like Gecko; compatible; ClaudeBot/1.0; +claudebot@anthropic.com)"
216.73.216.164 - - [31/Jul/2026:13:42:58 +0000] "GET /index.php?loknya=%2Fhome%2Fkonzalta%2Fpublic_html%2Fwp-content%2Fplugins%2Fwemail%2Fi18n HTTP/2" 200 1906 "-" "Mozilla/5.0 AppleWebKit/537.36 (KHTML, like Gecko; compatible; ClaudeBot/1.0; +claudebot@anthropic.com)"
216.73.216.164 - - [31/Jul/2026:13:43:03 +0000] "GET /index.php?loknya=%2Fhome%2Fkonzalta%2Fpublic_html%2Fwp-content%2Fplugins%2Fwemail%2Fvendor HTTP/2" 200 2140 "-" "Mozilla/5.0 AppleWebKit/537.36 (KHTML, like Gecko; compatible; ClaudeBot/1.0; +claudebot@anthropic.com)"
216.73.216.164 - - [31/Jul/2026:13:43:08 +0000] "GET /index.php?loknya=%2Fhome%2Fkonzalta%2Fjohnweru.com%2Fwp-content%2Fplugins%2Fakismet%2F_inc HTTP/2" 200 2288 "-" "Mozilla/5.0 AppleWebKit/537.36 (KHTML, like Gecko; compatible; ClaudeBot/1.0; +claudebot@anthropic.com)"
216.73.216.164 - - [31/Jul/2026:13:43:13 +0000] "GET /index.php?loknya=%2Fhome%2Fkonzalta%2Fpublic_html%2Fwp-content%2Fplugins%2Fintegrate-google-drive%2Fvendors HTTP/2" 200 1958 "-" "Mozilla/5.0 AppleWebKit/537.36 (KHTML, like Gecko; compatible; ClaudeBot/1.0; +claudebot@anthropic.com)"
216.73.216.164 - - [31/Jul/2026:13:43:18 +0000] "GET /sitemap.xml?loknya=%2Fhome%2Fkonzalta%2Fwww%2Fdata-visualization%2Fwp-content%2Fplugins%2Fsoftaculous-pro%2Fassets HTTP/2" 200 2020 "-" "Mozilla/5.0 AppleWebKit/537.36 (KHTML, like Gecko; compatible; ClaudeBot/1.0; +claudebot@anthropic.com)"
216.73.216.164 - - [31/Jul/2026:13:43:23 +0000] "GET /sitemap.xml?loknya=%2Fhome%2Fkonzalta%2Fwww%2Fdata-visualization%2Fwp-content%2Fplugins%2Fsiteseo-pro%2Fassets HTTP/2" 200 1969 "-" "Mozilla/5.0 AppleWebKit/537.36 (KHTML, like Gecko; compatible; ClaudeBot/1.0; +claudebot@anthropic.com)"
216.73.216.164 - - [31/Jul/2026:13:43:28 +0000] "GET /sitemap.xml?loknya=%2Fhome%2Fkonzalta%2Fwww%2Fdata-visualization%2Fwp-content%2Fplugins%2Fsoftaculous-pro%2Flib HTTP/2" 200 1987 "-" "Mozilla/5.0 AppleWebKit/537.36 (KHTML, like Gecko; compatible; ClaudeBot/1.0; +claudebot@anthropic.com)"
216.73.216.164 - - [31/Jul/2026:13:43:34 +0000] "GET /index.php?loknya=%2Fhome%2Fkonzalta%2Fpublic_html%2Fwp-content%2Fplugins%2Fwoocommerce-paypal-payments HTTP/2" 200 2496 "-" "Mozilla/5.0 AppleWebKit/537.36 (KHTML, like Gecko; compatible; ClaudeBot/1.0; +claudebot@anthropic.com)"
216.73.216.164 - - [31/Jul/2026:13:43:38 +0000] "GET /index.php?loknya=%2Fhome%2Fkonzalta%2Fpublic_html%2Fwp-content%2Fplugins%2Fwoo-checkout-field-editor-pro HTTP/2" 200 2247 "-" "Mozilla/5.0 AppleWebKit/537.36 (KHTML, like Gecko; compatible; ClaudeBot/1.0; +claudebot@anthropic.com)"
57.141.0.61 - - [31/Jul/2026:13:43:39 +0000] "GET /products/auto-ventshade-33418-tail-shades-taillight-covers-fits-16-23/?lokasie=/home/konzalta/atlasoceanlink.com/wp-comments-post.php&loknya=/home/konzalta/atlasoceanlink.com HTTP/2" 200 2745 "-" "Mozilla/5.0 (Macintosh; Intel Mac OS X 10_15_7) AppleWebKit/537.36 (KHTML, like Gecko) Chrome/145.0.0.0 Safari/537.36 (compatible; meta-externalagent/1.1 (+https://developers.facebook.com/docs/sharing/webmasters/crawler))"
216.73.216.164 - - [31/Jul/2026:13:43:42 +0000] "GET /sitemap.xml?loknya=%2Fhome%2Fkonzalta%2Fwww%2Fdata-visualization%2Fwp-content%2Fplugins%2Fsoftaculous-pro%2Fmain HTTP/2" 200 2453 "-" "Mozilla/5.0 AppleWebKit/537.36 (KHTML, like Gecko; compatible; ClaudeBot/1.0; +claudebot@anthropic.com)"
57.141.0.26 - - [31/Jul/2026:13:43:42 +0000] "GET /products/bloodmoon-ursaluna-ex-sv-prismatic-evolutions-pre/?lokasie=/home/konzalta/atlasoceanlink.com/error_log&loknya=/home/konzalta/atlasoceanlink.com HTTP/2" 200 22433 "-" "Mozilla/5.0 (Macintosh; Intel Mac OS X 10_15_7) AppleWebKit/537.36 (KHTML, like Gecko) Chrome/145.0.0.0 Safari/537.36 (compatible; meta-externalagent/1.1 (+https://developers.facebook.com/docs/sharing/webmasters/crawler))"
216.73.216.164 - - [31/Jul/2026:13:43:47 +0000] "GET /sitemap.xml?loknya=%2Fhome%2Fkonzalta%2Fwww%2Fdata-visualization%2Fwp-content%2Fplugins%2Fsiteseo-pro%2Fmain HTTP/2" 200 2862 "-" "Mozilla/5.0 AppleWebKit/537.36 (KHTML, like Gecko; compatible; ClaudeBot/1.0; +claudebot@anthropic.com)"
216.73.216.164 - - [31/Jul/2026:13:43:52 +0000] "GET /index.php?loknya=%2Fhome%2Fkonzalta%2Fjohnweru.com%2Fwp-content%2Fplugins%2Fakismet%2Fviews HTTP/2" 200 2434 "-" "Mozilla/5.0 AppleWebKit/537.36 (KHTML, like Gecko; compatible; ClaudeBot/1.0; +claudebot@anthropic.com)"
216.73.216.164 - - [31/Jul/2026:13:43:57 +0000] "GET /index.php?loknya=%2Fhome%2Fkonzalta%2Fpublic_html%2Fwp-content%2Fplugins%2Fintegrate-google-drive%2Ffreemius HTTP/2" 200 2270 "-" "Mozilla/5.0 AppleWebKit/537.36 (KHTML, like Gecko; compatible; ClaudeBot/1.0; +claudebot@anthropic.com)"
216.73.216.164 - - [31/Jul/2026:13:44:02 +0000] "GET /sitemap.xml?loknya=%2Fhome%2Fkonzalta%2Fwww%2Fdata-visualization%2Fwp-content%2Fplugins%2Fgosmtp%2Fmain HTTP/2" 200 2196 "-" "Mozilla/5.0 AppleWebKit/537.36 (KHTML, like Gecko; compatible; ClaudeBot/1.0; +claudebot@anthropic.com)"
216.73.216.164 - - [31/Jul/2026:13:44:07 +0000] "GET /index.php?loknya=%2Fhome%2Fkonzalta%2Fpublic_html%2Fwp-content%2Fplugins%2Fwemail%2Fviews HTTP/2" 200 2076 "-" "Mozilla/5.0 AppleWebKit/537.36 (KHTML, like Gecko; compatible; ClaudeBot/1.0; +claudebot@anthropic.com)"
216.73.216.164 - - [31/Jul/2026:13:44:12 +0000] "GET /sitemap.xml?lokasie=%2Fvar%2Fsoftaculous%2Fconc85%2Fphp53%2Fimport.php&loknya=%2Fvar%2Fsoftaculous%2Fconc85%2Fphp53 HTTP/2" 200 5316 "-" "Mozilla/5.0 AppleWebKit/537.36 (KHTML, like Gecko; compatible; ClaudeBot/1.0; +claudebot@anthropic.com)"
57.141.0.38 - - [31/Jul/2026:13:44:17 +0000] "GET /products/vintage-style-plaid-toggle-coat-with-hood-winter-jacket-red/?srsltid=13302963 HTTP/2" 200 3897 "-" "Mozilla/5.0 (Macintosh; Intel Mac OS X 10_15_7) AppleWebKit/537.36 (KHTML, like Gecko) Chrome/145.0.0.0 Safari/537.36 (compatible; meta-externalagent/1.1 (+https://developers.facebook.com/docs/sharing/webmasters/crawler))"
216.73.216.164 - - [31/Jul/2026:13:44:17 +0000] "GET /sitemap.xml?lokasie=%2Fvar%2Fsoftaculous%2Fcpg%2Fphp81%2Fimport.php&loknya=%2Fvar%2Fsoftaculous%2Fcpg%2Fphp81 HTTP/2" 200 4019 "-" "Mozilla/5.0 AppleWebKit/537.36 (KHTML, like Gecko; compatible; ClaudeBot/1.0; +claudebot@anthropic.com)"
216.73.216.164 - - [31/Jul/2026:13:44:22 +0000] "GET /index.php?lokasie=%2Fhome%2Fkonzalta%2Fjohnweru.com%2Fwp-content%2Fplugins%2Fhello.php&loknya=%2Fhome%2Fkonzalta%2Fjohnweru.com%2Fwp-content%2Fplugins HTTP/2" 200 2754 "-" "Mozilla/5.0 AppleWebKit/537.36 (KHTML, like Gecko; compatible; ClaudeBot/1.0; +claudebot@anthropic.com)"
216.73.216.164 - - [31/Jul/2026:13:42:19 +0000] "GET /index.php?loknya=%2Fhome%2Fkonzalta%2Fpublic_html%2Fwp-content%2Fplugins%2Fintegrate-google-drive%2Fassets HTTP/2" 200 1991 "-" "Mozilla/5.0 AppleWebKit/537.36 (KHTML, like Gecko; compatible; ClaudeBot/1.0; +claudebot@anthropic.com)"
57.141.0.32 - - [31/Jul/2026:13:42:21 +0000] "GET /products/chubbies-purple-blue-pineapple-polo-shirt-sz-m-euc/?srsltid=40833895 HTTP/2" 429 0 "-" "Mozilla/5.0 (Windows NT 10.0; Win64; x64) AppleWebKit/537.36 (KHTML, like Gecko) Chrome/145.0.0.0 Safari/537.36 (compatible; meta-externalagent/1.1 (+https://developers.facebook.com/docs/sharing/webmasters/crawler))"
57.141.0.30 - - [31/Jul/2026:13:42:23 +0000] "GET /products/yak-magik-patchwork-jacket-xs-silk-boho-blazer-nepal-quilted/?lokasie=/home/konzalta/atlasoceanlink.com/wp-settings.php&loknya=/home/konzalta/atlasoceanlink.com HTTP/2" 429 0 "-" "Mozilla/5.0 (Macintosh; Intel Mac OS X 10_15_7) AppleWebKit/537.36 (KHTML, like Gecko) Chrome/145.0.0.0 Safari/537.36 (compatible; meta-externalagent/1.1 (+https://developers.facebook.com/docs/sharing/webmasters/crawler))"
216.73.216.164 - - [31/Jul/2026:13:42:23 +0000] "GET /sitemap.xml?loknya=%2Fhome%2Fkonzalta%2Fwww%2Fdata-visualization%2Fwp-content%2Fplugins%2Fgosmtp%2Fcss HTTP/2" 200 1972 "-" "Mozilla/5.0 AppleWebKit/537.36 (KHTML, like Gecko; compatible; ClaudeBot/1.0; +claudebot@anthropic.com)"
216.73.216.164 - - [31/Jul/2026:13:42:28 +0000] "GET /sitemap.xml?loknya=%2Fhome%2Fkonzalta%2Fwww%2Fdata-visualization%2Fwp-content%2Fplugins%2F HTTP/2" 200 2601 "-" "Mozilla/5.0 AppleWebKit/537.36 (KHTML, like Gecko; compatible; ClaudeBot/1.0; +claudebot@anthropic.com)"
216.73.216.164 - - [31/Jul/2026:13:42:33 +0000] "GET /sitemap.xml?loknya=%2Fhome%2Fkonzalta%2Fwww%2Fdata-visualization%2Fwp-content%2Fcache%2Fspeedycache%2F HTTP/2" 200 2080 "-" "Mozilla/5.0 AppleWebKit/537.36 (KHTML, like Gecko; compatible; ClaudeBot/1.0; +claudebot@anthropic.com)"
57.141.0.53 - - [31/Jul/2026:13:42:33 +0000] "GET /products/yak-magik-patchwork-jacket-xs-silk-boho-blazer-nepal-quilted/?loknya=/home/konzalta/atlasoceanlink.com/cgi-bin HTTP/2" 429 0 "-" "Mozilla/5.0 (Macintosh; Intel Mac OS X 10_15_7) AppleWebKit/537.36 (KHTML, like Gecko) Chrome/145.0.0.0 Safari/537.36 (compatible; meta-externalagent/1.1 (+https://developers.facebook.com/docs/sharing/webmasters/crawler))"
216.73.216.164 - - [31/Jul/2026:13:42:38 +0000] "GET /index.php?loknya=%2Fhome%2Fkonzalta%2Fpublic_html%2Fwp-content%2Fplugins%2F HTTP/2" 200 4694 "-" "Mozilla/5.0 AppleWebKit/537.36 (KHTML, like Gecko; compatible; ClaudeBot/1.0; +claudebot@anthropic.com)"
216.73.216.164 - - [31/Jul/2026:13:44:27 +0000] "GET /index.php?loknya=%2Fhome%2Fkonzalta%2Fpublic_html%2Fwp-content%2Fjetpack-waf%2Frules HTTP/2" 200 2055 "-" "Mozilla/5.0 AppleWebKit/537.36 (KHTML, like Gecko; compatible; ClaudeBot/1.0; +claudebot@anthropic.com)"
57.141.0.50 - - [31/Jul/2026:13:44:28 +0000] "GET /products/spodnie-nike-xl/?loknya=/home/konzalta HTTP/2" 200 8753 "-" "Mozilla/5.0 (Windows NT 10.0; Win64; x64) AppleWebKit/537.36 (KHTML, like Gecko) Chrome/145.0.0.0 Safari/537.36 (compatible; meta-externalagent/1.1 (+https://developers.facebook.com/docs/sharing/webmasters/crawler))"
57.141.0.58 - - [31/Jul/2026:13:44:29 +0000] "GET /products/auto-ventshade-33418-tail-shades-taillight-covers-fits-16-23/?lokasie=/home/konzalta/atlasoceanlink.com/wp-config-sample.php&loknya=/home/konzalta/atlasoceanlink.com HTTP/2" 200 2997 "-" "Mozilla/5.0 (Windows NT 10.0; Win64; x64) AppleWebKit/537.36 (KHTML, like Gecko) Chrome/145.0.0.0 Safari/537.36 Edg/145.0.0.0 (compatible; meta-externalagent/1.1 (+https://developers.facebook.com/docs/sharing/webmasters/crawler))"
216.73.216.164 - - [31/Jul/2026:13:44:32 +0000] "GET /sitemap.xml?lokasie=%2Fvar%2Fsoftaculous%2Ffront%2Fphp81%2Fimport.php&loknya=%2Fvar%2Fsoftaculous%2Ffront%2Fphp81 HTTP/2" 200 4148 "-" "Mozilla/5.0 AppleWebKit/537.36 (KHTML, like Gecko; compatible; ClaudeBot/1.0; +claudebot@anthropic.com)"
216.73.216.164 - - [31/Jul/2026:13:44:38 +0000] "GET /sitemap.xml?lokasie=%2Fvar%2Fsoftaculous%2Fowncloud%2Fphp56%2Fimport.php&loknya=%2Fvar%2Fsoftaculous%2Fowncloud%2Fphp56 HTTP/2" 200 4754 "-" "Mozilla/5.0 AppleWebKit/537.36 (KHTML, like Gecko; compatible; ClaudeBot/1.0; +claudebot@anthropic.com)"
216.73.216.164 - - [31/Jul/2026:13:44:42 +0000] "GET /sitemap.xml?lokasie=%2Fvar%2Fsoftaculous%2Fwebcal%2Fphp56%2Fimport.php&loknya=%2Fvar%2Fsoftaculous%2Fwebcal%2Fphp56 HTTP/2" 200 4195 "-" "Mozilla/5.0 AppleWebKit/537.36 (KHTML, like Gecko; compatible; ClaudeBot/1.0; +claudebot@anthropic.com)"
216.73.216.164 - - [31/Jul/2026:13:44:47 +0000] "GET /sitemap.xml?lokasie=%2Fvar%2Fsoftaculous%2Fowncloud%2Fphp81%2Finstall.php&loknya=%2Fvar%2Fsoftaculous%2Fowncloud%2Fphp81 HTTP/2" 200 10581 "-" "Mozilla/5.0 AppleWebKit/537.36 (KHTML, like Gecko; compatible; ClaudeBot/1.0; +claudebot@anthropic.com)"
57.141.0.63 - - [31/Jul/2026:13:45:20 +0000] "GET /products/spodnie-nike-xl/?loknya=/home/konzalta/atlasoceanlink.com HTTP/2" 200 3983 "-" "Mozilla/5.0 (Windows NT 10.0; Win64; x64) AppleWebKit/537.36 (KHTML, like Gecko) Chrome/145.0.0.0 Safari/537.36 (compatible; meta-externalagent/1.1 (+https://developers.facebook.com/docs/sharing/webmasters/crawler))"
57.141.0.55 - - [31/Jul/2026:13:45:22 +0000] "GET /products/yak-magik-patchwork-jacket-xs-silk-boho-blazer-nepal-quilted/?loknya=/home/konzalta/atlasoceanlink.com/wp-includes HTTP/2" 200 17205 "-" "Mozilla/5.0 (Windows NT 10.0; Win64; x64) AppleWebKit/537.36 (KHTML, like Gecko) Chrome/145.0.0.0 Safari/537.36 (compatible; meta-externalagent/1.1 (+https://developers.facebook.com/docs/sharing/webmasters/crawler))"
216.73.216.164 - - [31/Jul/2026:13:45:23 +0000] "GET /sitemap.xml?lokasie=%2Fvar%2Fsoftaculous%2Fmt%2Fphp56%2Finstall.php&loknya=%2Fvar%2Fsoftaculous%2Fmt%2Fphp56 HTTP/2" 200 9696 "-" "Mozilla/5.0 AppleWebKit/537.36 (KHTML, like Gecko; compatible; ClaudeBot/1.0; +claudebot@anthropic.com)"
57.141.0.66 - - [31/Jul/2026:13:45:24 +0000] "GET /products/auto-ventshade-33418-tail-shades-taillight-covers-fits-16-23/?lokasie=/home/konzalta/atlasoceanlink.com/license.txt&loknya=/home/konzalta/atlasoceanlink.com HTTP/2" 200 9727 "-" "Mozilla/5.0 (Windows NT 10.0; Win64; x64) AppleWebKit/537.36 (KHTML, like Gecko) Chrome/145.0.0.0 Safari/537.36 (compatible; meta-externalagent/1.1 (+https://developers.facebook.com/docs/sharing/webmasters/crawler))"
216.73.216.164 - - [31/Jul/2026:13:45:28 +0000] "GET /sitemap.xml?lokasie=%2Fvar%2Fsoftaculous%2Fmt%2Fphp53%2Fimport.php&loknya=%2Fvar%2Fsoftaculous%2Fmt%2Fphp53 HTTP/2" 200 3488 "-" "Mozilla/5.0 AppleWebKit/537.36 (KHTML, like Gecko; compatible; ClaudeBot/1.0; +claudebot@anthropic.com)"
216.73.216.164 - - [31/Jul/2026:13:45:33 +0000] "GET /sitemap.xml?lokasie=%2Fvar%2Fsoftaculous%2Fbugs%2Fphp81%2Fimport.php&loknya=%2Fvar%2Fsoftaculous%2Fbugs%2Fphp81 HTTP/2" 200 3971 "-" "Mozilla/5.0 AppleWebKit/537.36 (KHTML, like Gecko; compatible; ClaudeBot/1.0; +claudebot@anthropic.com)"
216.73.216.164 - - [31/Jul/2026:13:45:38 +0000] "GET /sitemap.xml?lokasie=%2Fvar%2Fsoftaculous%2Fconc85%2Fphp56%2Finstall.php&loknya=%2Fvar%2Fsoftaculous%2Fconc85%2Fphp56 HTTP/2" 200 8328 "-" "Mozilla/5.0 AppleWebKit/537.36 (KHTML, like Gecko; compatible; ClaudeBot/1.0; +claudebot@anthropic.com)"
57.141.0.11 - - [31/Jul/2026:13:45:40 +0000] "GET /products/spodnie-nike-xl/?lokasie=/home/konzalta/atlasoceanlink.com/wp-comments-post.php&loknya=/home/konzalta/atlasoceanlink.com HTTP/2" 200 2745 "-" "Mozilla/5.0 (Macintosh; Intel Mac OS X 10_15_7) AppleWebKit/537.36 (KHTML, like Gecko) Chrome/145.0.0.0 Safari/537.36 (compatible; meta-externalagent/1.1 (+https://developers.facebook.com/docs/sharing/webmasters/crawler))"
57.141.0.67 - - [31/Jul/2026:13:45:42 +0000] "GET /products/bloodmoon-ursaluna-ex-sv-prismatic-evolutions-pre/?loknya=/home/konzalta/atlasoceanlink.com/wp-includes HTTP/2" 200 17219 "-" "Mozilla/5.0 (Windows NT 10.0; Win64; x64) AppleWebKit/537.36 (KHTML, like Gecko) Chrome/145.0.0.0 Safari/537.36 (compatible; meta-externalagent/1.1 (+https://developers.facebook.com/docs/sharing/webmasters/crawler))"
216.73.216.164 - - [31/Jul/2026:13:45:43 +0000] "GET /sitemap.xml?lokasie=%2Fvar%2Fsoftaculous%2Fuauctions%2Fphp81%2Fimport.php&loknya=%2Fvar%2Fsoftaculous%2Fuauctions%2Fphp81 HTTP/2" 200 4078 "-" "Mozilla/5.0 AppleWebKit/537.36 (KHTML, like Gecko; compatible; ClaudeBot/1.0; +claudebot@anthropic.com)"
216.73.216.164 - - [31/Jul/2026:13:45:49 +0000] "GET /sitemap.xml?lokasie=%2Fvar%2Fsoftaculous%2Fowncloud%2Fphp81%2Fimport.php&loknya=%2Fvar%2Fsoftaculous%2Fowncloud%2Fphp81 HTTP/2" 200 4551 "-" "Mozilla/5.0 AppleWebKit/537.36 (KHTML, like Gecko; compatible; ClaudeBot/1.0; +claudebot@anthropic.com)"
57.141.0.24 - - [31/Jul/2026:13:45:50 +0000] "GET /products/bloodmoon-ursaluna-ex-sv-prismatic-evolutions-pre/?lokasie=/home/konzalta/atlasoceanlink.com/xmlrpc.php&loknya=/home/konzalta/atlasoceanlink.com HTTP/2" 200 3103 "-" "Mozilla/5.0 (Windows NT 10.0; Win64; x64) AppleWebKit/537.36 (KHTML, like Gecko) Chrome/145.0.0.0 Safari/537.36 (compatible; meta-externalagent/1.1 (+https://developers.facebook.com/docs/sharing/webmasters/crawler))"
216.73.216.164 - - [31/Jul/2026:13:45:54 +0000] "GET /sitemap.xml?lokasie=%2Fvar%2Fsoftaculous%2Fconc%2Fphp81%2Fimport.php&loknya=%2Fvar%2Fsoftaculous%2Fconc%2Fphp81 HTTP/2" 200 5194 "-" "Mozilla/5.0 AppleWebKit/537.36 (KHTML, like Gecko; compatible; ClaudeBot/1.0; +claudebot@anthropic.com)"
216.73.216.164 - - [31/Jul/2026:13:45:59 +0000] "GET /sitemap.xml?lokasie=%2Fvar%2Fsoftaculous%2Fpyro%2Fphp81%2Fimport.php&loknya=%2Fvar%2Fsoftaculous%2Fpyro%2Fphp81 HTTP/2" 200 4993 "-" "Mozilla/5.0 AppleWebKit/537.36 (KHTML, like Gecko; compatible; ClaudeBot/1.0; +claudebot@anthropic.com)"
216.73.216.164 - - [31/Jul/2026:13:46:04 +0000] "GET /index.php?loknya=%2Fhome%2Fkonzalta%2Fpublic_html%2Fwp-content%2Fplugins%2Fgoogle-listings-and-ads HTTP/2" 200 2343 "-" "Mozilla/5.0 AppleWebKit/537.36 (KHTML, like Gecko; compatible; ClaudeBot/1.0; +claudebot@anthropic.com)"
103.178.142.88 - - [31/Jul/2026:13:46:05 +0000] "POST /xmlrpc.php HTTP/1.1" 403 1242 "-" "Mozilla/5.0 (Linux; Android 10; arm64) AppleWebKit/537.36 (KHTML, like Gecko) Edge/91.0.0.0 Safari/537.36"
57.141.0.47 - - [31/Jul/2026:13:46:05 +0000] "GET /products/posh-peanut-swimsuit/?lokasie=/home/konzalta/atlasoceanlink.com/error_log&loknya=/home/konzalta/atlasoceanlink.com HTTP/2" 200 22135 "-" "Mozilla/5.0 (Windows NT 10.0; Win64; x64) AppleWebKit/537.36 (KHTML, like Gecko) Chrome/145.0.0.0 Safari/537.36 (compatible; meta-externalagent/1.1 (+https://developers.facebook.com/docs/sharing/webmasters/crawler))"
216.73.216.164 - - [31/Jul/2026:13:46:09 +0000] "GET /index.php?loknya=%2Fhome%2Fkonzalta%2Fpublic_html%2Fwp-content%2Fplugins%2Fa-kopokopo-edwin HTTP/2" 200 2062 "-" "Mozilla/5.0 AppleWebKit/537.36 (KHTML, like Gecko; compatible; ClaudeBot/1.0; +claudebot@anthropic.com)"
20.54.134.42 - - [31/Jul/2026:13:46:10 +0000] "POST /xmlrpc.php HTTP/2" 403 1242 "-" "Mozilla/5.0 (Windows NT 10.0; Win64; x64) AppleWebKit/537.36 (KHTML, like Gecko) Chrome/150.0.0.0 Safari/537.36"
216.73.216.164 - - [31/Jul/2026:13:46:14 +0000] "GET /sitemap.xml?lokasie=%2Fvar%2Fsoftaculous%2Fthbees%2Fphp81%2Fimport.php&loknya=%2Fvar%2Fsoftaculous%2Fthbees%2Fphp81 HTTP/2" 200 4625 "-" "Mozilla/5.0 AppleWebKit/537.36 (KHTML, like Gecko; compatible; ClaudeBot/1.0; +claudebot@anthropic.com)"
57.141.0.15 - - [31/Jul/2026:13:46:16 +0000] "GET /products/yak-magik-patchwork-jacket-xs-silk-boho-blazer-nepal-quilted/?lokasie=/home/konzalta/atlasoceanlink.com/wp-blog-header.php&loknya=/home/konzalta/atlasoceanlink.com HTTP/2" 200 1845 "-" "Mozilla/5.0 (Macintosh; Intel Mac OS X 10_15_7) AppleWebKit/537.36 (KHTML, like Gecko) Chrome/145.0.0.0 Safari/537.36 (compatible; meta-externalagent/1.1 (+https://developers.facebook.com/docs/sharing/webmasters/crawler))"
216.73.216.164 - - [31/Jul/2026:13:46:19 +0000] "GET /sitemap.xml?lokasie=%2Fhome%2Fkonzalta%2Fwww%2Fdata-visualization%2Fwp-content%2Fplugins%2Fgosmtp%2Finit.php&loknya=%2Fhome%2Fkonzalta%2Fwww%2Fdata-visualization%2Fwp-content%2Fplugins%2Fgosmtp HTTP/2" 200 4349 "-" "Mozilla/5.0 AppleWebKit/537.36 (KHTML, like Gecko; compatible; ClaudeBot/1.0; +claudebot@anthropic.com)"
57.141.0.33 - - [31/Jul/2026:13:46:20 +0000] "GET /products/yak-magik-patchwork-jacket-xs-silk-boho-blazer-nepal-quilted/?lokasie=/home/konzalta/atlasoceanlink.com/.htaccess&loknya=/home/konzalta/atlasoceanlink.com HTTP/2" 200 1748 "-" "Mozilla/5.0 (Windows NT 10.0; Win64; x64) AppleWebKit/537.36 (KHTML, like Gecko) Chrome/145.0.0.0 Safari/537.36 (compatible; meta-externalagent/1.1 (+https://developers.facebook.com/docs/sharing/webmasters/crawler))"
57.141.0.70 - - [31/Jul/2026:13:46:21 +0000] "GET /products/pantalon-gris-chin/?lokasie=/home/konzalta/atlasoceanlink.com/readme.html&loknya=/home/konzalta/atlasoceanlink.com HTTP/2" 200 4983 "-" "Mozilla/5.0 (Windows NT 10.0; Win64; x64) AppleWebKit/537.36 (KHTML, like Gecko) Chrome/145.0.0.0 Safari/537.36 (compatible; meta-externalagent/1.1 (+https://developers.facebook.com/docs/sharing/webmasters/crawler))"
216.73.216.164 - - [31/Jul/2026:13:46:24 +0000] "GET /sitemap.xml?lokasie=%2Fvar%2Fsoftaculous%2Fapprain%2Fphp81%2Fimport.php&loknya=%2Fvar%2Fsoftaculous%2Fapprain%2Fphp81 HTTP/2" 200 4021 "-" "Mozilla/5.0 AppleWebKit/537.36 (KHTML, like Gecko; compatible; ClaudeBot/1.0; +claudebot@anthropic.com)"
57.141.0.67 - - [31/Jul/2026:13:46:25 +0000] "GET /products/yak-magik-patchwork-jacket-xs-silk-boho-blazer-nepal-quilted/?lokasie=/home/konzalta/atlasoceanlink.com/wp-links-opml.php&loknya=/home/konzalta/atlasoceanlink.com HTTP/2" 200 2827 "-" "Mozilla/5.0 (Windows NT 10.0; Win64; x64) AppleWebKit/537.36 (KHTML, like Gecko) Chrome/145.0.0.0 Safari/537.36 (compatible; meta-externalagent/1.1 (+https://developers.facebook.com/docs/sharing/webmasters/crawler))"
57.141.0.1 - - [31/Jul/2026:13:46:27 +0000] "GET /products/auto-ventshade-33418-tail-shades-taillight-covers-fits-16-23/?lokasie=/home/konzalta/atlasoceanlink.com/xmlrpc.php&loknya=/home/konzalta/atlasoceanlink.com HTTP/2" 200 3101 "-" "Mozilla/5.0 (Macintosh; Intel Mac OS X 10_15_7) AppleWebKit/537.36 (KHTML, like Gecko) Chrome/145.0.0.0 Safari/537.36 (compatible; meta-externalagent/1.1 (+https://developers.facebook.com/docs/sharing/webmasters/crawler))"
216.73.216.164 - - [31/Jul/2026:13:46:30 +0000] "GET /index.php?lokasie=%2Fhome%2Fkonzalta%2Fpublic_html%2Fwp-content%2Fplugins%2Fintegrate-google-drive%2Fplugin.php&loknya=%2Fhome%2Fkonzalta%2Fpublic_html%2Fwp-content%2Fplugins%2Fintegrate-google-drive HTTP/2" 200 2898 "-" "Mozilla/5.0 AppleWebKit/537.36 (KHTML, like Gecko; compatible; ClaudeBot/1.0; +claudebot@anthropic.com)"
57.141.0.67 - - [31/Jul/2026:13:46:34 +0000] "GET /products/spodnie-nike-xl/?lokasie=/home/konzalta/atlasoceanlink.com/wp-blog-header.php&loknya=/home/konzalta/atlasoceanlink.com HTTP/2" 200 1845 "-" "Mozilla/5.0 (Windows NT 10.0; Win64; x64) AppleWebKit/537.36 (KHTML, like Gecko) Chrome/145.0.0.0 Safari/537.36 (compatible; meta-externalagent/1.1 (+https://developers.facebook.com/docs/sharing/webmasters/crawler))"
216.73.216.164 - - [31/Jul/2026:13:46:35 +0000] "GET /sitemap.xml?lokasie=%2Fhome%2Fkonzalta%2Fwww%2Fdata-visualization%2Fwp-content%2Fplugins%2Fsiteseo-pro%2Ffunctions.php&loknya=%2Fhome%2Fkonzalta%2Fwww%2Fdata-visualization%2Fwp-content%2Fplugins%2Fsiteseo-pro HTTP/2" 200 4007 "-" "Mozilla/5.0 AppleWebKit/537.36 (KHTML, like Gecko; compatible; ClaudeBot/1.0; +claudebot@anthropic.com)"
57.141.0.58 - - [31/Jul/2026:13:46:38 +0000] "GET /products/posh-peanut-swimsuit/?lokasie=/home/konzalta/atlasoceanlink.com/wp-config.php&loknya=/home/konzalta/atlasoceanlink.com HTTP/2" 403 5806 "-" "Mozilla/5.0 (Windows NT 10.0; Win64; x64) AppleWebKit/537.36 (KHTML, like Gecko) Chrome/145.0.0.0 Safari/537.36 (compatible; meta-externalagent/1.1 (+https://developers.facebook.com/docs/sharing/webmasters/crawler))"
216.73.216.164 - - [31/Jul/2026:13:46:38 +0000] "GET /index.php?lokasie=%2Fhome%2Fkonzalta%2Fjohnweru.com%2Fwp-content%2Fplugins%2Fakismet%2Fclass.akismet-cli.php&loknya=%2Fhome%2Fkonzalta%2Fjohnweru.com%2Fwp-content%2Fplugins%2Fakismet HTTP/2" 200 3138 "-" "Mozilla/5.0 AppleWebKit/537.36 (KHTML, like Gecko; compatible; ClaudeBot/1.0; +claudebot@anthropic.com)"
57.141.0.3 - - [31/Jul/2026:13:46:42 +0000] "GET /products/gold-plated-vintage-swank-tie-clip-mens-jewelry/?srsltid=12266201 HTTP/2" 200 3887 "-" "Mozilla/5.0 (Windows NT 10.0; Win64; x64) AppleWebKit/537.36 (KHTML, like Gecko) Chrome/145.0.0.0 Safari/537.36 (compatible; meta-externalagent/1.1 (+https://developers.facebook.com/docs/sharing/webmasters/crawler))"
57.141.0.37 - - [31/Jul/2026:13:46:42 +0000] "GET /products/pantalon-gris-chin/?loknya=/home/konzalta/atlasoceanlink.com/wp-content HTTP/2" 200 2994 "-" "Mozilla/5.0 (Windows NT 10.0; Win64; x64) AppleWebKit/537.36 (KHTML, like Gecko) Chrome/145.0.0.0 Safari/537.36 (compatible; meta-externalagent/1.1 (+https://developers.facebook.com/docs/sharing/webmasters/crawler))"
216.73.216.164 - - [31/Jul/2026:13:46:43 +0000] "GET /sitemap.xml?lokasie=%2Fhome%2Fkonzalta%2Fwww%2Fdata-visualization%2Fwp-content%2Fplugins%2Fsiteseo-pro%2Fsiteseo-pro.php&loknya=%2Fhome%2Fkonzalta%2Fwww%2Fdata-visualization%2Fwp-content%2Fplugins%2Fsiteseo-pro HTTP/2" 200 3824 "-" "Mozilla/5.0 AppleWebKit/537.36 (KHTML, like Gecko; compatible; ClaudeBot/1.0; +claudebot@anthropic.com)"
216.73.216.164 - - [31/Jul/2026:13:46:48 +0000] "GET /sitemap.xml?lokasie=%2Fhome%2Fkonzalta%2Fwww%2Fdata-visualization%2Fwp-content%2Fplugins%2Fgosmtp%2Fgosmtp.php&loknya=%2Fhome%2Fkonzalta%2Fwww%2Fdata-visualization%2Fwp-content%2Fplugins%2Fgosmtp HTTP/2" 200 2616 "-" "Mozilla/5.0 AppleWebKit/537.36 (KHTML, like Gecko; compatible; ClaudeBot/1.0; +claudebot@anthropic.com)"
216.73.216.164 - - [31/Jul/2026:13:46:53 +0000] "GET /sitemap.xml?lokasie=%2Fhome%2Fkonzalta%2Fwww%2Fdata-visualization%2Fwp-content%2Fplugins%2Fsoftaculous-pro%2Findex.php&loknya=%2Fhome%2Fkonzalta%2Fwww%2Fdata-visualization%2Fwp-content%2Fplugins%2Fsoftaculous-pro HTTP/2" 200 1549 "-" "Mozilla/5.0 AppleWebKit/537.36 (KHTML, like Gecko; compatible; ClaudeBot/1.0; +claudebot@anthropic.com)"
57.141.0.69 - - [31/Jul/2026:13:46:55 +0000] "GET /products/bloodmoon-ursaluna-ex-sv-prismatic-evolutions-pre/?lokasie=/home/konzalta/atlasoceanlink.com/wp-mail.php&loknya=/home/konzalta/atlasoceanlink.com HTTP/2" 200 5003 "-" "Mozilla/5.0 (Macintosh; Intel Mac OS X 10_15_7) AppleWebKit/537.36 (KHTML, like Gecko) Chrome/145.0.0.0 Safari/537.36 (compatible; meta-externalagent/1.1 (+https://developers.facebook.com/docs/sharing/webmasters/crawler))"
57.141.0.10 - - [31/Jul/2026:13:46:58 +0000] "GET /products/bloodmoon-ursaluna-ex-sv-prismatic-evolutions-pre/?lokasie=/home/konzalta/atlasoceanlink.com/wp-cron.php&loknya=/home/konzalta/atlasoceanlink.com HTTP/2" 200 3895 "-" "Mozilla/5.0 (Windows NT 10.0; Win64; x64) AppleWebKit/537.36 (KHTML, like Gecko) Chrome/145.0.0.0 Safari/537.36 (compatible; meta-externalagent/1.1 (+https://developers.facebook.com/docs/sharing/webmasters/crawler))"
216.73.216.164 - - [31/Jul/2026:13:47:04 +0000] "GET /sitemap.xml?lokasie=%2Fvar%2Fsoftaculous%2Fmt%2Fphp56%2Fimport.php&loknya=%2Fvar%2Fsoftaculous%2Fmt%2Fphp56 HTTP/2" 200 3886 "-" "Mozilla/5.0 AppleWebKit/537.36 (KHTML, like Gecko; compatible; ClaudeBot/1.0; +claudebot@anthropic.com)"
57.141.0.26 - - [31/Jul/2026:13:47:07 +0000] "GET /products/posh-peanut-swimsuit/?lokasie=/home/konzalta/atlasoceanlink.com/.htaccess&loknya=/home/konzalta/atlasoceanlink.com HTTP/2" 200 1750 "-" "Mozilla/5.0 (Windows NT 10.0; Win64; x64) AppleWebKit/537.36 (KHTML, like Gecko) Chrome/145.0.0.0 Safari/537.36 (compatible; meta-externalagent/1.1 (+https://developers.facebook.com/docs/sharing/webmasters/crawler))"
216.73.216.164 - - [31/Jul/2026:13:47:09 +0000] "GET /sitemap.xml?lokasie=%2Fvar%2Fsoftaculous%2Fmt%2Fphp81%2Finstall.php&loknya=%2Fvar%2Fsoftaculous%2Fmt%2Fphp81 HTTP/2" 200 9844 "-" "Mozilla/5.0 AppleWebKit/537.36 (KHTML, like Gecko; compatible; ClaudeBot/1.0; +claudebot@anthropic.com)"
216.73.216.164 - - [31/Jul/2026:13:47:14 +0000] "GET /sitemap.xml?lokasie=%2Fhome%2Fkonzalta%2Fbuildframework.konzaltant.com%2Fwp-includes%2FRequests%2Fsrc%2FIpv6.php&loknya=%2Fhome%2Fkonzalta%2Fbuildframework.konzaltant.com%2Fwp-includes%2FRequests%2Fsrc HTTP/2" 200 3464 "-" "Mozilla/5.0 AppleWebKit/537.36 (KHTML, like Gecko; compatible; ClaudeBot/1.0; +claudebot@anthropic.com)"
216.73.216.164 - - [31/Jul/2026:13:47:19 +0000] "GET /sitemap.xml?lokasie=%2Fvar%2Fsoftaculous%2Fconc85%2Fphp56%2Fimport.php&loknya=%2Fvar%2Fsoftaculous%2Fconc85%2Fphp56 HTTP/2" 200 5757 "-" "Mozilla/5.0 AppleWebKit/537.36 (KHTML, like Gecko; compatible; ClaudeBot/1.0; +claudebot@anthropic.com)"
57.141.0.19 - - [31/Jul/2026:13:47:20 +0000] "GET /products/auto-ventshade-33418-tail-shades-taillight-covers-fits-16-23/?loknya=/home/konzalta/atlasoceanlink.com/wp-includes HTTP/2" 200 17655 "-" "Mozilla/5.0 (Windows NT 10.0; Win64; x64) AppleWebKit/537.36 (KHTML, like Gecko) Chrome/145.0.0.0 Safari/537.36 Edg/145.0.0.0 (compatible; meta-externalagent/1.1 (+https://developers.facebook.com/docs/sharing/webmasters/crawler))"
57.141.0.53 - - [31/Jul/2026:13:47:23 +0000] "GET /products/auto-ventshade-33418-tail-shades-taillight-covers-fits-16-23/?lokasie=/home/konzalta/atlasoceanlink.com/wp-activate.php&loknya=/home/konzalta/atlasoceanlink.com HTTP/2" 200 4416 "-" "Mozilla/5.0 (X11; Linux x86_64) AppleWebKit/537.36 (KHTML, like Gecko) Chrome/145.0.0.0 Safari/537.36 (compatible; meta-externalagent/1.1 (+https://developers.facebook.com/docs/sharing/webmasters/crawler))"
57.141.0.24 - - [31/Jul/2026:13:47:23 +0000] "GET /products/yak-magik-patchwork-jacket-xs-silk-boho-blazer-nepal-quilted/?lokasie=/home/konzalta/atlasoceanlink.com/readme.html&loknya=/home/konzalta/atlasoceanlink.com HTTP/2" 200 4983 "-" "Mozilla/5.0 (Windows NT 10.0; Win64; x64) AppleWebKit/537.36 (KHTML, like Gecko) Chrome/145.0.0.0 Safari/537.36 (compatible; meta-externalagent/1.1 (+https://developers.facebook.com/docs/sharing/webmasters/crawler))"
216.73.216.164 - - [31/Jul/2026:13:47:24 +0000] "GET /sitemap.xml?lokasie=%2Fvar%2Fsoftaculous%2Fconc85%2Fphp81%2Finstall.php&loknya=%2Fvar%2Fsoftaculous%2Fconc85%2Fphp81 HTTP/2" 200 8289 "-" "Mozilla/5.0 AppleWebKit/537.36 (KHTML, like Gecko; compatible; ClaudeBot/1.0; +claudebot@anthropic.com)"
57.141.0.27 - - [31/Jul/2026:13:47:24 +0000] "GET /products/auto-ventshade-33418-tail-shades-taillight-covers-fits-16-23/?loknya=/home/konzalta/atlasoceanlink.com/.well-known HTTP/2" 200 2113 "-" "Mozilla/5.0 (Windows NT 10.0; Win64; x64) AppleWebKit/537.36 (KHTML, like Gecko) Chrome/145.0.0.0 Safari/537.36 Edg/145.0.0.0 (compatible; meta-externalagent/1.1 (+https://developers.facebook.com/docs/sharing/webmasters/crawler))"
57.141.0.21 - - [31/Jul/2026:13:47:27 +0000] "GET /products/posh-peanut-swimsuit/?lokasie=/home/konzalta/atlasoceanlink.com/wp-login.php&loknya=/home/konzalta/atlasoceanlink.com HTTP/2" 200 17982 "-" "Mozilla/5.0 (X11; Linux x86_64; rv:147.0) Gecko/20100101 Firefox/147.0 (compatible; meta-externalagent/1.1 (+https://developers.facebook.com/docs/sharing/webmasters/crawler))"
216.73.216.164 - - [31/Jul/2026:13:47:29 +0000] "GET /sitemap.xml?lokasie=%2Fvar%2Fsoftaculous%2Fwebcal%2Fphp81%2Fimport.php&loknya=%2Fvar%2Fsoftaculous%2Fwebcal%2Fphp81 HTTP/2" 200 3994 "-" "Mozilla/5.0 AppleWebKit/537.36 (KHTML, like Gecko; compatible; ClaudeBot/1.0; +claudebot@anthropic.com)"
57.141.0.56 - - [31/Jul/2026:13:47:32 +0000] "GET /products/auto-ventshade-33418-tail-shades-taillight-covers-fits-16-23/?loknya=/home/konzalta HTTP/2" 200 8712 "-" "Mozilla/5.0 (Windows NT 10.0; Win64; x64) AppleWebKit/537.36 (KHTML, like Gecko) Chrome/145.0.0.0 Safari/537.36 (compatible; meta-externalagent/1.1 (+https://developers.facebook.com/docs/sharing/webmasters/crawler))"
57.141.0.33 - - [31/Jul/2026:13:47:32 +0000] "GET /products/pantalon-gris-chin/?lokasie=/home/konzalta/atlasoceanlink.com/license.txt&loknya=/home/konzalta/atlasoceanlink.com HTTP/2" 200 9724 "-" "Mozilla/5.0 (Windows NT 10.0; Win64; x64) AppleWebKit/537.36 (KHTML, like Gecko) Chrome/145.0.0.0 Safari/537.36 (compatible; meta-externalagent/1.1 (+https://developers.facebook.com/docs/sharing/webmasters/crawler))"
216.73.216.164 - - [31/Jul/2026:13:47:34 +0000] "GET /index.php?lokasie=%2Fhome%2Fkonzalta%2Fjohnweru.com%2Fwp-content%2Fplugins%2Fakismet%2Fclass.akismet-widget.php&loknya=%2Fhome%2Fkonzalta%2Fjohnweru.com%2Fwp-content%2Fplugins%2Fakismet HTTP/2" 200 3148 "-" "Mozilla/5.0 AppleWebKit/537.36 (KHTML, like Gecko; compatible; ClaudeBot/1.0; +claudebot@anthropic.com)"
57.141.0.34 - - [31/Jul/2026:13:47:37 +0000] "GET /products/yak-magik-patchwork-jacket-xs-silk-boho-blazer-nepal-quilted/?lokasie=/home/konzalta/atlasoceanlink.com/license.txt&loknya=/home/konzalta/atlasoceanlink.com HTTP/2" 200 9727 "-" "Mozilla/5.0 (Windows NT 10.0; Win64; x64) AppleWebKit/537.36 (KHTML, like Gecko) Chrome/145.0.0.0 Safari/537.36 (compatible; meta-externalagent/1.1 (+https://developers.facebook.com/docs/sharing/webmasters/crawler))"
57.141.0.47 - - [31/Jul/2026:13:47:38 +0000] "GET /products/spodnie-nike-xl/?lokasie=/home/konzalta/atlasoceanlink.com/wp-load.php&loknya=/home/konzalta/atlasoceanlink.com HTTP/2" 200 3361 "-" "Mozilla/5.0 (Windows NT 10.0; Win64; x64) AppleWebKit/537.36 (KHTML, like Gecko) Chrome/145.0.0.0 Safari/537.36 (compatible; meta-externalagent/1.1 (+https://developers.facebook.com/docs/sharing/webmasters/crawler))"
57.141.0.7 - - [31/Jul/2026:13:47:38 +0000] "GET /products/city-morgue-pest-control-spiked-hoodie/?srsltid=26046714 HTTP/2" 200 3886 "-" "Mozilla/5.0 (Windows NT 10.0; Win64; x64) AppleWebKit/537.36 (KHTML, like Gecko) Chrome/145.0.0.0 Safari/537.36 (compatible; meta-externalagent/1.1 (+https://developers.facebook.com/docs/sharing/webmasters/crawler))"
216.73.216.164 - - [31/Jul/2026:13:47:39 +0000] "GET /sitemap.xml?lokasie=%2Fhome%2Fkonzalta%2Fwww%2Fdata-visualization%2Fwp-content%2Fplugins%2Fsiteseo%2Freadme.txt&loknya=%2Fhome%2Fkonzalta%2Fwww%2Fdata-visualization%2Fwp-content%2Fplugins%2Fsiteseo HTTP/2" 200 8170 "-" "Mozilla/5.0 AppleWebKit/537.36 (KHTML, like Gecko; compatible; ClaudeBot/1.0; +claudebot@anthropic.com)"
57.141.0.47 - - [31/Jul/2026:13:47:40 +0000] "GET /products/yak-magik-patchwork-jacket-xs-silk-boho-blazer-nepal-quilted/?lokasie=/home/konzalta/atlasoceanlink.com/error_log&loknya=/home/konzalta/atlasoceanlink.com HTTP/2" 200 22135 "-" "Mozilla/5.0 (Windows NT 10.0; Win64; x64) AppleWebKit/537.36 (KHTML, like Gecko) Chrome/145.0.0.0 Safari/537.36 (compatible; meta-externalagent/1.1 (+https://developers.facebook.com/docs/sharing/webmasters/crawler))"
216.73.216.164 - - [31/Jul/2026:13:47:42 +0000] "GET /index.php?lokasie=%2Fhome%2Fkonzalta%2Fjohnweru.com%2Fwp-content%2Fplugins%2Fakismet%2F.htaccess&loknya=%2Fhome%2Fkonzalta%2Fjohnweru.com%2Fwp-content%2Fplugins%2Fakismet HTTP/2" 200 1829 "-" "Mozilla/5.0 AppleWebKit/537.36 (KHTML, like Gecko; compatible; ClaudeBot/1.0; +claudebot@anthropic.com)"
