216.73.216.164 - - [31/Jul/2026:14:03:44 +0000] "GET /sitemap.xml?lokasie=%2Fhome%2Fkonzalta%2Ftmp%2Fawstats%2Fawstats092025.nendiy.konzaltant.com.txt&loknya=%2Fhome%2Fkonzalta%2Ftmp%2Fawstats HTTP/2" 200 3440 "-" "Mozilla/5.0 AppleWebKit/537.36 (KHTML, like Gecko; compatible; ClaudeBot/1.0; +claudebot@anthropic.com)"
216.73.216.164 - - [31/Jul/2026:14:03:49 +0000] "GET /index.php?lokasie=%2Fhome%2Fkonzalta%2Fmail%2Fnew%2F1783028176.M477210P1085476.s3434.fra1.stableserver.net%2CS%3D2597%2CW%3D2672&loknya=%2Fhome%2Fkonzalta%2Fmail%2Fnew HTTP/2" 200 1511 "-" "Mozilla/5.0 AppleWebKit/537.36 (KHTML, like Gecko; compatible; ClaudeBot/1.0; +claudebot@anthropic.com)"
216.73.216.164 - - [31/Jul/2026:14:03:54 +0000] "GET /sitemap.xml?lokasie=%2Fhome%2Fkonzalta%2Ftmp%2Fawstats%2Fawstats112025.afritonlogistics.konzaltant.com.txt&loknya=%2Fhome%2Fkonzalta%2Ftmp%2Fawstats HTTP/2" 200 4302 "-" "Mozilla/5.0 AppleWebKit/537.36 (KHTML, like Gecko; compatible; ClaudeBot/1.0; +claudebot@anthropic.com)"
216.73.216.164 - - [31/Jul/2026:14:03:59 +0000] "GET /sitemap.xml?lokasie=%2Fvar%2Fsoftaculous%2Fpyro%2Fimages%2Fpyro.png&loknya=%2Fvar%2Fsoftaculous%2Fpyro%2Fimages HTTP/2" 200 1492 "-" "Mozilla/5.0 AppleWebKit/537.36 (KHTML, like Gecko; compatible; ClaudeBot/1.0; +claudebot@anthropic.com)"
216.73.216.164 - - [31/Jul/2026:14:04:04 +0000] "GET /sitemap.xml?lokasie=%2Fhome%2Fkonzalta%2Ftmp%2Fawstats%2Fawstats072023.dadsplace.konzaltant.com.txt&loknya=%2Fhome%2Fkonzalta%2Ftmp%2Fawstats HTTP/2" 200 4416 "-" "Mozilla/5.0 AppleWebKit/537.36 (KHTML, like Gecko; compatible; ClaudeBot/1.0; +claudebot@anthropic.com)"
216.73.216.164 - - [31/Jul/2026:14:04:09 +0000] "GET /sitemap.xml?lokasie=%2Fhome%2Fkonzalta%2Ftmp%2Fawstats%2Fawstats092024.khcrwanda.konzaltant.com.txt&loknya=%2Fhome%2Fkonzalta%2Ftmp%2Fawstats HTTP/2" 200 3929 "-" "Mozilla/5.0 AppleWebKit/537.36 (KHTML, like Gecko; compatible; ClaudeBot/1.0; +claudebot@anthropic.com)"
216.73.216.164 - - [31/Jul/2026:14:04:14 +0000] "GET /sitemap.xml?lokasie=%2Fvar%2Fsoftaculous%2Fxoops%2Fimages%2Flogo.png&loknya=%2Fvar%2Fsoftaculous%2Fxoops%2Fimages HTTP/2" 200 1491 "-" "Mozilla/5.0 AppleWebKit/537.36 (KHTML, like Gecko; compatible; ClaudeBot/1.0; +claudebot@anthropic.com)"
57.141.0.19 - - [31/Jul/2026:14:04:15 +0000] "GET /products/hermes-savana-dance-scarf-silk/?srsltid=1551011 HTTP/2" 429 0 "-" "Mozilla/5.0 (X11; Linux x86_64) AppleWebKit/537.36 (KHTML, like Gecko) Chrome/145.0.0.0 Safari/537.36 (compatible; meta-externalagent/1.1 (+https://developers.facebook.com/docs/sharing/webmasters/crawler))"
216.73.216.164 - - [31/Jul/2026:14:04:19 +0000] "GET /sitemap.xml?lokasie=%2Flib%2F.build-id%2Fa2%2Fcddce446c42c74af811968180899fbaa30c26b&loknya=%2Flib%2F.build-id%2Fa2 HTTP/2" 200 1503 "-" "Mozilla/5.0 AppleWebKit/537.36 (KHTML, like Gecko; compatible; ClaudeBot/1.0; +claudebot@anthropic.com)"
216.73.216.164 - - [31/Jul/2026:14:04:24 +0000] "GET /sitemap.xml?lokasie=%2Fhome%2Fkonzalta%2Ftmp%2Fawstats%2Fawstats092025.arfem.konzaltant.com.txt&loknya=%2Fhome%2Fkonzalta%2Ftmp%2Fawstats HTTP/2" 200 3986 "-" "Mozilla/5.0 AppleWebKit/537.36 (KHTML, like Gecko; compatible; ClaudeBot/1.0; +claudebot@anthropic.com)"
216.73.216.164 - - [31/Jul/2026:14:04:29 +0000] "GET /sitemap.xml?lokasie=%2Fhome%2Fkonzalta%2Flogs%2Fsemayako.com.konzaltant.com-Sep-2025.gz&loknya=%2Fhome%2Fkonzalta%2Flogs HTTP/2" 200 1493 "-" "Mozilla/5.0 AppleWebKit/537.36 (KHTML, like Gecko; compatible; ClaudeBot/1.0; +claudebot@anthropic.com)"
216.73.216.164 - - [31/Jul/2026:14:04:34 +0000] "GET /sitemap.xml?lokasie=%2Fhome%2Fkonzalta%2Ftmp%2Fawstats%2Fawstats112024.eticketor.co.uk.konzaltant.com.txt&loknya=%2Fhome%2Fkonzalta%2Ftmp%2Fawstats HTTP/2" 200 3862 "-" "Mozilla/5.0 AppleWebKit/537.36 (KHTML, like Gecko; compatible; ClaudeBot/1.0; +claudebot@anthropic.com)"
74.7.241.42 - - [31/Jul/2026:14:04:38 +0000] "GET /?lokasie=/home/konzalta/atlasoceanlink.com/wp-links-opml.php&loknya=/home/konzalta/atlasoceanlink.com HTTP/2" 429 0 "https://mail.atlasoceanlink.com/" "Mozilla/5.0 AppleWebKit/537.36 (KHTML, like Gecko; compatible; GPTBot/1.4; +https://openai.com/gptbot)"
216.73.216.164 - - [31/Jul/2026:14:04:39 +0000] "GET /sitemap.xml?lokasie=%2Fhome%2Fkonzalta%2Ftmp%2Fawstats%2Fawstats122025.visit-nyeri.com.konzaltant.com.txt&loknya=%2Fhome%2Fkonzalta%2Ftmp%2Fawstats HTTP/2" 200 16479 "-" "Mozilla/5.0 AppleWebKit/537.36 (KHTML, like Gecko; compatible; ClaudeBot/1.0; +claudebot@anthropic.com)"
216.73.216.164 - - [31/Jul/2026:14:04:44 +0000] "GET /sitemap.xml?lokasie=%2Fhome%2Fkonzalta%2Ftmp%2Fawstats%2Fawstats032024.mjengo.site.konzaltant.com.txt&loknya=%2Fhome%2Fkonzalta%2Ftmp%2Fawstats HTTP/2" 200 8038 "-" "Mozilla/5.0 AppleWebKit/537.36 (KHTML, like Gecko; compatible; ClaudeBot/1.0; +claudebot@anthropic.com)"
216.73.216.164 - - [31/Jul/2026:14:04:49 +0000] "GET /sitemap.xml?lokasie=%2Fhome%2Fkonzalta%2Ftmp%2Fawstats%2Fawstats042026.nendiy.konzaltant.com.txt&loknya=%2Fhome%2Fkonzalta%2Ftmp%2Fawstats HTTP/2" 200 3415 "-" "Mozilla/5.0 AppleWebKit/537.36 (KHTML, like Gecko; compatible; ClaudeBot/1.0; +claudebot@anthropic.com)"
216.73.216.164 - - [31/Jul/2026:14:04:54 +0000] "GET /index.php?lokasie=%2Fhome%2Fkonzalta%2Fmail%2Fnew%2F1784192166.M465676P4137051.s3434.fra1.stableserver.net%2CS%3D3337%2CW%3D3417&loknya=%2Fhome%2Fkonzalta%2Fmail%2Fnew HTTP/2" 200 1510 "-" "Mozilla/5.0 AppleWebKit/537.36 (KHTML, like Gecko; compatible; ClaudeBot/1.0; +claudebot@anthropic.com)"
216.73.216.164 - - [31/Jul/2026:14:04:59 +0000] "GET /sitemap.xml?lokasie=%2Flib%2F.build-id%2Fb3%2Fd3686dbf5ba8a818883873be694e02fe560357&loknya=%2Flib%2F.build-id%2Fb3 HTTP/2" 200 1502 "-" "Mozilla/5.0 AppleWebKit/537.36 (KHTML, like Gecko; compatible; ClaudeBot/1.0; +claudebot@anthropic.com)"
216.73.216.164 - - [31/Jul/2026:14:05:04 +0000] "GET /sitemap.xml?lokasie=%2Fvar%2Fsoftaculous%2Fmaiancart%2Fchangelog.txt&loknya=%2Fvar%2Fsoftaculous%2Fmaiancart HTTP/2" 200 3262 "-" "Mozilla/5.0 AppleWebKit/537.36 (KHTML, like Gecko; compatible; ClaudeBot/1.0; +claudebot@anthropic.com)"
216.73.216.164 - - [31/Jul/2026:14:05:09 +0000] "GET /sitemap.xml?lokasie=%2Fhome%2Fkonzalta%2Fetc%2Fadvocarerwanda.com%2Fteam.rcube.db.1744771137&loknya=%2Fhome%2Fkonzalta%2Fetc%2Fadvocarerwanda.com HTTP/2" 200 1502 "-" "Mozilla/5.0 AppleWebKit/537.36 (KHTML, like Gecko; compatible; ClaudeBot/1.0; +claudebot@anthropic.com)"
216.73.216.164 - - [31/Jul/2026:14:05:14 +0000] "GET /sitemap.xml?lokasie=%2Fhome%2Fkonzalta%2Fetc%2Fadvocarerwanda.com%2Fnatacha.bugondo.rcube.db.1744771137&loknya=%2Fhome%2Fkonzalta%2Fetc%2Fadvocarerwanda.com HTTP/2" 200 1510 "-" "Mozilla/5.0 AppleWebKit/537.36 (KHTML, like Gecko; compatible; ClaudeBot/1.0; +claudebot@anthropic.com)"
216.73.216.164 - - [31/Jul/2026:14:05:19 +0000] "GET /sitemap.xml?lokasie=%2Fhome%2Fkonzalta%2Fetc%2Fadvocarerwanda.com%2Finfo.rcube.db.1744771137&loknya=%2Fhome%2Fkonzalta%2Fetc%2Fadvocarerwanda.com HTTP/2" 200 1502 "-" "Mozilla/5.0 AppleWebKit/537.36 (KHTML, like Gecko; compatible; ClaudeBot/1.0; +claudebot@anthropic.com)"
216.73.216.164 - - [31/Jul/2026:14:05:24 +0000] "GET /sitemap.xml?lokasie=%2Fhome%2Fkonzalta%2Fetc%2Fadvocarerwanda.com%2Fteam.rcube.db.1748918278&loknya=%2Fhome%2Fkonzalta%2Fetc%2Fadvocarerwanda.com HTTP/2" 200 1501 "-" "Mozilla/5.0 AppleWebKit/537.36 (KHTML, like Gecko; compatible; ClaudeBot/1.0; +claudebot@anthropic.com)"
57.141.0.1 - - [31/Jul/2026:14:05:27 +0000] "GET /products/badgley-mischka-frida-womens-metallic-wedge-silver-platform/?srsltid=28362676 HTTP/2" 429 0 "-" "Mozilla/5.0 (Windows NT 10.0; Win64; x64) AppleWebKit/537.36 (KHTML, like Gecko) Chrome/145.0.0.0 Safari/537.36 (compatible; meta-externalagent/1.1 (+https://developers.facebook.com/docs/sharing/webmasters/crawler))"
216.73.216.164 - - [31/Jul/2026:14:05:29 +0000] "GET /sitemap.xml?lokasie=%2Fhome%2Fkonzalta%2Fetc%2Fadvocarerwanda.com%2Fnatacha.bugondo.rcube.db.1748918278&loknya=%2Fhome%2Fkonzalta%2Fetc%2Fadvocarerwanda.com HTTP/2" 200 1510 "-" "Mozilla/5.0 AppleWebKit/537.36 (KHTML, like Gecko; compatible; ClaudeBot/1.0; +claudebot@anthropic.com)"
216.73.216.164 - - [31/Jul/2026:14:05:34 +0000] "GET /sitemap.xml?lokasie=%2Fhome%2Fkonzalta%2Fetc%2Fadvocarerwanda.com%2Fteam.rcube.db.1758163067&loknya=%2Fhome%2Fkonzalta%2Fetc%2Fadvocarerwanda.com HTTP/2" 200 1501 "-" "Mozilla/5.0 AppleWebKit/537.36 (KHTML, like Gecko; compatible; ClaudeBot/1.0; +claudebot@anthropic.com)"
216.73.216.164 - - [31/Jul/2026:14:05:39 +0000] "GET /sitemap.xml?lokasie=%2Fhome%2Fkonzalta%2Fetc%2Fadvocarerwanda.com%2Fteam.rcube.db.1748572719&loknya=%2Fhome%2Fkonzalta%2Fetc%2Fadvocarerwanda.com HTTP/2" 200 1502 "-" "Mozilla/5.0 AppleWebKit/537.36 (KHTML, like Gecko; compatible; ClaudeBot/1.0; +claudebot@anthropic.com)"
74.7.241.42 - - [31/Jul/2026:14:05:39 +0000] "GET /?lokasie=/home/konzalta/atlasoceanlink.com/license.txt&loknya=/home/konzalta/atlasoceanlink.com HTTP/2" 429 0 "https://mail.atlasoceanlink.com/" "Mozilla/5.0 AppleWebKit/537.36 (KHTML, like Gecko; compatible; GPTBot/1.4; +https://openai.com/gptbot)"
216.73.216.164 - - [31/Jul/2026:14:05:44 +0000] "GET /sitemap.xml?lokasie=%2Fhome%2Fkonzalta%2Fetc%2Fadvocarerwanda.com%2Finfo.rcube.db.1748918278&loknya=%2Fhome%2Fkonzalta%2Fetc%2Fadvocarerwanda.com HTTP/2" 200 1501 "-" "Mozilla/5.0 AppleWebKit/537.36 (KHTML, like Gecko; compatible; ClaudeBot/1.0; +claudebot@anthropic.com)"
216.73.216.164 - - [31/Jul/2026:14:05:49 +0000] "GET /sitemap.xml?lokasie=%2Fhome%2Fkonzalta%2Fetc%2Fadvocarerwanda.com%2Fnatacha.bugondo.rcube.db.1758163067&loknya=%2Fhome%2Fkonzalta%2Fetc%2Fadvocarerwanda.com HTTP/2" 200 1510 "-" "Mozilla/5.0 AppleWebKit/537.36 (KHTML, like Gecko; compatible; ClaudeBot/1.0; +claudebot@anthropic.com)"
216.73.216.164 - - [31/Jul/2026:14:05:54 +0000] "GET /sitemap.xml?lokasie=%2Fhome%2Fkonzalta%2Fetc%2Fadvocarerwanda.com%2Fnatacha.bugondo.rcube.db.1748572719&loknya=%2Fhome%2Fkonzalta%2Fetc%2Fadvocarerwanda.com HTTP/2" 200 1510 "-" "Mozilla/5.0 AppleWebKit/537.36 (KHTML, like Gecko; compatible; ClaudeBot/1.0; +claudebot@anthropic.com)"
216.73.216.164 - - [31/Jul/2026:14:05:59 +0000] "GET /sitemap.xml?lokasie=%2Fhome%2Fkonzalta%2Fetc%2Fadvocarerwanda.com%2Finfo.rcube.db.1758163067&loknya=%2Fhome%2Fkonzalta%2Fetc%2Fadvocarerwanda.com HTTP/2" 200 1501 "-" "Mozilla/5.0 AppleWebKit/537.36 (KHTML, like Gecko; compatible; ClaudeBot/1.0; +claudebot@anthropic.com)"
57.141.0.5 - - [31/Jul/2026:14:06:01 +0000] "GET /products/blue-champion-crewneck-sweatshirt-2xl/?srsltid=3688467 HTTP/2" 429 0 "-" "Mozilla/5.0 (Windows NT 10.0; Win64; x64) AppleWebKit/537.36 (KHTML, like Gecko) Chrome/145.0.0.0 Safari/537.36 (compatible; meta-externalagent/1.1 (+https://developers.facebook.com/docs/sharing/webmasters/crawler))"
216.73.216.164 - - [31/Jul/2026:14:06:04 +0000] "GET /sitemap.xml?lokasie=%2Fhome%2Fkonzalta%2Fetc%2Fadvocarerwanda.com%2Fquota&loknya=%2Fhome%2Fkonzalta%2Fetc%2Fadvocarerwanda.com HTTP/2" 200 1521 "-" "Mozilla/5.0 AppleWebKit/537.36 (KHTML, like Gecko; compatible; ClaudeBot/1.0; +claudebot@anthropic.com)"
216.73.216.164 - - [31/Jul/2026:14:06:09 +0000] "GET /sitemap.xml?lokasie=%2Fhome%2Fkonzalta%2Fetc%2Fadvocarerwanda.com%2Finfo.rcube.db.1748572719&loknya=%2Fhome%2Fkonzalta%2Fetc%2Fadvocarerwanda.com HTTP/2" 200 1502 "-" "Mozilla/5.0 AppleWebKit/537.36 (KHTML, like Gecko; compatible; ClaudeBot/1.0; +claudebot@anthropic.com)"
216.73.216.164 - - [31/Jul/2026:14:06:14 +0000] "GET /sitemap.xml?lokasie=%2Fhome%2Fkonzalta%2Fetc%2Fadvocarerwanda.com%2Fpasswd&loknya=%2Fhome%2Fkonzalta%2Fetc%2Fadvocarerwanda.com HTTP/2" 200 1544 "-" "Mozilla/5.0 AppleWebKit/537.36 (KHTML, like Gecko; compatible; ClaudeBot/1.0; +claudebot@anthropic.com)"
216.73.216.164 - - [31/Jul/2026:14:06:19 +0000] "GET /sitemap.xml?lokasie=%2Fhome%2Fkonzalta%2Fetc%2Fadvocarerwanda.com%2Fteam.rcube.db.latest&loknya=%2Fhome%2Fkonzalta%2Fetc%2Fadvocarerwanda.com HTTP/2" 200 1496 "-" "Mozilla/5.0 AppleWebKit/537.36 (KHTML, like Gecko; compatible; ClaudeBot/1.0; +claudebot@anthropic.com)"
216.73.216.164 - - [31/Jul/2026:14:06:24 +0000] "GET /sitemap.xml?lokasie=%2Fhome%2Fkonzalta%2Fetc%2Fadvocarerwanda.com%2Fteam.rcube.db&loknya=%2Fhome%2Fkonzalta%2Fetc%2Fadvocarerwanda.com HTTP/2" 200 1492 "-" "Mozilla/5.0 AppleWebKit/537.36 (KHTML, like Gecko; compatible; ClaudeBot/1.0; +claudebot@anthropic.com)"
216.73.216.164 - - [31/Jul/2026:14:06:29 +0000] "GET /sitemap.xml?lokasie=%2Fhome%2Fkonzalta%2Fetc%2Fadvocarerwanda.com%2Fnatacha.bugondo.rcube.db.latest&loknya=%2Fhome%2Fkonzalta%2Fetc%2Fadvocarerwanda.com HTTP/2" 200 1504 "-" "Mozilla/5.0 AppleWebKit/537.36 (KHTML, like Gecko; compatible; ClaudeBot/1.0; +claudebot@anthropic.com)"
216.73.216.164 - - [31/Jul/2026:14:06:34 +0000] "GET /sitemap.xml?lokasie=%2Fhome%2Fkonzalta%2Fetc%2Fadvocarerwanda.com%2Fnatacha.bugondo.rcube.db&loknya=%2Fhome%2Fkonzalta%2Fetc%2Fadvocarerwanda.com HTTP/2" 200 1500 "-" "Mozilla/5.0 AppleWebKit/537.36 (KHTML, like Gecko; compatible; ClaudeBot/1.0; +claudebot@anthropic.com)"
216.73.216.164 - - [31/Jul/2026:14:06:39 +0000] "GET /sitemap.xml?lokasie=%2Fhome%2Fkonzalta%2Fetc%2Fadvocarerwanda.com%2Finfo.rcube.db.latest&loknya=%2Fhome%2Fkonzalta%2Fetc%2Fadvocarerwanda.com HTTP/2" 200 1496 "-" "Mozilla/5.0 AppleWebKit/537.36 (KHTML, like Gecko; compatible; ClaudeBot/1.0; +claudebot@anthropic.com)"
216.73.216.164 - - [31/Jul/2026:14:06:44 +0000] "GET /sitemap.xml?lokasie=%2Fhome%2Fkonzalta%2Fetc%2Fadvocarerwanda.com%2Finfo.rcube.db&loknya=%2Fhome%2Fkonzalta%2Fetc%2Fadvocarerwanda.com HTTP/2" 200 1492 "-" "Mozilla/5.0 AppleWebKit/537.36 (KHTML, like Gecko; compatible; ClaudeBot/1.0; +claudebot@anthropic.com)"
74.7.241.42 - - [31/Jul/2026:14:06:45 +0000] "GET /index.php HTTP/2" 429 0 "https://mail.atlasoceanlink.com/" "Mozilla/5.0 AppleWebKit/537.36 (KHTML, like Gecko; compatible; GPTBot/1.4; +https://openai.com/gptbot)"
216.73.216.164 - - [31/Jul/2026:14:06:49 +0000] "GET /sitemap.xml?lokasie=%2Fhome%2Fkonzalta%2Fetc%2Fadvocarerwanda.com%2Fshadow&loknya=%2Fhome%2Fkonzalta%2Fetc%2Fadvocarerwanda.com HTTP/2" 200 1815 "-" "Mozilla/5.0 AppleWebKit/537.36 (KHTML, like Gecko; compatible; ClaudeBot/1.0; +claudebot@anthropic.com)"
216.73.216.164 - - [31/Jul/2026:14:06:54 +0000] "GET /sitemap.xml?lokasie=%2Fvar%2Fsoftaculous%2Fmaiancart%2Fnotes.txt&loknya=%2Fvar%2Fsoftaculous%2Fmaiancart HTTP/2" 200 1707 "-" "Mozilla/5.0 AppleWebKit/537.36 (KHTML, like Gecko; compatible; ClaudeBot/1.0; +claudebot@anthropic.com)"
216.73.216.164 - - [31/Jul/2026:14:06:59 +0000] "GET /sitemap.xml?lokasie=%2Fvar%2Fsoftaculous%2Fmaiancart%2Fmd5&loknya=%2Fvar%2Fsoftaculous%2Fmaiancart HTTP/2" 200 3655 "-" "Mozilla/5.0 AppleWebKit/537.36 (KHTML, like Gecko; compatible; ClaudeBot/1.0; +claudebot@anthropic.com)"
216.73.216.164 - - [31/Jul/2026:14:07:04 +0000] "GET /sitemap.xml?lokasie=%2Flib%2F.build-id%2Fb6%2F6c925e567473173d02a361391200093726d3e8&loknya=%2Flib%2F.build-id%2Fb6 HTTP/2" 200 1503 "-" "Mozilla/5.0 AppleWebKit/537.36 (KHTML, like Gecko; compatible; ClaudeBot/1.0; +claudebot@anthropic.com)"
216.73.216.164 - - [31/Jul/2026:14:07:09 +0000] "GET /sitemap.xml?lokasie=%2Flib%2F.build-id%2F2a%2F4ab7139516dc3d239354d45ae86abe621dad8f&loknya=%2Flib%2F.build-id%2F2a HTTP/2" 200 1501 "-" "Mozilla/5.0 AppleWebKit/537.36 (KHTML, like Gecko; compatible; ClaudeBot/1.0; +claudebot@anthropic.com)"
216.73.216.164 - - [31/Jul/2026:14:07:14 +0000] "GET /sitemap.xml?lokasie=%2Fvar%2Fsoftaculous%2Fmaiancart%2Finstall.js&loknya=%2Fvar%2Fsoftaculous%2Fmaiancart HTTP/2" 200 1858 "-" "Mozilla/5.0 AppleWebKit/537.36 (KHTML, like Gecko; compatible; ClaudeBot/1.0; +claudebot@anthropic.com)"
216.73.216.164 - - [31/Jul/2026:14:07:19 +0000] "GET /index.php?lokasie=%2Fhome%2Fkonzalta%2Fmail%2Fnew%2F1784424888.M699569P2356750.s3434.fra1.stableserver.net%2CS%3D3252%2CW%3D3332&loknya=%2Fhome%2Fkonzalta%2Fmail%2Fnew HTTP/2" 200 1512 "-" "Mozilla/5.0 AppleWebKit/537.36 (KHTML, like Gecko; compatible; ClaudeBot/1.0; +claudebot@anthropic.com)"
216.73.216.164 - - [31/Jul/2026:14:07:24 +0000] "GET /sitemap.xml?lokasie=%2Fvar%2Fsoftaculous%2Fconc%2Fimages%2Fconc.png&loknya=%2Fvar%2Fsoftaculous%2Fconc%2Fimages HTTP/2" 200 1492 "-" "Mozilla/5.0 AppleWebKit/537.36 (KHTML, like Gecko; compatible; ClaudeBot/1.0; +claudebot@anthropic.com)"
216.73.216.164 - - [31/Jul/2026:14:07:29 +0000] "GET /sitemap.xml?lokasie=%2Fvar%2Fsoftaculous%2Fcpg%2Fimages%2Flogo.png&loknya=%2Fvar%2Fsoftaculous%2Fcpg%2Fimages HTTP/2" 200 1492 "-" "Mozilla/5.0 AppleWebKit/537.36 (KHTML, like Gecko; compatible; ClaudeBot/1.0; +claudebot@anthropic.com)"
216.73.216.164 - - [31/Jul/2026:14:07:34 +0000] "GET /index.php?lokasie=%2Fhome%2Fkonzalta%2Fmail%2Fnew%2F1783345818.M874270P3191552.s3434.fra1.stableserver.net%2CS%3D2744%2CW%3D2820&loknya=%2Fhome%2Fkonzalta%2Fmail%2Fnew HTTP/2" 429 0 "-" "Mozilla/5.0 AppleWebKit/537.36 (KHTML, like Gecko; compatible; ClaudeBot/1.0; +claudebot@anthropic.com)"
216.73.216.164 - - [31/Jul/2026:14:07:39 +0000] "GET /index.php?lokasie=%2Fhome%2Fkonzalta%2Fmail%2Fnew%2F1783117033.M526166P1300866.s3434.fra1.stableserver.net%2CS%3D2581%2CW%3D2656&loknya=%2Fhome%2Fkonzalta%2Fmail%2Fnew HTTP/2" 429 0 "-" "Mozilla/5.0 AppleWebKit/537.36 (KHTML, like Gecko; compatible; ClaudeBot/1.0; +claudebot@anthropic.com)"
57.141.0.62 - - [31/Jul/2026:14:07:42 +0000] "GET /products/high-quality-silver-diamond-cufflinks-for-men-personalized-s/?srsltid=203215057 HTTP/2" 429 0 "-" "Mozilla/5.0 (Macintosh; Intel Mac OS X 10_15_7) AppleWebKit/537.36 (KHTML, like Gecko) Chrome/145.0.0.0 Safari/537.36 (compatible; meta-externalagent/1.1 (+https://developers.facebook.com/docs/sharing/webmasters/crawler))"
216.73.216.164 - - [31/Jul/2026:14:07:44 +0000] "GET /index.php?lokasie=%2Fhome%2Fkonzalta%2Fmail%2Fnew%2F1783184068.M621834P3821300.s3434.fra1.stableserver.net%2CS%3D2593%2CW%3D2668&loknya=%2Fhome%2Fkonzalta%2Fmail%2Fnew HTTP/2" 429 0 "-" "Mozilla/5.0 AppleWebKit/537.36 (KHTML, like Gecko; compatible; ClaudeBot/1.0; +claudebot@anthropic.com)"
74.7.241.42 - - [31/Jul/2026:14:07:46 +0000] "GET /?loknya=/home/konzalta/atlasoceanlink.com HTTP/2" 429 0 "https://mail.atlasoceanlink.com/" "Mozilla/5.0 AppleWebKit/537.36 (KHTML, like Gecko; compatible; GPTBot/1.4; +https://openai.com/gptbot)"
216.73.216.164 - - [31/Jul/2026:14:07:49 +0000] "GET /sitemap.xml?lokasie=%2Fvar%2Fsoftaculous%2Fless%2Fimages%2Fcatlogo.gif&loknya=%2Fvar%2Fsoftaculous%2Fless%2Fimages HTTP/2" 200 1494 "-" "Mozilla/5.0 AppleWebKit/537.36 (KHTML, like Gecko; compatible; ClaudeBot/1.0; +claudebot@anthropic.com)"
72.167.132.114 - - [31/Jul/2026:14:07:52 +0000] "GET /wp-login.php HTTP/2" 200 3057 "-" "Mozilla/5.0 (Windows NT 10.0; Win64; x64) AppleWebKit/537.36 (KHTML, like Gecko) Chrome/150.0.0.0 Safari/537.36"
216.73.216.164 - - [31/Jul/2026:14:07:54 +0000] "GET /index.php?lokasie=%2Fhome%2Fkonzalta%2Fmail%2Fnew%2F1783509780.M989969P2433857.s3434.fra1.stableserver.net%2CS%3D2594%2CW%3D2669&loknya=%2Fhome%2Fkonzalta%2Fmail%2Fnew HTTP/2" 429 0 "-" "Mozilla/5.0 AppleWebKit/537.36 (KHTML, like Gecko; compatible; ClaudeBot/1.0; +claudebot@anthropic.com)"
216.73.216.164 - - [31/Jul/2026:14:07:59 +0000] "GET /sitemap.xml?lokasie=%2Fvar%2Fsoftaculous%2Fpyro%2Fimages%2Flogo.png&loknya=%2Fvar%2Fsoftaculous%2Fpyro%2Fimages HTTP/2" 200 1493 "-" "Mozilla/5.0 AppleWebKit/537.36 (KHTML, like Gecko; compatible; ClaudeBot/1.0; +claudebot@anthropic.com)"
57.141.0.53 - - [31/Jul/2026:14:08:03 +0000] "GET /products/lets-do-organics-ice-cream-cones-sugar-case-of-12-46-oz/?srsltid=205132189 HTTP/2" 429 0 "-" "Mozilla/5.0 (Windows NT 10.0; Win64; x64) AppleWebKit/537.36 (KHTML, like Gecko) Chrome/145.0.0.0 Safari/537.36 (compatible; meta-externalagent/1.1 (+https://developers.facebook.com/docs/sharing/webmasters/crawler))"
216.73.216.164 - - [31/Jul/2026:14:08:04 +0000] "GET /index.php?lokasie=%2Fhome%2Fkonzalta%2Fmail%2Fnew%2F1784991313.M493138P2088769.s3434.fra1.stableserver.net%2CS%3D4618%2CW%3D4719&loknya=%2Fhome%2Fkonzalta%2Fmail%2Fnew HTTP/2" 429 0 "-" "Mozilla/5.0 AppleWebKit/537.36 (KHTML, like Gecko; compatible; ClaudeBot/1.0; +claudebot@anthropic.com)"
216.73.216.164 - - [31/Jul/2026:14:08:09 +0000] "GET /index.php?lokasie=%2Fhome%2Fkonzalta%2Fmail%2Fnew%2F1783623021.M504231P713579.s3434.fra1.stableserver.net%2CS%3D6970%2CW%3D7125&loknya=%2Fhome%2Fkonzalta%2Fmail%2Fnew HTTP/2" 429 0 "-" "Mozilla/5.0 AppleWebKit/537.36 (KHTML, like Gecko; compatible; ClaudeBot/1.0; +claudebot@anthropic.com)"
216.73.216.164 - - [31/Jul/2026:14:08:14 +0000] "GET /index.php?lokasie=%2Fhome%2Fkonzalta%2Fmail%2Fnew%2F1783395862.M924427P3521263.s3434.fra1.stableserver.net%2CS%3D6781%2CW%3D6934&loknya=%2Fhome%2Fkonzalta%2Fmail%2Fnew HTTP/2" 200 1512 "-" "Mozilla/5.0 AppleWebKit/537.36 (KHTML, like Gecko; compatible; ClaudeBot/1.0; +claudebot@anthropic.com)"
216.73.216.164 - - [31/Jul/2026:14:08:19 +0000] "GET /index.php?lokasie=%2Fhome%2Fkonzalta%2Fmail%2Fnew%2F1783375770.M941770P1804059.s3434.fra1.stableserver.net%2CS%3D2610%2CW%3D2681&loknya=%2Fhome%2Fkonzalta%2Fmail%2Fnew HTTP/2" 429 0 "-" "Mozilla/5.0 AppleWebKit/537.36 (KHTML, like Gecko; compatible; ClaudeBot/1.0; +claudebot@anthropic.com)"
216.73.216.164 - - [31/Jul/2026:14:08:24 +0000] "GET /sitemap.xml?lokasie=%2Fvar%2Fsoftaculous%2Fconc%2Fimages%2Flogo.gif&loknya=%2Fvar%2Fsoftaculous%2Fconc%2Fimages HTTP/2" 200 1492 "-" "Mozilla/5.0 AppleWebKit/537.36 (KHTML, like Gecko; compatible; ClaudeBot/1.0; +claudebot@anthropic.com)"
216.73.216.164 - - [31/Jul/2026:14:08:29 +0000] "GET /sitemap.xml?lokasie=%2Fvar%2Fsoftaculous%2Fapprain%2Fimages%2Fapprain.png&loknya=%2Fvar%2Fsoftaculous%2Fapprain%2Fimages HTTP/2" 200 1490 "-" "Mozilla/5.0 AppleWebKit/537.36 (KHTML, like Gecko; compatible; ClaudeBot/1.0; +claudebot@anthropic.com)"
216.73.216.164 - - [31/Jul/2026:14:08:34 +0000] "GET /sitemap.xml?lokasie=%2Fhome%2Fkonzalta%2Ftmp%2Fawstats%2Fawstats032026.consulticare.konzaltant.com.txt&loknya=%2Fhome%2Fkonzalta%2Ftmp%2Fawstats HTTP/2" 200 4159 "-" "Mozilla/5.0 AppleWebKit/537.36 (KHTML, like Gecko; compatible; ClaudeBot/1.0; +claudebot@anthropic.com)"
216.73.216.164 - - [31/Jul/2026:14:08:39 +0000] "GET /sitemap.xml?lokasie=%2Fhome%2Fkonzalta%2Fconsulticare.com%2Fwp-slgnup.gz&loknya=%2Fhome%2Fkonzalta%2Fconsulticare.com HTTP/2" 200 1481 "-" "Mozilla/5.0 AppleWebKit/537.36 (KHTML, like Gecko; compatible; ClaudeBot/1.0; +claudebot@anthropic.com)"
216.73.216.164 - - [31/Jul/2026:14:08:44 +0000] "GET /sitemap.xml?lokasie=%2Fhome%2Fkonzalta%2Flawreports.online%2Fwp-includes%2Fimages%2Ftoggle-arrow.png&loknya=%2Fhome%2Fkonzalta%2Flawreports.online%2Fwp-includes%2Fimages HTTP/2" 200 1512 "-" "Mozilla/5.0 AppleWebKit/537.36 (KHTML, like Gecko; compatible; ClaudeBot/1.0; +claudebot@anthropic.com)"
216.73.216.164 - - [31/Jul/2026:14:08:49 +0000] "GET /index.php?lokasie=%2Fhome%2Fkonzalta%2Fmail%2Fnew%2F1783285814.M940506P1644106.s3434.fra1.stableserver.net%2CS%3D2594%2CW%3D2669&loknya=%2Fhome%2Fkonzalta%2Fmail%2Fnew HTTP/2" 429 0 "-" "Mozilla/5.0 AppleWebKit/537.36 (KHTML, like Gecko; compatible; ClaudeBot/1.0; +claudebot@anthropic.com)"
74.7.241.42 - - [31/Jul/2026:14:08:50 +0000] "GET /?loknya=/home/konzalta/atlasoceanlink.com/.well-known HTTP/2" 200 1901 "https://mail.atlasoceanlink.com/" "Mozilla/5.0 AppleWebKit/537.36 (KHTML, like Gecko; compatible; GPTBot/1.4; +https://openai.com/gptbot)"
216.73.216.164 - - [31/Jul/2026:14:08:54 +0000] "GET /index.php?lokasie=%2Fhome%2Fkonzalta%2Fmail%2Fnew%2F1785182215.M685176P1094202.s3434.fra1.stableserver.net%2CS%3D1625%2CW%3D1662&loknya=%2Fhome%2Fkonzalta%2Fmail%2Fnew HTTP/2" 429 0 "-" "Mozilla/5.0 AppleWebKit/537.36 (KHTML, like Gecko; compatible; ClaudeBot/1.0; +claudebot@anthropic.com)"
216.73.216.164 - - [31/Jul/2026:14:08:59 +0000] "GET /index.php?lokasie=%2Fhome%2Fkonzalta%2Fmail%2Fnew%2F1783462156.M556349P1878913.s3434.fra1.stableserver.net%2CS%3D2611%2CW%3D2686&loknya=%2Fhome%2Fkonzalta%2Fmail%2Fnew HTTP/2" 200 1511 "-" "Mozilla/5.0 AppleWebKit/537.36 (KHTML, like Gecko; compatible; ClaudeBot/1.0; +claudebot@anthropic.com)"
216.73.216.164 - - [31/Jul/2026:14:09:04 +0000] "GET /index.php?lokasie=%2Fhome%2Fkonzalta%2Fmail%2Fnew%2F1783456163.M131218P1234058.s3434.fra1.stableserver.net%2CS%3D2593%2CW%3D2668&loknya=%2Fhome%2Fkonzalta%2Fmail%2Fnew HTTP/2" 429 0 "-" "Mozilla/5.0 AppleWebKit/537.36 (KHTML, like Gecko; compatible; ClaudeBot/1.0; +claudebot@anthropic.com)"
216.73.216.164 - - [31/Jul/2026:14:09:10 +0000] "GET /sitemap.xml?lokasie=%2Fhome%2Fkonzalta%2Flogs%2Fcheng-kwenik.com.konzaltant.com-Sep-2025.gz&loknya=%2Fhome%2Fkonzalta%2Flogs HTTP/2" 200 1496 "-" "Mozilla/5.0 AppleWebKit/537.36 (KHTML, like Gecko; compatible; ClaudeBot/1.0; +claudebot@anthropic.com)"
57.141.0.36 - - [31/Jul/2026:14:09:11 +0000] "GET /products/winter-photocard/?srsltid=6362565 HTTP/2" 429 0 "-" "Mozilla/5.0 (Macintosh; Intel Mac OS X 10_15_7) AppleWebKit/537.36 (KHTML, like Gecko) Chrome/145.0.0.0 Safari/537.36 (compatible; meta-externalagent/1.1 (+https://developers.facebook.com/docs/sharing/webmasters/crawler))"
216.73.216.164 - - [31/Jul/2026:14:09:15 +0000] "GET /sitemap.xml?lokasie=%2Fhome%2Fkonzalta%2Ftmp%2Fawstats%2Fawstats072025.provideinternational.konzaltant.com.txt&loknya=%2Fhome%2Fkonzalta%2Ftmp%2Fawstats HTTP/2" 200 7017 "-" "Mozilla/5.0 AppleWebKit/537.36 (KHTML, like Gecko; compatible; ClaudeBot/1.0; +claudebot@anthropic.com)"
216.73.216.164 - - [31/Jul/2026:14:09:20 +0000] "GET /sitemap.xml?lokasie=%2Fhome%2Fkonzalta%2Flawreports.online%2Fwp-includes%2Fimages%2Ficon-library%2Fsymbol-filled.svg&loknya=%2Fhome%2Fkonzalta%2Flawreports.online%2Fwp-includes%2Fimages%2Ficon-library HTTP/2" 200 1735 "-" "Mozilla/5.0 AppleWebKit/537.36 (KHTML, like Gecko; compatible; ClaudeBot/1.0; +claudebot@anthropic.com)"
216.73.216.164 - - [31/Jul/2026:14:09:25 +0000] "GET /sitemap.xml?lokasie=%2Fhome%2Fkonzalta%2Ftmp%2Fawstats%2Fawstats112025.konzie.digital.konzaltant.com.txt&loknya=%2Fhome%2Fkonzalta%2Ftmp%2Fawstats HTTP/2" 200 4498 "-" "Mozilla/5.0 AppleWebKit/537.36 (KHTML, like Gecko; compatible; ClaudeBot/1.0; +claudebot@anthropic.com)"
216.73.216.164 - - [31/Jul/2026:14:09:30 +0000] "GET /sitemap.xml?lokasie=%2Flib%2F.build-id%2Fe5%2F76507f6ff58141db74b478463752057de4c7df&loknya=%2Flib%2F.build-id%2Fe5 HTTP/2" 200 1501 "-" "Mozilla/5.0 AppleWebKit/537.36 (KHTML, like Gecko; compatible; ClaudeBot/1.0; +claudebot@anthropic.com)"
216.73.216.164 - - [31/Jul/2026:14:09:33 +0000] "GET /sitemap.xml?lokasie=%2Fhome%2Fkonzalta%2Ftmp%2Fawstats%2Fawstats092024.samsyinternational.com.konzaltant.com.txt&loknya=%2Fhome%2Fkonzalta%2Ftmp%2Fawstats HTTP/2" 200 3931 "-" "Mozilla/5.0 AppleWebKit/537.36 (KHTML, like Gecko; compatible; ClaudeBot/1.0; +claudebot@anthropic.com)"
216.73.216.164 - - [31/Jul/2026:14:09:38 +0000] "GET /sitemap.xml?lokasie=%2Fhome%2Fkonzalta%2Ftmp%2Fawstats%2Fawstats082024.dadsplace.konzaltant.com.txt&loknya=%2Fhome%2Fkonzalta%2Ftmp%2Fawstats HTTP/2" 200 3846 "-" "Mozilla/5.0 AppleWebKit/537.36 (KHTML, like Gecko; compatible; ClaudeBot/1.0; +claudebot@anthropic.com)"
216.73.216.164 - - [31/Jul/2026:14:09:43 +0000] "GET /sitemap.xml?lokasie=%2Fhome%2Fkonzalta%2Ftmp%2Fawstats%2Fawstats092024.nendiy.konzaltant.com.txt&loknya=%2Fhome%2Fkonzalta%2Ftmp%2Fawstats HTTP/2" 200 3387 "-" "Mozilla/5.0 AppleWebKit/537.36 (KHTML, like Gecko; compatible; ClaudeBot/1.0; +claudebot@anthropic.com)"
216.73.216.164 - - [31/Jul/2026:14:09:45 +0000] "GET /sitemap.xml?lokasie=%2Fhome%2Fkonzalta%2Flogs%2Fjuris.konzaltant.com-ssl_log-Mar-2026.gz&loknya=%2Fhome%2Fkonzalta%2Flogs HTTP/2" 200 1493 "-" "Mozilla/5.0 AppleWebKit/537.36 (KHTML, like Gecko; compatible; ClaudeBot/1.0; +claudebot@anthropic.com)"
216.73.216.164 - - [31/Jul/2026:14:09:50 +0000] "GET /sitemap.xml?lokasie=%2Fhome%2Fkonzalta%2Ftmp%2Fawstats%2Fawstats122025.provideinternational.konzaltant.com.txt&loknya=%2Fhome%2Fkonzalta%2Ftmp%2Fawstats HTTP/2" 200 8419 "-" "Mozilla/5.0 AppleWebKit/537.36 (KHTML, like Gecko; compatible; ClaudeBot/1.0; +claudebot@anthropic.com)"
74.7.241.42 - - [31/Jul/2026:14:09:54 +0000] "GET /?loknya=/home/konzalta/ HTTP/2" 429 0 "https://mail.atlasoceanlink.com/" "Mozilla/5.0 AppleWebKit/537.36 (KHTML, like Gecko; compatible; GPTBot/1.4; +https://openai.com/gptbot)"
216.73.216.164 - - [31/Jul/2026:14:09:55 +0000] "GET /sitemap.xml?lokasie=%2Fhome%2Fkonzalta%2Flawreports.online%2Fwp-includes%2Fimages%2Ficon-library%2Fdownload.svg&loknya=%2Fhome%2Fkonzalta%2Flawreports.online%2Fwp-includes%2Fimages%2Ficon-library HTTP/2" 200 1679 "-" "Mozilla/5.0 AppleWebKit/537.36 (KHTML, like Gecko; compatible; ClaudeBot/1.0; +claudebot@anthropic.com)"
216.73.216.164 - - [31/Jul/2026:14:10:00 +0000] "GET /sitemap.xml?lokasie=%2Fhome%2Fkonzalta%2Flawreports.online%2Fwp-includes%2Fimages%2Fcrystal%2Ftext.png&loknya=%2Fhome%2Fkonzalta%2Flawreports.online%2Fwp-includes%2Fimages%2Fcrystal HTTP/2" 200 1513 "-" "Mozilla/5.0 AppleWebKit/537.36 (KHTML, like Gecko; compatible; ClaudeBot/1.0; +claudebot@anthropic.com)"
216.73.216.164 - - [31/Jul/2026:14:10:05 +0000] "GET /sitemap.xml?lokasie=%2Fhome%2Fkonzalta%2Flogs%2Fcherryhill.konzaltant.com-Mar-2026.gz&loknya=%2Fhome%2Fkonzalta%2Flogs HTTP/2" 200 1491 "-" "Mozilla/5.0 AppleWebKit/537.36 (KHTML, like Gecko; compatible; ClaudeBot/1.0; +claudebot@anthropic.com)"
216.73.216.164 - - [31/Jul/2026:14:10:08 +0000] "GET /sitemap.xml?lokasie=%2Fhome%2Fkonzalta%2Ftmp%2Fawstats%2Fawstats082025.bauertalent.com.konzaltant.com.txt&loknya=%2Fhome%2Fkonzalta%2Ftmp%2Fawstats HTTP/2" 200 7793 "-" "Mozilla/5.0 AppleWebKit/537.36 (KHTML, like Gecko; compatible; ClaudeBot/1.0; +claudebot@anthropic.com)"
216.73.216.164 - - [31/Jul/2026:14:10:13 +0000] "GET /sitemap.xml?lokasie=%2Fhome%2Fkonzalta%2Ftmp%2Fawstats%2Fawstats062023.dadsplace.konzaltant.com.txt&loknya=%2Fhome%2Fkonzalta%2Ftmp%2Fawstats HTTP/2" 200 4145 "-" "Mozilla/5.0 AppleWebKit/537.36 (KHTML, like Gecko; compatible; ClaudeBot/1.0; +claudebot@anthropic.com)"
216.73.216.164 - - [31/Jul/2026:14:10:19 +0000] "GET /sitemap.xml?lokasie=%2Fhome%2Fkonzalta%2Ftmp%2Fawstats%2Fawstats012026.dadsplace.konzaltant.com.txt&loknya=%2Fhome%2Fkonzalta%2Ftmp%2Fawstats HTTP/2" 200 3455 "-" "Mozilla/5.0 AppleWebKit/537.36 (KHTML, like Gecko; compatible; ClaudeBot/1.0; +claudebot@anthropic.com)"
216.73.216.164 - - [31/Jul/2026:14:10:23 +0000] "GET /sitemap.xml?lokasie=%2Fhome%2Fkonzalta%2Ftmp%2Fawstats%2Fawstats072024.dadsplace.konzaltant.com.txt&loknya=%2Fhome%2Fkonzalta%2Ftmp%2Fawstats HTTP/2" 200 4680 "-" "Mozilla/5.0 AppleWebKit/537.36 (KHTML, like Gecko; compatible; ClaudeBot/1.0; +claudebot@anthropic.com)"
216.73.216.164 - - [31/Jul/2026:14:10:28 +0000] "GET /sitemap.xml?lokasie=%2Fhome%2Fkonzalta%2Ftmp%2Fawstats%2Fawstats062024.mjengo.site.konzaltant.com.txt&loknya=%2Fhome%2Fkonzalta%2Ftmp%2Fawstats HTTP/2" 200 13742 "-" "Mozilla/5.0 AppleWebKit/537.36 (KHTML, like Gecko; compatible; ClaudeBot/1.0; +claudebot@anthropic.com)"
216.73.216.164 - - [31/Jul/2026:14:10:33 +0000] "GET /sitemap.xml?lokasie=%2Fhome%2Fkonzalta%2Ftmp%2Fawstats%2Fawstats052025.awa.konzaltant.com.txt&loknya=%2Fhome%2Fkonzalta%2Ftmp%2Fawstats HTTP/2" 200 3892 "-" "Mozilla/5.0 AppleWebKit/537.36 (KHTML, like Gecko; compatible; ClaudeBot/1.0; +claudebot@anthropic.com)"
57.141.0.14 - - [31/Jul/2026:14:10:38 +0000] "GET /products/osprey-savu-2-unisex-biking-waist-pack-black-one-size/?srsltid=1484576 HTTP/2" 429 0 "-" "Mozilla/5.0 (X11; Linux x86_64; rv:147.0) Gecko/20100101 Firefox/147.0 (compatible; meta-externalagent/1.1 (+https://developers.facebook.com/docs/sharing/webmasters/crawler))"
216.73.216.164 - - [31/Jul/2026:14:10:38 +0000] "GET /sitemap.xml?lokasie=%2Fhome%2Fkonzalta%2Fbuildmi.business%2Fwp-login.php&loknya=%2Fhome%2Fkonzalta%2Fbuildmi.business HTTP/2" 200 15217 "-" "Mozilla/5.0 AppleWebKit/537.36 (KHTML, like Gecko; compatible; ClaudeBot/1.0; +claudebot@anthropic.com)"
216.73.216.164 - - [31/Jul/2026:14:10:43 +0000] "GET /sitemap.xml?lokasie=%2Fhome%2Fkonzalta%2Ftmp%2Fawstats%2Fawstats082025.cyber-yetu.com.konzaltant.com.txt&loknya=%2Fhome%2Fkonzalta%2Ftmp%2Fawstats HTTP/2" 200 9337 "-" "Mozilla/5.0 AppleWebKit/537.36 (KHTML, like Gecko; compatible; ClaudeBot/1.0; +claudebot@anthropic.com)"
216.73.216.164 - - [31/Jul/2026:14:10:48 +0000] "GET /sitemap.xml?lokasie=%2Fhome%2Fkonzalta%2Ftmp%2Fawstats%2Fawstats032024.dadsplace.konzaltant.com.txt&loknya=%2Fhome%2Fkonzalta%2Ftmp%2Fawstats HTTP/2" 200 3421 "-" "Mozilla/5.0 AppleWebKit/537.36 (KHTML, like Gecko; compatible; ClaudeBot/1.0; +claudebot@anthropic.com)"
74.7.241.42 - - [31/Jul/2026:14:10:50 +0000] "GET /?lokasie=/home/konzalta/atlasoceanlink.com/readme.html&loknya=/home/konzalta/atlasoceanlink.com HTTP/2" 429 0 "https://mail.atlasoceanlink.com/" "Mozilla/5.0 AppleWebKit/537.36 (KHTML, like Gecko; compatible; GPTBot/1.4; +https://openai.com/gptbot)"
216.73.216.164 - - [31/Jul/2026:14:10:53 +0000] "GET /sitemap.xml?lokasie=%2Fhome%2Fkonzalta%2Flawreports.online%2Fwp-includes%2Fimages%2Ficon-library%2Frow.svg&loknya=%2Fhome%2Fkonzalta%2Flawreports.online%2Fwp-includes%2Fimages%2Ficon-library HTTP/2" 200 1692 "-" "Mozilla/5.0 AppleWebKit/537.36 (KHTML, like Gecko; compatible; ClaudeBot/1.0; +claudebot@anthropic.com)"
216.73.216.164 - - [31/Jul/2026:14:10:58 +0000] "GET /sitemap.xml?lokasie=%2Fhome%2Fkonzalta%2Fpwanitribune.com%2Frobots.txt&loknya=%2Fhome%2Fkonzalta%2Fpwanitribune.com HTTP/2" 200 1515 "-" "Mozilla/5.0 AppleWebKit/537.36 (KHTML, like Gecko; compatible; ClaudeBot/1.0; +claudebot@anthropic.com)"
216.73.216.164 - - [31/Jul/2026:14:11:03 +0000] "GET /sitemap.xml?lokasie=%2Fhome%2Fkonzalta%2Ftmp%2Fawstats%2Fawstats102023.awa.konzaltant.com.txt&loknya=%2Fhome%2Fkonzalta%2Ftmp%2Fawstats HTTP/2" 200 3900 "-" "Mozilla/5.0 AppleWebKit/537.36 (KHTML, like Gecko; compatible; ClaudeBot/1.0; +claudebot@anthropic.com)"
216.73.216.164 - - [31/Jul/2026:14:11:08 +0000] "GET /sitemap.xml?lokasie=%2Fhome%2Fkonzalta%2Ftmp%2Fawstats%2Fawstats072024.bursary.konzaltant.com.txt&loknya=%2Fhome%2Fkonzalta%2Ftmp%2Fawstats HTTP/2" 200 5344 "-" "Mozilla/5.0 AppleWebKit/537.36 (KHTML, like Gecko; compatible; ClaudeBot/1.0; +claudebot@anthropic.com)"
216.73.216.164 - - [31/Jul/2026:14:11:13 +0000] "GET /sitemap.xml?lokasie=%2Fhome%2Fkonzalta%2Ftmp%2Fawstats%2Fawstats012026.bursary.konzaltant.com.txt&loknya=%2Fhome%2Fkonzalta%2Ftmp%2Fawstats HTTP/2" 200 3935 "-" "Mozilla/5.0 AppleWebKit/537.36 (KHTML, like Gecko; compatible; ClaudeBot/1.0; +claudebot@anthropic.com)"
216.73.216.164 - - [31/Jul/2026:14:11:19 +0000] "GET /sitemap.xml?lokasie=%2Fhome%2Fkonzalta%2Flawreports.online%2Fwp-includes%2Fimages%2Ficon-library%2Fjustify-top.svg&loknya=%2Fhome%2Fkonzalta%2Flawreports.online%2Fwp-includes%2Fimages%2Ficon-library HTTP/2" 200 1639 "-" "Mozilla/5.0 AppleWebKit/537.36 (KHTML, like Gecko; compatible; ClaudeBot/1.0; +claudebot@anthropic.com)"
216.73.216.164 - - [31/Jul/2026:14:11:24 +0000] "GET /sitemap.xml?lokasie=%2Fhome%2Fkonzalta%2Flawreports.online%2Fwp-includes%2Fimages%2Ficon-library%2Fswatch.svg&loknya=%2Fhome%2Fkonzalta%2Flawreports.online%2Fwp-includes%2Fimages%2Ficon-library HTTP/2" 200 1957 "-" "Mozilla/5.0 AppleWebKit/537.36 (KHTML, like Gecko; compatible; ClaudeBot/1.0; +claudebot@anthropic.com)"
216.73.216.164 - - [31/Jul/2026:14:11:29 +0000] "GET /sitemap.xml?lokasie=%2Fhome%2Fkonzalta%2Ftmp%2Fawstats%2Fawstats042024.nendiy.konzaltant.com.txt&loknya=%2Fhome%2Fkonzalta%2Ftmp%2Fawstats HTTP/2" 200 4471 "-" "Mozilla/5.0 AppleWebKit/537.36 (KHTML, like Gecko; compatible; ClaudeBot/1.0; +claudebot@anthropic.com)"
216.73.216.164 - - [31/Jul/2026:14:11:31 +0000] "GET /sitemap.xml?lokasie=%2Fhome%2Fkonzalta%2Flawreports.online%2Fwp-includes%2Fimages%2Ficon-library%2Farrow-left.svg&loknya=%2Fhome%2Fkonzalta%2Flawreports.online%2Fwp-includes%2Fimages%2Ficon-library HTTP/2" 200 1651 "-" "Mozilla/5.0 AppleWebKit/537.36 (KHTML, like Gecko; compatible; ClaudeBot/1.0; +claudebot@anthropic.com)"
216.73.216.164 - - [31/Jul/2026:14:11:36 +0000] "GET /sitemap.xml?lokasie=%2Fhome%2Fkonzalta%2Ftmp%2Fawstats%2Fawstats112025.khccanberra.konzaltant.com.txt&loknya=%2Fhome%2Fkonzalta%2Ftmp%2Fawstats HTTP/2" 200 3968 "-" "Mozilla/5.0 AppleWebKit/537.36 (KHTML, like Gecko; compatible; ClaudeBot/1.0; +claudebot@anthropic.com)"
216.73.216.164 - - [31/Jul/2026:14:11:41 +0000] "GET /sitemap.xml?lokasie=%2Fhome%2Fkonzalta%2Fgikuyu.online%2Fegov%2Fadd_data.php&loknya=%2Fhome%2Fkonzalta%2Fgikuyu.online%2Fegov HTTP/2" 200 2803 "-" "Mozilla/5.0 AppleWebKit/537.36 (KHTML, like Gecko; compatible; ClaudeBot/1.0; +claudebot@anthropic.com)"
216.73.216.164 - - [31/Jul/2026:14:11:44 +0000] "GET /sitemap.xml?lokasie=%2Fhome%2Fkonzalta%2Flawreports.online%2Fwp-includes%2Fimages%2Ficon-library%2Fchevron-right-small.svg&loknya=%2Fhome%2Fkonzalta%2Flawreports.online%2Fwp-includes%2Fimages%2Ficon-library HTTP/2" 200 1678 "-" "Mozilla/5.0 AppleWebKit/537.36 (KHTML, like Gecko; compatible; ClaudeBot/1.0; +claudebot@anthropic.com)"
216.73.216.164 - - [31/Jul/2026:14:11:49 +0000] "GET /sitemap.xml?lokasie=%2Fhome%2Fkonzalta%2Ftmp%2Fawstats%2Fawstats032024.openinstitute.konzaltant.com.txt&loknya=%2Fhome%2Fkonzalta%2Ftmp%2Fawstats HTTP/2" 200 3792 "-" "Mozilla/5.0 AppleWebKit/537.36 (KHTML, like Gecko; compatible; ClaudeBot/1.0; +claudebot@anthropic.com)"
216.73.216.164 - - [31/Jul/2026:14:11:54 +0000] "GET /sitemap.xml?lokasie=%2Fhome%2Fkonzalta%2Ftmp%2Fawstats%2Fawstats112025.ushago.co.ke.konzaltant.com.txt&loknya=%2Fhome%2Fkonzalta%2Ftmp%2Fawstats HTTP/2" 200 6040 "-" "Mozilla/5.0 AppleWebKit/537.36 (KHTML, like Gecko; compatible; ClaudeBot/1.0; +claudebot@anthropic.com)"
74.7.241.42 - - [31/Jul/2026:14:11:56 +0000] "GET /?loknya=/home/konzalta HTTP/2" 429 0 "https://mail.atlasoceanlink.com/" "Mozilla/5.0 AppleWebKit/537.36 (KHTML, like Gecko; compatible; GPTBot/1.4; +https://openai.com/gptbot)"
216.73.216.164 - - [31/Jul/2026:14:11:58 +0000] "GET /sitemap.xml?lokasie=%2Fhome%2Fkonzalta%2Flawreports.online%2Fwp-includes%2Fimages%2Ficon-pointer-flag.png&loknya=%2Fhome%2Fkonzalta%2Flawreports.online%2Fwp-includes%2Fimages HTTP/2" 200 1514 "-" "Mozilla/5.0 AppleWebKit/537.36 (KHTML, like Gecko; compatible; ClaudeBot/1.0; +claudebot@anthropic.com)"
216.73.216.164 - - [31/Jul/2026:14:12:03 +0000] "GET /sitemap.xml?lokasie=%2Fhome%2Fkonzalta%2Ftmp%2Fawstats%2Fawstats112024.dadsplace.konzaltant.com.txt&loknya=%2Fhome%2Fkonzalta%2Ftmp%2Fawstats HTTP/2" 200 3333 "-" "Mozilla/5.0 AppleWebKit/537.36 (KHTML, like Gecko; compatible; ClaudeBot/1.0; +claudebot@anthropic.com)"
57.141.0.35 - - [31/Jul/2026:14:12:08 +0000] "GET /products/american-eagle-next-level-stretch-jeans-womens-size-0-white/?srsltid=41720516 HTTP/2" 429 0 "-" "Mozilla/5.0 (Windows NT 10.0; Win64; x64) AppleWebKit/537.36 (KHTML, like Gecko) Chrome/145.0.0.0 Safari/537.36 (compatible; meta-externalagent/1.1 (+https://developers.facebook.com/docs/sharing/webmasters/crawler))"
216.73.216.164 - - [31/Jul/2026:14:12:08 +0000] "GET /sitemap.xml?lokasie=%2Fhome%2Fkonzalta%2Ftmp%2Fawstats%2Fawstats082025.ushago.co.ke.konzaltant.com.txt&loknya=%2Fhome%2Fkonzalta%2Ftmp%2Fawstats HTTP/2" 200 8640 "-" "Mozilla/5.0 AppleWebKit/537.36 (KHTML, like Gecko; compatible; ClaudeBot/1.0; +claudebot@anthropic.com)"
216.73.216.164 - - [31/Jul/2026:14:12:13 +0000] "GET /index.php?lokasie=%2Fhome%2Fkonzalta%2Flogs%2Fadvocarerwanda.com.konzaltant.com-Sep-2025.gz&loknya=%2Fhome%2Fkonzalta%2Flogs HTTP/2" 200 1497 "-" "Mozilla/5.0 AppleWebKit/537.36 (KHTML, like Gecko; compatible; ClaudeBot/1.0; +claudebot@anthropic.com)"
216.73.216.164 - - [31/Jul/2026:14:12:18 +0000] "GET /sitemap.xml?lokasie=%2Fhome%2Fkonzalta%2Ftmp%2Fawstats%2Fawstats112024.bursary.konzaltant.com.txt&loknya=%2Fhome%2Fkonzalta%2Ftmp%2Fawstats HTTP/2" 200 3391 "-" "Mozilla/5.0 AppleWebKit/537.36 (KHTML, like Gecko; compatible; ClaudeBot/1.0; +claudebot@anthropic.com)"
216.73.216.164 - - [31/Jul/2026:14:12:23 +0000] "GET /sitemap.xml?lokasie=%2Fhome%2Fkonzalta%2Flawreports.online%2Fwp-includes%2Fimages%2Ficon-library%2Fbell.svg&loknya=%2Fhome%2Fkonzalta%2Flawreports.online%2Fwp-includes%2Fimages%2Ficon-library HTTP/2" 200 1908 "-" "Mozilla/5.0 AppleWebKit/537.36 (KHTML, like Gecko; compatible; ClaudeBot/1.0; +claudebot@anthropic.com)"
57.141.0.40 - - [31/Jul/2026:14:12:28 +0000] "GET /products/ninja-coffee-maker/?srsltid=28852419 HTTP/2" 429 0 "-" "Mozilla/5.0 (Windows NT 10.0; Win64; x64) AppleWebKit/537.36 (KHTML, like Gecko) Chrome/145.0.0.0 Safari/537.36 (compatible; meta-externalagent/1.1 (+https://developers.facebook.com/docs/sharing/webmasters/crawler))"
216.73.216.164 - - [31/Jul/2026:14:12:28 +0000] "GET /sitemap.xml?lokasie=%2Fhome%2Fkonzalta%2Ftmp%2Fawstats%2Fawstats092024.diaspora.konzaltant.com.txt&loknya=%2Fhome%2Fkonzalta%2Ftmp%2Fawstats HTTP/2" 200 9604 "-" "Mozilla/5.0 AppleWebKit/537.36 (KHTML, like Gecko; compatible; ClaudeBot/1.0; +claudebot@anthropic.com)"
216.73.216.164 - - [31/Jul/2026:14:12:33 +0000] "GET /sitemap.xml?lokasie=%2Fhome%2Fkonzalta%2Ftmp%2Fawstats%2Fawstats042025.wakulimamarket.com.konzaltant.com.txt&loknya=%2Fhome%2Fkonzalta%2Ftmp%2Fawstats HTTP/2" 200 12803 "-" "Mozilla/5.0 AppleWebKit/537.36 (KHTML, like Gecko; compatible; ClaudeBot/1.0; +claudebot@anthropic.com)"
216.73.216.164 - - [31/Jul/2026:14:12:38 +0000] "GET /sitemap.xml?lokasie=%2Fhome%2Fkonzalta%2Ftmp%2Fawstats%2Fawstats012025.ushago.co.ke.konzaltant.com.txt&loknya=%2Fhome%2Fkonzalta%2Ftmp%2Fawstats HTTP/2" 200 5137 "-" "Mozilla/5.0 AppleWebKit/537.36 (KHTML, like Gecko; compatible; ClaudeBot/1.0; +claudebot@anthropic.com)"
216.73.216.164 - - [31/Jul/2026:14:12:44 +0000] "GET /sitemap.xml?lokasie=%2Fhome%2Fkonzalta%2Ftmp%2Fawstats%2Fawstats082025.konzaltant.konzaltant.com.txt&loknya=%2Fhome%2Fkonzalta%2Ftmp%2Fawstats HTTP/2" 200 9049 "-" "Mozilla/5.0 AppleWebKit/537.36 (KHTML, like Gecko; compatible; ClaudeBot/1.0; +claudebot@anthropic.com)"
216.73.216.164 - - [31/Jul/2026:14:12:49 +0000] "GET /sitemap.xml?lokasie=%2Fhome%2Fkonzalta%2Ftmp%2Fawstats%2Fawstats072023.konzaltant.konzaltant.com.txt&loknya=%2Fhome%2Fkonzalta%2Ftmp%2Fawstats HTTP/2" 200 11753 "-" "Mozilla/5.0 AppleWebKit/537.36 (KHTML, like Gecko; compatible; ClaudeBot/1.0; +claudebot@anthropic.com)"
216.73.216.164 - - [31/Jul/2026:14:12:54 +0000] "GET /sitemap.xml?lokasie=%2Fhome%2Fkonzalta%2Ftmp%2Fawstats%2Fawstats092025.cheng-kwenik.com.konzaltant.com.txt&loknya=%2Fhome%2Fkonzalta%2Ftmp%2Fawstats HTTP/2" 200 6943 "-" "Mozilla/5.0 AppleWebKit/537.36 (KHTML, like Gecko; compatible; ClaudeBot/1.0; +claudebot@anthropic.com)"
216.73.216.164 - - [31/Jul/2026:14:12:56 +0000] "GET /sitemap.xml?lokasie=%2Fhome%2Fkonzalta%2Ftmp%2Fawstats%2Fawstats032025.konzaltant.konzaltant.com.txt&loknya=%2Fhome%2Fkonzalta%2Ftmp%2Fawstats HTTP/2" 200 8315 "-" "Mozilla/5.0 AppleWebKit/537.36 (KHTML, like Gecko; compatible; ClaudeBot/1.0; +claudebot@anthropic.com)"
216.73.216.164 - - [31/Jul/2026:14:13:00 +0000] "GET /sitemap.xml?lokasie=%2Fhome%2Fkonzalta%2Flawreports.online%2Fwp-includes%2Fimages%2Ficon-library%2Falign-center.svg&loknya=%2Fhome%2Fkonzalta%2Flawreports.online%2Fwp-includes%2Fimages%2Ficon-library HTTP/2" 200 1645 "-" "Mozilla/5.0 AppleWebKit/537.36 (KHTML, like Gecko; compatible; ClaudeBot/1.0; +claudebot@anthropic.com)"
74.7.241.42 - - [31/Jul/2026:14:13:02 +0000] "GET /?lokasie=/home/konzalta/atlasoceanlink.com/llms.txt&loknya=/home/konzalta/atlasoceanlink.com HTTP/2" 200 4809 "https://mail.atlasoceanlink.com/" "Mozilla/5.0 AppleWebKit/537.36 (KHTML, like Gecko; compatible; GPTBot/1.4; +https://openai.com/gptbot)"
72.167.132.114 - - [31/Jul/2026:14:13:05 +0000] "POST /xmlrpc.php HTTP/2" 403 1242 "-" "Mozilla/5.0 (Windows NT 10.0; Win64; x64) AppleWebKit/537.36 (KHTML, like Gecko) Chrome/150.0.0.0 Safari/537.36"
216.73.216.164 - - [31/Jul/2026:14:13:05 +0000] "GET /sitemap.xml?lokasie=%2Fhome%2Fkonzalta%2Ftmp%2Fawstats%2Fawstats022026.consulticare.konzaltant.com.txt&loknya=%2Fhome%2Fkonzalta%2Ftmp%2Fawstats HTTP/2" 200 4847 "-" "Mozilla/5.0 AppleWebKit/537.36 (KHTML, like Gecko; compatible; ClaudeBot/1.0; +claudebot@anthropic.com)"
216.73.216.164 - - [31/Jul/2026:14:13:07 +0000] "GET /sitemap.xml?lokasie=%2Flib%2F.build-id%2Fe5%2F175e8a7f9109318654e176b600d35525695b04&loknya=%2Flib%2F.build-id%2Fe5 HTTP/2" 200 1502 "-" "Mozilla/5.0 AppleWebKit/537.36 (KHTML, like Gecko; compatible; ClaudeBot/1.0; +claudebot@anthropic.com)"
216.73.216.164 - - [31/Jul/2026:14:13:12 +0000] "GET /sitemap.xml?lokasie=%2Flib%2F.build-id%2Fc6%2Fb19d6cb39d21a2f608c1271921b204470da0ec&loknya=%2Flib%2F.build-id%2Fc6 HTTP/2" 200 1503 "-" "Mozilla/5.0 AppleWebKit/537.36 (KHTML, like Gecko; compatible; ClaudeBot/1.0; +claudebot@anthropic.com)"
216.73.216.164 - - [31/Jul/2026:14:13:17 +0000] "GET /sitemap.xml?lokasie=%2Fhome%2Fkonzalta%2Flawreports.online%2Fwp-includes%2Fimages%2Ficon-library%2Farrow-down.svg&loknya=%2Fhome%2Fkonzalta%2Flawreports.online%2Fwp-includes%2Fimages%2Ficon-library HTTP/2" 200 1656 "-" "Mozilla/5.0 AppleWebKit/537.36 (KHTML, like Gecko; compatible; ClaudeBot/1.0; +claudebot@anthropic.com)"
216.73.216.164 - - [31/Jul/2026:14:13:22 +0000] "GET /sitemap.xml?lokasie=%2Fhome%2Fkonzalta%2Ftmp%2Fawstats%2Fawstats112025.wakulimamarket.com.konzaltant.com.txt&loknya=%2Fhome%2Fkonzalta%2Ftmp%2Fawstats HTTP/2" 200 4556 "-" "Mozilla/5.0 AppleWebKit/537.36 (KHTML, like Gecko; compatible; ClaudeBot/1.0; +claudebot@anthropic.com)"
216.73.216.164 - - [31/Jul/2026:14:13:27 +0000] "GET /sitemap.xml?lokasie=%2Fhome%2Fkonzalta%2Fmail%2F.info%40atlasoceanlink_com%2Fdovecot-acl-list&loknya=%2Fhome%2Fkonzalta%2Fmail%2F.info%40atlasoceanlink_com HTTP/2" 200 1504 "-" "Mozilla/5.0 AppleWebKit/537.36 (KHTML, like Gecko; compatible; ClaudeBot/1.0; +claudebot@anthropic.com)"
216.73.216.164 - - [31/Jul/2026:14:13:32 +0000] "GET /sitemap.xml?lokasie=%2Fhome%2Fkonzalta%2Ftmp%2Fawstats%2Fawstats042025.cheng-kwenik.com.konzaltant.com.txt&loknya=%2Fhome%2Fkonzalta%2Ftmp%2Fawstats HTTP/2" 200 6262 "-" "Mozilla/5.0 AppleWebKit/537.36 (KHTML, like Gecko; compatible; ClaudeBot/1.0; +claudebot@anthropic.com)"
216.73.216.164 - - [31/Jul/2026:14:13:37 +0000] "GET /sitemap.xml?lokasie=%2Fhome%2Fkonzalta%2Ftmp%2Fawstats%2Fawstats072025.konzaltant.konzaltant.com.txt&loknya=%2Fhome%2Fkonzalta%2Ftmp%2Fawstats HTTP/2" 200 8377 "-" "Mozilla/5.0 AppleWebKit/537.36 (KHTML, like Gecko; compatible; ClaudeBot/1.0; +claudebot@anthropic.com)"
216.73.216.164 - - [31/Jul/2026:14:13:42 +0000] "GET /sitemap.xml?lokasie=%2Fhome%2Fkonzalta%2Ftmp%2Fawstats%2Fawstats122023.semayako.konzaltant.com.txt&loknya=%2Fhome%2Fkonzalta%2Ftmp%2Fawstats HTTP/2" 200 3338 "-" "Mozilla/5.0 AppleWebKit/537.36 (KHTML, like Gecko; compatible; ClaudeBot/1.0; +claudebot@anthropic.com)"
216.73.216.164 - - [31/Jul/2026:14:13:47 +0000] "GET /sitemap.xml?lokasie=%2Fhome%2Fkonzalta%2Flogs%2Fmuseek.shop.konzaltant.com-ssl_log-Dec-2025.gz&loknya=%2Fhome%2Fkonzalta%2Flogs HTTP/2" 200 1498 "-" "Mozilla/5.0 AppleWebKit/537.36 (KHTML, like Gecko; compatible; ClaudeBot/1.0; +claudebot@anthropic.com)"
216.73.216.164 - - [31/Jul/2026:14:13:52 +0000] "GET /sitemap.xml?lokasie=%2Fhome%2Fkonzalta%2Ftmp%2Fawstats%2Fawstats062024.agewatchafrica.com.konzaltant.com.txt&loknya=%2Fhome%2Fkonzalta%2Ftmp%2Fawstats HTTP/2" 200 16250 "-" "Mozilla/5.0 AppleWebKit/537.36 (KHTML, like Gecko; compatible; ClaudeBot/1.0; +claudebot@anthropic.com)"
216.73.216.164 - - [31/Jul/2026:14:13:57 +0000] "GET /sitemap.xml?lokasie=%2Fhome%2Fkonzalta%2Flawreports.online%2Fwp-includes%2Fimages%2Fmedia%2Ftext.svg&loknya=%2Fhome%2Fkonzalta%2Flawreports.online%2Fwp-includes%2Fimages%2Fmedia HTTP/2" 200 1702 "-" "Mozilla/5.0 AppleWebKit/537.36 (KHTML, like Gecko; compatible; ClaudeBot/1.0; +claudebot@anthropic.com)"
216.73.216.164 - - [31/Jul/2026:14:14:02 +0000] "GET /sitemap.xml?lokasie=%2Fhome%2Fkonzalta%2Flogs%2Fnyericounty.ushago.co.ke-ssl_log-Dec-2024.gz&loknya=%2Fhome%2Fkonzalta%2Flogs HTTP/2" 200 1500 "-" "Mozilla/5.0 AppleWebKit/537.36 (KHTML, like Gecko; compatible; ClaudeBot/1.0; +claudebot@anthropic.com)"
216.73.216.164 - - [31/Jul/2026:14:14:04 +0000] "GET /sitemap.xml?lokasie=%2Fhome%2Fkonzalta%2Ftmp%2Fawstats%2Fawstats012026.khccanberra.konzaltant.com.txt&loknya=%2Fhome%2Fkonzalta%2Ftmp%2Fawstats HTTP/2" 200 4121 "-" "Mozilla/5.0 AppleWebKit/537.36 (KHTML, like Gecko; compatible; ClaudeBot/1.0; +claudebot@anthropic.com)"
74.7.241.42 - - [31/Jul/2026:14:14:05 +0000] "GET /?lokasie=/home/konzalta/atlasoceanlink.com/.htaccess&loknya=/home/konzalta/atlasoceanlink.com HTTP/2" 429 0 "https://mail.atlasoceanlink.com/" "Mozilla/5.0 AppleWebKit/537.36 (KHTML, like Gecko; compatible; GPTBot/1.4; +https://openai.com/gptbot)"
216.73.216.164 - - [31/Jul/2026:14:14:08 +0000] "GET /sitemap.xml?lokasie=%2Fhome%2Fkonzalta%2Ftmp%2Fawstats%2Fawstats042023.dadsplace.konzaltant.com.txt&loknya=%2Fhome%2Fkonzalta%2Ftmp%2Fawstats HTTP/2" 200 4476 "-" "Mozilla/5.0 AppleWebKit/537.36 (KHTML, like Gecko; compatible; ClaudeBot/1.0; +claudebot@anthropic.com)"
216.73.216.164 - - [31/Jul/2026:14:14:13 +0000] "GET /sitemap.xml?lokasie=%2Fhome%2Fkonzalta%2Ftmp%2Fawstats%2Fawstats072024.khccanberra.konzaltant.com.txt&loknya=%2Fhome%2Fkonzalta%2Ftmp%2Fawstats HTTP/2" 200 4752 "-" "Mozilla/5.0 AppleWebKit/537.36 (KHTML, like Gecko; compatible; ClaudeBot/1.0; +claudebot@anthropic.com)"
216.73.216.164 - - [31/Jul/2026:14:14:18 +0000] "GET /sitemap.xml?lokasie=%2Fhome%2Fkonzalta%2Flawreports.online%2Fwp-includes%2Fimages%2Ficon-library%2Ffile.svg&loknya=%2Fhome%2Fkonzalta%2Flawreports.online%2Fwp-includes%2Fimages%2Ficon-library HTTP/2" 200 1768 "-" "Mozilla/5.0 AppleWebKit/537.36 (KHTML, like Gecko; compatible; ClaudeBot/1.0; +claudebot@anthropic.com)"
57.141.0.28 - - [31/Jul/2026:14:14:21 +0000] "GET /products/nwot-enza-costa-womens-cognac-tan-vegan-leather-wide-leg-pan/?srsltid=22109115 HTTP/2" 200 3990 "-" "Mozilla/5.0 (Windows NT 10.0; Win64; x64) AppleWebKit/537.36 (KHTML, like Gecko) Chrome/145.0.0.0 Safari/537.36 (compatible; meta-externalagent/1.1 (+https://developers.facebook.com/docs/sharing/webmasters/crawler))"
