74.248.35.25 - - [31/Jul/2026:13:45:30 +0000] "GET /f35.php HTTP/1.1" 404 132907 "-" "-"
74.248.35.25 - - [31/Jul/2026:13:45:33 +0000] "GET /wp-load.php HTTP/1.1" 200 1 "-" "-"
69.72.244.100 - - [31/Jul/2026:13:45:38 +0000] "POST /wp-cron.php?doing_wp_cron=1785505538.6726260185241699218750 HTTP/1.1" 200 0 "-" "WordPress/7.0.2; https://konzaltant.com"
74.248.35.25 - - [31/Jul/2026:13:45:36 +0000] "GET //xwpg.php HTTP/1.1" 301 1 "-" "-"
74.248.35.25 - - [31/Jul/2026:13:45:38 +0000] "GET /xwpg.php HTTP/1.1" 404 132908 "-" "-"
74.248.35.25 - - [31/Jul/2026:13:45:44 +0000] "GET //wp-includes/assets/ HTTP/1.1" 404 1251 "-" "-"
74.248.35.25 - - [31/Jul/2026:13:45:45 +0000] "GET /wp-admin/css/colors/sunrise/ HTTP/1.1" 404 1251 "-" "-"
69.72.244.100 - - [31/Jul/2026:13:45:48 +0000] "POST /wp-cron.php?doing_wp_cron=1785505548.7711939811706542968750 HTTP/1.1" 200 0 "-" "WordPress/7.0.2; https://konzaltant.com"
74.248.35.25 - - [31/Jul/2026:13:45:45 +0000] "GET /xstelth.php HTTP/1.1" 404 132911 "-" "-"
74.248.35.25 - - [31/Jul/2026:13:45:48 +0000] "GET /wp-admin/network/plugins.php HTTP/1.1" 302 1 "-" "-"
16.61.221.235 - - [31/Jul/2026:13:45:53 +0000] "GET / HTTP/1.1" 200 43599 "-" "Mozilla/5.0 (compatible; Googlebot/2.1; +http://www.google.com/bot.html)"
74.248.35.25 - - [31/Jul/2026:13:45:52 +0000] "GET /wp-login.php?redirect_to=https%3A%2F%2Fkonzaltant.com%2Fwp-admin%2Fnetwork%2Fplugins.php&reauth=1 HTTP/1.1" 200 12315 "-" "-"
74.248.35.25 - - [31/Jul/2026:13:45:57 +0000] "GET /aaa.php HTTP/1.1" 404 132907 "-" "-"
74.248.35.25 - - [31/Jul/2026:13:46:01 +0000] "GET /gecko.php HTTP/1.1" 403 19352 "-" "-"
69.72.244.100 - - [31/Jul/2026:13:46:04 +0000] "POST /wp-cron.php?doing_wp_cron=1785505564.5406761169433593750000 HTTP/1.1" 200 0 "-" "WordPress/7.0.2; https://konzaltant.com"
74.248.35.25 - - [31/Jul/2026:13:46:01 +0000] "GET /pbck.php HTTP/1.1" 404 132908 "-" "-"
74.248.35.25 - - [31/Jul/2026:13:46:04 +0000] "GET /xiugai.php?p= HTTP/1.1" 301 1 "-" "-"
74.248.35.25 - - [31/Jul/2026:13:46:07 +0000] "GET /xiugai.php HTTP/1.1" 404 132910 "-" "-"
74.248.35.25 - - [31/Jul/2026:13:46:11 +0000] "GET /e.php HTTP/1.1" 403 19352 "-" "-"
74.248.35.25 - - [31/Jul/2026:13:46:12 +0000] "GET /adminner.php HTTP/1.1" 404 132912 "-" "-"
69.72.244.100 - - [31/Jul/2026:13:46:19 +0000] "POST /wp-cron.php?doing_wp_cron=1785505579.0438768863677978515625 HTTP/1.1" 200 0 "-" "WordPress/7.0.2; https://konzaltant.com"
74.248.35.25 - - [31/Jul/2026:13:46:15 +0000] "GET /file1221.php HTTP/1.1" 404 132912 "-" "-"
74.248.35.25 - - [31/Jul/2026:13:46:19 +0000] "GET /inx.php HTTP/1.1" 404 132907 "-" "-"
74.248.35.25 - - [31/Jul/2026:13:46:27 +0000] "GET /qqqa.php HTTP/1.1" 404 132908 "-" "-"
69.72.244.100 - - [31/Jul/2026:13:46:33 +0000] "POST /wp-cron.php?doing_wp_cron=1785505593.2523970603942871093750 HTTP/1.1" 200 0 "-" "WordPress/7.0.2; https://konzaltant.com"
74.248.35.25 - - [31/Jul/2026:13:46:29 +0000] "GET /wp-firewall.php HTTP/1.1" 404 132915 "-" "-"
74.248.35.25 - - [31/Jul/2026:13:46:33 +0000] "GET /reviall.php HTTP/1.1" 404 132911 "-" "-"
69.72.244.100 - - [31/Jul/2026:13:46:44 +0000] "POST /wp-cron.php?doing_wp_cron=1785505604.9316179752349853515625 HTTP/1.1" 200 0 "-" "WordPress/7.0.2; https://konzaltant.com"
74.248.35.25 - - [31/Jul/2026:13:46:40 +0000] "GET /404.php?p= HTTP/1.1" 301 1 "-" "-"
74.248.35.25 - - [31/Jul/2026:13:46:45 +0000] "GET /404.php HTTP/1.1" 404 132907 "-" "-"
74.248.35.25 - - [31/Jul/2026:13:46:50 +0000] "GET /bolt.php HTTP/1.1" 404 132908 "-" "-"
74.248.35.25 - - [31/Jul/2026:13:46:53 +0000] "GET /File.php HTTP/1.1" 404 132908 "-" "-"
74.248.35.25 - - [31/Jul/2026:13:46:56 +0000] "GET /fi22.php HTTP/1.1" 404 132908 "-" "-"
74.248.35.25 - - [31/Jul/2026:13:46:59 +0000] "GET /zero.php HTTP/1.1" 404 132908 "-" "-"
112.86.225.16 - - [31/Jul/2026:13:44:46 +0000] "GET / HTTP/1.1" 301 21 "-" "Sogou web spider/4.0(+http://www.sogou.com/docs/help/webmasters.htm#07)"
112.86.225.16 - - [31/Jul/2026:13:44:51 +0000] "GET / HTTP/1.1" 200 43599 "-" "Sogou web spider/4.0(+http://www.sogou.com/docs/help/webmasters.htm#07)"
74.248.35.25 - - [31/Jul/2026:13:45:08 +0000] "GET /bless.php HTTP/1.1" 403 19352 "-" "-"
69.72.244.100 - - [31/Jul/2026:13:45:11 +0000] "POST /wp-cron.php?doing_wp_cron=1785505511.8638629913330078125000 HTTP/1.1" 200 0 "-" "WordPress/7.0.2; https://konzaltant.com"
74.248.35.25 - - [31/Jul/2026:13:45:09 +0000] "GET /file25.php HTTP/1.1" 404 132910 "-" "-"
74.248.35.25 - - [31/Jul/2026:13:45:12 +0000] "GET /file6.php HTTP/1.1" 404 132909 "-" "-"
74.248.35.25 - - [31/Jul/2026:13:45:19 +0000] "GET /a2.php HTTP/1.1" 404 132906 "-" "-"
69.72.244.100 - - [31/Jul/2026:13:47:05 +0000] "POST /wp-cron.php?doing_wp_cron=1785505625.7188689708709716796875 HTTP/1.1" 200 0 "-" "WordPress/7.0.2; https://konzaltant.com"
74.248.35.25 - - [31/Jul/2026:13:47:02 +0000] "GET /1xmomo.php HTTP/1.1" 404 132910 "-" "-"
74.248.35.25 - - [31/Jul/2026:13:47:05 +0000] "GET /fmws.php HTTP/1.1" 404 132908 "-" "-"
69.72.244.100 - - [31/Jul/2026:13:47:57 +0000] "POST /wp-cron.php?doing_wp_cron=1785505677.3686380386352539062500 HTTP/1.1" 200 0 "-" "WordPress/7.0.2; https://konzaltant.com"
74.248.35.25 - - [31/Jul/2026:13:47:54 +0000] "GET /aabb.php HTTP/1.1" 404 132908 "-" "-"
69.72.244.100 - - [31/Jul/2026:13:48:09 +0000] "POST /wp-cron.php?doing_wp_cron=1785505689.3285040855407714843750 HTTP/1.1" 200 0 "-" "WordPress/7.0.2; https://konzaltant.com"
74.248.35.25 - - [31/Jul/2026:13:48:06 +0000] "GET /1254xx.php HTTP/1.1" 404 132910 "-" "-"
74.248.35.25 - - [31/Jul/2026:13:48:12 +0000] "GET /a3ampzmbipnkpxeqhqpsanCdefault.php HTTP/1.1" 404 132934 "-" "-"
74.248.35.25 - - [31/Jul/2026:13:48:16 +0000] "GET /ffs.php HTTP/1.1" 404 132907 "-" "-"
69.72.244.100 - - [31/Jul/2026:13:48:21 +0000] "POST /wp-cron.php?doing_wp_cron=1785505701.4353458881378173828125 HTTP/1.1" 200 0 "-" "WordPress/7.0.2; https://konzaltant.com"
74.248.35.25 - - [31/Jul/2026:13:48:18 +0000] "GET /1PJcpMFsD8B.php HTTP/1.1" 404 132915 "-" "-"
74.248.35.25 - - [31/Jul/2026:13:48:22 +0000] "GET /4PJcpMFsD8B.php HTTP/1.1" 404 132915 "-" "-"
74.248.35.25 - - [31/Jul/2026:13:48:25 +0000] "GET /i99z7zzbwtpteujvv6s8hiCdefault.php HTTP/1.1" 404 132934 "-" "-"
74.248.35.25 - - [31/Jul/2026:13:48:29 +0000] "GET /gwaih1gfzp5vuwr04Cdefault.php HTTP/1.1" 404 132929 "-" "-"
74.248.35.25 - - [31/Jul/2026:13:48:44 +0000] "GET /dyui.php HTTP/1.1" 404 65536 "-" "-"
69.72.244.100 - - [31/Jul/2026:13:48:50 +0000] "POST /wp-cron.php?doing_wp_cron=1785505730.5969929695129394531250 HTTP/1.1" 200 0 "-" "WordPress/7.0.2; https://konzaltant.com"
74.248.35.25 - - [31/Jul/2026:13:48:51 +0000] "GET /ho.php HTTP/1.1" 404 132906 "-" "-"
74.248.35.25 - - [31/Jul/2026:13:48:59 +0000] "GET /zildan.php HTTP/1.1" 404 132910 "-" "-"
69.72.244.100 - - [31/Jul/2026:13:49:10 +0000] "POST /wp-cron.php?doing_wp_cron=1785505750.7626860141754150390625 HTTP/1.1" 200 0 "-" "WordPress/7.0.2; https://konzaltant.com"
74.248.35.25 - - [31/Jul/2026:13:49:06 +0000] "GET /66b867516c8f01.php HTTP/1.1" 404 132918 "-" "-"
74.248.35.25 - - [31/Jul/2026:13:49:13 +0000] "GET /ext.php HTTP/1.1" 404 132907 "-" "-"
69.72.244.100 - - [31/Jul/2026:13:49:25 +0000] "POST /wp-cron.php?doing_wp_cron=1785505765.3363521099090576171875 HTTP/1.1" 200 0 "-" "WordPress/7.0.2; https://konzaltant.com"
74.248.35.25 - - [31/Jul/2026:13:49:20 +0000] "GET /1wvekeybd9it2di2vyipgr6Cdefault.php HTTP/1.1" 404 132935 "-" "-"
20.104.22.47 - - [31/Jul/2026:13:50:33 +0000] "GET /test1.php HTTP/1.1" 404 32153 "-" "Mozilla/5.0 (Windows NT 10.0; Win64; x64) AppleWebKit/537.36 (KHTML, like Gecko) Chrome/120.0.0.0 Safari/537.36"
20.104.22.47 - - [31/Jul/2026:13:50:37 +0000] "GET /wp-admin/maint/index.php HTTP/1.1" 403 1242 "-" "Mozilla/5.0 (Windows NT 10.0; Win64; x64) AppleWebKit/537.36 (KHTML, like Gecko) Chrome/120.0.0.0 Safari/537.36"
216.244.66.203 - - [31/Jul/2026:13:50:34 +0000] "GET /products/authentic-antique-green-navahoe-indian-ring/?srsltid=4946377 HTTP/1.1" 404 132975 "-" "Mozilla/5.0 (compatible; DotBot/1.2; +https://opensiteexplorer.org/dotbot; help@moz.com)"
20.104.22.47 - - [31/Jul/2026:13:50:37 +0000] "GET /wp-content/uploads/min.php HTTP/1.1" 404 32179 "-" "Mozilla/5.0 (Windows NT 10.0; Win64; x64) AppleWebKit/537.36 (KHTML, like Gecko) Chrome/120.0.0.0 Safari/537.36"
20.104.22.47 - - [31/Jul/2026:13:50:41 +0000] "GET /zoom1.php HTTP/1.1" 404 32155 "-" "Mozilla/5.0 (Windows NT 10.0; Win64; x64) AppleWebKit/537.36 (KHTML, like Gecko) Chrome/120.0.0.0 Safari/537.36"
20.104.22.47 - - [31/Jul/2026:13:50:43 +0000] "GET /lock360.php HTTP/1.1" 403 5137 "-" "Mozilla/5.0 (Windows NT 10.0; Win64; x64) AppleWebKit/537.36 (KHTML, like Gecko) Chrome/120.0.0.0 Safari/537.36"
20.104.22.47 - - [31/Jul/2026:13:50:44 +0000] "GET /r.php HTTP/1.1" 404 32161 "-" "Mozilla/5.0 (Windows NT 10.0; Win64; x64) AppleWebKit/537.36 (KHTML, like Gecko) Chrome/120.0.0.0 Safari/537.36"
20.104.22.47 - - [31/Jul/2026:13:50:46 +0000] "GET /sf.php HTTP/1.1" 404 32159 "-" "Mozilla/5.0 (Windows NT 10.0; Win64; x64) AppleWebKit/537.36 (KHTML, like Gecko) Chrome/120.0.0.0 Safari/537.36"
20.104.22.47 - - [31/Jul/2026:13:50:49 +0000] "GET /t.php HTTP/1.1" 404 32158 "-" "Mozilla/5.0 (Windows NT 10.0; Win64; x64) AppleWebKit/537.36 (KHTML, like Gecko) Chrome/120.0.0.0 Safari/537.36"
216.244.66.203 - - [31/Jul/2026:13:50:51 +0000] "GET /products/bingo-bag-jaguars/?srsltid=2737332 HTTP/1.1" 404 132949 "-" "Mozilla/5.0 (compatible; DotBot/1.2; +https://opensiteexplorer.org/dotbot; help@moz.com)"
20.104.22.47 - - [31/Jul/2026:13:50:52 +0000] "GET /7.php HTTP/1.1" 404 32163 "-" "Mozilla/5.0 (Windows NT 10.0; Win64; x64) AppleWebKit/537.36 (KHTML, like Gecko) Chrome/120.0.0.0 Safari/537.36"
20.104.22.47 - - [31/Jul/2026:13:50:55 +0000] "GET /b.php HTTP/1.1" 404 32162 "-" "Mozilla/5.0 (Windows NT 10.0; Win64; x64) AppleWebKit/537.36 (KHTML, like Gecko) Chrome/120.0.0.0 Safari/537.36"
20.104.22.47 - - [31/Jul/2026:13:50:57 +0000] "GET /buy.php HTTP/1.1" 404 32158 "-" "Mozilla/5.0 (Windows NT 10.0; Win64; x64) AppleWebKit/537.36 (KHTML, like Gecko) Chrome/120.0.0.0 Safari/537.36"
20.104.22.47 - - [31/Jul/2026:13:51:00 +0000] "GET /config.php HTTP/1.1" 404 32152 "-" "Mozilla/5.0 (Windows NT 10.0; Win64; x64) AppleWebKit/537.36 (KHTML, like Gecko) Chrome/120.0.0.0 Safari/537.36"
20.104.22.47 - - [31/Jul/2026:13:51:03 +0000] "GET /num.php HTTP/1.1" 404 32157 "-" "Mozilla/5.0 (Windows NT 10.0; Win64; x64) AppleWebKit/537.36 (KHTML, like Gecko) Chrome/120.0.0.0 Safari/537.36"
216.244.66.203 - - [31/Jul/2026:13:51:06 +0000] "GET /products/chaqueta-gerard-darel/?srsltid=38696878 HTTP/1.1" 404 132954 "-" "Mozilla/5.0 (compatible; DotBot/1.2; +https://opensiteexplorer.org/dotbot; help@moz.com)"
20.104.22.47 - - [31/Jul/2026:13:51:06 +0000] "GET /areak1.php HTTP/1.1" 404 32153 "-" "Mozilla/5.0 (Windows NT 10.0; Win64; x64) AppleWebKit/537.36 (KHTML, like Gecko) Chrome/120.0.0.0 Safari/537.36"
20.104.22.47 - - [31/Jul/2026:13:51:10 +0000] "GET /vc.php HTTP/1.1" 404 32160 "-" "Mozilla/5.0 (Windows NT 10.0; Win64; x64) AppleWebKit/537.36 (KHTML, like Gecko) Chrome/120.0.0.0 Safari/537.36"
20.104.22.47 - - [31/Jul/2026:13:51:13 +0000] "GET /wp-content/plugins/admin.php HTTP/1.1" 404 32173 "-" "Mozilla/5.0 (Windows NT 10.0; Win64; x64) AppleWebKit/537.36 (KHTML, like Gecko) Chrome/120.0.0.0 Safari/537.36"
20.104.22.47 - - [31/Jul/2026:13:51:16 +0000] "GET /core.php HTTP/1.1" 404 32153 "-" "Mozilla/5.0 (Windows NT 10.0; Win64; x64) AppleWebKit/537.36 (KHTML, like Gecko) Chrome/120.0.0.0 Safari/537.36"
20.104.22.47 - - [31/Jul/2026:13:51:19 +0000] "GET /wp-admin/css/ HTTP/1.1" 404 1251 "-" "Mozilla/5.0 (Windows NT 10.0; Win64; x64) AppleWebKit/537.36 (KHTML, like Gecko) Chrome/120.0.0.0 Safari/537.36"
20.104.22.47 - - [31/Jul/2026:13:51:19 +0000] "GET /wp-admin/css/colors/blue/ HTTP/1.1" 404 1251 "-" "Mozilla/5.0 (Windows NT 10.0; Win64; x64) AppleWebKit/537.36 (KHTML, like Gecko) Chrome/120.0.0.0 Safari/537.36"
20.104.22.47 - - [31/Jul/2026:13:51:19 +0000] "GET /wp-content/min.php HTTP/1.1" 404 32169 "-" "Mozilla/5.0 (Windows NT 10.0; Win64; x64) AppleWebKit/537.36 (KHTML, like Gecko) Chrome/120.0.0.0 Safari/537.36"
20.104.22.47 - - [31/Jul/2026:13:51:22 +0000] "GET /wp-content/plugins/beteng88/ws83.php HTTP/1.1" 404 32175 "-" "Mozilla/5.0 (Windows NT 10.0; Win64; x64) AppleWebKit/537.36 (KHTML, like Gecko) Chrome/120.0.0.0 Safari/537.36"
216.244.66.203 - - [31/Jul/2026:13:51:23 +0000] "GET /products/fpv-duo-drone/?srsltid=28824723 HTTP/1.1" 404 132946 "-" "Mozilla/5.0 (compatible; DotBot/1.2; +https://opensiteexplorer.org/dotbot; help@moz.com)"
20.104.22.47 - - [31/Jul/2026:13:51:25 +0000] "GET /ws37.php HTTP/1.1" 404 32152 "-" "Mozilla/5.0 (Windows NT 10.0; Win64; x64) AppleWebKit/537.36 (KHTML, like Gecko) Chrome/120.0.0.0 Safari/537.36"
20.104.22.47 - - [31/Jul/2026:13:51:28 +0000] "GET /assets/ HTTP/1.1" 404 32146 "-" "Mozilla/5.0 (Windows NT 10.0; Win64; x64) AppleWebKit/537.36 (KHTML, like Gecko) Chrome/120.0.0.0 Safari/537.36"
20.104.22.47 - - [31/Jul/2026:13:51:31 +0000] "GET /new.php HTTP/1.1" 404 32158 "-" "Mozilla/5.0 (Windows NT 10.0; Win64; x64) AppleWebKit/537.36 (KHTML, like Gecko) Chrome/120.0.0.0 Safari/537.36"
20.104.22.47 - - [31/Jul/2026:13:51:34 +0000] "GET /wp-admin/js/widgets/ HTTP/1.1" 404 1251 "-" "Mozilla/5.0 (Windows NT 10.0; Win64; x64) AppleWebKit/537.36 (KHTML, like Gecko) Chrome/120.0.0.0 Safari/537.36"
69.72.244.100 - - [31/Jul/2026:13:51:37 +0000] "POST /wp-cron.php?doing_wp_cron=1785505897.1412620544433593750000 HTTP/1.1" 200 0 "-" "WordPress/7.0.2; https://konzaltant.com"
20.104.22.47 - - [31/Jul/2026:13:51:34 +0000] "GET /il.php HTTP/1.1" 404 32164 "-" "Mozilla/5.0 (Windows NT 10.0; Win64; x64) AppleWebKit/537.36 (KHTML, like Gecko) Chrome/120.0.0.0 Safari/537.36"
20.104.22.47 - - [31/Jul/2026:13:51:37 +0000] "GET /images/index.php HTTP/1.1" 301 5 "-" "Mozilla/5.0 (Windows NT 10.0; Win64; x64) AppleWebKit/537.36 (KHTML, like Gecko) Chrome/120.0.0.0 Safari/537.36"
216.244.66.203 - - [31/Jul/2026:13:51:37 +0000] "GET /products/klnning/?srsltid=51206369 HTTP/1.1" 404 132940 "-" "Mozilla/5.0 (compatible; DotBot/1.2; +https://opensiteexplorer.org/dotbot; help@moz.com)"
20.104.22.47 - - [31/Jul/2026:13:51:40 +0000] "GET /lite.php HTTP/1.1" 404 32152 "-" "Mozilla/5.0 (Windows NT 10.0; Win64; x64) AppleWebKit/537.36 (KHTML, like Gecko) Chrome/120.0.0.0 Safari/537.36"
69.72.244.100 - - [31/Jul/2026:13:51:46 +0000] "POST /wp-cron.php?doing_wp_cron=1785505906.4989531040191650390625 HTTP/1.1" 200 0 "-" "WordPress/7.0.2; https://konzaltant.com"
20.104.22.47 - - [31/Jul/2026:13:51:43 +0000] "GET /load.php HTTP/1.1" 404 32153 "-" "Mozilla/5.0 (Windows NT 10.0; Win64; x64) AppleWebKit/537.36 (KHTML, like Gecko) Chrome/120.0.0.0 Safari/537.36"
20.104.22.47 - - [31/Jul/2026:13:51:46 +0000] "GET /wp-content/themes/ HTTP/1.1" 200 0 "-" "Mozilla/5.0 (Windows NT 10.0; Win64; x64) AppleWebKit/537.36 (KHTML, like Gecko) Chrome/120.0.0.0 Safari/537.36"
20.104.22.47 - - [31/Jul/2026:13:51:46 +0000] "GET /wp-themes.php HTTP/1.1" 404 32151 "-" "Mozilla/5.0 (Windows NT 10.0; Win64; x64) AppleWebKit/537.36 (KHTML, like Gecko) Chrome/120.0.0.0 Safari/537.36"
20.104.22.47 - - [31/Jul/2026:13:51:50 +0000] "GET /xda.php HTTP/1.1" 404 32158 "-" "Mozilla/5.0 (Windows NT 10.0; Win64; x64) AppleWebKit/537.36 (KHTML, like Gecko) Chrome/120.0.0.0 Safari/537.36"
20.104.22.47 - - [31/Jul/2026:13:51:52 +0000] "GET /.trash7206/index.php HTTP/1.1" 301 5 "-" "Mozilla/5.0 (Windows NT 10.0; Win64; x64) AppleWebKit/537.36 (KHTML, like Gecko) Chrome/120.0.0.0 Safari/537.36"
20.104.22.47 - - [31/Jul/2026:13:51:55 +0000] "GET /doc.php HTTP/1.1" 404 32158 "-" "Mozilla/5.0 (Windows NT 10.0; Win64; x64) AppleWebKit/537.36 (KHTML, like Gecko) Chrome/120.0.0.0 Safari/537.36"
216.244.66.203 - - [31/Jul/2026:13:51:56 +0000] "GET /products/luminosite/?srsltid=43853097 HTTP/1.1" 404 132943 "-" "Mozilla/5.0 (compatible; DotBot/1.2; +https://opensiteexplorer.org/dotbot; help@moz.com)"
20.104.22.47 - - [31/Jul/2026:13:51:58 +0000] "GET /storage/index.php HTTP/1.1" 301 5 "-" "Mozilla/5.0 (Windows NT 10.0; Win64; x64) AppleWebKit/537.36 (KHTML, like Gecko) Chrome/120.0.0.0 Safari/537.36"
20.104.22.47 - - [31/Jul/2026:13:52:01 +0000] "GET /wp-content.php HTTP/1.1" 404 32149 "-" "Mozilla/5.0 (Windows NT 10.0; Win64; x64) AppleWebKit/537.36 (KHTML, like Gecko) Chrome/120.0.0.0 Safari/537.36"
69.72.244.100 - - [31/Jul/2026:13:52:06 +0000] "POST /wp-cron.php?doing_wp_cron=1785505926.6243710517883300781250 HTTP/1.1" 200 0 "-" "WordPress/7.0.2; https://konzaltant.com"
20.104.22.47 - - [31/Jul/2026:13:52:04 +0000] "GET /wp-includes/ID3/index.php HTTP/1.1" 301 5 "-" "Mozilla/5.0 (Windows NT 10.0; Win64; x64) AppleWebKit/537.36 (KHTML, like Gecko) Chrome/120.0.0.0 Safari/537.36"
20.104.22.47 - - [31/Jul/2026:13:52:06 +0000] "GET /wp-includes/block-bindings/ HTTP/1.1" 404 1251 "-" "Mozilla/5.0 (Windows NT 10.0; Win64; x64) AppleWebKit/537.36 (KHTML, like Gecko) Chrome/120.0.0.0 Safari/537.36"
20.104.22.47 - - [31/Jul/2026:13:52:06 +0000] "GET /wp-includes/images/ HTTP/1.1" 404 1251 "-" "Mozilla/5.0 (Windows NT 10.0; Win64; x64) AppleWebKit/537.36 (KHTML, like Gecko) Chrome/120.0.0.0 Safari/537.36"
20.104.22.47 - - [31/Jul/2026:13:52:07 +0000] "GET /wp-includes/min.php HTTP/1.1" 404 32169 "-" "Mozilla/5.0 (Windows NT 10.0; Win64; x64) AppleWebKit/537.36 (KHTML, like Gecko) Chrome/120.0.0.0 Safari/537.36"
20.104.22.47 - - [31/Jul/2026:13:52:10 +0000] "GET /cache.php HTTP/1.1" 404 32152 "-" "Mozilla/5.0 (Windows NT 10.0; Win64; x64) AppleWebKit/537.36 (KHTML, like Gecko) Chrome/120.0.0.0 Safari/537.36"
216.244.66.203 - - [31/Jul/2026:13:52:12 +0000] "GET /products/nwot-metal-hoop-earrings/?srsltid=5405383 HTTP/1.1" 404 132956 "-" "Mozilla/5.0 (compatible; DotBot/1.2; +https://opensiteexplorer.org/dotbot; help@moz.com)"
20.104.22.47 - - [31/Jul/2026:13:52:12 +0000] "GET /filemanager.php HTTP/1.1" 404 32149 "-" "Mozilla/5.0 (Windows NT 10.0; Win64; x64) AppleWebKit/537.36 (KHTML, like Gecko) Chrome/120.0.0.0 Safari/537.36"
20.104.22.47 - - [31/Jul/2026:13:52:15 +0000] "GET /wp-blog.php HTTP/1.1" 404 32154 "-" "Mozilla/5.0 (Windows NT 10.0; Win64; x64) AppleWebKit/537.36 (KHTML, like Gecko) Chrome/120.0.0.0 Safari/537.36"
20.104.22.47 - - [31/Jul/2026:13:52:18 +0000] "GET /wp-includes/ID3/ HTTP/1.1" 404 1251 "-" "Mozilla/5.0 (Windows NT 10.0; Win64; x64) AppleWebKit/537.36 (KHTML, like Gecko) Chrome/120.0.0.0 Safari/537.36"
20.104.22.47 - - [31/Jul/2026:13:52:18 +0000] "GET /xmlrpc.php HTTP/1.1" 403 1242 "-" "Mozilla/5.0 (Windows NT 10.0; Win64; x64) AppleWebKit/537.36 (KHTML, like Gecko) Chrome/120.0.0.0 Safari/537.36"
69.72.244.100 - - [31/Jul/2026:13:52:21 +0000] "POST /wp-cron.php?doing_wp_cron=1785505941.3186190128326416015625 HTTP/1.1" 200 0 "-" "WordPress/7.0.2; https://konzaltant.com"
20.104.22.47 - - [31/Jul/2026:13:52:18 +0000] "GET /cd.php HTTP/1.1" 404 32156 "-" "Mozilla/5.0 (Windows NT 10.0; Win64; x64) AppleWebKit/537.36 (KHTML, like Gecko) Chrome/120.0.0.0 Safari/537.36"
20.104.22.47 - - [31/Jul/2026:13:52:21 +0000] "GET /css.php HTTP/1.1" 404 32158 "-" "Mozilla/5.0 (Windows NT 10.0; Win64; x64) AppleWebKit/537.36 (KHTML, like Gecko) Chrome/120.0.0.0 Safari/537.36"
20.104.22.47 - - [31/Jul/2026:13:52:24 +0000] "GET /lu4.php HTTP/1.1" 404 32157 "-" "Mozilla/5.0 (Windows NT 10.0; Win64; x64) AppleWebKit/537.36 (KHTML, like Gecko) Chrome/120.0.0.0 Safari/537.36"
20.104.22.47 - - [31/Jul/2026:13:52:26 +0000] "GET /wp-admin/css/colors/blue/index.php HTTP/1.1" 301 5 "-" "Mozilla/5.0 (Windows NT 10.0; Win64; x64) AppleWebKit/537.36 (KHTML, like Gecko) Chrome/120.0.0.0 Safari/537.36"
20.104.22.47 - - [31/Jul/2026:13:52:29 +0000] "GET /wp-content/plugins/index.php HTTP/1.1" 200 0 "-" "Mozilla/5.0 (Windows NT 10.0; Win64; x64) AppleWebKit/537.36 (KHTML, like Gecko) Chrome/120.0.0.0 Safari/537.36"
216.244.66.203 - - [31/Jul/2026:13:52:27 +0000] "GET /products/nyj-tshirt/?srsltid=53056231 HTTP/1.1" 404 132943 "-" "Mozilla/5.0 (compatible; DotBot/1.2; +https://opensiteexplorer.org/dotbot; help@moz.com)"
20.104.22.47 - - [31/Jul/2026:13:52:29 +0000] "GET /wp-content/upgrade/index.php HTTP/1.1" 301 5 "-" "Mozilla/5.0 (Windows NT 10.0; Win64; x64) AppleWebKit/537.36 (KHTML, like Gecko) Chrome/120.0.0.0 Safari/537.36"
20.104.22.47 - - [31/Jul/2026:13:52:31 +0000] "GET /.well-known/gecko-litespeed.php HTTP/1.1" 403 5137 "-" "Mozilla/5.0 (Windows NT 10.0; Win64; x64) AppleWebKit/537.36 (KHTML, like Gecko) Chrome/120.0.0.0 Safari/537.36"
20.104.22.47 - - [31/Jul/2026:13:52:32 +0000] "GET /ant.php HTTP/1.1" 404 32157 "-" "Mozilla/5.0 (Windows NT 10.0; Win64; x64) AppleWebKit/537.36 (KHTML, like Gecko) Chrome/120.0.0.0 Safari/537.36"
20.104.22.47 - - [31/Jul/2026:13:52:34 +0000] "GET /autoload_classmap.php HTTP/1.1" 403 5137 "-" "Mozilla/5.0 (Windows NT 10.0; Win64; x64) AppleWebKit/537.36 (KHTML, like Gecko) Chrome/120.0.0.0 Safari/537.36"
20.104.22.47 - - [31/Jul/2026:13:52:34 +0000] "GET /storage/rip.php HTTP/1.1" 404 32159 "-" "Mozilla/5.0 (Windows NT 10.0; Win64; x64) AppleWebKit/537.36 (KHTML, like Gecko) Chrome/120.0.0.0 Safari/537.36"
69.72.244.100 - - [31/Jul/2026:13:52:40 +0000] "POST /wp-cron.php?doing_wp_cron=1785505960.4095680713653564453125 HTTP/1.1" 200 0 "-" "WordPress/7.0.2; https://konzaltant.com"
20.104.22.47 - - [31/Jul/2026:13:52:37 +0000] "GET /tinyfilemanager.php HTTP/1.1" 404 32162 "-" "Mozilla/5.0 (Windows NT 10.0; Win64; x64) AppleWebKit/537.36 (KHTML, like Gecko) Chrome/120.0.0.0 Safari/537.36"
20.104.22.47 - - [31/Jul/2026:13:52:40 +0000] "GET /wp-includes/bk/ HTTP/1.1" 404 32174 "-" "Mozilla/5.0 (Windows NT 10.0; Win64; x64) AppleWebKit/537.36 (KHTML, like Gecko) Chrome/120.0.0.0 Safari/537.36"
216.244.66.203 - - [31/Jul/2026:13:52:42 +0000] "GET /products/panda/?srsltid=54192211 HTTP/1.1" 404 132938 "-" "Mozilla/5.0 (compatible; DotBot/1.2; +https://opensiteexplorer.org/dotbot; help@moz.com)"
69.72.244.100 - - [31/Jul/2026:13:52:45 +0000] "POST /wp-cron.php?doing_wp_cron=1785505965.5704529285430908203125 HTTP/1.1" 200 0 "-" "WordPress/7.0.2; https://konzaltant.com"
20.104.22.47 - - [31/Jul/2026:13:52:43 +0000] "GET /403.php HTTP/1.1" 404 32159 "-" "Mozilla/5.0 (Windows NT 10.0; Win64; x64) AppleWebKit/537.36 (KHTML, like Gecko) Chrome/120.0.0.0 Safari/537.36"
20.104.22.47 - - [31/Jul/2026:13:52:45 +0000] "GET /av.php HTTP/1.1" 404 32159 "-" "Mozilla/5.0 (Windows NT 10.0; Win64; x64) AppleWebKit/537.36 (KHTML, like Gecko) Chrome/120.0.0.0 Safari/537.36"
20.104.22.47 - - [31/Jul/2026:13:52:48 +0000] "GET /tool.php HTTP/1.1" 404 32154 "-" "Mozilla/5.0 (Windows NT 10.0; Win64; x64) AppleWebKit/537.36 (KHTML, like Gecko) Chrome/120.0.0.0 Safari/537.36"
20.104.22.47 - - [31/Jul/2026:13:52:50 +0000] "GET /wp-admin/includes/ HTTP/1.1" 404 1251 "-" "Mozilla/5.0 (Windows NT 10.0; Win64; x64) AppleWebKit/537.36 (KHTML, like Gecko) Chrome/120.0.0.0 Safari/537.36"
20.104.22.47 - - [31/Jul/2026:13:52:51 +0000] "GET /wp-admin/index.php HTTP/1.1" 302 5 "-" "Mozilla/5.0 (Windows NT 10.0; Win64; x64) AppleWebKit/537.36 (KHTML, like Gecko) Chrome/120.0.0.0 Safari/537.36"
20.104.22.47 - - [31/Jul/2026:13:52:53 +0000] "GET /wp-content/plugins/core-plugin/include.php HTTP/1.1" 403 5137 "-" "Mozilla/5.0 (Windows NT 10.0; Win64; x64) AppleWebKit/537.36 (KHTML, like Gecko) Chrome/120.0.0.0 Safari/537.36"
20.104.22.47 - - [31/Jul/2026:13:52:53 +0000] "GET /wp-content/themes/pridmag/b.php HTTP/1.1" 404 32174 "-" "Mozilla/5.0 (Windows NT 10.0; Win64; x64) AppleWebKit/537.36 (KHTML, like Gecko) Chrome/120.0.0.0 Safari/537.36"
20.104.22.47 - - [31/Jul/2026:13:52:56 +0000] "GET /wp-includes/ HTTP/1.1" 404 1251 "-" "Mozilla/5.0 (Windows NT 10.0; Win64; x64) AppleWebKit/537.36 (KHTML, like Gecko) Chrome/120.0.0.0 Safari/537.36"
216.244.66.203 - - [31/Jul/2026:13:52:56 +0000] "GET /products/reborn-doll/?srsltid=16342113 HTTP/1.1" 404 132944 "-" "Mozilla/5.0 (compatible; DotBot/1.2; +https://opensiteexplorer.org/dotbot; help@moz.com)"
20.104.22.47 - - [31/Jul/2026:13:52:56 +0000] "GET /wp-trackback.php HTTP/1.1" 404 91 "-" "Mozilla/5.0 (Windows NT 10.0; Win64; x64) AppleWebKit/537.36 (KHTML, like Gecko) Chrome/120.0.0.0 Safari/537.36"
20.104.22.47 - - [31/Jul/2026:13:52:59 +0000] "GET /ws.php HTTP/1.1" 404 32156 "-" "Mozilla/5.0 (Windows NT 10.0; Win64; x64) AppleWebKit/537.36 (KHTML, like Gecko) Chrome/120.0.0.0 Safari/537.36"
69.72.244.100 - - [31/Jul/2026:13:53:04 +0000] "POST /wp-cron.php?doing_wp_cron=1785505984.7754108905792236328125 HTTP/1.1" 200 0 "-" "WordPress/7.0.2; https://konzaltant.com"
20.104.22.47 - - [31/Jul/2026:13:53:02 +0000] "GET /.bod/.ll/ HTTP/1.1" 404 32151 "-" "Mozilla/5.0 (Windows NT 10.0; Win64; x64) AppleWebKit/537.36 (KHTML, like Gecko) Chrome/120.0.0.0 Safari/537.36"
20.104.22.47 - - [31/Jul/2026:13:53:04 +0000] "GET /0.php HTTP/1.1" 404 32163 "-" "Mozilla/5.0 (Windows NT 10.0; Win64; x64) AppleWebKit/537.36 (KHTML, like Gecko) Chrome/120.0.0.0 Safari/537.36"
20.104.22.47 - - [31/Jul/2026:13:53:08 +0000] "GET /1index.php HTTP/1.1" 404 32151 "-" "Mozilla/5.0 (Windows NT 10.0; Win64; x64) AppleWebKit/537.36 (KHTML, like Gecko) Chrome/120.0.0.0 Safari/537.36"
216.244.66.203 - - [31/Jul/2026:13:53:08 +0000] "GET /products/blaue-lacoste-jogginghose-gre-m/?srsltid=57999982 HTTP/1.1" 404 132964 "-" "Mozilla/5.0 (compatible; DotBot/1.2; +https://opensiteexplorer.org/dotbot; help@moz.com)"
20.104.22.47 - - [31/Jul/2026:13:53:11 +0000] "GET /autoload_classmap/function.php HTTP/1.1" 404 32167 "-" "Mozilla/5.0 (Windows NT 10.0; Win64; x64) AppleWebKit/537.36 (KHTML, like Gecko) Chrome/120.0.0.0 Safari/537.36"
20.104.22.47 - - [31/Jul/2026:13:53:13 +0000] "GET /dvve.php HTTP/1.1" 404 32155 "-" "Mozilla/5.0 (Windows NT 10.0; Win64; x64) AppleWebKit/537.36 (KHTML, like Gecko) Chrome/120.0.0.0 Safari/537.36"
20.104.22.47 - - [31/Jul/2026:13:53:16 +0000] "GET /wp-includes/PHPMailer/ HTTP/1.1" 404 1251 "-" "Mozilla/5.0 (Windows NT 10.0; Win64; x64) AppleWebKit/537.36 (KHTML, like Gecko) Chrome/120.0.0.0 Safari/537.36"
20.104.22.47 - - [31/Jul/2026:13:53:16 +0000] "GET /ws77.php HTTP/1.1" 404 32154 "-" "Mozilla/5.0 (Windows NT 10.0; Win64; x64) AppleWebKit/537.36 (KHTML, like Gecko) Chrome/120.0.0.0 Safari/537.36"
69.72.244.100 - - [31/Jul/2026:13:53:21 +0000] "POST /wp-cron.php?doing_wp_cron=1785506001.5786859989166259765625 HTTP/1.1" 200 0 "-" "WordPress/7.0.2; https://konzaltant.com"
20.104.22.47 - - [31/Jul/2026:13:53:19 +0000] "GET /.well-known/acme-challenge/index.php HTTP/1.1" 301 5 "-" "Mozilla/5.0 (Windows NT 10.0; Win64; x64) AppleWebKit/537.36 (KHTML, like Gecko) Chrome/120.0.0.0 Safari/537.36"
20.104.22.47 - - [31/Jul/2026:13:53:21 +0000] "GET /admin/function.php HTTP/1.1" 404 32170 "-" "Mozilla/5.0 (Windows NT 10.0; Win64; x64) AppleWebKit/537.36 (KHTML, like Gecko) Chrome/120.0.0.0 Safari/537.36"
216.244.66.203 - - [31/Jul/2026:13:53:22 +0000] "GET /products/fan-flo-firebird/?srsltid=28958899 HTTP/1.1" 404 132949 "-" "Mozilla/5.0 (compatible; DotBot/1.2; +https://opensiteexplorer.org/dotbot; help@moz.com)"
20.104.22.47 - - [31/Jul/2026:13:53:25 +0000] "GET /wp-admin/css/index.php HTTP/1.1" 301 5 "-" "Mozilla/5.0 (Windows NT 10.0; Win64; x64) AppleWebKit/537.36 (KHTML, like Gecko) Chrome/120.0.0.0 Safari/537.36"
20.104.22.47 - - [31/Jul/2026:13:53:28 +0000] "GET /wp-includes/css/ HTTP/1.1" 404 1251 "-" "Mozilla/5.0 (Windows NT 10.0; Win64; x64) AppleWebKit/537.36 (KHTML, like Gecko) Chrome/120.0.0.0 Safari/537.36"
20.104.22.47 - - [31/Jul/2026:13:53:28 +0000] "GET /xx.php HTTP/1.1" 404 32153 "-" "Mozilla/5.0 (Windows NT 10.0; Win64; x64) AppleWebKit/537.36 (KHTML, like Gecko) Chrome/120.0.0.0 Safari/537.36"
20.104.22.47 - - [31/Jul/2026:13:53:31 +0000] "GET /wp-content/about.php HTTP/1.1" 404 32168 "-" "Mozilla/5.0 (Windows NT 10.0; Win64; x64) AppleWebKit/537.36 (KHTML, like Gecko) Chrome/120.0.0.0 Safari/537.36"
20.104.22.47 - - [31/Jul/2026:13:53:34 +0000] "GET /wp-includes/assets/index.php HTTP/1.1" 301 5 "-" "Mozilla/5.0 (Windows NT 10.0; Win64; x64) AppleWebKit/537.36 (KHTML, like Gecko) Chrome/120.0.0.0 Safari/537.36"
69.72.244.100 - - [31/Jul/2026:13:53:38 +0000] "POST /wp-cron.php?doing_wp_cron=1785506018.9056770801544189453125 HTTP/1.1" 200 0 "-" "WordPress/7.0.2; https://konzaltant.com"
20.104.22.47 - - [31/Jul/2026:13:53:36 +0000] "GET /wp-the.php HTTP/1.1" 404 32151 "-" "Mozilla/5.0 (Windows NT 10.0; Win64; x64) AppleWebKit/537.36 (KHTML, like Gecko) Chrome/120.0.0.0 Safari/537.36"
216.244.66.203 - - [31/Jul/2026:13:53:38 +0000] "GET /products/pop-asia-freddy-funko/?srsltid=26238477 HTTP/1.1" 404 132954 "-" "Mozilla/5.0 (compatible; DotBot/1.2; +https://opensiteexplorer.org/dotbot; help@moz.com)"
20.104.22.47 - - [31/Jul/2026:13:53:39 +0000] "GET /ws81.php HTTP/1.1" 404 32153 "-" "Mozilla/5.0 (Windows NT 10.0; Win64; x64) AppleWebKit/537.36 (KHTML, like Gecko) Chrome/120.0.0.0 Safari/537.36"
69.72.244.100 - - [31/Jul/2026:13:53:45 +0000] "POST /wp-cron.php?doing_wp_cron=1785506025.4212629795074462890625 HTTP/1.1" 200 0 "-" "WordPress/7.0.2; https://konzaltant.com"
20.104.22.47 - - [31/Jul/2026:13:53:42 +0000] "GET /3.php HTTP/1.1" 404 32163 "-" "Mozilla/5.0 (Windows NT 10.0; Win64; x64) AppleWebKit/537.36 (KHTML, like Gecko) Chrome/120.0.0.0 Safari/537.36"
20.104.22.47 - - [31/Jul/2026:13:53:45 +0000] "GET /a1.php HTTP/1.1" 404 32158 "-" "Mozilla/5.0 (Windows NT 10.0; Win64; x64) AppleWebKit/537.36 (KHTML, like Gecko) Chrome/120.0.0.0 Safari/537.36"
20.104.22.47 - - [31/Jul/2026:13:53:48 +0000] "GET /ca5.php HTTP/1.1" 404 32158 "-" "Mozilla/5.0 (Windows NT 10.0; Win64; x64) AppleWebKit/537.36 (KHTML, like Gecko) Chrome/120.0.0.0 Safari/537.36"
20.104.22.47 - - [31/Jul/2026:13:53:50 +0000] "GET /install.php HTTP/1.1" 404 32155 "-" "Mozilla/5.0 (Windows NT 10.0; Win64; x64) AppleWebKit/537.36 (KHTML, like Gecko) Chrome/120.0.0.0 Safari/537.36"
20.104.22.47 - - [31/Jul/2026:13:53:53 +0000] "GET /radio.php HTTP/1.1" 404 32154 "-" "Mozilla/5.0 (Windows NT 10.0; Win64; x64) AppleWebKit/537.36 (KHTML, like Gecko) Chrome/120.0.0.0 Safari/537.36"
20.104.22.47 - - [31/Jul/2026:13:53:55 +0000] "GET /wp-admin/css/colors/modern/ HTTP/1.1" 404 1251 "-" "Mozilla/5.0 (Windows NT 10.0; Win64; x64) AppleWebKit/537.36 (KHTML, like Gecko) Chrome/120.0.0.0 Safari/537.36"
216.244.66.203 - - [31/Jul/2026:13:53:54 +0000] "GET /products/haim-i-quit-blood-record-19593000/?srsltid=27039774 HTTP/1.1" 404 132966 "-" "Mozilla/5.0 (compatible; DotBot/1.2; +https://opensiteexplorer.org/dotbot; help@moz.com)"
20.104.22.47 - - [31/Jul/2026:13:53:56 +0000] "GET /wp-signin.php HTTP/1.1" 404 32151 "-" "Mozilla/5.0 (Windows NT 10.0; Win64; x64) AppleWebKit/537.36 (KHTML, like Gecko) Chrome/120.0.0.0 Safari/537.36"
20.104.22.47 - - [31/Jul/2026:13:53:59 +0000] "GET /Ov-Simple1.php HTTP/1.1" 404 32151 "-" "Mozilla/5.0 (Windows NT 10.0; Win64; x64) AppleWebKit/537.36 (KHTML, like Gecko) Chrome/120.0.0.0 Safari/537.36"
69.72.244.100 - - [31/Jul/2026:13:54:05 +0000] "POST /wp-cron.php?doing_wp_cron=1785506045.0377070903778076171875 HTTP/1.1" 200 0 "-" "WordPress/7.0.2; https://konzaltant.com"
20.104.22.47 - - [31/Jul/2026:13:54:02 +0000] "GET /fm.php HTTP/1.1" 404 32159 "-" "Mozilla/5.0 (Windows NT 10.0; Win64; x64) AppleWebKit/537.36 (KHTML, like Gecko) Chrome/120.0.0.0 Safari/537.36"
20.104.22.47 - - [31/Jul/2026:13:54:05 +0000] "GET /ftde.php HTTP/1.1" 404 32151 "-" "Mozilla/5.0 (Windows NT 10.0; Win64; x64) AppleWebKit/537.36 (KHTML, like Gecko) Chrome/120.0.0.0 Safari/537.36"
20.104.22.47 - - [31/Jul/2026:13:54:08 +0000] "GET /hplfuns.php HTTP/1.1" 404 32154 "-" "Mozilla/5.0 (Windows NT 10.0; Win64; x64) AppleWebKit/537.36 (KHTML, like Gecko) Chrome/120.0.0.0 Safari/537.36"
216.244.66.203 - - [31/Jul/2026:13:54:08 +0000] "GET /products/susumu-yokota-baroque-vinyl-lp/?srsltid=205777737 HTTP/1.1" 404 132964 "-" "Mozilla/5.0 (compatible; DotBot/1.2; +https://opensiteexplorer.org/dotbot; help@moz.com)"
20.104.22.47 - - [31/Jul/2026:13:54:11 +0000] "GET /log.php HTTP/1.1" 404 32158 "-" "Mozilla/5.0 (Windows NT 10.0; Win64; x64) AppleWebKit/537.36 (KHTML, like Gecko) Chrome/120.0.0.0 Safari/537.36"
20.104.22.47 - - [31/Jul/2026:13:54:14 +0000] "GET /test.php HTTP/1.1" 404 32151 "-" "Mozilla/5.0 (Windows NT 10.0; Win64; x64) AppleWebKit/537.36 (KHTML, like Gecko) Chrome/120.0.0.0 Safari/537.36"
69.72.244.100 - - [31/Jul/2026:13:54:19 +0000] "POST /wp-cron.php?doing_wp_cron=1785506059.4511311054229736328125 HTTP/1.1" 200 0 "-" "WordPress/7.0.2; https://konzaltant.com"
20.104.22.47 - - [31/Jul/2026:13:54:16 +0000] "GET /txets.php HTTP/1.1" 404 32153 "-" "Mozilla/5.0 (Windows NT 10.0; Win64; x64) AppleWebKit/537.36 (KHTML, like Gecko) Chrome/120.0.0.0 Safari/537.36"
20.104.22.47 - - [31/Jul/2026:13:54:19 +0000] "GET /wp-admin.php HTTP/1.1" 404 32147 "-" "Mozilla/5.0 (Windows NT 10.0; Win64; x64) AppleWebKit/537.36 (KHTML, like Gecko) Chrome/120.0.0.0 Safari/537.36"
20.104.22.47 - - [31/Jul/2026:13:54:22 +0000] "GET /wp-admin/images/ HTTP/1.1" 404 1251 "-" "Mozilla/5.0 (Windows NT 10.0; Win64; x64) AppleWebKit/537.36 (KHTML, like Gecko) Chrome/120.0.0.0 Safari/537.36"
216.244.66.203 - - [31/Jul/2026:13:54:21 +0000] "GET /products/vs-pink-campus-hoodie-freya-tie-dye-rainbow-m/?srsltid=2008345 HTTP/1.1" 404 132977 "-" "Mozilla/5.0 (compatible; DotBot/1.2; +https://opensiteexplorer.org/dotbot; help@moz.com)"
20.104.22.47 - - [31/Jul/2026:13:54:22 +0000] "GET /wp-admin/network/ HTTP/1.1" 302 5 "-" "Mozilla/5.0 (Windows NT 10.0; Win64; x64) AppleWebKit/537.36 (KHTML, like Gecko) Chrome/120.0.0.0 Safari/537.36"
20.104.22.47 - - [31/Jul/2026:13:54:25 +0000] "GET /wp-config-sample.php HTTP/1.1" 500 928 "-" "Mozilla/5.0 (Windows NT 10.0; Win64; x64) AppleWebKit/537.36 (KHTML, like Gecko) Chrome/120.0.0.0 Safari/537.36"
20.104.22.47 - - [31/Jul/2026:13:54:25 +0000] "GET /wp-content/packed.php HTTP/1.1" 404 32166 "-" "Mozilla/5.0 (Windows NT 10.0; Win64; x64) AppleWebKit/537.36 (KHTML, like Gecko) Chrome/120.0.0.0 Safari/537.36"
20.104.22.47 - - [31/Jul/2026:13:54:28 +0000] "GET /wp-includes/IXR/ HTTP/1.1" 404 1251 "-" "Mozilla/5.0 (Windows NT 10.0; Win64; x64) AppleWebKit/537.36 (KHTML, like Gecko) Chrome/120.0.0.0 Safari/537.36"
141.98.11.42 - - [31/Jul/2026:13:54:31 +0000] "GET /wp-includes/js/plupload/ HTTP/1.1" 404 1251 "https://www.binance.com" "Mozilla/5.0 (Windows NT 10.0; Win64; x64) AppleWebKit/537.36 (KHTML, like Gecko) Chrome/133.0.0.0 Safari/537.36"
141.98.11.42 - - [31/Jul/2026:13:54:32 +0000] "GET /wp-includes/blocks/calendar/ HTTP/1.1" 404 1251 "https://www.binance.com" "Mozilla/5.0 (Windows NT 10.0; Win64; x64) AppleWebKit/537.36 (KHTML, like Gecko) Chrome/133.0.0.0 Safari/537.36"
141.98.11.42 - - [31/Jul/2026:13:54:32 +0000] "GET /wp-includes/certificates/ HTTP/1.1" 404 1251 "https://www.binance.com" "Mozilla/5.0 (Windows NT 10.0; Win64; x64) AppleWebKit/537.36 (KHTML, like Gecko) Chrome/133.0.0.0 Safari/537.36"
141.98.11.42 - - [31/Jul/2026:13:54:33 +0000] "GET /wp-includes/widgets/ HTTP/1.1" 404 1251 "https://www.binance.com" "Mozilla/5.0 (Windows NT 10.0; Win64; x64) AppleWebKit/537.36 (KHTML, like Gecko) Chrome/133.0.0.0 Safari/537.36"
141.98.11.42 - - [31/Jul/2026:13:54:35 +0000] "GET /wp-content/ HTTP/1.1" 200 0 "https://www.binance.com" "Mozilla/5.0 (Windows NT 10.0; Win64; x64) AppleWebKit/537.36 (KHTML, like Gecko) Chrome/133.0.0.0 Safari/537.36"
69.72.244.100 - - [31/Jul/2026:13:54:38 +0000] "POST /wp-cron.php?doing_wp_cron=1785506078.6143460273742675781250 HTTP/1.1" 200 0 "-" "WordPress/7.0.2; https://konzaltant.com"
216.244.66.203 - - [31/Jul/2026:13:54:35 +0000] "GET /products/4-ft-prelit-lighted-valentines-tree-with-3d-heartsberries-ornaments-48-led-red/?srsltid=42704874 HTTP/1.1" 404 133011 "-" "Mozilla/5.0 (compatible; DotBot/1.2; +https://opensiteexplorer.org/dotbot; help@moz.com)"
141.98.11.42 - - [31/Jul/2026:13:54:36 +0000] "GET /wp-content/languages/ HTTP/1.1" 404 36088 "https://www.binance.com" "Mozilla/5.0 (Windows NT 10.0; Win64; x64) AppleWebKit/537.36 (KHTML, like Gecko) Chrome/133.0.0.0 Safari/537.36"
69.72.244.100 - - [31/Jul/2026:13:54:43 +0000] "POST /wp-cron.php?doing_wp_cron=1785506083.3006429672241210937500 HTTP/1.1" 200 0 "-" "WordPress/7.0.2; https://konzaltant.com"
141.98.11.42 - - [31/Jul/2026:13:54:40 +0000] "GET /wp-content/IXR/ HTTP/1.1" 404 36098 "https://www.binance.com" "Mozilla/5.0 (Windows NT 10.0; Win64; x64) AppleWebKit/537.36 (KHTML, like Gecko) Chrome/133.0.0.0 Safari/537.36"
141.98.11.42 - - [31/Jul/2026:13:54:45 +0000] "GET /wp-content/cache/ HTTP/1.1" 404 1251 "https://www.binance.com" "Mozilla/5.0 (Windows NT 10.0; Win64; x64) AppleWebKit/537.36 (KHTML, like Gecko) Chrome/133.0.0.0 Safari/537.36"
141.98.11.42 - - [31/Jul/2026:13:54:49 +0000] "GET /wp-content/languages/themes/ HTTP/1.1" 404 36097 "https://www.binance.com" "Mozilla/5.0 (Windows NT 10.0; Win64; x64) AppleWebKit/537.36 (KHTML, like Gecko) Chrome/133.0.0.0 Safari/537.36"
216.244.66.203 - - [31/Jul/2026:13:54:50 +0000] "GET /products/dabmar-lighting-dsl1015-l12-40k-w-g24-led-cast-aluminium-lou/?srsltid=205474634 HTTP/1.1" 404 132994 "-" "Mozilla/5.0 (compatible; DotBot/1.2; +https://opensiteexplorer.org/dotbot; help@moz.com)"
69.72.244.100 - - [31/Jul/2026:13:55:06 +0000] "POST /wp-cron.php?doing_wp_cron=1785506106.1690239906311035156250 HTTP/1.1" 200 0 "-" "WordPress/7.0.2; https://konzaltant.com"
216.244.66.203 - - [31/Jul/2026:13:55:03 +0000] "GET /products/hummingbird-feeders-for-outdoors-hanging-25-feeding-ports-10/?srsltid=206438625 HTTP/1.1" 404 132994 "-" "Mozilla/5.0 (compatible; DotBot/1.2; +https://opensiteexplorer.org/dotbot; help@moz.com)"
69.72.244.100 - - [31/Jul/2026:13:55:19 +0000] "POST /wp-cron.php?doing_wp_cron=1785506119.6758089065551757812500 HTTP/1.1" 200 0 "-" "WordPress/7.0.2; https://konzaltant.com"
216.244.66.203 - - [31/Jul/2026:13:55:17 +0000] "GET /products/ps-new-balance-1906-metallic-silver-dark-indigo-pv1906cm/?srsltid=201219687 HTTP/1.1" 404 132990 "-" "Mozilla/5.0 (compatible; DotBot/1.2; +https://opensiteexplorer.org/dotbot; help@moz.com)"
216.244.66.203 - - [31/Jul/2026:13:55:29 +0000] "GET /products/veronica-beard-kate-jeans-womens-24-white-10-cropped-denim-high-rise-skinny/?srsltid=6654608 HTTP/1.1" 404 133007 "-" "Mozilla/5.0 (compatible; DotBot/1.2; +https://opensiteexplorer.org/dotbot; help@moz.com)"
69.72.244.100 - - [31/Jul/2026:13:55:44 +0000] "POST /wp-cron.php?doing_wp_cron=1785506144.7717850208282470703125 HTTP/1.1" 200 0 "-" "WordPress/7.0.2; https://konzaltant.com"
216.244.66.203 - - [31/Jul/2026:13:55:42 +0000] "GET /products/bride-straw/?srsltid=8045820 HTTP/1.1" 404 132943 "-" "Mozilla/5.0 (compatible; DotBot/1.2; +https://opensiteexplorer.org/dotbot; help@moz.com)"
216.244.66.203 - - [31/Jul/2026:13:55:53 +0000] "GET /products/bulls/?srsltid=25125622 HTTP/1.1" 404 132938 "-" "Mozilla/5.0 (compatible; DotBot/1.2; +https://opensiteexplorer.org/dotbot; help@moz.com)"
69.72.244.100 - - [31/Jul/2026:13:56:08 +0000] "POST /wp-cron.php?doing_wp_cron=1785506168.2648849487304687500000 HTTP/1.1" 200 0 "-" "WordPress/7.0.2; https://konzaltant.com"
216.244.66.203 - - [31/Jul/2026:13:56:05 +0000] "GET /products/fly-rod/?srsltid=9300842 HTTP/1.1" 404 132939 "-" "Mozilla/5.0 (compatible; DotBot/1.2; +https://opensiteexplorer.org/dotbot; help@moz.com)"
69.72.244.100 - - [31/Jul/2026:13:56:22 +0000] "POST /wp-cron.php?doing_wp_cron=1785506182.1450870037078857421875 HTTP/1.1" 200 0 "-" "WordPress/7.0.2; https://konzaltant.com"
216.244.66.203 - - [31/Jul/2026:13:56:19 +0000] "GET /products/longaberger-tea-cups/?srsltid=390604 HTTP/1.1" 404 132951 "-" "Mozilla/5.0 (compatible; DotBot/1.2; +https://opensiteexplorer.org/dotbot; help@moz.com)"
69.72.244.100 - - [31/Jul/2026:13:56:36 +0000] "POST /wp-cron.php?doing_wp_cron=1785506196.8907001018524169921875 HTTP/1.1" 200 0 "-" "WordPress/7.0.2; https://konzaltant.com"
216.244.66.203 - - [31/Jul/2026:13:56:33 +0000] "GET /products/lunch-bag/?srsltid=8619709 HTTP/1.1" 404 132941 "-" "Mozilla/5.0 (compatible; DotBot/1.2; +https://opensiteexplorer.org/dotbot; help@moz.com)"
69.72.244.100 - - [31/Jul/2026:13:56:52 +0000] "POST /wp-cron.php?doing_wp_cron=1785506212.8582870960235595703125 HTTP/1.1" 200 0 "-" "WordPress/7.0.2; https://konzaltant.com"
216.244.66.203 - - [31/Jul/2026:13:56:50 +0000] "GET /products/xbox-360/?srsltid=6623481 HTTP/1.1" 404 132940 "-" "Mozilla/5.0 (compatible; DotBot/1.2; +https://opensiteexplorer.org/dotbot; help@moz.com)"
69.72.244.100 - - [31/Jul/2026:13:57:07 +0000] "POST /wp-cron.php?doing_wp_cron=1785506227.0422720909118652343750 HTTP/1.1" 200 0 "-" "WordPress/7.0.2; https://konzaltant.com"
185.251.19.2 - - [31/Jul/2026:13:57:03 +0000] "POST /wp-login.php HTTP/1.1" 401 1521 "-" "Mozilla/5.0 (Windows NT 10.0; Win64; rv:143.0) Gecko/20100101 Firefox/143.0"
45.132.227.143 - - [31/Jul/2026:13:57:03 +0000] "POST /wp-login.php HTTP/1.1" 401 1520 "-" "Mozilla/5.0 (Windows NT 10.0; Win64; x64) AppleWebKit/537.36 Chrome/129.0.0.0 Safari/537.36"
216.244.66.203 - - [31/Jul/2026:13:57:06 +0000] "GET /products/2-larger-headband-bows/?srsltid=8890230 HTTP/1.1" 404 132954 "-" "Mozilla/5.0 (compatible; DotBot/1.2; +https://opensiteexplorer.org/dotbot; help@moz.com)"
69.72.244.100 - - [31/Jul/2026:13:57:31 +0000] "POST /wp-cron.php?doing_wp_cron=1785506251.1894800662994384765625 HTTP/1.1" 200 0 "-" "WordPress/7.0.2; https://konzaltant.com"
216.244.66.203 - - [31/Jul/2026:13:57:28 +0000] "GET /products/2-toddler-leggings-size-2t/?srsltid=8894801 HTTP/1.1" 404 132958 "-" "Mozilla/5.0 (compatible; DotBot/1.2; +https://opensiteexplorer.org/dotbot; help@moz.com)"
69.72.244.100 - - [31/Jul/2026:13:57:50 +0000] "POST /wp-cron.php?doing_wp_cron=1785506270.6932289600372314453125 HTTP/1.1" 200 0 "-" "WordPress/7.0.2; https://konzaltant.com"
216.244.66.203 - - [31/Jul/2026:13:57:48 +0000] "GET /products/acoustic-guitar/?srsltid=23074045 HTTP/1.1" 404 132948 "-" "Mozilla/5.0 (compatible; DotBot/1.2; +https://opensiteexplorer.org/dotbot; help@moz.com)"
69.72.244.100 - - [31/Jul/2026:13:58:09 +0000] "POST /wp-cron.php?doing_wp_cron=1785506289.1514360904693603515625 HTTP/1.1" 200 0 "-" "WordPress/7.0.2; https://konzaltant.com"
216.244.66.203 - - [31/Jul/2026:13:58:06 +0000] "GET /products/addict-music-video-puzzle/?srsltid=24699892 HTTP/1.1" 404 132958 "-" "Mozilla/5.0 (compatible; DotBot/1.2; +https://opensiteexplorer.org/dotbot; help@moz.com)"
72.167.132.114 - - [31/Jul/2026:13:58:09 +0000] "GET /wp-login.php HTTP/2" 200 4237 "-" "Mozilla/5.0 (Windows NT 10.0; Win64; x64) AppleWebKit/537.36 (KHTML, like Gecko) Chrome/150.0.0.0 Safari/537.36"
72.167.132.114 - - [31/Jul/2026:13:58:15 +0000] "POST /wp-login.php HTTP/2" 401 1314 "https://konzaltant.com/wp-login.php" "Mozilla/5.0 (Windows NT 10.0; Win64; x64) AppleWebKit/537.36 (KHTML, like Gecko) Chrome/150.0.0.0 Safari/537.36"
69.72.244.100 - - [31/Jul/2026:13:58:26 +0000] "POST /wp-cron.php?doing_wp_cron=1785506306.8641920089721679687500 HTTP/1.1" 200 0 "-" "WordPress/7.0.2; https://konzaltant.com"
216.244.66.203 - - [31/Jul/2026:13:58:24 +0000] "GET /products/amuseable-coffee-cup/?srsltid=46581781 HTTP/1.1" 404 132953 "-" "Mozilla/5.0 (compatible; DotBot/1.2; +https://opensiteexplorer.org/dotbot; help@moz.com)"
69.72.244.100 - - [31/Jul/2026:13:58:43 +0000] "POST /wp-cron.php?doing_wp_cron=1785506323.4945120811462402343750 HTTP/1.1" 200 0 "-" "WordPress/7.0.2; https://konzaltant.com"
216.244.66.203 - - [31/Jul/2026:13:58:40 +0000] "GET /products/autry-tenisice/?srsltid=10207172 HTTP/1.1" 404 132947 "-" "Mozilla/5.0 (compatible; DotBot/1.2; +https://opensiteexplorer.org/dotbot; help@moz.com)"
216.244.66.203 - - [31/Jul/2026:13:58:56 +0000] "GET /products/baby-cologne-bundle/?srsltid=11782349 HTTP/1.1" 404 132952 "-" "Mozilla/5.0 (compatible; DotBot/1.2; +https://opensiteexplorer.org/dotbot; help@moz.com)"
69.72.244.100 - - [31/Jul/2026:13:59:14 +0000] "POST /wp-cron.php?doing_wp_cron=1785506354.2727949619293212890625 HTTP/1.1" 200 0 "-" "WordPress/7.0.2; https://konzaltant.com"
216.244.66.203 - - [31/Jul/2026:13:59:11 +0000] "GET /products/bangel/?srsltid=58283620 HTTP/1.1" 404 132939 "-" "Mozilla/5.0 (compatible; DotBot/1.2; +https://opensiteexplorer.org/dotbot; help@moz.com)"
69.72.244.100 - - [31/Jul/2026:13:59:58 +0000] "POST /wp-cron.php?doing_wp_cron=1785506398.1220159530639648437500 HTTP/1.1" 200 0 "-" "WordPress/7.0.2; https://konzaltant.com"
216.244.66.203 - - [31/Jul/2026:13:59:55 +0000] "GET /products/baskets-geox-compenses/?srsltid=10503798 HTTP/1.1" 404 132955 "-" "Mozilla/5.0 (compatible; DotBot/1.2; +https://opensiteexplorer.org/dotbot; help@moz.com)"
69.72.244.100 - - [31/Jul/2026:14:00:25 +0000] "POST /wp-cron.php?doing_wp_cron=1785506425.0045969486236572265625 HTTP/1.1" 200 0 "-" "WordPress/7.0.2; https://konzaltant.com"
216.244.66.203 - - [31/Jul/2026:14:00:18 +0000] "GET /products/blouson-de-ski-16-ans/?srsltid=56979560 HTTP/1.1" 404 132954 "-" "Mozilla/5.0 (compatible; DotBot/1.2; +https://opensiteexplorer.org/dotbot; help@moz.com)"
69.72.244.100 - - [31/Jul/2026:14:00:59 +0000] "POST /wp-cron.php?doing_wp_cron=1785506459.3889920711517333984375 HTTP/1.1" 200 0 "-" "WordPress/7.0.2; https://konzaltant.com"
216.244.66.203 - - [31/Jul/2026:14:00:56 +0000] "GET /products/blusenkleid/?srsltid=35434145 HTTP/1.1" 404 132944 "-" "Mozilla/5.0 (compatible; DotBot/1.2; +https://opensiteexplorer.org/dotbot; help@moz.com)"
69.72.244.100 - - [31/Jul/2026:14:01:32 +0000] "POST /wp-cron.php?doing_wp_cron=1785506492.5528221130371093750000 HTTP/1.1" 200 0 "-" "WordPress/7.0.2; https://konzaltant.com"
216.244.66.203 - - [31/Jul/2026:14:01:29 +0000] "GET /products/bnwt-chloe-bag/?srsltid=32584509 HTTP/1.1" 404 132947 "-" "Mozilla/5.0 (compatible; DotBot/1.2; +https://opensiteexplorer.org/dotbot; help@moz.com)"
69.72.244.100 - - [31/Jul/2026:14:02:05 +0000] "POST /wp-cron.php?doing_wp_cron=1785506525.2603321075439453125000 HTTP/1.1" 200 0 "-" "WordPress/7.0.2; https://konzaltant.com"
216.244.66.203 - - [31/Jul/2026:14:02:01 +0000] "GET /products/boksake-rukavice/?srsltid=58840556 HTTP/1.1" 404 132949 "-" "Mozilla/5.0 (compatible; DotBot/1.2; +https://opensiteexplorer.org/dotbot; help@moz.com)"
69.72.244.100 - - [31/Jul/2026:14:02:35 +0000] "POST /wp-cron.php?doing_wp_cron=1785506555.8813810348510742187500 HTTP/1.1" 200 0 "-" "WordPress/7.0.2; https://konzaltant.com"
216.244.66.203 - - [31/Jul/2026:14:02:33 +0000] "GET /products/bomber/?srsltid=58958044 HTTP/1.1" 404 132939 "-" "Mozilla/5.0 (compatible; DotBot/1.2; +https://opensiteexplorer.org/dotbot; help@moz.com)"
69.72.244.100 - - [31/Jul/2026:14:03:05 +0000] "POST /wp-cron.php?doing_wp_cron=1785506585.8159179687500000000000 HTTP/1.1" 200 0 "-" "WordPress/7.0.2; https://konzaltant.com"
216.244.66.203 - - [31/Jul/2026:14:03:02 +0000] "GET /products/borsa-vintage/?srsltid=35334644 HTTP/1.1" 404 132946 "-" "Mozilla/5.0 (compatible; DotBot/1.2; +https://opensiteexplorer.org/dotbot; help@moz.com)"
69.72.244.100 - - [31/Jul/2026:14:03:34 +0000] "POST /wp-cron.php?doing_wp_cron=1785506614.1014370918273925781250 HTTP/1.1" 200 0 "-" "WordPress/7.0.2; https://konzaltant.com"
216.244.66.203 - - [31/Jul/2026:14:03:31 +0000] "GET /products/bottes-cuir-noir-femme/?srsltid=34019003 HTTP/1.1" 404 132955 "-" "Mozilla/5.0 (compatible; DotBot/1.2; +https://opensiteexplorer.org/dotbot; help@moz.com)"
69.72.244.100 - - [31/Jul/2026:14:04:01 +0000] "POST /wp-cron.php?doing_wp_cron=1785506641.4051349163055419921875 HTTP/1.1" 200 0 "-" "WordPress/7.0.2; https://konzaltant.com"
216.244.66.203 - - [31/Jul/2026:14:03:59 +0000] "GET /products/bottines-clarks/?srsltid=57487064 HTTP/1.1" 404 132948 "-" "Mozilla/5.0 (compatible; DotBot/1.2; +https://opensiteexplorer.org/dotbot; help@moz.com)"
69.72.244.100 - - [31/Jul/2026:14:04:27 +0000] "POST /wp-cron.php?doing_wp_cron=1785506667.9417729377746582031250 HTTP/1.1" 200 0 "-" "WordPress/7.0.2; https://konzaltant.com"
216.244.66.203 - - [31/Jul/2026:14:04:25 +0000] "GET /products/bureau/?srsltid=10397398 HTTP/1.1" 404 132939 "-" "Mozilla/5.0 (compatible; DotBot/1.2; +https://opensiteexplorer.org/dotbot; help@moz.com)"
69.72.244.100 - - [31/Jul/2026:14:04:53 +0000] "POST /wp-cron.php?doing_wp_cron=1785506693.5001549720764160156250 HTTP/1.1" 200 0 "-" "WordPress/7.0.2; https://konzaltant.com"
216.244.66.203 - - [31/Jul/2026:14:04:50 +0000] "GET /products/camisa-scalpers/?srsltid=59710355 HTTP/1.1" 404 132948 "-" "Mozilla/5.0 (compatible; DotBot/1.2; +https://opensiteexplorer.org/dotbot; help@moz.com)"
69.72.244.100 - - [31/Jul/2026:14:05:18 +0000] "POST /wp-cron.php?doing_wp_cron=1785506718.6324520111083984375000 HTTP/1.1" 200 0 "-" "WordPress/7.0.2; https://konzaltant.com"
216.244.66.203 - - [31/Jul/2026:14:05:15 +0000] "GET /products/chemise-corner/?srsltid=52331786 HTTP/1.1" 404 132947 "-" "Mozilla/5.0 (compatible; DotBot/1.2; +https://opensiteexplorer.org/dotbot; help@moz.com)"
69.72.244.100 - - [31/Jul/2026:14:05:42 +0000] "POST /wp-cron.php?doing_wp_cron=1785506742.3449299335479736328125 HTTP/1.1" 200 0 "-" "WordPress/7.0.2; https://konzaltant.com"
216.244.66.203 - - [31/Jul/2026:14:05:39 +0000] "GET /products/cup-wraps/?srsltid=19305579 HTTP/1.1" 404 132942 "-" "Mozilla/5.0 (compatible; DotBot/1.2; +https://opensiteexplorer.org/dotbot; help@moz.com)"
69.72.244.100 - - [31/Jul/2026:14:06:05 +0000] "POST /wp-cron.php?doing_wp_cron=1785506765.1713850498199462890625 HTTP/1.1" 200 0 "-" "WordPress/7.0.2; https://konzaltant.com"
216.244.66.203 - - [31/Jul/2026:14:06:02 +0000] "GET /products/dmp-aj-11-youth/?srsltid=17298047 HTTP/1.1" 404 132948 "-" "Mozilla/5.0 (compatible; DotBot/1.2; +https://opensiteexplorer.org/dotbot; help@moz.com)"
69.72.244.100 - - [31/Jul/2026:14:06:26 +0000] "POST /wp-cron.php?doing_wp_cron=1785506786.6878790855407714843750 HTTP/1.1" 200 0 "-" "WordPress/7.0.2; https://konzaltant.com"
216.244.66.203 - - [31/Jul/2026:14:06:24 +0000] "GET /products/elegant-floral-bath-tray/?srsltid=4687041 HTTP/1.1" 404 132956 "-" "Mozilla/5.0 (compatible; DotBot/1.2; +https://opensiteexplorer.org/dotbot; help@moz.com)"
