20.171.55.167 - - [31/Jul/2026:12:32:38 +0000] "GET /autoloadclassmap.php HTTP/1.1" 404 32173 "-" "Mozilla/5.0 (Windows NT 10.0; Win64; x64) AppleWebKit/537.36 (KHTML, like Gecko) Chrome/120.0.0.0 Safari/537.36"
20.171.55.167 - - [31/Jul/2026:12:32:40 +0000] "GET /babu.php HTTP/1.1" 404 32154 "-" "Mozilla/5.0 (Windows NT 10.0; Win64; x64) AppleWebKit/537.36 (KHTML, like Gecko) Chrome/120.0.0.0 Safari/537.36"
69.72.244.100 - - [31/Jul/2026:12:32:47 +0000] "POST /wp-cron.php?doing_wp_cron=1785501167.5531389713287353515625 HTTP/1.1" 200 0 "-" "WordPress/7.0.2; https://konzaltant.com"
20.171.55.167 - - [31/Jul/2026:12:32:44 +0000] "GET /bibil.php HTTP/1.1" 404 32153 "-" "Mozilla/5.0 (Windows NT 10.0; Win64; x64) AppleWebKit/537.36 (KHTML, like Gecko) Chrome/120.0.0.0 Safari/537.36"
216.244.66.203 - - [31/Jul/2026:12:32:44 +0000] "GET /products/cambium-networks-5-ghz-450b-mid-gain-fcc/?srsltid=205126700 HTTP/1.1" 404 132974 "-" "Mozilla/5.0 (compatible; DotBot/1.2; +https://opensiteexplorer.org/dotbot; help@moz.com)"
20.171.55.167 - - [31/Jul/2026:12:32:47 +0000] "GET /block-template.php HTTP/1.1" 404 32158 "-" "Mozilla/5.0 (Windows NT 10.0; Win64; x64) AppleWebKit/537.36 (KHTML, like Gecko) Chrome/120.0.0.0 Safari/537.36"
20.171.55.167 - - [31/Jul/2026:12:32:51 +0000] "GET /bp.php HTTP/1.1" 404 32159 "-" "Mozilla/5.0 (Windows NT 10.0; Win64; x64) AppleWebKit/537.36 (KHTML, like Gecko) Chrome/120.0.0.0 Safari/537.36"
72.167.132.114 - - [31/Jul/2026:12:32:52 +0000] "GET /wp-login.php HTTP/2" 200 4237 "-" "Mozilla/5.0 (Windows NT 10.0; Win64; x64) AppleWebKit/537.36 (KHTML, like Gecko) Chrome/150.0.0.0 Safari/537.36"
20.171.55.167 - - [31/Jul/2026:12:32:54 +0000] "GET /byps.php HTTP/1.1" 404 32153 "-" "Mozilla/5.0 (Windows NT 10.0; Win64; x64) AppleWebKit/537.36 (KHTML, like Gecko) Chrome/120.0.0.0 Safari/537.36"
69.72.244.100 - - [31/Jul/2026:12:33:01 +0000] "POST /wp-cron.php?doing_wp_cron=1785501181.6398959159851074218750 HTTP/1.1" 200 0 "-" "WordPress/7.0.2; https://konzaltant.com"
20.171.55.167 - - [31/Jul/2026:12:32:57 +0000] "GET /canonical.php HTTP/1.1" 404 32151 "-" "Mozilla/5.0 (Windows NT 10.0; Win64; x64) AppleWebKit/537.36 (KHTML, like Gecko) Chrome/120.0.0.0 Safari/537.36"
72.167.132.114 - - [31/Jul/2026:12:32:57 +0000] "POST /wp-login.php HTTP/2" 401 1316 "https://konzaltant.com/wp-login.php" "Mozilla/5.0 (Windows NT 10.0; Win64; x64) AppleWebKit/537.36 (KHTML, like Gecko) Chrome/150.0.0.0 Safari/537.36"
20.171.55.167 - - [31/Jul/2026:12:33:02 +0000] "GET /cekidot/mr.php HTTP/1.1" 404 32157 "-" "Mozilla/5.0 (Windows NT 10.0; Win64; x64) AppleWebKit/537.36 (KHTML, like Gecko) Chrome/120.0.0.0 Safari/537.36"
20.171.55.167 - - [31/Jul/2026:12:33:07 +0000] "GET /chosen.php HTTP/1.1" 403 5137 "-" "Mozilla/5.0 (Windows NT 10.0; Win64; x64) AppleWebKit/537.36 (KHTML, like Gecko) Chrome/120.0.0.0 Safari/537.36"
20.171.55.167 - - [31/Jul/2026:12:33:08 +0000] "GET /class-wp-admin-bar.php HTTP/1.1" 404 32173 "-" "Mozilla/5.0 (Windows NT 10.0; Win64; x64) AppleWebKit/537.36 (KHTML, like Gecko) Chrome/120.0.0.0 Safari/537.36"
20.171.55.167 - - [31/Jul/2026:12:33:10 +0000] "GET /class-wp-importer.php HTTP/1.1" 404 32174 "-" "Mozilla/5.0 (Windows NT 10.0; Win64; x64) AppleWebKit/537.36 (KHTML, like Gecko) Chrome/120.0.0.0 Safari/537.36"
20.171.55.167 - - [31/Jul/2026:12:33:13 +0000] "GET /class-wp-widddget-pages.php HTTP/1.1" 404 32171 "-" "Mozilla/5.0 (Windows NT 10.0; Win64; x64) AppleWebKit/537.36 (KHTML, like Gecko) Chrome/120.0.0.0 Safari/537.36"
69.72.244.100 - - [31/Jul/2026:12:33:19 +0000] "POST /wp-cron.php?doing_wp_cron=1785501199.3977880477905273437500 HTTP/1.1" 200 0 "-" "WordPress/7.0.2; https://konzaltant.com"
20.171.55.167 - - [31/Jul/2026:12:33:16 +0000] "GET /cmd_realtime.php HTTP/1.1" 404 32154 "-" "Mozilla/5.0 (Windows NT 10.0; Win64; x64) AppleWebKit/537.36 (KHTML, like Gecko) Chrome/120.0.0.0 Safari/537.36"
20.171.55.167 - - [31/Jul/2026:12:33:19 +0000] "GET /colors/blue/abc.php HTTP/1.1" 404 32180 "-" "Mozilla/5.0 (Windows NT 10.0; Win64; x64) AppleWebKit/537.36 (KHTML, like Gecko) Chrome/120.0.0.0 Safari/537.36"
20.171.55.167 - - [31/Jul/2026:12:33:22 +0000] "GET /colors/blue/rk2.php HTTP/1.1" 404 32181 "-" "Mozilla/5.0 (Windows NT 10.0; Win64; x64) AppleWebKit/537.36 (KHTML, like Gecko) Chrome/120.0.0.0 Safari/537.36"
20.171.55.167 - - [31/Jul/2026:12:33:25 +0000] "GET /colors/coffee/fox.phpfox.php HTTP/1.1" 404 32173 "-" "Mozilla/5.0 (Windows NT 10.0; Win64; x64) AppleWebKit/537.36 (KHTML, like Gecko) Chrome/120.0.0.0 Safari/537.36"
69.72.244.100 - - [31/Jul/2026:12:33:31 +0000] "POST /wp-cron.php?doing_wp_cron=1785501211.8808031082153320312500 HTTP/1.1" 200 0 "-" "WordPress/7.0.2; https://konzaltant.com"
20.171.55.167 - - [31/Jul/2026:12:33:29 +0000] "GET /colors/ectoplasm/mKSJUaFdm.php HTTP/1.1" 404 32177 "-" "Mozilla/5.0 (Windows NT 10.0; Win64; x64) AppleWebKit/537.36 (KHTML, like Gecko) Chrome/120.0.0.0 Safari/537.36"
20.171.55.167 - - [31/Jul/2026:12:33:32 +0000] "GET /colors/midnight/install.php HTTP/1.1" 404 32185 "-" "Mozilla/5.0 (Windows NT 10.0; Win64; x64) AppleWebKit/537.36 (KHTML, like Gecko) Chrome/120.0.0.0 Safari/537.36"
20.171.55.167 - - [31/Jul/2026:12:33:35 +0000] "GET /colorsbypass.php HTTP/1.1" 404 32153 "-" "Mozilla/5.0 (Windows NT 10.0; Win64; x64) AppleWebKit/537.36 (KHTML, like Gecko) Chrome/120.0.0.0 Safari/537.36"
69.72.244.100 - - [31/Jul/2026:12:33:40 +0000] "POST /wp-cron.php?doing_wp_cron=1785501220.6499209403991699218750 HTTP/1.1" 200 0 "-" "WordPress/7.0.2; https://konzaltant.com"
20.171.55.167 - - [31/Jul/2026:12:33:38 +0000] "GET /composer.php HTTP/1.1" 404 32155 "-" "Mozilla/5.0 (Windows NT 10.0; Win64; x64) AppleWebKit/537.36 (KHTML, like Gecko) Chrome/120.0.0.0 Safari/537.36"
20.171.55.167 - - [31/Jul/2026:12:33:40 +0000] "GET /content.php HTTP/1.1" 404 32152 "-" "Mozilla/5.0 (Windows NT 10.0; Win64; x64) AppleWebKit/537.36 (KHTML, like Gecko) Chrome/120.0.0.0 Safari/537.36"
69.72.244.100 - - [31/Jul/2026:12:33:46 +0000] "POST /wp-cron.php?doing_wp_cron=1785501226.0124940872192382812500 HTTP/1.1" 200 0 "-" "WordPress/7.0.2; https://konzaltant.com"
20.171.55.167 - - [31/Jul/2026:12:33:43 +0000] "GET /cpanel.php HTTP/1.1" 404 32152 "-" "Mozilla/5.0 (Windows NT 10.0; Win64; x64) AppleWebKit/537.36 (KHTML, like Gecko) Chrome/120.0.0.0 Safari/537.36"
20.171.55.167 - - [31/Jul/2026:12:33:46 +0000] "GET /cw2013.php HTTP/1.1" 404 32155 "-" "Mozilla/5.0 (Windows NT 10.0; Win64; x64) AppleWebKit/537.36 (KHTML, like Gecko) Chrome/120.0.0.0 Safari/537.36"
20.171.55.167 - - [31/Jul/2026:12:33:48 +0000] "GET /db-cache.php HTTP/1.1" 404 32150 "-" "Mozilla/5.0 (Windows NT 10.0; Win64; x64) AppleWebKit/537.36 (KHTML, like Gecko) Chrome/120.0.0.0 Safari/537.36"
20.171.55.167 - - [31/Jul/2026:12:33:51 +0000] "GET /default_folders.php HTTP/1.1" 404 32160 "-" "Mozilla/5.0 (Windows NT 10.0; Win64; x64) AppleWebKit/537.36 (KHTML, like Gecko) Chrome/120.0.0.0 Safari/537.36"
20.171.55.167 - - [31/Jul/2026:12:33:54 +0000] "GET /dir.php HTTP/1.1" 404 32157 "-" "Mozilla/5.0 (Windows NT 10.0; Win64; x64) AppleWebKit/537.36 (KHTML, like Gecko) Chrome/120.0.0.0 Safari/537.36"
69.72.244.100 - - [31/Jul/2026:12:33:59 +0000] "POST /wp-cron.php?doing_wp_cron=1785501239.2612719535827636718750 HTTP/1.1" 200 0 "-" "WordPress/7.0.2; https://konzaltant.com"
20.171.55.167 - - [31/Jul/2026:12:33:56 +0000] "GET /distadmin.php HTTP/1.1" 404 32150 "-" "Mozilla/5.0 (Windows NT 10.0; Win64; x64) AppleWebKit/537.36 (KHTML, like Gecko) Chrome/120.0.0.0 Safari/537.36"
216.244.66.203 - - [31/Jul/2026:12:33:57 +0000] "GET /products/cars-crocs-1-mater-1-lightning-mcqueen/?srsltid=15683119 HTTP/1.1" 404 132971 "-" "Mozilla/5.0 (compatible; DotBot/1.2; +https://opensiteexplorer.org/dotbot; help@moz.com)"
20.171.55.167 - - [31/Jul/2026:12:33:59 +0000] "GET /documentswp.php HTTP/1.1" 404 32149 "-" "Mozilla/5.0 (Windows NT 10.0; Win64; x64) AppleWebKit/537.36 (KHTML, like Gecko) Chrome/120.0.0.0 Safari/537.36"
69.72.244.100 - - [31/Jul/2026:12:34:05 +0000] "POST /wp-cron.php?doing_wp_cron=1785501245.2830519676208496093750 HTTP/1.1" 200 0 "-" "WordPress/7.0.2; https://konzaltant.com"
20.171.55.167 - - [31/Jul/2026:12:34:02 +0000] "GET /dummyyummy/wp-signup.php HTTP/1.1" 404 32174 "-" "Mozilla/5.0 (Windows NT 10.0; Win64; x64) AppleWebKit/537.36 (KHTML, like Gecko) Chrome/120.0.0.0 Safari/537.36"
20.171.55.167 - - [31/Jul/2026:12:34:05 +0000] "GET /elementor/wp-error_log.php HTTP/1.1" 404 32159 "-" "Mozilla/5.0 (Windows NT 10.0; Win64; x64) AppleWebKit/537.36 (KHTML, like Gecko) Chrome/120.0.0.0 Safari/537.36"
20.171.55.167 - - [31/Jul/2026:12:34:09 +0000] "GET /eror.php HTTP/1.1" 404 32150 "-" "Mozilla/5.0 (Windows NT 10.0; Win64; x64) AppleWebKit/537.36 (KHTML, like Gecko) Chrome/120.0.0.0 Safari/537.36"
20.171.55.167 - - [31/Jul/2026:12:34:11 +0000] "GET /f0x.php HTTP/1.1" 403 5137 "-" "Mozilla/5.0 (Windows NT 10.0; Win64; x64) AppleWebKit/537.36 (KHTML, like Gecko) Chrome/120.0.0.0 Safari/537.36"
20.171.55.167 - - [31/Jul/2026:12:34:12 +0000] "GET /ffile.php HTTP/1.1" 404 32154 "-" "Mozilla/5.0 (Windows NT 10.0; Win64; x64) AppleWebKit/537.36 (KHTML, like Gecko) Chrome/120.0.0.0 Safari/537.36"
20.171.55.167 - - [31/Jul/2026:12:34:14 +0000] "GET /file_uploadk.php HTTP/1.1" 404 32153 "-" "Mozilla/5.0 (Windows NT 10.0; Win64; x64) AppleWebKit/537.36 (KHTML, like Gecko) Chrome/120.0.0.0 Safari/537.36"
69.72.244.100 - - [31/Jul/2026:12:34:19 +0000] "POST /wp-cron.php?doing_wp_cron=1785501259.7963581085205078125000 HTTP/1.1" 200 0 "-" "WordPress/7.0.2; https://konzaltant.com"
20.171.55.167 - - [31/Jul/2026:12:34:17 +0000] "GET /filemanagerbypass.php HTTP/1.1" 404 32175 "-" "Mozilla/5.0 (Windows NT 10.0; Win64; x64) AppleWebKit/537.36 (KHTML, like Gecko) Chrome/120.0.0.0 Safari/537.36"
20.171.55.167 - - [31/Jul/2026:12:34:20 +0000] "GET /fmxt.php HTTP/1.1" 404 32154 "-" "Mozilla/5.0 (Windows NT 10.0; Win64; x64) AppleWebKit/537.36 (KHTML, like Gecko) Chrome/120.0.0.0 Safari/537.36"
20.171.55.167 - - [31/Jul/2026:12:34:23 +0000] "GET /fw.php HTTP/1.1" 404 32159 "-" "Mozilla/5.0 (Windows NT 10.0; Win64; x64) AppleWebKit/537.36 (KHTML, like Gecko) Chrome/120.0.0.0 Safari/537.36"
20.171.55.167 - - [31/Jul/2026:12:34:26 +0000] "GET /gely.php HTTP/1.1" 404 32154 "-" "Mozilla/5.0 (Windows NT 10.0; Win64; x64) AppleWebKit/537.36 (KHTML, like Gecko) Chrome/120.0.0.0 Safari/537.36"
20.171.55.167 - - [31/Jul/2026:12:34:29 +0000] "GET /golden.php HTTP/1.1" 404 32146 "-" "Mozilla/5.0 (Windows NT 10.0; Win64; x64) AppleWebKit/537.36 (KHTML, like Gecko) Chrome/120.0.0.0 Safari/537.36"
216.244.66.203 - - [31/Jul/2026:12:34:30 +0000] "GET /products/castelli-espresso-long-sleeve-jersey/?srsltid=201442691 HTTP/1.1" 404 132970 "-" "Mozilla/5.0 (compatible; DotBot/1.2; +https://opensiteexplorer.org/dotbot; help@moz.com)"
20.171.55.167 - - [31/Jul/2026:12:34:31 +0000] "GET /he.php HTTP/1.1" 404 32159 "-" "Mozilla/5.0 (Windows NT 10.0; Win64; x64) AppleWebKit/537.36 (KHTML, like Gecko) Chrome/120.0.0.0 Safari/537.36"
20.171.55.167 - - [31/Jul/2026:12:34:34 +0000] "GET /homebypass.php HTTP/1.1" 404 32156 "-" "Mozilla/5.0 (Windows NT 10.0; Win64; x64) AppleWebKit/537.36 (KHTML, like Gecko) Chrome/120.0.0.0 Safari/537.36"
20.171.55.167 - - [31/Jul/2026:12:34:37 +0000] "GET /iR7SzrsOUEP.php HTTP/1.1" 404 32153 "-" "Mozilla/5.0 (Windows NT 10.0; Win64; x64) AppleWebKit/537.36 (KHTML, like Gecko) Chrome/120.0.0.0 Safari/537.36"
69.72.244.100 - - [31/Jul/2026:12:34:42 +0000] "POST /wp-cron.php?doing_wp_cron=1785501282.3552680015563964843750 HTTP/1.1" 200 0 "-" "WordPress/7.0.2; https://konzaltant.com"
20.171.55.167 - - [31/Jul/2026:12:34:39 +0000] "GET /imageswp.php HTTP/1.1" 404 32153 "-" "Mozilla/5.0 (Windows NT 10.0; Win64; x64) AppleWebKit/537.36 (KHTML, like Gecko) Chrome/120.0.0.0 Safari/537.36"
20.171.55.167 - - [31/Jul/2026:12:34:42 +0000] "GET /index22.php HTTP/1.1" 404 32153 "-" "Mozilla/5.0 (Windows NT 10.0; Win64; x64) AppleWebKit/537.36 (KHTML, like Gecko) Chrome/120.0.0.0 Safari/537.36"
20.171.55.167 - - [31/Jul/2026:12:34:45 +0000] "GET /interactivity-api/style.php HTTP/1.1" 404 32170 "-" "Mozilla/5.0 (Windows NT 10.0; Win64; x64) AppleWebKit/537.36 (KHTML, like Gecko) Chrome/120.0.0.0 Safari/537.36"
69.72.244.100 - - [31/Jul/2026:12:34:50 +0000] "POST /wp-cron.php?doing_wp_cron=1785501290.4449520111083984375000 HTTP/1.1" 200 0 "-" "WordPress/7.0.2; https://konzaltant.com"
20.171.55.167 - - [31/Jul/2026:12:34:48 +0000] "GET /jindex.php HTTP/1.1" 404 32151 "-" "Mozilla/5.0 (Windows NT 10.0; Win64; x64) AppleWebKit/537.36 (KHTML, like Gecko) Chrome/120.0.0.0 Safari/537.36"
20.171.55.167 - - [31/Jul/2026:12:34:50 +0000] "GET /jquery/bypass.php HTTP/1.1" 403 5137 "-" "Mozilla/5.0 (Windows NT 10.0; Win64; x64) AppleWebKit/537.36 (KHTML, like Gecko) Chrome/120.0.0.0 Safari/537.36"
20.171.55.167 - - [31/Jul/2026:12:34:50 +0000] "GET /krysis.php HTTP/1.1" 404 32153 "-" "Mozilla/5.0 (Windows NT 10.0; Win64; x64) AppleWebKit/537.36 (KHTML, like Gecko) Chrome/120.0.0.0 Safari/537.36"
20.171.55.167 - - [31/Jul/2026:12:34:54 +0000] "GET /let.php HTTP/1.1" 404 32156 "-" "Mozilla/5.0 (Windows NT 10.0; Win64; x64) AppleWebKit/537.36 (KHTML, like Gecko) Chrome/120.0.0.0 Safari/537.36"
69.72.244.100 - - [31/Jul/2026:12:34:59 +0000] "POST /wp-cron.php?doing_wp_cron=1785501299.2575418949127197265625 HTTP/1.1" 200 0 "-" "WordPress/7.0.2; https://konzaltant.com"
20.171.55.167 - - [31/Jul/2026:12:34:56 +0000] "GET /linkpreviewadmin.php HTTP/1.1" 404 32170 "-" "Mozilla/5.0 (Windows NT 10.0; Win64; x64) AppleWebKit/537.36 (KHTML, like Gecko) Chrome/120.0.0.0 Safari/537.36"
20.171.55.167 - - [31/Jul/2026:12:34:59 +0000] "GET /lock1.php HTTP/1.1" 404 32154 "-" "Mozilla/5.0 (Windows NT 10.0; Win64; x64) AppleWebKit/537.36 (KHTML, like Gecko) Chrome/120.0.0.0 Safari/537.36"
69.72.244.100 - - [31/Jul/2026:12:35:04 +0000] "POST /wp-cron.php?doing_wp_cron=1785501304.0520639419555664062500 HTTP/1.1" 200 0 "-" "WordPress/7.0.2; https://konzaltant.com"
216.244.66.203 - - [31/Jul/2026:12:35:01 +0000] "GET /products/chanel-canvas-platform-wedge-sandals-ankle-wrap-around-strap/?srsltid=18081814 HTTP/1.1" 404 132993 "-" "Mozilla/5.0 (compatible; DotBot/1.2; +https://opensiteexplorer.org/dotbot; help@moz.com)"
20.171.55.167 - - [31/Jul/2026:12:35:02 +0000] "GET /m1ps.php HTTP/1.1" 404 32154 "-" "Mozilla/5.0 (Windows NT 10.0; Win64; x64) AppleWebKit/537.36 (KHTML, like Gecko) Chrome/120.0.0.0 Safari/537.36"
20.171.55.167 - - [31/Jul/2026:12:35:05 +0000] "GET /majalahpro-core/widgets/index.php HTTP/1.1" 301 5 "-" "Mozilla/5.0 (Windows NT 10.0; Win64; x64) AppleWebKit/537.36 (KHTML, like Gecko) Chrome/120.0.0.0 Safari/537.36"
69.72.244.100 - - [31/Jul/2026:12:35:10 +0000] "POST /wp-cron.php?doing_wp_cron=1785501310.7882719039916992187500 HTTP/1.1" 200 0 "-" "WordPress/7.0.2; https://konzaltant.com"
20.171.55.167 - - [31/Jul/2026:12:35:08 +0000] "GET /mbt.php HTTP/1.1" 404 32157 "-" "Mozilla/5.0 (Windows NT 10.0; Win64; x64) AppleWebKit/537.36 (KHTML, like Gecko) Chrome/120.0.0.0 Safari/537.36"
20.171.55.167 - - [31/Jul/2026:12:35:11 +0000] "GET /memberfuns.php HTTP/1.1" 404 32154 "-" "Mozilla/5.0 (Windows NT 10.0; Win64; x64) AppleWebKit/537.36 (KHTML, like Gecko) Chrome/120.0.0.0 Safari/537.36"
20.171.55.167 - - [31/Jul/2026:12:35:13 +0000] "GET /module.audio.dts.php HTTP/1.1" 404 32173 "-" "Mozilla/5.0 (Windows NT 10.0; Win64; x64) AppleWebKit/537.36 (KHTML, like Gecko) Chrome/120.0.0.0 Safari/537.36"
69.72.244.100 - - [31/Jul/2026:12:35:19 +0000] "POST /wp-cron.php?doing_wp_cron=1785501319.3798971176147460937500 HTTP/1.1" 200 0 "-" "WordPress/7.0.2; https://konzaltant.com"
20.171.55.167 - - [31/Jul/2026:12:35:16 +0000] "GET /mwmek.php HTTP/1.1" 404 32153 "-" "Mozilla/5.0 (Windows NT 10.0; Win64; x64) AppleWebKit/537.36 (KHTML, like Gecko) Chrome/120.0.0.0 Safari/537.36"
20.171.55.167 - - [31/Jul/2026:12:35:19 +0000] "GET /new2.php HTTP/1.1" 404 32154 "-" "Mozilla/5.0 (Windows NT 10.0; Win64; x64) AppleWebKit/537.36 (KHTML, like Gecko) Chrome/120.0.0.0 Safari/537.36"
20.171.55.167 - - [31/Jul/2026:12:35:23 +0000] "GET /ntfs.php HTTP/1.1" 404 32154 "-" "Mozilla/5.0 (Windows NT 10.0; Win64; x64) AppleWebKit/537.36 (KHTML, like Gecko) Chrome/120.0.0.0 Safari/537.36"
20.171.55.167 - - [31/Jul/2026:12:35:25 +0000] "GET /options-general.php HTTP/1.1" 404 32159 "-" "Mozilla/5.0 (Windows NT 10.0; Win64; x64) AppleWebKit/537.36 (KHTML, like Gecko) Chrome/120.0.0.0 Safari/537.36"
20.171.55.167 - - [31/Jul/2026:12:35:28 +0000] "GET /pagesadmin.php HTTP/1.1" 404 32151 "-" "Mozilla/5.0 (Windows NT 10.0; Win64; x64) AppleWebKit/537.36 (KHTML, like Gecko) Chrome/120.0.0.0 Safari/537.36"
20.171.55.167 - - [31/Jul/2026:12:35:31 +0000] "GET /phpalfa.php HTTP/1.1" 404 32155 "-" "Mozilla/5.0 (Windows NT 10.0; Win64; x64) AppleWebKit/537.36 (KHTML, like Gecko) Chrome/120.0.0.0 Safari/537.36"
216.244.66.203 - - [31/Jul/2026:12:35:32 +0000] "GET /products/childs-size-4-6-yellow-beaded-long-pageant-ballgown-formal-d/?srsltid=23980557 HTTP/1.1" 404 132993 "-" "Mozilla/5.0 (compatible; DotBot/1.2; +https://opensiteexplorer.org/dotbot; help@moz.com)"
20.171.55.167 - - [31/Jul/2026:12:35:33 +0000] "GET /pki-validationalfa.php HTTP/1.1" 404 32173 "-" "Mozilla/5.0 (Windows NT 10.0; Win64; x64) AppleWebKit/537.36 (KHTML, like Gecko) Chrome/120.0.0.0 Safari/537.36"
20.171.55.167 - - [31/Jul/2026:12:35:36 +0000] "GET /pn.php HTTP/1.1" 404 32157 "-" "Mozilla/5.0 (Windows NT 10.0; Win64; x64) AppleWebKit/537.36 (KHTML, like Gecko) Chrome/120.0.0.0 Safari/537.36"
69.72.244.100 - - [31/Jul/2026:12:35:42 +0000] "POST /wp-cron.php?doing_wp_cron=1785501342.0722689628601074218750 HTTP/1.1" 200 0 "-" "WordPress/7.0.2; https://konzaltant.com"
20.171.55.167 - - [31/Jul/2026:12:35:39 +0000] "GET /pridmag/404.php HTTP/1.1" 404 32159 "-" "Mozilla/5.0 (Windows NT 10.0; Win64; x64) AppleWebKit/537.36 (KHTML, like Gecko) Chrome/120.0.0.0 Safari/537.36"
20.171.55.167 - - [31/Jul/2026:12:35:42 +0000] "GET /profilesk.php HTTP/1.1" 404 32152 "-" "Mozilla/5.0 (Windows NT 10.0; Win64; x64) AppleWebKit/537.36 (KHTML, like Gecko) Chrome/120.0.0.0 Safari/537.36"
20.171.55.167 - - [31/Jul/2026:12:35:45 +0000] "GET /pwnd.php HTTP/1.1" 403 5137 "-" "Mozilla/5.0 (Windows NT 10.0; Win64; x64) AppleWebKit/537.36 (KHTML, like Gecko) Chrome/120.0.0.0 Safari/537.36"
20.171.55.167 - - [31/Jul/2026:12:35:45 +0000] "GET /ranger.php HTTP/1.1" 404 32153 "-" "Mozilla/5.0 (Windows NT 10.0; Win64; x64) AppleWebKit/537.36 (KHTML, like Gecko) Chrome/120.0.0.0 Safari/537.36"
69.72.244.100 - - [31/Jul/2026:12:35:50 +0000] "POST /wp-cron.php?doing_wp_cron=1785501350.3994009494781494140625 HTTP/1.1" 200 0 "-" "WordPress/7.0.2; https://konzaltant.com"
20.171.55.167 - - [31/Jul/2026:12:35:48 +0000] "GET /rex/l/index.php HTTP/1.1" 301 5 "-" "Mozilla/5.0 (Windows NT 10.0; Win64; x64) AppleWebKit/537.36 (KHTML, like Gecko) Chrome/120.0.0.0 Safari/537.36"
20.171.55.167 - - [31/Jul/2026:12:35:50 +0000] "GET /rxr.php HTTP/1.1" 404 32157 "-" "Mozilla/5.0 (Windows NT 10.0; Win64; x64) AppleWebKit/537.36 (KHTML, like Gecko) Chrome/120.0.0.0 Safari/537.36"
20.171.55.167 - - [31/Jul/2026:12:35:53 +0000] "GET /search/about.php HTTP/1.1" 200 39591 "-" "Mozilla/5.0 (Windows NT 10.0; Win64; x64) AppleWebKit/537.36 (KHTML, like Gecko) Chrome/120.0.0.0 Safari/537.36"
69.72.244.100 - - [31/Jul/2026:12:35:58 +0000] "POST /wp-cron.php?doing_wp_cron=1785501358.3885610103607177734375 HTTP/1.1" 200 0 "-" "WordPress/7.0.2; https://konzaltant.com"
20.171.55.167 - - [31/Jul/2026:12:35:55 +0000] "GET /seoxx/randkeyword.php HTTP/1.1" 404 32174 "-" "Mozilla/5.0 (Windows NT 10.0; Win64; x64) AppleWebKit/537.36 (KHTML, like Gecko) Chrome/120.0.0.0 Safari/537.36"
20.171.55.167 - - [31/Jul/2026:12:35:58 +0000] "GET /shell20250630.php HTTP/1.1" 403 5137 "-" "Mozilla/5.0 (Windows NT 10.0; Win64; x64) AppleWebKit/537.36 (KHTML, like Gecko) Chrome/120.0.0.0 Safari/537.36"
20.171.55.167 - - [31/Jul/2026:12:35:58 +0000] "GET /sih.php HTTP/1.1" 404 32154 "-" "Mozilla/5.0 (Windows NT 10.0; Win64; x64) AppleWebKit/537.36 (KHTML, like Gecko) Chrome/120.0.0.0 Safari/537.36"
69.72.244.100 - - [31/Jul/2026:12:36:04 +0000] "POST /wp-cron.php?doing_wp_cron=1785501364.7431039810180664062500 HTTP/1.1" 200 0 "-" "WordPress/7.0.2; https://konzaltant.com"
20.171.55.167 - - [31/Jul/2026:12:36:01 +0000] "GET /skatepark/db.php HTTP/1.1" 404 32164 "-" "Mozilla/5.0 (Windows NT 10.0; Win64; x64) AppleWebKit/537.36 (KHTML, like Gecko) Chrome/120.0.0.0 Safari/537.36"
216.244.66.203 - - [31/Jul/2026:12:36:02 +0000] "GET /products/clarks-bayla-light-leather-buckled-dress-comfort-casual-booties-new-65/?srsltid=7362776 HTTP/1.1" 404 133002 "-" "Mozilla/5.0 (compatible; DotBot/1.2; +https://opensiteexplorer.org/dotbot; help@moz.com)"
20.171.55.167 - - [31/Jul/2026:12:36:05 +0000] "GET /soumen.php HTTP/1.1" 404 32151 "-" "Mozilla/5.0 (Windows NT 10.0; Win64; x64) AppleWebKit/537.36 (KHTML, like Gecko) Chrome/120.0.0.0 Safari/537.36"
20.171.55.167 - - [31/Jul/2026:12:36:07 +0000] "GET /stats.php HTTP/1.1" 404 32152 "-" "Mozilla/5.0 (Windows NT 10.0; Win64; x64) AppleWebKit/537.36 (KHTML, like Gecko) Chrome/120.0.0.0 Safari/537.36"
20.171.55.167 - - [31/Jul/2026:12:36:10 +0000] "GET /style2.php HTTP/1.1" 404 32150 "-" "Mozilla/5.0 (Windows NT 10.0; Win64; x64) AppleWebKit/537.36 (KHTML, like Gecko) Chrome/120.0.0.0 Safari/537.36"
20.171.55.167 - - [31/Jul/2026:12:36:13 +0000] "GET /system_logs.php HTTP/1.1" 404 32149 "-" "Mozilla/5.0 (Windows NT 10.0; Win64; x64) AppleWebKit/537.36 (KHTML, like Gecko) Chrome/120.0.0.0 Safari/537.36"
20.171.55.167 - - [31/Jul/2026:12:36:15 +0000] "GET /testsend.php HTTP/1.1" 404 32155 "-" "Mozilla/5.0 (Windows NT 10.0; Win64; x64) AppleWebKit/537.36 (KHTML, like Gecko) Chrome/120.0.0.0 Safari/537.36"
69.72.244.100 - - [31/Jul/2026:12:36:21 +0000] "POST /wp-cron.php?doing_wp_cron=1785501381.1243960857391357421875 HTTP/1.1" 200 0 "-" "WordPress/7.0.2; https://konzaltant.com"
20.171.55.167 - - [31/Jul/2026:12:36:18 +0000] "GET /thumbs.php HTTP/1.1" 404 32149 "-" "Mozilla/5.0 (Windows NT 10.0; Win64; x64) AppleWebKit/537.36 (KHTML, like Gecko) Chrome/120.0.0.0 Safari/537.36"
20.171.55.167 - - [31/Jul/2026:12:36:21 +0000] "GET /tmpl/index.php HTTP/1.1" 301 5 "-" "Mozilla/5.0 (Windows NT 10.0; Win64; x64) AppleWebKit/537.36 (KHTML, like Gecko) Chrome/120.0.0.0 Safari/537.36"
20.171.55.167 - - [31/Jul/2026:12:36:23 +0000] "GET /tuco.php HTTP/1.1" 404 32153 "-" "Mozilla/5.0 (Windows NT 10.0; Win64; x64) AppleWebKit/537.36 (KHTML, like Gecko) Chrome/120.0.0.0 Safari/537.36"
20.171.55.167 - - [31/Jul/2026:12:36:27 +0000] "GET /twentytwentythree/patterns/index.php HTTP/1.1" 301 5 "-" "Mozilla/5.0 (Windows NT 10.0; Win64; x64) AppleWebKit/537.36 (KHTML, like Gecko) Chrome/120.0.0.0 Safari/537.36"
20.171.55.167 - - [31/Jul/2026:12:36:29 +0000] "GET /unix.php HTTP/1.1" 404 32151 "-" "Mozilla/5.0 (Windows NT 10.0; Win64; x64) AppleWebKit/537.36 (KHTML, like Gecko) Chrome/120.0.0.0 Safari/537.36"
69.72.244.100 - - [31/Jul/2026:12:36:34 +0000] "POST /wp-cron.php?doing_wp_cron=1785501394.3224198818206787109375 HTTP/1.1" 200 0 "-" "WordPress/7.0.2; https://konzaltant.com"
216.244.66.203 - - [31/Jul/2026:12:36:31 +0000] "GET /products/coach-gallery-tote-in-leopard-print-cy347-nwt/?srsltid=22219934 HTTP/1.1" 404 132978 "-" "Mozilla/5.0 (compatible; DotBot/1.2; +https://opensiteexplorer.org/dotbot; help@moz.com)"
20.171.55.167 - - [31/Jul/2026:12:36:32 +0000] "GET /uploads.php HTTP/1.1" 404 32152 "-" "Mozilla/5.0 (Windows NT 10.0; Win64; x64) AppleWebKit/537.36 (KHTML, like Gecko) Chrome/120.0.0.0 Safari/537.36"
20.171.55.167 - - [31/Jul/2026:12:36:35 +0000] "GET /user_guideadmin.php HTTP/1.1" 404 32156 "-" "Mozilla/5.0 (Windows NT 10.0; Win64; x64) AppleWebKit/537.36 (KHTML, like Gecko) Chrome/120.0.0.0 Safari/537.36"
69.72.244.100 - - [31/Jul/2026:12:36:40 +0000] "POST /wp-cron.php?doing_wp_cron=1785501400.4681439399719238281250 HTTP/1.1" 200 0 "-" "WordPress/7.0.2; https://konzaltant.com"
20.171.55.167 - - [31/Jul/2026:12:36:38 +0000] "GET /vendorsalfa.php HTTP/1.1" 404 32149 "-" "Mozilla/5.0 (Windows NT 10.0; Win64; x64) AppleWebKit/537.36 (KHTML, like Gecko) Chrome/120.0.0.0 Safari/537.36"
20.171.55.167 - - [31/Jul/2026:12:36:40 +0000] "GET /w3llstore.php HTTP/1.1" 404 32154 "-" "Mozilla/5.0 (Windows NT 10.0; Win64; x64) AppleWebKit/537.36 (KHTML, like Gecko) Chrome/120.0.0.0 Safari/537.36"
69.72.244.100 - - [31/Jul/2026:12:36:45 +0000] "POST /wp-cron.php?doing_wp_cron=1785501405.6675889492034912109375 HTTP/1.1" 200 0 "-" "WordPress/7.0.2; https://konzaltant.com"
20.171.55.167 - - [31/Jul/2026:12:36:43 +0000] "GET /widgets/admin.php HTTP/1.1" 404 32171 "-" "Mozilla/5.0 (Windows NT 10.0; Win64; x64) AppleWebKit/537.36 (KHTML, like Gecko) Chrome/120.0.0.0 Safari/537.36"
20.171.55.167 - - [31/Jul/2026:12:36:45 +0000] "GET /widgetsbypass.php HTTP/1.1" 404 32154 "-" "Mozilla/5.0 (Windows NT 10.0; Win64; x64) AppleWebKit/537.36 (KHTML, like Gecko) Chrome/120.0.0.0 Safari/537.36"
69.72.244.100 - - [31/Jul/2026:12:36:50 +0000] "POST /wp-cron.php?doing_wp_cron=1785501410.9483489990234375000000 HTTP/1.1" 200 0 "-" "WordPress/7.0.2; https://konzaltant.com"
20.171.55.167 - - [31/Jul/2026:12:36:48 +0000] "GET /worksec.php HTTP/1.1" 404 32152 "-" "Mozilla/5.0 (Windows NT 10.0; Win64; x64) AppleWebKit/537.36 (KHTML, like Gecko) Chrome/120.0.0.0 Safari/537.36"
20.171.55.167 - - [31/Jul/2026:12:36:51 +0000] "GET /wp-backup-sql-302.php HTTP/1.1" 404 32177 "-" "Mozilla/5.0 (Windows NT 10.0; Win64; x64) AppleWebKit/537.36 (KHTML, like Gecko) Chrome/120.0.0.0 Safari/537.36"
20.171.55.167 - - [31/Jul/2026:12:36:54 +0000] "GET /wp-configer.php HTTP/1.1" 404 32147 "-" "Mozilla/5.0 (Windows NT 10.0; Win64; x64) AppleWebKit/537.36 (KHTML, like Gecko) Chrome/120.0.0.0 Safari/537.36"
69.72.244.100 - - [31/Jul/2026:12:36:59 +0000] "POST /wp-cron.php?doing_wp_cron=1785501419.8930990695953369140625 HTTP/1.1" 200 0 "-" "WordPress/7.0.2; https://konzaltant.com"
20.171.55.167 - - [31/Jul/2026:12:36:57 +0000] "GET /wp-del.php HTTP/1.1" 404 32150 "-" "Mozilla/5.0 (Windows NT 10.0; Win64; x64) AppleWebKit/537.36 (KHTML, like Gecko) Chrome/120.0.0.0 Safari/537.36"
216.244.66.203 - - [31/Jul/2026:12:36:59 +0000] "GET /products/coach-maggie-small-tote-bag-in-signature-leather-in-black/?srsltid=22359138 HTTP/1.1" 404 132990 "-" "Mozilla/5.0 (compatible; DotBot/1.2; +https://opensiteexplorer.org/dotbot; help@moz.com)"
20.171.55.167 - - [31/Jul/2026:12:37:00 +0000] "GET /wp-god.php HTTP/1.1" 404 32151 "-" "Mozilla/5.0 (Windows NT 10.0; Win64; x64) AppleWebKit/537.36 (KHTML, like Gecko) Chrome/120.0.0.0 Safari/537.36"
69.72.244.100 - - [31/Jul/2026:12:37:06 +0000] "POST /wp-cron.php?doing_wp_cron=1785501426.5702719688415527343750 HTTP/1.1" 200 0 "-" "WordPress/7.0.2; https://konzaltant.com"
20.171.55.167 - - [31/Jul/2026:12:37:03 +0000] "GET /wp-init.php HTTP/1.1" 404 32151 "-" "Mozilla/5.0 (Windows NT 10.0; Win64; x64) AppleWebKit/537.36 (KHTML, like Gecko) Chrome/120.0.0.0 Safari/537.36"
69.72.244.100 - - [31/Jul/2026:12:37:57 +0000] "POST /wp-cron.php?doing_wp_cron=1785501477.0080580711364746093750 HTTP/1.1" 200 0 "-" "WordPress/7.0.2; https://konzaltant.com"
216.244.66.203 - - [31/Jul/2026:12:37:53 +0000] "GET /products/collapsible-shoulder-mannequin-size-24/?srsltid=18105627 HTTP/1.1" 404 132971 "-" "Mozilla/5.0 (compatible; DotBot/1.2; +https://opensiteexplorer.org/dotbot; help@moz.com)"
69.72.244.100 - - [31/Jul/2026:12:38:21 +0000] "POST /wp-cron.php?doing_wp_cron=1785501501.6691141128540039062500 HTTP/1.1" 200 0 "-" "WordPress/7.0.2; https://konzaltant.com"
216.244.66.203 - - [31/Jul/2026:12:38:19 +0000] "GET /products/comparative-ethology-of-digger-wasps-bembix-1957-1st-ed-sign/?srsltid=26294019 HTTP/1.1" 404 132993 "-" "Mozilla/5.0 (compatible; DotBot/1.2; +https://opensiteexplorer.org/dotbot; help@moz.com)"
216.244.66.203 - - [31/Jul/2026:12:38:43 +0000] "GET /products/converse-toddler-girl-pink-canvas-lace-up-sneakers/?srsltid=61888558 HTTP/1.1" 404 132983 "-" "Mozilla/5.0 (compatible; DotBot/1.2; +https://opensiteexplorer.org/dotbot; help@moz.com)"
69.72.244.100 - - [31/Jul/2026:12:38:46 +0000] "POST /wp-cron.php?doing_wp_cron=1785501526.4064691066741943359375 HTTP/1.1" 200 0 "-" "WordPress/7.0.2; https://konzaltant.com"
69.72.244.100 - - [31/Jul/2026:12:39:09 +0000] "POST /wp-cron.php?doing_wp_cron=1785501549.6043510437011718750000 HTTP/1.1" 200 0 "-" "WordPress/7.0.2; https://konzaltant.com"
216.244.66.203 - - [31/Jul/2026:12:39:06 +0000] "GET /products/cos-mini-quilted-leather-shoulder-bag-black-nwt/?srsltid=37898854 HTTP/1.1" 404 132980 "-" "Mozilla/5.0 (compatible; DotBot/1.2; +https://opensiteexplorer.org/dotbot; help@moz.com)"
45.132.227.143 - - [31/Jul/2026:12:39:10 +0000] "POST /wp-login.php HTTP/1.1" 401 1521 "-" "Mozilla/5.0 (Windows NT 10.0; Win64; rv:143.0) Gecko/20100101 Firefox/143.0"
45.132.227.155 - - [31/Jul/2026:12:39:10 +0000] "POST /wp-login.php HTTP/1.1" 401 1521 "-" "Mozilla/5.0 (Windows NT 10.0; Win64; x64) AppleWebKit/537.36 Chrome/129.0.0.0 Safari/537.36"
69.72.244.100 - - [31/Jul/2026:12:39:31 +0000] "POST /wp-cron.php?doing_wp_cron=1785501571.1596438884735107421875 HTTP/1.1" 200 0 "-" "WordPress/7.0.2; https://konzaltant.com"
216.244.66.203 - - [31/Jul/2026:12:39:28 +0000] "GET /products/country-chicken-hen-mugs-pair-farmhouse-cottagecore-rustic-k/?srsltid=58864582 HTTP/1.1" 404 132993 "-" "Mozilla/5.0 (compatible; DotBot/1.2; +https://opensiteexplorer.org/dotbot; help@moz.com)"
69.72.244.100 - - [31/Jul/2026:12:39:35 +0000] "GET /wp-json/jetpack/v4/sync/spawn-sync?time=1785501575&request_lock_id=1785501575.0414 HTTP/1.1" 200 38 "-" "WordPress/7.0.2; https://konzaltant.com"
69.72.244.100 - - [31/Jul/2026:12:39:51 +0000] "POST /wp-cron.php?doing_wp_cron=1785501591.8710451126098632812500 HTTP/1.1" 200 0 "-" "WordPress/7.0.2; https://konzaltant.com"
216.244.66.203 - - [31/Jul/2026:12:39:49 +0000] "GET /products/crash-bandicoot-2-solo-custodia-da-collezione/?srsltid=34272866 HTTP/1.1" 404 132978 "-" "Mozilla/5.0 (compatible; DotBot/1.2; +https://opensiteexplorer.org/dotbot; help@moz.com)"
20.171.55.167 - - [31/Jul/2026:12:37:06 +0000] "GET /wp-plugin-saver.php HTTP/1.1" 404 32156 "-" "Mozilla/5.0 (Windows NT 10.0; Win64; x64) AppleWebKit/537.36 (KHTML, like Gecko) Chrome/120.0.0.0 Safari/537.36"
20.171.55.167 - - [31/Jul/2026:12:37:09 +0000] "GET /wp-setup.php HTTP/1.1" 404 32147 "-" "Mozilla/5.0 (Windows NT 10.0; Win64; x64) AppleWebKit/537.36 (KHTML, like Gecko) Chrome/120.0.0.0 Safari/537.36"
20.171.55.167 - - [31/Jul/2026:12:37:12 +0000] "GET /wp-users.php HTTP/1.1" 404 32153 "-" "Mozilla/5.0 (Windows NT 10.0; Win64; x64) AppleWebKit/537.36 (KHTML, like Gecko) Chrome/120.0.0.0 Safari/537.36"
20.171.55.167 - - [31/Jul/2026:12:37:14 +0000] "GET /wpr-addons/forms/RxRzhwix.php HTTP/1.1" 404 32175 "-" "Mozilla/5.0 (Windows NT 10.0; Win64; x64) AppleWebKit/537.36 (KHTML, like Gecko) Chrome/120.0.0.0 Safari/537.36"
20.171.55.167 - - [31/Jul/2026:12:37:17 +0000] "GET /wso2.8.php HTTP/1.1" 403 5137 "-" "Mozilla/5.0 (Windows NT 10.0; Win64; x64) AppleWebKit/537.36 (KHTML, like Gecko) Chrome/120.0.0.0 Safari/537.36"
69.72.244.100 - - [31/Jul/2026:12:37:20 +0000] "POST /wp-cron.php?doing_wp_cron=1785501440.0854539871215820312500 HTTP/1.1" 200 0 "-" "WordPress/7.0.2; https://konzaltant.com"
20.171.55.167 - - [31/Jul/2026:12:37:17 +0000] "GET /x_maxs.php HTTP/1.1" 404 32152 "-" "Mozilla/5.0 (Windows NT 10.0; Win64; x64) AppleWebKit/537.36 (KHTML, like Gecko) Chrome/120.0.0.0 Safari/537.36"
20.171.55.167 - - [31/Jul/2026:12:37:20 +0000] "GET /xmrlpc.php HTTP/1.1" 404 32153 "-" "Mozilla/5.0 (Windows NT 10.0; Win64; x64) AppleWebKit/537.36 (KHTML, like Gecko) Chrome/120.0.0.0 Safari/537.36"
20.171.55.167 - - [31/Jul/2026:12:37:23 +0000] "GET /yox.php HTTP/1.1" 404 32157 "-" "Mozilla/5.0 (Windows NT 10.0; Win64; x64) AppleWebKit/537.36 (KHTML, like Gecko) Chrome/120.0.0.0 Safari/537.36"
20.171.55.167 - - [31/Jul/2026:12:37:25 +0000] "GET /zsec.php HTTP/1.1" 404 32153 "-" "Mozilla/5.0 (Windows NT 10.0; Win64; x64) AppleWebKit/537.36 (KHTML, like Gecko) Chrome/120.0.0.0 Safari/537.36"
216.244.66.203 - - [31/Jul/2026:12:37:27 +0000] "GET /products/coach-pamela-115-coffee-eyeglasses-49-16-135-monogram-with-case-brown-cream/?srsltid=5073513 HTTP/1.1" 404 133007 "-" "Mozilla/5.0 (compatible; DotBot/1.2; +https://opensiteexplorer.org/dotbot; help@moz.com)"
69.72.244.100 - - [31/Jul/2026:12:40:11 +0000] "POST /wp-cron.php?doing_wp_cron=1785501611.3709359169006347656250 HTTP/1.1" 200 0 "-" "WordPress/7.0.2; https://konzaltant.com"
216.244.66.203 - - [31/Jul/2026:12:40:08 +0000] "GET /products/dainty-pure-gemstone-zircon-full-filled-rings-for-women-indn/?srsltid=46357191 HTTP/1.1" 404 132993 "-" "Mozilla/5.0 (compatible; DotBot/1.2; +https://opensiteexplorer.org/dotbot; help@moz.com)"
69.72.244.100 - - [31/Jul/2026:12:40:30 +0000] "POST /wp-cron.php?doing_wp_cron=1785501630.1448469161987304687500 HTTP/1.1" 200 0 "-" "WordPress/7.0.2; https://konzaltant.com"
216.244.66.203 - - [31/Jul/2026:12:40:27 +0000] "GET /products/designer-skin-super-nova-100x-stellar-bronzer-135oz-tanning/?srsltid=41518183 HTTP/1.1" 404 132992 "-" "Mozilla/5.0 (compatible; DotBot/1.2; +https://opensiteexplorer.org/dotbot; help@moz.com)"
69.72.244.100 - - [31/Jul/2026:12:40:47 +0000] "POST /wp-cron.php?doing_wp_cron=1785501647.5026860237121582031250 HTTP/1.1" 200 0 "-" "WordPress/7.0.2; https://konzaltant.com"
216.244.66.203 - - [31/Jul/2026:12:40:45 +0000] "GET /products/didas-sneaker-adistar-control-5-neu-46-46-n/?srsltid=50902835 HTTP/1.1" 404 132976 "-" "Mozilla/5.0 (compatible; DotBot/1.2; +https://opensiteexplorer.org/dotbot; help@moz.com)"
69.72.244.100 - - [31/Jul/2026:12:41:04 +0000] "POST /wp-cron.php?doing_wp_cron=1785501664.6109170913696289062500 HTTP/1.1" 200 0 "-" "WordPress/7.0.2; https://konzaltant.com"
216.244.66.203 - - [31/Jul/2026:12:41:01 +0000] "GET /products/disney-minnie-mouse-red-black-bow-flats/?srsltid=62726106 HTTP/1.1" 404 132972 "-" "Mozilla/5.0 (compatible; DotBot/1.2; +https://opensiteexplorer.org/dotbot; help@moz.com)"
69.72.244.100 - - [31/Jul/2026:12:41:21 +0000] "POST /wp-cron.php?doing_wp_cron=1785501681.6495380401611328125000 HTTP/1.1" 200 0 "-" "WordPress/7.0.2; https://konzaltant.com"
216.244.66.203 - - [31/Jul/2026:12:41:17 +0000] "GET /products/disney-nightmare-before-christmas-flats/?srsltid=53150301 HTTP/1.1" 404 132972 "-" "Mozilla/5.0 (compatible; DotBot/1.2; +https://opensiteexplorer.org/dotbot; help@moz.com)"
69.72.244.100 - - [31/Jul/2026:12:41:40 +0000] "POST /wp-cron.php?doing_wp_cron=1785501700.1875629425048828125000 HTTP/1.1" 200 0 "-" "WordPress/7.0.2; https://konzaltant.com"
216.244.66.203 - - [31/Jul/2026:12:41:37 +0000] "GET /products/disney-parks-figment-lug-crossbody-belt-bag-epcot-mini-purse/?srsltid=30186737 HTTP/1.1" 404 132993 "-" "Mozilla/5.0 (compatible; DotBot/1.2; +https://opensiteexplorer.org/dotbot; help@moz.com)"
69.72.244.100 - - [31/Jul/2026:12:41:57 +0000] "POST /wp-cron.php?doing_wp_cron=1785501717.5895678997039794921875 HTTP/1.1" 200 0 "-" "WordPress/7.0.2; https://konzaltant.com"
216.244.66.203 - - [31/Jul/2026:12:41:54 +0000] "GET /products/flares-new-look-will-fit-xs/?srsltid=60349638 HTTP/1.1" 404 132960 "-" "Mozilla/5.0 (compatible; DotBot/1.2; +https://opensiteexplorer.org/dotbot; help@moz.com)"
69.72.244.100 - - [31/Jul/2026:12:42:50 +0000] "POST /wp-cron.php?doing_wp_cron=1785501770.1041669845581054687500 HTTP/1.1" 200 0 "-" "WordPress/7.0.2; https://konzaltant.com"
216.244.66.203 - - [31/Jul/2026:12:42:46 +0000] "GET /products/hp-ink-27-black-28-tricolor-new-2009/?srsltid=42233114 HTTP/1.1" 404 132969 "-" "Mozilla/5.0 (compatible; DotBot/1.2; +https://opensiteexplorer.org/dotbot; help@moz.com)"
69.72.244.100 - - [31/Jul/2026:12:43:18 +0000] "POST /wp-cron.php?doing_wp_cron=1785501798.3143029212951660156250 HTTP/1.1" 200 0 "-" "WordPress/7.0.2; https://konzaltant.com"
216.244.66.203 - - [31/Jul/2026:12:43:15 +0000] "GET /products/islay-rug-240x150cm/?srsltid=205095623 HTTP/1.1" 404 132953 "-" "Mozilla/5.0 (compatible; DotBot/1.2; +https://opensiteexplorer.org/dotbot; help@moz.com)"
69.72.244.100 - - [31/Jul/2026:12:43:45 +0000] "POST /wp-cron.php?doing_wp_cron=1785501825.2687609195709228515625 HTTP/1.1" 200 0 "-" "WordPress/7.0.2; https://konzaltant.com"
216.244.66.203 - - [31/Jul/2026:12:43:42 +0000] "GET /products/leap-frog-activity-table/?srsltid=14918325 HTTP/1.1" 404 132957 "-" "Mozilla/5.0 (compatible; DotBot/1.2; +https://opensiteexplorer.org/dotbot; help@moz.com)"
69.72.244.100 - - [31/Jul/2026:12:44:11 +0000] "POST /wp-cron.php?doing_wp_cron=1785501851.1391599178314208984375 HTTP/1.1" 200 0 "-" "WordPress/7.0.2; https://konzaltant.com"
216.244.66.203 - - [31/Jul/2026:12:44:08 +0000] "GET /products/led-snsr-ceiling-lite/?srsltid=206594981 HTTP/1.1" 404 132955 "-" "Mozilla/5.0 (compatible; DotBot/1.2; +https://opensiteexplorer.org/dotbot; help@moz.com)"
69.72.244.100 - - [31/Jul/2026:12:44:36 +0000] "POST /wp-cron.php?doing_wp_cron=1785501876.3209910392761230468750 HTTP/1.1" 200 0 "-" "WordPress/7.0.2; https://konzaltant.com"
216.244.66.203 - - [31/Jul/2026:12:44:33 +0000] "GET /products/maglione-invernale/?srsltid=38205376 HTTP/1.1" 404 132951 "-" "Mozilla/5.0 (compatible; DotBot/1.2; +https://opensiteexplorer.org/dotbot; help@moz.com)"
129.121.121.252 - - [31/Jul/2026:12:44:58 +0000] "POST /?rest_route=/batch/v1 HTTP/1.1" 403 1242 "-" "Mozilla/5.0 (Windows NT 10.0; Win64; x64) AppleWebKit/537.36 (KHTML, like Gecko) Chrome/131.0.0.0 Safari/537.36"
129.121.121.252 - - [31/Jul/2026:12:44:58 +0000] "POST /wp-json/batch/v1 HTTP/1.1" 403 19352 "-" "Mozilla/5.0 (Windows NT 10.0; Win64; x64) AppleWebKit/537.36 (KHTML, like Gecko) Chrome/131.0.0.0 Safari/537.36"
129.121.121.252 - - [31/Jul/2026:12:44:58 +0000] "POST /index.php?rest_route=/batch/v1 HTTP/1.1" 403 1242 "-" "Mozilla/5.0 (Windows NT 10.0; Win64; x64) AppleWebKit/537.36 (KHTML, like Gecko) Chrome/131.0.0.0 Safari/537.36"
69.72.244.100 - - [31/Jul/2026:12:45:00 +0000] "POST /wp-cron.php?doing_wp_cron=1785501900.4222810268402099609375 HTTP/1.1" 200 0 "-" "WordPress/7.0.2; https://konzaltant.com"
216.244.66.203 - - [31/Jul/2026:12:44:57 +0000] "GET /products/new-simulated-diamond-triple-cross-necklace-wrope-chain/?srsltid=14310534 HTTP/1.1" 404 132988 "-" "Mozilla/5.0 (compatible; DotBot/1.2; +https://opensiteexplorer.org/dotbot; help@moz.com)"
69.72.244.100 - - [31/Jul/2026:12:45:23 +0000] "POST /wp-cron.php?doing_wp_cron=1785501923.5369889736175537109375 HTTP/1.1" 200 0 "-" "WordPress/7.0.2; https://konzaltant.com"
216.244.66.203 - - [31/Jul/2026:12:45:20 +0000] "GET /products/nike-mens-pro-warm-tight/?srsltid=203488389 HTTP/1.1" 404 132958 "-" "Mozilla/5.0 (compatible; DotBot/1.2; +https://opensiteexplorer.org/dotbot; help@moz.com)"
69.72.244.100 - - [31/Jul/2026:12:45:45 +0000] "POST /wp-cron.php?doing_wp_cron=1785501945.5484549999237060546875 HTTP/1.1" 200 0 "-" "WordPress/7.0.2; https://konzaltant.com"
216.244.66.203 - - [31/Jul/2026:12:45:43 +0000] "GET /products/smart-watch-fitness-tracker/?srsltid=49566875 HTTP/1.1" 404 132960 "-" "Mozilla/5.0 (compatible; DotBot/1.2; +https://opensiteexplorer.org/dotbot; help@moz.com)"
69.72.244.100 - - [31/Jul/2026:12:46:07 +0000] "POST /wp-cron.php?doing_wp_cron=1785501967.5135159492492675781250 HTTP/1.1" 200 0 "-" "WordPress/7.0.2; https://konzaltant.com"
216.244.66.203 - - [31/Jul/2026:12:46:04 +0000] "GET /products/sonic-rush-for-nintendo-ds/?srsltid=21523430 HTTP/1.1" 404 132959 "-" "Mozilla/5.0 (compatible; DotBot/1.2; +https://opensiteexplorer.org/dotbot; help@moz.com)"
69.72.244.100 - - [31/Jul/2026:12:46:28 +0000] "POST /wp-cron.php?doing_wp_cron=1785501988.2739410400390625000000 HTTP/1.1" 200 0 "-" "WordPress/7.0.2; https://konzaltant.com"
216.244.66.203 - - [31/Jul/2026:12:46:25 +0000] "GET /products/tea-girls-navy-white-yellow-dress/?srsltid=10878026 HTTP/1.1" 404 132966 "-" "Mozilla/5.0 (compatible; DotBot/1.2; +https://opensiteexplorer.org/dotbot; help@moz.com)"
69.72.244.100 - - [31/Jul/2026:12:46:47 +0000] "POST /wp-cron.php?doing_wp_cron=1785502007.3159019947052001953125 HTTP/1.1" 200 0 "-" "WordPress/7.0.2; https://konzaltant.com"
216.244.66.203 - - [31/Jul/2026:12:46:44 +0000] "GET /products/the-north-face-sheepskin-coat/?srsltid=58277152 HTTP/1.1" 404 132962 "-" "Mozilla/5.0 (compatible; DotBot/1.2; +https://opensiteexplorer.org/dotbot; help@moz.com)"
69.72.244.100 - - [31/Jul/2026:12:47:06 +0000] "POST /wp-cron.php?doing_wp_cron=1785502026.0987410545349121093750 HTTP/1.1" 200 0 "-" "WordPress/7.0.2; https://konzaltant.com"
216.244.66.203 - - [31/Jul/2026:12:47:02 +0000] "GET /products/vintage-townley-engineering-and-manufacturing-snap-back-truc/?srsltid=45921847 HTTP/1.1" 404 132993 "-" "Mozilla/5.0 (compatible; DotBot/1.2; +https://opensiteexplorer.org/dotbot; help@moz.com)"
69.72.244.100 - - [31/Jul/2026:12:47:23 +0000] "POST /wp-cron.php?doing_wp_cron=1785502043.4537870883941650390625 HTTP/1.1" 200 0 "-" "WordPress/7.0.2; https://konzaltant.com"
216.244.66.203 - - [31/Jul/2026:12:47:20 +0000] "GET /products/2-way-raspberry-red-patricia-nash-tooled-leather-roses-cross/?srsltid=21249935 HTTP/1.1" 404 132993 "-" "Mozilla/5.0 (compatible; DotBot/1.2; +https://opensiteexplorer.org/dotbot; help@moz.com)"
216.244.66.203 - - [31/Jul/2026:12:47:36 +0000] "GET /products/banpresto-chronicle-one-piece-monkey-d-luffy/?srsltid=201509527 HTTP/1.1" 404 132978 "-" "Mozilla/5.0 (compatible; DotBot/1.2; +https://opensiteexplorer.org/dotbot; help@moz.com)"
69.72.244.100 - - [31/Jul/2026:12:47:54 +0000] "POST /wp-cron.php?doing_wp_cron=1785502074.5401029586791992187500 HTTP/1.1" 200 0 "-" "WordPress/7.0.2; https://konzaltant.com"
216.244.66.203 - - [31/Jul/2026:12:47:51 +0000] "GET /products/dr-martens-junior-size-11-white-smooth-leather-chelsea-boots/?srsltid=19297897 HTTP/1.1" 404 132993 "-" "Mozilla/5.0 (compatible; DotBot/1.2; +https://opensiteexplorer.org/dotbot; help@moz.com)"
69.72.244.100 - - [31/Jul/2026:12:48:08 +0000] "POST /wp-cron.php?doing_wp_cron=1785502088.4484388828277587890625 HTTP/1.1" 200 0 "-" "WordPress/7.0.2; https://konzaltant.com"
216.244.66.203 - - [31/Jul/2026:12:48:06 +0000] "GET /products/lodenfrey-herren-trachten-mantel-gre-64/?srsltid=57258987 HTTP/1.1" 404 132972 "-" "Mozilla/5.0 (compatible; DotBot/1.2; +https://opensiteexplorer.org/dotbot; help@moz.com)"
216.244.66.203 - - [31/Jul/2026:12:48:18 +0000] "GET /products/sawstop-titanium-series-premium-woodworking-blade-40-tooth-b/?srsltid=208211822 HTTP/1.1" 404 132994 "-" "Mozilla/5.0 (compatible; DotBot/1.2; +https://opensiteexplorer.org/dotbot; help@moz.com)"
69.72.244.100 - - [31/Jul/2026:12:48:21 +0000] "POST /wp-cron.php?doing_wp_cron=1785502101.6418919563293457031250 HTTP/1.1" 200 0 "-" "WordPress/7.0.2; https://konzaltant.com"
69.72.244.100 - - [31/Jul/2026:12:48:33 +0000] "POST /wp-cron.php?doing_wp_cron=1785502113.6621398925781250000000 HTTP/1.1" 200 0 "-" "WordPress/7.0.2; https://konzaltant.com"
216.244.66.203 - - [31/Jul/2026:12:48:31 +0000] "GET /products/vtg-polo-ralph-lauren-sweater-mens-m-red-knit-christmas-holi/?srsltid=21487146 HTTP/1.1" 404 132993 "-" "Mozilla/5.0 (compatible; DotBot/1.2; +https://opensiteexplorer.org/dotbot; help@moz.com)"
69.72.244.100 - - [31/Jul/2026:12:48:44 +0000] "POST /wp-cron.php?doing_wp_cron=1785502124.6381499767303466796875 HTTP/1.1" 200 0 "-" "WordPress/7.0.2; https://konzaltant.com"
216.244.66.203 - - [31/Jul/2026:12:48:42 +0000] "GET /products/vintage-lsu-team-issue-nike-polo-cl-tiger-football-eye-of-the-tiger-shirt-white/?srsltid=36387245 HTTP/1.1" 404 133012 "-" "Mozilla/5.0 (compatible; DotBot/1.2; +https://opensiteexplorer.org/dotbot; help@moz.com)"
216.244.66.203 - - [31/Jul/2026:12:48:53 +0000] "GET /cgi-sys/suspendedpage.cgi?srsltid=13602478 HTTP/1.1" 200 7622 "-" "Mozilla/5.0 (compatible; DotBot/1.2; +https://opensiteexplorer.org/dotbot; help@moz.com)"
216.244.66.203 - - [31/Jul/2026:12:48:59 +0000] "GET /cgi-sys/suspendedpage.cgi?srsltid=14731059 HTTP/1.1" 200 7622 "-" "Mozilla/5.0 (compatible; DotBot/1.2; +https://opensiteexplorer.org/dotbot; help@moz.com)"
216.244.66.203 - - [31/Jul/2026:12:49:05 +0000] "GET /cgi-sys/suspendedpage.cgi?srsltid=15762578 HTTP/1.1" 200 7622 "-" "Mozilla/5.0 (compatible; DotBot/1.2; +https://opensiteexplorer.org/dotbot; help@moz.com)"
216.244.66.203 - - [31/Jul/2026:12:49:11 +0000] "GET /cgi-sys/suspendedpage.cgi?srsltid=17712270 HTTP/1.1" 200 7622 "-" "Mozilla/5.0 (compatible; DotBot/1.2; +https://opensiteexplorer.org/dotbot; help@moz.com)"
216.244.66.203 - - [31/Jul/2026:12:49:15 +0000] "GET /cgi-sys/suspendedpage.cgi?srsltid=201306405 HTTP/1.1" 200 7622 "-" "Mozilla/5.0 (compatible; DotBot/1.2; +https://opensiteexplorer.org/dotbot; help@moz.com)"
216.244.66.203 - - [31/Jul/2026:12:49:19 +0000] "GET /cgi-sys/suspendedpage.cgi?srsltid=201658380 HTTP/1.1" 200 7622 "-" "Mozilla/5.0 (compatible; DotBot/1.2; +https://opensiteexplorer.org/dotbot; help@moz.com)"
216.244.66.203 - - [31/Jul/2026:12:49:22 +0000] "GET /cgi-sys/suspendedpage.cgi?srsltid=205108497 HTTP/1.1" 200 7622 "-" "Mozilla/5.0 (compatible; DotBot/1.2; +https://opensiteexplorer.org/dotbot; help@moz.com)"
216.244.66.203 - - [31/Jul/2026:12:49:25 +0000] "GET /cgi-sys/suspendedpage.cgi?srsltid=207975560 HTTP/1.1" 200 7622 "-" "Mozilla/5.0 (compatible; DotBot/1.2; +https://opensiteexplorer.org/dotbot; help@moz.com)"
216.244.66.203 - - [31/Jul/2026:12:49:28 +0000] "GET /cgi-sys/suspendedpage.cgi?srsltid=20890211 HTTP/1.1" 200 7622 "-" "Mozilla/5.0 (compatible; DotBot/1.2; +https://opensiteexplorer.org/dotbot; help@moz.com)"
216.244.66.203 - - [31/Jul/2026:12:49:30 +0000] "GET /cgi-sys/suspendedpage.cgi?srsltid=2399953 HTTP/1.1" 200 7622 "-" "Mozilla/5.0 (compatible; DotBot/1.2; +https://opensiteexplorer.org/dotbot; help@moz.com)"
216.244.66.203 - - [31/Jul/2026:12:49:32 +0000] "GET /cgi-sys/suspendedpage.cgi?srsltid=2493825 HTTP/1.1" 200 7622 "-" "Mozilla/5.0 (compatible; DotBot/1.2; +https://opensiteexplorer.org/dotbot; help@moz.com)"
216.244.66.203 - - [31/Jul/2026:12:49:34 +0000] "GET /cgi-sys/suspendedpage.cgi?srsltid=26593212 HTTP/1.1" 200 7622 "-" "Mozilla/5.0 (compatible; DotBot/1.2; +https://opensiteexplorer.org/dotbot; help@moz.com)"
216.244.66.203 - - [31/Jul/2026:12:49:35 +0000] "GET /cgi-sys/suspendedpage.cgi?srsltid=38366867 HTTP/1.1" 200 7622 "-" "Mozilla/5.0 (compatible; DotBot/1.2; +https://opensiteexplorer.org/dotbot; help@moz.com)"
216.244.66.203 - - [31/Jul/2026:12:49:37 +0000] "GET /cgi-sys/suspendedpage.cgi?srsltid=4031950 HTTP/1.1" 200 7622 "-" "Mozilla/5.0 (compatible; DotBot/1.2; +https://opensiteexplorer.org/dotbot; help@moz.com)"
216.244.66.203 - - [31/Jul/2026:12:49:38 +0000] "GET /cgi-sys/suspendedpage.cgi?srsltid=46199420 HTTP/1.1" 200 7622 "-" "Mozilla/5.0 (compatible; DotBot/1.2; +https://opensiteexplorer.org/dotbot; help@moz.com)"
69.72.244.100 - - [31/Jul/2026:12:49:41 +0000] "POST /wp-cron.php?doing_wp_cron=1785502181.8462989330291748046875 HTTP/1.1" 200 0 "-" "WordPress/7.0.2; https://konzaltant.com"
216.244.66.203 - - [31/Jul/2026:12:49:39 +0000] "GET /products/skijacke-winterjacke-polarino-gr-38-pink/?srsltid=56448868 HTTP/1.1" 301 1 "-" "Mozilla/5.0 (compatible; DotBot/1.2; +https://opensiteexplorer.org/dotbot; help@moz.com)"
69.72.244.100 - - [31/Jul/2026:12:49:50 +0000] "POST /wp-cron.php?doing_wp_cron=1785502190.4915881156921386718750 HTTP/1.1" 200 0 "-" "WordPress/7.0.2; https://konzaltant.com"
216.244.66.203 - - [31/Jul/2026:12:49:48 +0000] "GET /products/stussy-dickies-check-pattern-shorts/?srsltid=48356742 HTTP/1.1" 301 1 "-" "Mozilla/5.0 (compatible; DotBot/1.2; +https://opensiteexplorer.org/dotbot; help@moz.com)"
69.72.244.100 - - [31/Jul/2026:12:50:00 +0000] "POST /wp-cron.php?doing_wp_cron=1785502200.3440880775451660156250 HTTP/1.1" 200 0 "-" "WordPress/7.0.2; https://konzaltant.com"
216.244.66.203 - - [31/Jul/2026:12:49:58 +0000] "GET /products/tenue-barbie-haute-couture-1984-2/?srsltid=38930436 HTTP/1.1" 301 1 "-" "Mozilla/5.0 (compatible; DotBot/1.2; +https://opensiteexplorer.org/dotbot; help@moz.com)"
69.72.244.100 - - [31/Jul/2026:12:50:12 +0000] "POST /wp-cron.php?doing_wp_cron=1785502212.4619948863983154296875 HTTP/1.1" 200 0 "-" "WordPress/7.0.2; https://konzaltant.com"
216.244.66.203 - - [31/Jul/2026:12:50:10 +0000] "GET /products/veste-doudoune-marine-lucy-and-yak/?srsltid=59168384 HTTP/1.1" 301 1 "-" "Mozilla/5.0 (compatible; DotBot/1.2; +https://opensiteexplorer.org/dotbot; help@moz.com)"
69.72.244.100 - - [31/Jul/2026:12:50:23 +0000] "POST /wp-cron.php?doing_wp_cron=1785502223.5467779636383056640625 HTTP/1.1" 200 0 "-" "WordPress/7.0.2; https://konzaltant.com"
216.244.66.203 - - [31/Jul/2026:12:50:21 +0000] "GET /products/vintage-1995-ongaberger-cake-basket/?srsltid=15280917 HTTP/1.1" 301 1 "-" "Mozilla/5.0 (compatible; DotBot/1.2; +https://opensiteexplorer.org/dotbot; help@moz.com)"
216.244.66.203 - - [31/Jul/2026:12:50:31 +0000] "GET /products/exquisite-reserve-ah-so-wine-opener-british-gentleman-style-3-in-1-vintage-wine-corkscrew-with-beer-opener-hand-forged-for-connoisseurs-limited-artisan-edition-with-luxury-gift-box/?srsltid=211406039 HTTP/1.1" 404 133114 "-" "Mozilla/5.0 (compatible; DotBot/1.2; +https://opensiteexplorer.org/dotbot; help@moz.com)"
216.244.66.203 - - [31/Jul/2026:12:50:42 +0000] "GET /we-craft-marketing-digital-products-that-grow-businesses-2/ HTTP/1.1" 200 175862 "-" "Mozilla/5.0 (compatible; DotBot/1.2; +https://opensiteexplorer.org/dotbot; help@moz.com)"
69.72.244.100 - - [31/Jul/2026:12:50:52 +0000] "POST /wp-cron.php?doing_wp_cron=1785502252.5018329620361328125000 HTTP/1.1" 200 0 "-" "WordPress/7.0.2; https://konzaltant.com"
20.63.98.115 - - [31/Jul/2026:12:50:49 +0000] "GET /inputs.php HTTP/1.1" 404 32111 "-" "Mozilla/5.0 (Windows NT 10.0; Win64; x64) AppleWebKit/537.36 (KHTML, like Gecko) Chrome/120.0.0.0 Safari/537.36"
