403Webshell
Server IP : 69.72.244.102  /  Your IP : 216.73.216.164
Web Server : LiteSpeed
System : Linux s3434.fra1.stableserver.net 4.18.0-513.24.1.lve.2.el8.x86_64 #1 SMP Fri May 24 12:42:50 UTC 2024 x86_64
User : konzalta ( 1271)
PHP Version : 7.4.33
Disable Function : NONE
MySQL : OFF  |  cURL : ON  |  WGET : ON  |  Perl : ON  |  Python : ON  |  Sudo : OFF  |  Pkexec : OFF
Directory :  /home/konzalta/access-logs/

Upload File :
current_dir [ Writeable ] document_root [ Writeable ]

 

Command :


[ Back ]     

Current File : /home/konzalta/access-logs/konzaltant.com-ssl_log
69.72.244.100 - - [31/Jul/2026:12:08:45 +0000] "POST /wp-cron.php?doing_wp_cron=1785499725.7008941173553466796875 HTTP/1.1" 200 0 "-" "WordPress/7.0.2; https://konzaltant.com"
216.244.66.203 - - [31/Jul/2026:12:08:43 +0000] "GET /products/cabbage-patch-tsukuda/?srsltid=37631944 HTTP/1.1" 404 132954 "-" "Mozilla/5.0 (compatible; DotBot/1.2; +https://opensiteexplorer.org/dotbot; help@moz.com)"
69.72.244.100 - - [31/Jul/2026:12:08:56 +0000] "POST /wp-cron.php?doing_wp_cron=1785499736.7681820392608642578125 HTTP/1.1" 200 0 "-" "WordPress/7.0.2; https://konzaltant.com"
216.244.66.203 - - [31/Jul/2026:12:08:54 +0000] "GET /products/camisola-manchester-city/?srsltid=56056976 HTTP/1.1" 404 132957 "-" "Mozilla/5.0 (compatible; DotBot/1.2; +https://opensiteexplorer.org/dotbot; help@moz.com)"
69.72.244.100 - - [31/Jul/2026:12:09:08 +0000] "POST /wp-cron.php?doing_wp_cron=1785499748.4501221179962158203125 HTTP/1.1" 200 0 "-" "WordPress/7.0.2; https://konzaltant.com"
216.244.66.203 - - [31/Jul/2026:12:09:06 +0000] "GET /products/charnires-pour-hp-envy-m6/?srsltid=45352787 HTTP/1.1" 404 132958 "-" "Mozilla/5.0 (compatible; DotBot/1.2; +https://opensiteexplorer.org/dotbot; help@moz.com)"
69.72.244.100 - - [31/Jul/2026:12:09:19 +0000] "POST /wp-cron.php?doing_wp_cron=1785499759.2626171112060546875000 HTTP/1.1" 200 0 "-" "WordPress/7.0.2; https://konzaltant.com"
216.244.66.203 - - [31/Jul/2026:12:09:16 +0000] "GET /products/chinatown-market-hnng-sweatpants/?srsltid=483866 HTTP/1.1" 404 132963 "-" "Mozilla/5.0 (compatible; DotBot/1.2; +https://opensiteexplorer.org/dotbot; help@moz.com)"
216.73.217.30 - - [31/Jul/2026:12:11:33 +0000] "GET /robots.txt HTTP/2" 200 66 "-" "Mozilla/5.0 AppleWebKit/537.36 (KHTML, like Gecko; compatible; ClaudeBot/1.0; +claudebot@anthropic.com)"
69.72.244.100 - - [31/Jul/2026:12:11:36 +0000] "POST /wp-cron.php?doing_wp_cron=1785499896.2901060581207275390625 HTTP/1.1" 200 0 "-" "WordPress/7.0.2; https://konzaltant.com"
216.73.217.30 - - [31/Jul/2026:12:11:33 +0000] "GET /sitemap.xml HTTP/2" 301 5 "-" "Mozilla/5.0 AppleWebKit/537.36 (KHTML, like Gecko; compatible; ClaudeBot/1.0; +claudebot@anthropic.com)"
216.73.217.30 - - [31/Jul/2026:12:11:36 +0000] "GET /sitemap_index.xml HTTP/2" 200 609 "https://konzaltant.com/sitemap.xml" "Mozilla/5.0 AppleWebKit/537.36 (KHTML, like Gecko; compatible; ClaudeBot/1.0; +claudebot@anthropic.com)"
69.72.244.100 - - [31/Jul/2026:12:11:39 +0000] "POST /wp-admin/admin-ajax.php HTTP/1.1" 200 21 "-" "WordPress/7.0.2; https://konzaltant.com"
69.72.244.100 - - [31/Jul/2026:12:11:49 +0000] "POST /wp-cron.php?doing_wp_cron=1785499909.2394289970397949218750 HTTP/1.1" 200 0 "-" "WordPress/7.0.2; https://konzaltant.com"
69.72.244.100 - - [31/Jul/2026:12:11:41 +0000] "POST /wp-admin/admin-ajax.php?action=as_async_request_queue_runner&nonce=bc185c182e HTTP/1.1" 200 21 "-" "WordPress/7.0.2; https://konzaltant.com"
69.72.244.100 - - [31/Jul/2026:12:12:19 +0000] "POST /wp-cron.php?doing_wp_cron=1785499939.4028189182281494140625 HTTP/1.1" 200 0 "-" "WordPress/7.0.2; https://konzaltant.com"
69.57.172.96 - - [31/Jul/2026:12:12:16 +0000] "GET /wp-login.php HTTP/2" 200 4237 "-" "Mozilla/5.0 (Windows NT 10.0; Win64; x64) AppleWebKit/537.36 (KHTML, like Gecko) Chrome/150.0.0.0 Safari/537.36"
69.57.172.96 - - [31/Jul/2026:12:12:19 +0000] "POST /wp-login.php HTTP/2" 401 1316 "https://konzaltant.com/wp-login.php" "Mozilla/5.0 (Windows NT 10.0; Win64; x64) AppleWebKit/537.36 (KHTML, like Gecko) Chrome/150.0.0.0 Safari/537.36"
216.244.66.203 - - [31/Jul/2026:12:13:32 +0000] "GET /robots.txt HTTP/1.1" 200 66 "-" "Mozilla/5.0 (compatible; DotBot/1.2; +https://opensiteexplorer.org/dotbot; help@moz.com)"
216.244.66.203 - - [31/Jul/2026:12:13:35 +0000] "GET /robots.txt HTTP/1.1" 200 66 "-" "Mozilla/5.0 (compatible; DotBot/1.2; +https://opensiteexplorer.org/dotbot; help@moz.com)"
69.72.244.100 - - [31/Jul/2026:12:17:45 +0000] "POST /wp-cron.php?doing_wp_cron=1785500265.8037300109863281250000 HTTP/1.1" 200 0 "-" "WordPress/7.0.2; https://konzaltant.com"
20.63.98.115 - - [31/Jul/2026:12:17:43 +0000] "GET /inputs.php HTTP/1.1" 404 32111 "-" "Mozilla/5.0 (Windows NT 10.0; Win64; x64) AppleWebKit/537.36 (KHTML, like Gecko) Chrome/120.0.0.0 Safari/537.36"
20.63.98.115 - - [31/Jul/2026:12:17:46 +0000] "GET /admin.php HTTP/1.1" 404 32113 "-" "Mozilla/5.0 (Windows NT 10.0; Win64; x64) AppleWebKit/537.36 (KHTML, like Gecko) Chrome/120.0.0.0 Safari/537.36"
69.72.244.100 - - [31/Jul/2026:12:17:50 +0000] "POST /wp-cron.php?doing_wp_cron=1785500270.9532580375671386718750 HTTP/1.1" 200 0 "-" "WordPress/7.0.2; https://konzaltant.com"
20.63.98.115 - - [31/Jul/2026:12:17:48 +0000] "GET /goods.php HTTP/1.1" 404 32113 "-" "Mozilla/5.0 (Windows NT 10.0; Win64; x64) AppleWebKit/537.36 (KHTML, like Gecko) Chrome/120.0.0.0 Safari/537.36"
20.63.98.115 - - [31/Jul/2026:12:17:51 +0000] "GET /file.php HTTP/1.1" 404 32114 "-" "Mozilla/5.0 (Windows NT 10.0; Win64; x64) AppleWebKit/537.36 (KHTML, like Gecko) Chrome/120.0.0.0 Safari/537.36"
69.72.244.100 - - [31/Jul/2026:12:17:56 +0000] "POST /wp-cron.php?doing_wp_cron=1785500276.2303349971771240234375 HTTP/1.1" 200 0 "-" "WordPress/7.0.2; https://konzaltant.com"
20.63.98.115 - - [31/Jul/2026:12:17:53 +0000] "GET /adminfuns.php HTTP/1.1" 404 32104 "-" "Mozilla/5.0 (Windows NT 10.0; Win64; x64) AppleWebKit/537.36 (KHTML, like Gecko) Chrome/120.0.0.0 Safari/537.36"
20.63.98.115 - - [31/Jul/2026:12:17:56 +0000] "GET /404.php HTTP/1.1" 404 32114 "-" "Mozilla/5.0 (Windows NT 10.0; Win64; x64) AppleWebKit/537.36 (KHTML, like Gecko) Chrome/120.0.0.0 Safari/537.36"
20.63.98.115 - - [31/Jul/2026:12:17:59 +0000] "GET /wk/index.php HTTP/1.1" 301 5 "-" "Mozilla/5.0 (Windows NT 10.0; Win64; x64) AppleWebKit/537.36 (KHTML, like Gecko) Chrome/120.0.0.0 Safari/537.36"
69.72.244.100 - - [31/Jul/2026:12:18:04 +0000] "POST /wp-cron.php?doing_wp_cron=1785500284.1574239730834960937500 HTTP/1.1" 200 0 "-" "WordPress/7.0.2; https://konzaltant.com"
20.63.98.115 - - [31/Jul/2026:12:18:01 +0000] "GET /about.php HTTP/1.1" 404 32115 "-" "Mozilla/5.0 (Windows NT 10.0; Win64; x64) AppleWebKit/537.36 (KHTML, like Gecko) Chrome/120.0.0.0 Safari/537.36"
20.63.98.115 - - [31/Jul/2026:12:18:04 +0000] "GET /term.php HTTP/1.1" 404 32113 "-" "Mozilla/5.0 (Windows NT 10.0; Win64; x64) AppleWebKit/537.36 (KHTML, like Gecko) Chrome/120.0.0.0 Safari/537.36"
20.63.98.115 - - [31/Jul/2026:12:18:07 +0000] "GET /ioxi-o.php HTTP/1.1" 404 32113 "-" "Mozilla/5.0 (Windows NT 10.0; Win64; x64) AppleWebKit/537.36 (KHTML, like Gecko) Chrome/120.0.0.0 Safari/537.36"
20.63.98.115 - - [31/Jul/2026:12:18:10 +0000] "GET /1.php HTTP/1.1" 404 32106 "-" "Mozilla/5.0 (Windows NT 10.0; Win64; x64) AppleWebKit/537.36 (KHTML, like Gecko) Chrome/120.0.0.0 Safari/537.36"
20.63.98.115 - - [31/Jul/2026:12:18:12 +0000] "GET /alfa.php HTTP/1.1" 403 5137 "-" "Mozilla/5.0 (Windows NT 10.0; Win64; x64) AppleWebKit/537.36 (KHTML, like Gecko) Chrome/120.0.0.0 Safari/537.36"
20.63.98.115 - - [31/Jul/2026:12:18:13 +0000] "GET /edit.php HTTP/1.1" 404 32112 "-" "Mozilla/5.0 (Windows NT 10.0; Win64; x64) AppleWebKit/537.36 (KHTML, like Gecko) Chrome/120.0.0.0 Safari/537.36"
20.63.98.115 - - [31/Jul/2026:12:18:15 +0000] "GET /elp.php HTTP/1.1" 404 32112 "-" "Mozilla/5.0 (Windows NT 10.0; Win64; x64) AppleWebKit/537.36 (KHTML, like Gecko) Chrome/120.0.0.0 Safari/537.36"
69.72.244.100 - - [31/Jul/2026:12:18:20 +0000] "POST /wp-cron.php?doing_wp_cron=1785500300.8032970428466796875000 HTTP/1.1" 200 0 "-" "WordPress/7.0.2; https://konzaltant.com"
20.63.98.115 - - [31/Jul/2026:12:18:17 +0000] "GET /classwithtostring.php HTTP/1.1" 404 32102 "-" "Mozilla/5.0 (Windows NT 10.0; Win64; x64) AppleWebKit/537.36 (KHTML, like Gecko) Chrome/120.0.0.0 Safari/537.36"
20.63.98.115 - - [31/Jul/2026:12:18:21 +0000] "GET /666.php HTTP/1.1" 404 32116 "-" "Mozilla/5.0 (Windows NT 10.0; Win64; x64) AppleWebKit/537.36 (KHTML, like Gecko) Chrome/120.0.0.0 Safari/537.36"
20.63.98.115 - - [31/Jul/2026:12:18:24 +0000] "GET /wp-admin/ HTTP/1.1" 302 5 "-" "Mozilla/5.0 (Windows NT 10.0; Win64; x64) AppleWebKit/537.36 (KHTML, like Gecko) Chrome/120.0.0.0 Safari/537.36"
20.63.98.115 - - [31/Jul/2026:12:18:26 +0000] "GET /ws54.php HTTP/1.1" 404 32117 "-" "Mozilla/5.0 (Windows NT 10.0; Win64; x64) AppleWebKit/537.36 (KHTML, like Gecko) Chrome/120.0.0.0 Safari/537.36"
69.72.244.100 - - [31/Jul/2026:12:18:31 +0000] "POST /wp-cron.php?doing_wp_cron=1785500311.6868000030517578125000 HTTP/1.1" 200 0 "-" "WordPress/7.0.2; https://konzaltant.com"
20.63.98.115 - - [31/Jul/2026:12:18:29 +0000] "GET /deepseek_d.php HTTP/1.1" 404 32108 "-" "Mozilla/5.0 (Windows NT 10.0; Win64; x64) AppleWebKit/537.36 (KHTML, like Gecko) Chrome/120.0.0.0 Safari/537.36"
20.63.98.115 - - [31/Jul/2026:12:18:31 +0000] "GET /function/function.php HTTP/1.1" 404 32111 "-" "Mozilla/5.0 (Windows NT 10.0; Win64; x64) AppleWebKit/537.36 (KHTML, like Gecko) Chrome/120.0.0.0 Safari/537.36"
20.63.98.115 - - [31/Jul/2026:12:18:34 +0000] "GET /nw.php HTTP/1.1" 404 32107 "-" "Mozilla/5.0 (Windows NT 10.0; Win64; x64) AppleWebKit/537.36 (KHTML, like Gecko) Chrome/120.0.0.0 Safari/537.36"
20.63.98.115 - - [31/Jul/2026:12:18:37 +0000] "GET /xleet.php HTTP/1.1" 403 1242 "-" "Mozilla/5.0 (Windows NT 10.0; Win64; x64) AppleWebKit/537.36 (KHTML, like Gecko) Chrome/120.0.0.0 Safari/537.36"
69.72.244.100 - - [31/Jul/2026:12:18:40 +0000] "POST /wp-cron.php?doing_wp_cron=1785500320.1209518909454345703125 HTTP/1.1" 200 0 "-" "WordPress/7.0.2; https://konzaltant.com"
20.63.98.115 - - [31/Jul/2026:12:18:37 +0000] "GET /wp.php HTTP/1.1" 404 32109 "-" "Mozilla/5.0 (Windows NT 10.0; Win64; x64) AppleWebKit/537.36 (KHTML, like Gecko) Chrome/120.0.0.0 Safari/537.36"
20.63.98.115 - - [31/Jul/2026:12:18:40 +0000] "GET /155.php HTTP/1.1" 404 32114 "-" "Mozilla/5.0 (Windows NT 10.0; Win64; x64) AppleWebKit/537.36 (KHTML, like Gecko) Chrome/120.0.0.0 Safari/537.36"
69.72.244.100 - - [31/Jul/2026:12:18:45 +0000] "POST /wp-cron.php?doing_wp_cron=1785500325.4074881076812744140625 HTTP/1.1" 200 0 "-" "WordPress/7.0.2; https://konzaltant.com"
20.63.98.115 - - [31/Jul/2026:12:18:43 +0000] "GET /96i.php HTTP/1.1" 404 32114 "-" "Mozilla/5.0 (Windows NT 10.0; Win64; x64) AppleWebKit/537.36 (KHTML, like Gecko) Chrome/120.0.0.0 Safari/537.36"
20.63.98.115 - - [31/Jul/2026:12:18:45 +0000] "GET /as.php HTTP/1.1" 404 32107 "-" "Mozilla/5.0 (Windows NT 10.0; Win64; x64) AppleWebKit/537.36 (KHTML, like Gecko) Chrome/120.0.0.0 Safari/537.36"
69.72.244.100 - - [31/Jul/2026:12:18:50 +0000] "POST /wp-cron.php?doing_wp_cron=1785500330.6721069812774658203125 HTTP/1.1" 200 0 "-" "WordPress/7.0.2; https://konzaltant.com"
20.63.98.115 - - [31/Jul/2026:12:18:48 +0000] "GET /min.php HTTP/1.1" 404 32111 "-" "Mozilla/5.0 (Windows NT 10.0; Win64; x64) AppleWebKit/537.36 (KHTML, like Gecko) Chrome/120.0.0.0 Safari/537.36"
20.63.98.115 - - [31/Jul/2026:12:18:50 +0000] "GET /.well-known/ HTTP/1.1" 404 1251 "-" "Mozilla/5.0 (Windows NT 10.0; Win64; x64) AppleWebKit/537.36 (KHTML, like Gecko) Chrome/120.0.0.0 Safari/537.36"
20.63.98.115 - - [31/Jul/2026:12:18:51 +0000] "GET /php8.php HTTP/1.1" 404 32117 "-" "Mozilla/5.0 (Windows NT 10.0; Win64; x64) AppleWebKit/537.36 (KHTML, like Gecko) Chrome/120.0.0.0 Safari/537.36"
20.63.98.115 - - [31/Jul/2026:12:18:54 +0000] "GET /wp-content/admin.php HTTP/1.1" 404 32110 "-" "Mozilla/5.0 (Windows NT 10.0; Win64; x64) AppleWebKit/537.36 (KHTML, like Gecko) Chrome/120.0.0.0 Safari/537.36"
69.72.244.100 - - [31/Jul/2026:12:18:59 +0000] "POST /wp-cron.php?doing_wp_cron=1785500339.4343030452728271484375 HTTP/1.1" 200 0 "-" "WordPress/7.0.2; https://konzaltant.com"
20.63.98.115 - - [31/Jul/2026:12:18:56 +0000] "GET /222.php HTTP/1.1" 404 32115 "-" "Mozilla/5.0 (Windows NT 10.0; Win64; x64) AppleWebKit/537.36 (KHTML, like Gecko) Chrome/120.0.0.0 Safari/537.36"
20.63.98.115 - - [31/Jul/2026:12:18:59 +0000] "GET /wp-content/themes/pridmag/il.php HTTP/1.1" 404 32125 "-" "Mozilla/5.0 (Windows NT 10.0; Win64; x64) AppleWebKit/537.36 (KHTML, like Gecko) Chrome/120.0.0.0 Safari/537.36"
69.72.244.100 - - [31/Jul/2026:12:19:04 +0000] "POST /wp-cron.php?doing_wp_cron=1785500344.7158930301666259765625 HTTP/1.1" 200 0 "-" "WordPress/7.0.2; https://konzaltant.com"
20.63.98.115 - - [31/Jul/2026:12:19:02 +0000] "GET /info.php HTTP/1.1" 404 32120 "-" "Mozilla/5.0 (Windows NT 10.0; Win64; x64) AppleWebKit/537.36 (KHTML, like Gecko) Chrome/120.0.0.0 Safari/537.36"
20.63.98.115 - - [31/Jul/2026:12:19:05 +0000] "GET /a.php HTTP/1.1" 404 32108 "-" "Mozilla/5.0 (Windows NT 10.0; Win64; x64) AppleWebKit/537.36 (KHTML, like Gecko) Chrome/120.0.0.0 Safari/537.36"
20.63.98.115 - - [31/Jul/2026:12:19:07 +0000] "GET /chosen.php HTTP/1.1" 403 5137 "-" "Mozilla/5.0 (Windows NT 10.0; Win64; x64) AppleWebKit/537.36 (KHTML, like Gecko) Chrome/120.0.0.0 Safari/537.36"
20.63.98.115 - - [31/Jul/2026:12:19:08 +0000] "GET /wp-content/index.php HTTP/1.1" 200 0 "-" "Mozilla/5.0 (Windows NT 10.0; Win64; x64) AppleWebKit/537.36 (KHTML, like Gecko) Chrome/120.0.0.0 Safari/537.36"
20.63.98.115 - - [31/Jul/2026:12:19:08 +0000] "GET /vx.php HTTP/1.1" 404 32107 "-" "Mozilla/5.0 (Windows NT 10.0; Win64; x64) AppleWebKit/537.36 (KHTML, like Gecko) Chrome/120.0.0.0 Safari/537.36"
20.63.98.115 - - [31/Jul/2026:12:19:10 +0000] "GET /admin/controller/extension/ HTTP/1.1" 404 32126 "-" "Mozilla/5.0 (Windows NT 10.0; Win64; x64) AppleWebKit/537.36 (KHTML, like Gecko) Chrome/120.0.0.0 Safari/537.36"
20.63.98.115 - - [31/Jul/2026:12:19:13 +0000] "GET /wap.php HTTP/1.1" 404 32114 "-" "Mozilla/5.0 (Windows NT 10.0; Win64; x64) AppleWebKit/537.36 (KHTML, like Gecko) Chrome/120.0.0.0 Safari/537.36"
20.63.98.115 - - [31/Jul/2026:12:19:16 +0000] "GET /wp-admin/wp.php HTTP/1.1" 404 32112 "-" "Mozilla/5.0 (Windows NT 10.0; Win64; x64) AppleWebKit/537.36 (KHTML, like Gecko) Chrome/120.0.0.0 Safari/537.36"
69.72.244.100 - - [31/Jul/2026:12:19:21 +0000] "POST /wp-cron.php?doing_wp_cron=1785500361.4601769447326660156250 HTTP/1.1" 200 0 "-" "WordPress/7.0.2; https://konzaltant.com"
20.63.98.115 - - [31/Jul/2026:12:19:18 +0000] "GET /bgymj.php HTTP/1.1" 404 32116 "-" "Mozilla/5.0 (Windows NT 10.0; Win64; x64) AppleWebKit/537.36 (KHTML, like Gecko) Chrome/120.0.0.0 Safari/537.36"
20.63.98.115 - - [31/Jul/2026:12:19:21 +0000] "GET /aa.php HTTP/1.1" 404 32109 "-" "Mozilla/5.0 (Windows NT 10.0; Win64; x64) AppleWebKit/537.36 (KHTML, like Gecko) Chrome/120.0.0.0 Safari/537.36"
20.63.98.115 - - [31/Jul/2026:12:19:24 +0000] "GET /wp-mail.php HTTP/1.1" 403 976 "-" "Mozilla/5.0 (Windows NT 10.0; Win64; x64) AppleWebKit/537.36 (KHTML, like Gecko) Chrome/120.0.0.0 Safari/537.36"
20.63.98.115 - - [31/Jul/2026:12:19:26 +0000] "GET /bolt.php HTTP/1.1" 404 32115 "-" "Mozilla/5.0 (Windows NT 10.0; Win64; x64) AppleWebKit/537.36 (KHTML, like Gecko) Chrome/120.0.0.0 Safari/537.36"
20.63.98.115 - - [31/Jul/2026:12:19:29 +0000] "GET /bthil.php HTTP/1.1" 404 32115 "-" "Mozilla/5.0 (Windows NT 10.0; Win64; x64) AppleWebKit/537.36 (KHTML, like Gecko) Chrome/120.0.0.0 Safari/537.36"
20.63.98.115 - - [31/Jul/2026:12:19:31 +0000] "GET /cgi-bin/ HTTP/1.1" 403 1242 "-" "Mozilla/5.0 (Windows NT 10.0; Win64; x64) AppleWebKit/537.36 (KHTML, like Gecko) Chrome/120.0.0.0 Safari/537.36"
20.63.98.115 - - [31/Jul/2026:12:19:32 +0000] "GET /x.php HTTP/1.1" 404 32107 "-" "Mozilla/5.0 (Windows NT 10.0; Win64; x64) AppleWebKit/537.36 (KHTML, like Gecko) Chrome/120.0.0.0 Safari/537.36"
20.63.98.115 - - [31/Jul/2026:12:19:34 +0000] "GET /index/function.php HTTP/1.1" 404 32101 "-" "Mozilla/5.0 (Windows NT 10.0; Win64; x64) AppleWebKit/537.36 (KHTML, like Gecko) Chrome/120.0.0.0 Safari/537.36"
20.63.98.115 - - [31/Jul/2026:12:19:37 +0000] "GET /aaa.php HTTP/1.1" 404 32114 "-" "Mozilla/5.0 (Windows NT 10.0; Win64; x64) AppleWebKit/537.36 (KHTML, like Gecko) Chrome/120.0.0.0 Safari/537.36"
69.72.244.100 - - [31/Jul/2026:12:19:42 +0000] "POST /wp-cron.php?doing_wp_cron=1785500382.0787150859832763671875 HTTP/1.1" 200 0 "-" "WordPress/7.0.2; https://konzaltant.com"
20.63.98.115 - - [31/Jul/2026:12:19:39 +0000] "GET /abcd.php HTTP/1.1" 404 32112 "-" "Mozilla/5.0 (Windows NT 10.0; Win64; x64) AppleWebKit/537.36 (KHTML, like Gecko) Chrome/120.0.0.0 Safari/537.36"
20.63.98.115 - - [31/Jul/2026:12:19:42 +0000] "GET /wp-good.php HTTP/1.1" 404 32108 "-" "Mozilla/5.0 (Windows NT 10.0; Win64; x64) AppleWebKit/537.36 (KHTML, like Gecko) Chrome/120.0.0.0 Safari/537.36"
20.63.98.115 - - [31/Jul/2026:12:19:45 +0000] "GET /simple.php HTTP/1.1" 404 32111 "-" "Mozilla/5.0 (Windows NT 10.0; Win64; x64) AppleWebKit/537.36 (KHTML, like Gecko) Chrome/120.0.0.0 Safari/537.36"
69.72.244.100 - - [31/Jul/2026:12:19:49 +0000] "POST /wp-cron.php?doing_wp_cron=1785500389.8499848842620849609375 HTTP/1.1" 200 0 "-" "WordPress/7.0.2; https://konzaltant.com"
20.63.98.115 - - [31/Jul/2026:12:19:47 +0000] "GET /edit-tags.php HTTP/1.1" 404 32108 "-" "Mozilla/5.0 (Windows NT 10.0; Win64; x64) AppleWebKit/537.36 (KHTML, like Gecko) Chrome/120.0.0.0 Safari/537.36"
20.63.98.115 - - [31/Jul/2026:12:19:50 +0000] "GET /u.php HTTP/1.1" 404 32108 "-" "Mozilla/5.0 (Windows NT 10.0; Win64; x64) AppleWebKit/537.36 (KHTML, like Gecko) Chrome/120.0.0.0 Safari/537.36"
20.63.98.115 - - [31/Jul/2026:12:19:52 +0000] "GET /wp-content/themes/admin.php HTTP/1.1" 404 32127 "-" "Mozilla/5.0 (Windows NT 10.0; Win64; x64) AppleWebKit/537.36 (KHTML, like Gecko) Chrome/120.0.0.0 Safari/537.36"
20.63.98.115 - - [31/Jul/2026:12:19:55 +0000] "GET /h.php HTTP/1.1" 404 32108 "-" "Mozilla/5.0 (Windows NT 10.0; Win64; x64) AppleWebKit/537.36 (KHTML, like Gecko) Chrome/120.0.0.0 Safari/537.36"
69.72.244.100 - - [31/Jul/2026:12:20:00 +0000] "POST /wp-cron.php?doing_wp_cron=1785500400.3817930221557617187500 HTTP/1.1" 200 0 "-" "WordPress/7.0.2; https://konzaltant.com"
20.63.98.115 - - [31/Jul/2026:12:19:57 +0000] "GET /ms-edit.php HTTP/1.1" 404 32107 "-" "Mozilla/5.0 (Windows NT 10.0; Win64; x64) AppleWebKit/537.36 (KHTML, like Gecko) Chrome/120.0.0.0 Safari/537.36"
20.63.98.115 - - [31/Jul/2026:12:20:00 +0000] "GET /a7.php HTTP/1.1" 404 32108 "-" "Mozilla/5.0 (Windows NT 10.0; Win64; x64) AppleWebKit/537.36 (KHTML, like Gecko) Chrome/120.0.0.0 Safari/537.36"
69.72.244.100 - - [31/Jul/2026:12:20:06 +0000] "POST /wp-cron.php?doing_wp_cron=1785500406.8043470382690429687500 HTTP/1.1" 200 0 "-" "WordPress/7.0.2; https://konzaltant.com"
20.63.98.115 - - [31/Jul/2026:12:20:04 +0000] "GET /manager.php HTTP/1.1" 404 32105 "-" "Mozilla/5.0 (Windows NT 10.0; Win64; x64) AppleWebKit/537.36 (KHTML, like Gecko) Chrome/120.0.0.0 Safari/537.36"
20.63.98.115 - - [31/Jul/2026:12:20:07 +0000] "GET /w1.php HTTP/1.1" 404 32108 "-" "Mozilla/5.0 (Windows NT 10.0; Win64; x64) AppleWebKit/537.36 (KHTML, like Gecko) Chrome/120.0.0.0 Safari/537.36"
20.63.98.115 - - [31/Jul/2026:12:20:09 +0000] "GET /wp-includes/fonts/ HTTP/1.1" 404 1251 "-" "Mozilla/5.0 (Windows NT 10.0; Win64; x64) AppleWebKit/537.36 (KHTML, like Gecko) Chrome/120.0.0.0 Safari/537.36"
20.63.98.115 - - [31/Jul/2026:12:20:09 +0000] "GET /wp-login.php HTTP/1.1" 200 4242 "-" "Mozilla/5.0 (Windows NT 10.0; Win64; x64) AppleWebKit/537.36 (KHTML, like Gecko) Chrome/120.0.0.0 Safari/537.36"
20.63.98.115 - - [31/Jul/2026:12:20:13 +0000] "GET /default.php HTTP/1.1" 404 32104 "-" "Mozilla/5.0 (Windows NT 10.0; Win64; x64) AppleWebKit/537.36 (KHTML, like Gecko) Chrome/120.0.0.0 Safari/537.36"
69.72.244.100 - - [31/Jul/2026:12:20:19 +0000] "POST /wp-cron.php?doing_wp_cron=1785500419.1692869663238525390625 HTTP/1.1" 200 0 "-" "WordPress/7.0.2; https://konzaltant.com"
20.63.98.115 - - [31/Jul/2026:12:20:16 +0000] "GET /i.php HTTP/1.1" 404 32106 "-" "Mozilla/5.0 (Windows NT 10.0; Win64; x64) AppleWebKit/537.36 (KHTML, like Gecko) Chrome/120.0.0.0 Safari/537.36"
20.63.98.115 - - [31/Jul/2026:12:20:19 +0000] "GET /wp-content/uploads/ HTTP/1.1" 404 1251 "-" "Mozilla/5.0 (Windows NT 10.0; Win64; x64) AppleWebKit/537.36 (KHTML, like Gecko) Chrome/120.0.0.0 Safari/537.36"
20.63.98.115 - - [31/Jul/2026:12:20:19 +0000] "GET /wp-includes/Requests/library/index.php HTTP/1.1" 301 5 "-" "Mozilla/5.0 (Windows NT 10.0; Win64; x64) AppleWebKit/537.36 (KHTML, like Gecko) Chrome/120.0.0.0 Safari/537.36"
20.63.98.115 - - [31/Jul/2026:12:20:22 +0000] "GET /wp-content/themes/index.php HTTP/1.1" 200 0 "-" "Mozilla/5.0 (Windows NT 10.0; Win64; x64) AppleWebKit/537.36 (KHTML, like Gecko) Chrome/120.0.0.0 Safari/537.36"
20.63.98.115 - - [31/Jul/2026:12:20:22 +0000] "GET /gecko-new.php HTTP/1.1" 403 5137 "-" "Mozilla/5.0 (Windows NT 10.0; Win64; x64) AppleWebKit/537.36 (KHTML, like Gecko) Chrome/120.0.0.0 Safari/537.36"
20.63.98.115 - - [31/Jul/2026:12:20:22 +0000] "GET /NewFile.php HTTP/1.1" 404 32109 "-" "Mozilla/5.0 (Windows NT 10.0; Win64; x64) AppleWebKit/537.36 (KHTML, like Gecko) Chrome/120.0.0.0 Safari/537.36"
216.244.66.203 - - [31/Jul/2026:12:20:22 +0000] "GET /products/lamp/?srsltid=5591183 HTTP/1.1" 404 132936 "-" "Mozilla/5.0 (compatible; DotBot/1.2; +https://opensiteexplorer.org/dotbot; help@moz.com)"
20.63.98.115 - - [31/Jul/2026:12:20:24 +0000] "GET /wp-Blogs.php HTTP/1.1" 404 32107 "-" "Mozilla/5.0 (Windows NT 10.0; Win64; x64) AppleWebKit/537.36 (KHTML, like Gecko) Chrome/120.0.0.0 Safari/537.36"
20.63.98.115 - - [31/Jul/2026:12:20:27 +0000] "GET /wp-includes/fonts/index.php HTTP/1.1" 301 5 "-" "Mozilla/5.0 (Windows NT 10.0; Win64; x64) AppleWebKit/537.36 (KHTML, like Gecko) Chrome/120.0.0.0 Safari/537.36"
20.63.98.115 - - [31/Jul/2026:12:20:29 +0000] "GET /themes.php HTTP/1.1" 404 32109 "-" "Mozilla/5.0 (Windows NT 10.0; Win64; x64) AppleWebKit/537.36 (KHTML, like Gecko) Chrome/120.0.0.0 Safari/537.36"
20.63.98.115 - - [31/Jul/2026:12:20:32 +0000] "GET /cv.php HTTP/1.1" 404 32108 "-" "Mozilla/5.0 (Windows NT 10.0; Win64; x64) AppleWebKit/537.36 (KHTML, like Gecko) Chrome/120.0.0.0 Safari/537.36"
20.63.98.115 - - [31/Jul/2026:12:20:35 +0000] "GET /wp-admin/js/ HTTP/1.1" 404 1251 "-" "Mozilla/5.0 (Windows NT 10.0; Win64; x64) AppleWebKit/537.36 (KHTML, like Gecko) Chrome/120.0.0.0 Safari/537.36"
20.63.98.115 - - [31/Jul/2026:12:20:35 +0000] "GET /wp-content/uploads/index.php HTTP/1.1" 301 5 "-" "Mozilla/5.0 (Windows NT 10.0; Win64; x64) AppleWebKit/537.36 (KHTML, like Gecko) Chrome/120.0.0.0 Safari/537.36"
69.72.244.100 - - [31/Jul/2026:12:20:40 +0000] "POST /wp-cron.php?doing_wp_cron=1785500440.2794530391693115234375 HTTP/1.1" 200 0 "-" "WordPress/7.0.2; https://konzaltant.com"
20.63.98.115 - - [31/Jul/2026:12:20:37 +0000] "GET /ws83.php HTTP/1.1" 404 32114 "-" "Mozilla/5.0 (Windows NT 10.0; Win64; x64) AppleWebKit/537.36 (KHTML, like Gecko) Chrome/120.0.0.0 Safari/537.36"
216.244.66.203 - - [31/Jul/2026:12:20:38 +0000] "GET /products/air-jordan/?srsltid=17874641 HTTP/1.1" 404 132943 "-" "Mozilla/5.0 (compatible; DotBot/1.2; +https://opensiteexplorer.org/dotbot; help@moz.com)"
20.63.98.115 - - [31/Jul/2026:12:20:40 +0000] "GET /atex1.php HTTP/1.1" 404 32113 "-" "Mozilla/5.0 (Windows NT 10.0; Win64; x64) AppleWebKit/537.36 (KHTML, like Gecko) Chrome/120.0.0.0 Safari/537.36"
20.63.98.115 - - [31/Jul/2026:12:20:43 +0000] "GET /class-t.api.php HTTP/1.1" 403 5137 "-" "Mozilla/5.0 (Windows NT 10.0; Win64; x64) AppleWebKit/537.36 (KHTML, like Gecko) Chrome/120.0.0.0 Safari/537.36"
69.72.244.100 - - [31/Jul/2026:12:20:46 +0000] "POST /wp-cron.php?doing_wp_cron=1785500446.2570009231567382812500 HTTP/1.1" 200 0 "-" "WordPress/7.0.2; https://konzaltant.com"
20.63.98.115 - - [31/Jul/2026:12:20:43 +0000] "GET /w.php HTTP/1.1" 404 32108 "-" "Mozilla/5.0 (Windows NT 10.0; Win64; x64) AppleWebKit/537.36 (KHTML, like Gecko) Chrome/120.0.0.0 Safari/537.36"
20.63.98.115 - - [31/Jul/2026:12:20:46 +0000] "GET /archive.php HTTP/1.1" 404 32106 "-" "Mozilla/5.0 (Windows NT 10.0; Win64; x64) AppleWebKit/537.36 (KHTML, like Gecko) Chrome/120.0.0.0 Safari/537.36"
20.63.98.115 - - [31/Jul/2026:12:20:49 +0000] "GET /bless.php HTTP/1.1" 403 5137 "-" "Mozilla/5.0 (Windows NT 10.0; Win64; x64) AppleWebKit/537.36 (KHTML, like Gecko) Chrome/120.0.0.0 Safari/537.36"
20.63.98.115 - - [31/Jul/2026:12:20:49 +0000] "GET /sagax1.php HTTP/1.1" 404 32110 "-" "Mozilla/5.0 (Windows NT 10.0; Win64; x64) AppleWebKit/537.36 (KHTML, like Gecko) Chrome/120.0.0.0 Safari/537.36"
20.63.98.115 - - [31/Jul/2026:12:20:52 +0000] "GET /wpc.php HTTP/1.1" 404 32114 "-" "Mozilla/5.0 (Windows NT 10.0; Win64; x64) AppleWebKit/537.36 (KHTML, like Gecko) Chrome/120.0.0.0 Safari/537.36"
20.63.98.115 - - [31/Jul/2026:12:20:55 +0000] "GET /fone1.php HTTP/1.1" 404 32114 "-" "Mozilla/5.0 (Windows NT 10.0; Win64; x64) AppleWebKit/537.36 (KHTML, like Gecko) Chrome/120.0.0.0 Safari/537.36"
69.72.244.100 - - [31/Jul/2026:12:21:00 +0000] "POST /wp-cron.php?doing_wp_cron=1785500460.1198940277099609375000 HTTP/1.1" 200 0 "-" "WordPress/7.0.2; https://konzaltant.com"
20.63.98.115 - - [31/Jul/2026:12:20:57 +0000] "GET /ncx.php HTTP/1.1" 404 32111 "-" "Mozilla/5.0 (Windows NT 10.0; Win64; x64) AppleWebKit/537.36 (KHTML, like Gecko) Chrome/120.0.0.0 Safari/537.36"
20.63.98.115 - - [31/Jul/2026:12:21:00 +0000] "GET /wp-admin/js/index.php HTTP/1.1" 301 5 "-" "Mozilla/5.0 (Windows NT 10.0; Win64; x64) AppleWebKit/537.36 (KHTML, like Gecko) Chrome/120.0.0.0 Safari/537.36"
20.63.98.115 - - [31/Jul/2026:12:21:04 +0000] "GET /wso.php HTTP/1.1" 403 1242 "-" "Mozilla/5.0 (Windows NT 10.0; Win64; x64) AppleWebKit/537.36 (KHTML, like Gecko) Chrome/120.0.0.0 Safari/537.36"
69.72.244.100 - - [31/Jul/2026:12:21:04 +0000] "POST /wp-cron.php?doing_wp_cron=1785500464.5359039306640625000000 HTTP/1.1" 200 0 "-" "WordPress/7.0.2; https://konzaltant.com"
216.244.66.203 - - [31/Jul/2026:12:21:00 +0000] "GET /products/baskets-nike-versair-375/?srsltid=51972938 HTTP/1.1" 404 132957 "-" "Mozilla/5.0 (compatible; DotBot/1.2; +https://opensiteexplorer.org/dotbot; help@moz.com)"
20.63.98.115 - - [31/Jul/2026:12:21:04 +0000] "GET /zup.php73 HTTP/1.1" 404 32114 "-" "Mozilla/5.0 (Windows NT 10.0; Win64; x64) AppleWebKit/537.36 (KHTML, like Gecko) Chrome/120.0.0.0 Safari/537.36"
20.63.98.115 - - [31/Jul/2026:12:21:06 +0000] "GET /k.php HTTP/1.1" 404 32108 "-" "Mozilla/5.0 (Windows NT 10.0; Win64; x64) AppleWebKit/537.36 (KHTML, like Gecko) Chrome/120.0.0.0 Safari/537.36"
20.63.98.115 - - [31/Jul/2026:12:21:09 +0000] "GET /wp-blink.php HTTP/1.1" 404 32107 "-" "Mozilla/5.0 (Windows NT 10.0; Win64; x64) AppleWebKit/537.36 (KHTML, like Gecko) Chrome/120.0.0.0 Safari/537.36"
20.63.98.115 - - [31/Jul/2026:12:21:12 +0000] "GET /randkeyword.PhP7 HTTP/1.1" 404 32114 "-" "Mozilla/5.0 (Windows NT 10.0; Win64; x64) AppleWebKit/537.36 (KHTML, like Gecko) Chrome/120.0.0.0 Safari/537.36"
20.63.98.115 - - [31/Jul/2026:12:21:15 +0000] "GET /wp-admin/css/colors/ectoplasm/ HTTP/1.1" 404 1251 "-" "Mozilla/5.0 (Windows NT 10.0; Win64; x64) AppleWebKit/537.36 (KHTML, like Gecko) Chrome/120.0.0.0 Safari/537.36"
20.63.98.115 - - [31/Jul/2026:12:21:15 +0000] "GET /wp-content/ HTTP/1.1" 200 0 "-" "Mozilla/5.0 (Windows NT 10.0; Win64; x64) AppleWebKit/537.36 (KHTML, like Gecko) Chrome/120.0.0.0 Safari/537.36"
20.63.98.115 - - [31/Jul/2026:12:21:15 +0000] "GET /ww5.php HTTP/1.1" 404 32112 "-" "Mozilla/5.0 (Windows NT 10.0; Win64; x64) AppleWebKit/537.36 (KHTML, like Gecko) Chrome/120.0.0.0 Safari/537.36"
69.72.244.100 - - [31/Jul/2026:12:21:20 +0000] "POST /wp-cron.php?doing_wp_cron=1785500480.4285669326782226562500 HTTP/1.1" 200 0 "-" "WordPress/7.0.2; https://konzaltant.com"
20.63.98.115 - - [31/Jul/2026:12:21:18 +0000] "GET /2.php HTTP/1.1" 404 32107 "-" "Mozilla/5.0 (Windows NT 10.0; Win64; x64) AppleWebKit/537.36 (KHTML, like Gecko) Chrome/120.0.0.0 Safari/537.36"
20.63.98.115 - - [31/Jul/2026:12:21:20 +0000] "GET /wp-admin/classwithtostring.php HTTP/1.1" 404 32120 "-" "Mozilla/5.0 (Windows NT 10.0; Win64; x64) AppleWebKit/537.36 (KHTML, like Gecko) Chrome/120.0.0.0 Safari/537.36"
20.63.98.115 - - [31/Jul/2026:12:21:23 +0000] "GET /atomlib.php HTTP/1.1" 404 32109 "-" "Mozilla/5.0 (Windows NT 10.0; Win64; x64) AppleWebKit/537.36 (KHTML, like Gecko) Chrome/120.0.0.0 Safari/537.36"
20.63.98.115 - - [31/Jul/2026:12:21:26 +0000] "GET /rip.php HTTP/1.1" 404 32113 "-" "Mozilla/5.0 (Windows NT 10.0; Win64; x64) AppleWebKit/537.36 (KHTML, like Gecko) Chrome/120.0.0.0 Safari/537.36"
20.63.98.115 - - [31/Jul/2026:12:21:28 +0000] "GET /p.php HTTP/1.1" 404 32105 "-" "Mozilla/5.0 (Windows NT 10.0; Win64; x64) AppleWebKit/537.36 (KHTML, like Gecko) Chrome/120.0.0.0 Safari/537.36"
69.72.244.100 - - [31/Jul/2026:12:21:33 +0000] "POST /wp-cron.php?doing_wp_cron=1785500493.9769799709320068359375 HTTP/1.1" 200 0 "-" "WordPress/7.0.2; https://konzaltant.com"
20.63.98.115 - - [31/Jul/2026:12:21:31 +0000] "GET /php.php HTTP/1.1" 404 32114 "-" "Mozilla/5.0 (Windows NT 10.0; Win64; x64) AppleWebKit/537.36 (KHTML, like Gecko) Chrome/120.0.0.0 Safari/537.36"
216.244.66.203 - - [31/Jul/2026:12:21:35 +0000] "GET /products/birkenstock-habana/?srsltid=50538211 HTTP/1.1" 404 132951 "-" "Mozilla/5.0 (compatible; DotBot/1.2; +https://opensiteexplorer.org/dotbot; help@moz.com)"
69.72.244.100 - - [31/Jul/2026:12:22:11 +0000] "POST /wp-cron.php?doing_wp_cron=1785500531.5953330993652343750000 HTTP/1.1" 200 0 "-" "WordPress/7.0.2; https://konzaltant.com"
216.244.66.203 - - [31/Jul/2026:12:22:09 +0000] "GET /products/bov-teplky-cos/?srsltid=57956005 HTTP/1.1" 404 132947 "-" "Mozilla/5.0 (compatible; DotBot/1.2; +https://opensiteexplorer.org/dotbot; help@moz.com)"
69.72.244.100 - - [31/Jul/2026:12:22:42 +0000] "POST /wp-cron.php?doing_wp_cron=1785500562.9422590732574462890625 HTTP/1.1" 200 0 "-" "WordPress/7.0.2; https://konzaltant.com"
216.244.66.203 - - [31/Jul/2026:12:22:40 +0000] "GET /products/bracelet-jonc-dor/?srsltid=43052728 HTTP/1.1" 404 132950 "-" "Mozilla/5.0 (compatible; DotBot/1.2; +https://opensiteexplorer.org/dotbot; help@moz.com)"
69.72.244.100 - - [31/Jul/2026:12:23:13 +0000] "POST /wp-cron.php?doing_wp_cron=1785500593.8078479766845703125000 HTTP/1.1" 200 0 "-" "WordPress/7.0.2; https://konzaltant.com"
216.244.66.203 - - [31/Jul/2026:12:23:11 +0000] "GET /products/chemisier-courte-manches/?srsltid=38393429 HTTP/1.1" 404 132957 "-" "Mozilla/5.0 (compatible; DotBot/1.2; +https://opensiteexplorer.org/dotbot; help@moz.com)"
72.15.159.140 - - [31/Jul/2026:12:23:43 +0000] "GET / HTTP/1.1" 200 43599 "-" "Mozilla/5.0 (Windows NT 6.1; WOW64; rv:50.0) Gecko/20100101 Firefox/50.0"
69.72.244.100 - - [31/Jul/2026:12:23:43 +0000] "POST /wp-cron.php?doing_wp_cron=1785500623.3778851032257080078125 HTTP/1.1" 200 0 "-" "WordPress/7.0.2; https://konzaltant.com"
216.244.66.203 - - [31/Jul/2026:12:23:40 +0000] "GET /products/danefae-pullover-8-jahre/?srsltid=51455638 HTTP/1.1" 404 132957 "-" "Mozilla/5.0 (compatible; DotBot/1.2; +https://opensiteexplorer.org/dotbot; help@moz.com)"
69.72.244.100 - - [31/Jul/2026:12:24:07 +0000] "POST /wp-cron.php?doing_wp_cron=1785500647.2805120944976806640625 HTTP/1.1" 200 0 "-" "WordPress/7.0.2; https://konzaltant.com"
172.98.32.237 - - [31/Jul/2026:12:24:04 +0000] "POST /wp-login.php HTTP/1.1" 401 1521 "-" "Mozilla/5.0 (Windows NT 10.0; Win64; rv:143.0) Gecko/20100101 Firefox/143.0"
172.98.32.236 - - [31/Jul/2026:12:24:04 +0000] "POST /wp-login.php HTTP/1.1" 401 1519 "-" "Mozilla/5.0 (Windows NT 10.0; Win64; rv:143.0) Gecko/20100101 Firefox/143.0"
216.244.66.203 - - [31/Jul/2026:12:24:09 +0000] "GET /products/felpa/?srsltid=51584464 HTTP/1.1" 404 132938 "-" "Mozilla/5.0 (compatible; DotBot/1.2; +https://opensiteexplorer.org/dotbot; help@moz.com)"
69.72.244.100 - - [31/Jul/2026:12:24:39 +0000] "POST /wp-cron.php?doing_wp_cron=1785500679.6223390102386474609375 HTTP/1.1" 200 0 "-" "WordPress/7.0.2; https://konzaltant.com"
216.244.66.203 - - [31/Jul/2026:12:24:36 +0000] "GET /products/fila-tennis-shoes/?srsltid=50648023 HTTP/1.1" 404 132950 "-" "Mozilla/5.0 (compatible; DotBot/1.2; +https://opensiteexplorer.org/dotbot; help@moz.com)"
69.72.244.100 - - [31/Jul/2026:12:25:06 +0000] "POST /wp-cron.php?doing_wp_cron=1785500706.4417779445648193359375 HTTP/1.1" 200 0 "-" "WordPress/7.0.2; https://konzaltant.com"
216.244.66.203 - - [31/Jul/2026:12:25:03 +0000] "GET /products/kalhoty-acne-studios/?srsltid=60483003 HTTP/1.1" 404 132953 "-" "Mozilla/5.0 (compatible; DotBot/1.2; +https://opensiteexplorer.org/dotbot; help@moz.com)"
69.72.244.100 - - [31/Jul/2026:12:25:32 +0000] "POST /wp-cron.php?doing_wp_cron=1785500732.1827099323272705078125 HTTP/1.1" 200 0 "-" "WordPress/7.0.2; https://konzaltant.com"
216.244.66.203 - - [31/Jul/2026:12:25:29 +0000] "GET /products/kori-booties/?srsltid=55156162 HTTP/1.1" 404 132945 "-" "Mozilla/5.0 (compatible; DotBot/1.2; +https://opensiteexplorer.org/dotbot; help@moz.com)"
43.165.4.2 - - [31/Jul/2026:12:25:30 +0000] "GET / HTTP/1.1" 301 21 "http://www.konzaltant.com" "Mozilla/5.0 (iPhone; CPU iPhone OS 13_2_3 like Mac OS X) AppleWebKit/605.1.15 (KHTML, like Gecko) Version/13.0.3 Mobile/15E148 Safari/604.1"
43.165.4.2 - - [31/Jul/2026:12:25:33 +0000] "GET / HTTP/1.1" 200 43599 "https://www.konzaltant.com/" "Mozilla/5.0 (iPhone; CPU iPhone OS 13_2_3 like Mac OS X) AppleWebKit/605.1.15 (KHTML, like Gecko) Version/13.0.3 Mobile/15E148 Safari/604.1"
69.72.244.100 - - [31/Jul/2026:12:25:56 +0000] "POST /wp-cron.php?doing_wp_cron=1785500756.7160229682922363281250 HTTP/1.1" 200 0 "-" "WordPress/7.0.2; https://konzaltant.com"
216.244.66.203 - - [31/Jul/2026:12:25:54 +0000] "GET /products/olson-technology-olrt-3000-olrr-3000-l-band-satellite-fiber/?srsltid=886579 HTTP/1.1" 404 132990 "-" "Mozilla/5.0 (compatible; DotBot/1.2; +https://opensiteexplorer.org/dotbot; help@moz.com)"
69.72.244.100 - - [31/Jul/2026:12:26:20 +0000] "POST /wp-cron.php?doing_wp_cron=1785500780.2937219142913818359375 HTTP/1.1" 200 0 "-" "WordPress/7.0.2; https://konzaltant.com"
216.244.66.203 - - [31/Jul/2026:12:26:17 +0000] "GET /products/pink-plaid-38d-bra/?srsltid=13505840 HTTP/1.1" 404 132951 "-" "Mozilla/5.0 (compatible; DotBot/1.2; +https://opensiteexplorer.org/dotbot; help@moz.com)"
69.72.244.100 - - [31/Jul/2026:12:26:42 +0000] "POST /wp-cron.php?doing_wp_cron=1785500802.9027040004730224609375 HTTP/1.1" 200 0 "-" "WordPress/7.0.2; https://konzaltant.com"
216.244.66.203 - - [31/Jul/2026:12:26:40 +0000] "GET /products/repljus/?srsltid=33623597 HTTP/1.1" 404 132940 "-" "Mozilla/5.0 (compatible; DotBot/1.2; +https://opensiteexplorer.org/dotbot; help@moz.com)"
5.102.173.71 - - [31/Jul/2026:12:26:44 +0000] "GET /robots.txt HTTP/1.1" 200 66 "-" "Mozilla/5.0 (compatible; MojeekBot/0.11; +https://www.mojeek.com/bot.html)"
5.102.173.71 - - [31/Jul/2026:12:26:44 +0000] "GET /why-i-say-old-chap-that-is-spiffing-jolly-good/ HTTP/1.1" 200 40482 "-" "Mozilla/5.0 (compatible; MojeekBot/0.11; +https://www.mojeek.com/bot.html)"
69.72.244.100 - - [31/Jul/2026:12:27:04 +0000] "POST /wp-cron.php?doing_wp_cron=1785500824.4962239265441894531250 HTTP/1.1" 200 0 "-" "WordPress/7.0.2; https://konzaltant.com"
216.244.66.203 - - [31/Jul/2026:12:27:01 +0000] "GET /products/strike-boots/?srsltid=52180808 HTTP/1.1" 404 132945 "-" "Mozilla/5.0 (compatible; DotBot/1.2; +https://opensiteexplorer.org/dotbot; help@moz.com)"
69.72.244.100 - - [31/Jul/2026:12:27:24 +0000] "POST /wp-cron.php?doing_wp_cron=1785500844.8306400775909423828125 HTTP/1.1" 200 0 "-" "WordPress/7.0.2; https://konzaltant.com"
216.244.66.203 - - [31/Jul/2026:12:27:22 +0000] "GET /products/tissu-laine-haute-couture/?srsltid=50749994 HTTP/1.1" 404 132958 "-" "Mozilla/5.0 (compatible; DotBot/1.2; +https://opensiteexplorer.org/dotbot; help@moz.com)"
69.72.244.100 - - [31/Jul/2026:12:27:44 +0000] "POST /wp-cron.php?doing_wp_cron=1785500864.1455121040344238281250 HTTP/1.1" 200 0 "-" "WordPress/7.0.2; https://konzaltant.com"
216.244.66.203 - - [31/Jul/2026:12:27:41 +0000] "GET /products/vindregn-jakke-med-htte/?srsltid=38091828 HTTP/1.1" 404 132956 "-" "Mozilla/5.0 (compatible; DotBot/1.2; +https://opensiteexplorer.org/dotbot; help@moz.com)"
69.72.244.100 - - [31/Jul/2026:12:28:02 +0000] "POST /wp-cron.php?doing_wp_cron=1785500882.7853291034698486328125 HTTP/1.1" 200 0 "-" "WordPress/7.0.2; https://konzaltant.com"
216.244.66.203 - - [31/Jul/2026:12:28:00 +0000] "GET /products/wrangler-workwear-mens-cooling-briefs-3-pack/?srsltid=8805652 HTTP/1.1" 404 132976 "-" "Mozilla/5.0 (compatible; DotBot/1.2; +https://opensiteexplorer.org/dotbot; help@moz.com)"
69.72.244.100 - - [31/Jul/2026:12:28:20 +0000] "POST /wp-cron.php?doing_wp_cron=1785500900.0513288974761962890625 HTTP/1.1" 200 0 "-" "WordPress/7.0.2; https://konzaltant.com"
216.244.66.203 - - [31/Jul/2026:12:28:17 +0000] "GET /products/2019-panini-national-treas-courtland-sutton-auto-3149-sgc-10/?srsltid=22273938 HTTP/1.1" 404 132993 "-" "Mozilla/5.0 (compatible; DotBot/1.2; +https://opensiteexplorer.org/dotbot; help@moz.com)"
69.72.244.100 - - [31/Jul/2026:12:28:36 +0000] "POST /wp-cron.php?doing_wp_cron=1785500916.6178319454193115234375 HTTP/1.1" 200 0 "-" "WordPress/7.0.2; https://konzaltant.com"
216.244.66.203 - - [31/Jul/2026:12:28:34 +0000] "GET /products/abercrombie-fitch-high-rise-90s-relaxed-jeans-size-30-10l/?srsltid=37528758 HTTP/1.1" 404 132990 "-" "Mozilla/5.0 (compatible; DotBot/1.2; +https://opensiteexplorer.org/dotbot; help@moz.com)"
69.72.244.100 - - [31/Jul/2026:12:28:52 +0000] "POST /wp-cron.php?doing_wp_cron=1785500932.1926589012145996093750 HTTP/1.1" 200 0 "-" "WordPress/7.0.2; https://konzaltant.com"
216.244.66.203 - - [31/Jul/2026:12:28:49 +0000] "GET /products/axiom-90-watt-ac-adapter-for-dell/?srsltid=205122486 HTTP/1.1" 404 132967 "-" "Mozilla/5.0 (compatible; DotBot/1.2; +https://opensiteexplorer.org/dotbot; help@moz.com)"
114.119.133.98 - - [31/Jul/2026:12:29:02 +0000] "GET /robots.txt HTTP/1.1" 200 66 "http://www.konzaltant.com/robots.txt" "Mozilla/5.0 (compatible;PetalBot;+https://webmaster.petalsearch.com/site/petalbot)"
69.72.244.100 - - [31/Jul/2026:12:29:06 +0000] "POST /wp-cron.php?doing_wp_cron=1785500946.8934960365295410156250 HTTP/1.1" 200 0 "-" "WordPress/7.0.2; https://konzaltant.com"
216.244.66.203 - - [31/Jul/2026:12:29:04 +0000] "GET /products/baby-boy-clothes-0-to-3-months-bundle-20-pieces/?srsltid=30425794 HTTP/1.1" 404 132980 "-" "Mozilla/5.0 (compatible; DotBot/1.2; +https://opensiteexplorer.org/dotbot; help@moz.com)"
45.205.1.124 - - [31/Jul/2026:12:29:08 +0000] "GET /public/assets/fileupload/index.php?file=tf2rghf.jpg HTTP/1.1" 301 1 "-" "ALittle Client"
54.37.118.82 - - [31/Jul/2026:12:29:15 +0000] "GET /sitemap.xml HTTP/2" 301 5 "-" "Mozilla/5.0 (compatible; AhrefsBot/7.0; +http://ahrefs.com/robot/)"
69.72.244.100 - - [31/Jul/2026:12:29:19 +0000] "POST /wp-cron.php?doing_wp_cron=1785500959.8325810432434082031250 HTTP/1.1" 200 0 "-" "WordPress/7.0.2; https://konzaltant.com"
54.37.118.82 - - [31/Jul/2026:12:29:17 +0000] "GET /sitemap_index.xml HTTP/2" 200 609 "-" "Mozilla/5.0 (compatible; AhrefsBot/7.0; +http://ahrefs.com/robot/)"
216.244.66.203 - - [31/Jul/2026:12:29:17 +0000] "GET /products/bag-prada-luna-rossa-travel-dopp-kit-toiletry-bag-new-in-a-d/?srsltid=19439870 HTTP/1.1" 404 132993 "-" "Mozilla/5.0 (compatible; DotBot/1.2; +https://opensiteexplorer.org/dotbot; help@moz.com)"
216.244.66.203 - - [31/Jul/2026:12:29:35 +0000] "GET /products/battleships-and-battle-cruisers-1905-1970/?srsltid=61650032 HTTP/1.1" 404 132974 "-" "Mozilla/5.0 (compatible; DotBot/1.2; +https://opensiteexplorer.org/dotbot; help@moz.com)"
69.72.244.100 - - [31/Jul/2026:12:29:49 +0000] "POST /wp-cron.php?doing_wp_cron=1785500989.4030070304870605468750 HTTP/1.1" 200 0 "-" "WordPress/7.0.2; https://konzaltant.com"
45.205.1.124 - - [31/Jul/2026:12:29:47 +0000] "GET /public/assets/fileupload/?file=tf2rghf.jpg HTTP/1.1" 404 132956 "-" "ALittle Client"
216.244.66.203 - - [31/Jul/2026:12:29:50 +0000] "GET /products/beats-studio-pro-premium-wireless-noise-cancelling-headphone/?srsltid=16642414 HTTP/1.1" 404 132993 "-" "Mozilla/5.0 (compatible; DotBot/1.2; +https://opensiteexplorer.org/dotbot; help@moz.com)"
69.72.244.100 - - [31/Jul/2026:12:30:08 +0000] "POST /wp-cron.php?doing_wp_cron=1785501008.0164949893951416015625 HTTP/1.1" 200 0 "-" "WordPress/7.0.2; https://konzaltant.com"
216.244.66.203 - - [31/Jul/2026:12:30:05 +0000] "GET /products/black-floral-long-sleeve-midi-dress-by-the-brand-pearl/?srsltid=26841708 HTTP/1.1" 404 132987 "-" "Mozilla/5.0 (compatible; DotBot/1.2; +https://opensiteexplorer.org/dotbot; help@moz.com)"
69.72.244.100 - - [31/Jul/2026:12:30:21 +0000] "POST /wp-cron.php?doing_wp_cron=1785501021.5824639797210693359375 HTTP/1.1" 200 0 "-" "WordPress/7.0.2; https://konzaltant.com"
216.244.66.203 - - [31/Jul/2026:12:30:18 +0000] "GET /products/blouse-blanchemulticolore-fleurie-taille-3638/?srsltid=43430273 HTTP/1.1" 404 132978 "-" "Mozilla/5.0 (compatible; DotBot/1.2; +https://opensiteexplorer.org/dotbot; help@moz.com)"
216.244.66.203 - - [31/Jul/2026:12:30:31 +0000] "GET /products/blue-sky-clayworks-hello-kitty-and-friends-holiday-decoratin/?srsltid=24217472 HTTP/1.1" 404 132993 "-" "Mozilla/5.0 (compatible; DotBot/1.2; +https://opensiteexplorer.org/dotbot; help@moz.com)"
69.72.244.100 - - [31/Jul/2026:12:30:45 +0000] "POST /wp-cron.php?doing_wp_cron=1785501045.0300590991973876953125 HTTP/1.1" 200 0 "-" "WordPress/7.0.2; https://konzaltant.com"
216.244.66.203 - - [31/Jul/2026:12:30:42 +0000] "GET /products/books-for-days-crate-legacy-series-hand-signed-melissa-k-roe/?srsltid=23163491 HTTP/1.1" 404 132993 "-" "Mozilla/5.0 (compatible; DotBot/1.2; +https://opensiteexplorer.org/dotbot; help@moz.com)"
69.72.244.100 - - [31/Jul/2026:12:30:55 +0000] "POST /wp-cron.php?doing_wp_cron=1785501055.3522911071777343750000 HTTP/1.1" 200 0 "-" "WordPress/7.0.2; https://konzaltant.com"
216.244.66.203 - - [31/Jul/2026:12:30:53 +0000] "GET /products/boston-red-sox-city-connect-gray-t-shirt/?srsltid=202536377 HTTP/1.1" 404 132974 "-" "Mozilla/5.0 (compatible; DotBot/1.2; +https://opensiteexplorer.org/dotbot; help@moz.com)"
69.72.244.100 - - [31/Jul/2026:12:31:06 +0000] "POST /wp-cron.php?doing_wp_cron=1785501066.1691660881042480468750 HTTP/1.1" 200 0 "-" "WordPress/7.0.2; https://konzaltant.com"
216.244.66.203 - - [31/Jul/2026:12:31:02 +0000] "GET /products/bra-natori-color-black-size-32b-luxury-bra/?srsltid=50071887 HTTP/1.1" 404 132975 "-" "Mozilla/5.0 (compatible; DotBot/1.2; +https://opensiteexplorer.org/dotbot; help@moz.com)"
69.72.244.100 - - [31/Jul/2026:12:31:20 +0000] "POST /wp-cron.php?doing_wp_cron=1785501080.2659931182861328125000 HTTP/1.1" 200 0 "-" "WordPress/7.0.2; https://konzaltant.com"
216.244.66.203 - - [31/Jul/2026:12:31:17 +0000] "GET /products/brooks-brothers-mens-silk-necktie-blue-textured-business-for/?srsltid=49078109 HTTP/1.1" 404 132993 "-" "Mozilla/5.0 (compatible; DotBot/1.2; +https://opensiteexplorer.org/dotbot; help@moz.com)"
69.72.244.100 - - [31/Jul/2026:12:31:33 +0000] "POST /wp-cron.php?doing_wp_cron=1785501093.4472939968109130859375 HTTP/1.1" 200 0 "-" "WordPress/7.0.2; https://konzaltant.com"
216.244.66.203 - - [31/Jul/2026:12:31:31 +0000] "GET /products/brooks-mens-addiction-walker-2-walking-shoe/?srsltid=37813148 HTTP/1.1" 404 132976 "-" "Mozilla/5.0 (compatible; DotBot/1.2; +https://opensiteexplorer.org/dotbot; help@moz.com)"
20.171.55.167 - - [31/Jul/2026:12:31:35 +0000] "GET /.htaccess.php HTTP/1.1" 403 1242 "-" "Mozilla/5.0 (Windows NT 10.0; Win64; x64) AppleWebKit/537.36 (KHTML, like Gecko) Chrome/120.0.0.0 Safari/537.36"
20.171.55.167 - - [31/Jul/2026:12:31:35 +0000] "GET /0byte.php HTTP/1.1" 403 5137 "-" "Mozilla/5.0 (Windows NT 10.0; Win64; x64) AppleWebKit/537.36 (KHTML, like Gecko) Chrome/120.0.0.0 Safari/537.36"
20.171.55.167 - - [31/Jul/2026:12:31:35 +0000] "GET /1975.php HTTP/1.1" 404 32156 "-" "Mozilla/5.0 (Windows NT 10.0; Win64; x64) AppleWebKit/537.36 (KHTML, like Gecko) Chrome/120.0.0.0 Safari/537.36"
69.72.244.100 - - [31/Jul/2026:12:31:40 +0000] "POST /wp-cron.php?doing_wp_cron=1785501100.9852180480957031250000 HTTP/1.1" 200 0 "-" "WordPress/7.0.2; https://konzaltant.com"
20.171.55.167 - - [31/Jul/2026:12:31:38 +0000] "GET /2022/themes.php HTTP/1.1" 404 32162 "-" "Mozilla/5.0 (Windows NT 10.0; Win64; x64) AppleWebKit/537.36 (KHTML, like Gecko) Chrome/120.0.0.0 Safari/537.36"
20.171.55.167 - - [31/Jul/2026:12:31:41 +0000] "GET /403.php HTTP/1.1" 404 32157 "-" "Mozilla/5.0 (Windows NT 10.0; Win64; x64) AppleWebKit/537.36 (KHTML, like Gecko) Chrome/120.0.0.0 Safari/537.36"
216.244.66.203 - - [31/Jul/2026:12:31:43 +0000] "GET /products/bt-digital-baby-monitors-new-condition/?srsltid=43665429 HTTP/1.1" 404 132971 "-" "Mozilla/5.0 (compatible; DotBot/1.2; +https://opensiteexplorer.org/dotbot; help@moz.com)"
69.72.244.100 - - [31/Jul/2026:12:31:48 +0000] "POST /wp-cron.php?doing_wp_cron=1785501108.8156518936157226562500 HTTP/1.1" 200 0 "-" "WordPress/7.0.2; https://konzaltant.com"
20.171.55.167 - - [31/Jul/2026:12:31:45 +0000] "GET /7.php HTTP/1.1" 404 32162 "-" "Mozilla/5.0 (Windows NT 10.0; Win64; x64) AppleWebKit/537.36 (KHTML, like Gecko) Chrome/120.0.0.0 Safari/537.36"
20.171.55.167 - - [31/Jul/2026:12:31:49 +0000] "GET /ALFA_DATAbypass.php HTTP/1.1" 403 5137 "-" "Mozilla/5.0 (Windows NT 10.0; Win64; x64) AppleWebKit/537.36 (KHTML, like Gecko) Chrome/120.0.0.0 Safari/537.36"
20.171.55.167 - - [31/Jul/2026:12:31:49 +0000] "GET /Content/index.php HTTP/1.1" 301 5 "-" "Mozilla/5.0 (Windows NT 10.0; Win64; x64) AppleWebKit/537.36 (KHTML, like Gecko) Chrome/120.0.0.0 Safari/537.36"
20.171.55.167 - - [31/Jul/2026:12:31:54 +0000] "GET /Diff/alfa-rex.php HTTP/1.1" 403 5137 "-" "Mozilla/5.0 (Windows NT 10.0; Win64; x64) AppleWebKit/537.36 (KHTML, like Gecko) Chrome/120.0.0.0 Safari/537.36"
20.171.55.167 - - [31/Jul/2026:12:31:54 +0000] "GET /ID3/.info.php HTTP/1.1" 404 32158 "-" "Mozilla/5.0 (Windows NT 10.0; Win64; x64) AppleWebKit/537.36 (KHTML, like Gecko) Chrome/120.0.0.0 Safari/537.36"
69.72.244.100 - - [31/Jul/2026:12:31:59 +0000] "POST /wp-cron.php?doing_wp_cron=1785501119.8102300167083740234375 HTTP/1.1" 200 0 "-" "WordPress/7.0.2; https://konzaltant.com"
20.171.55.167 - - [31/Jul/2026:12:31:57 +0000] "GET /NewFile.php HTTP/1.1" 404 32155 "-" "Mozilla/5.0 (Windows NT 10.0; Win64; x64) AppleWebKit/537.36 (KHTML, like Gecko) Chrome/120.0.0.0 Safari/537.36"
20.171.55.167 - - [31/Jul/2026:12:32:00 +0000] "GET /RxR_qvjue.php HTTP/1.1" 404 32157 "-" "Mozilla/5.0 (Windows NT 10.0; Win64; x64) AppleWebKit/537.36 (KHTML, like Gecko) Chrome/120.0.0.0 Safari/537.36"
69.72.244.100 - - [31/Jul/2026:12:32:06 +0000] "POST /wp-cron.php?doing_wp_cron=1785501126.2004480361938476562500 HTTP/1.1" 200 0 "-" "WordPress/7.0.2; https://konzaltant.com"
20.171.55.167 - - [31/Jul/2026:12:32:03 +0000] "GET /Util/PHP/eval-stdin.php HTTP/1.1" 404 32177 "-" "Mozilla/5.0 (Windows NT 10.0; Win64; x64) AppleWebKit/537.36 (KHTML, like Gecko) Chrome/120.0.0.0 Safari/537.36"
20.171.55.167 - - [31/Jul/2026:12:32:06 +0000] "GET /a1.php HTTP/1.1" 404 32159 "-" "Mozilla/5.0 (Windows NT 10.0; Win64; x64) AppleWebKit/537.36 (KHTML, like Gecko) Chrome/120.0.0.0 Safari/537.36"
216.244.66.203 - - [31/Jul/2026:12:32:06 +0000] "GET /products/calvin-klein-performance-coat-womens-l-faux-fur-hood-long-ja/?srsltid=26300963 HTTP/1.1" 404 132993 "-" "Mozilla/5.0 (compatible; DotBot/1.2; +https://opensiteexplorer.org/dotbot; help@moz.com)"
20.171.55.167 - - [31/Jul/2026:12:32:13 +0000] "GET /acme-challengeadmin.php HTTP/1.1" 404 32170 "-" "Mozilla/5.0 (Windows NT 10.0; Win64; x64) AppleWebKit/537.36 (KHTML, like Gecko) Chrome/120.0.0.0 Safari/537.36"
20.171.55.167 - - [31/Jul/2026:12:32:16 +0000] "GET /admin-wolf.php HTTP/1.1" 404 32152 "-" "Mozilla/5.0 (Windows NT 10.0; Win64; x64) AppleWebKit/537.36 (KHTML, like Gecko) Chrome/120.0.0.0 Safari/537.36"
69.72.244.100 - - [31/Jul/2026:12:32:22 +0000] "POST /wp-cron.php?doing_wp_cron=1785501142.9064900875091552734375 HTTP/1.1" 200 0 "-" "WordPress/7.0.2; https://konzaltant.com"
20.171.55.167 - - [31/Jul/2026:12:32:18 +0000] "GET /adminwebbypass.php HTTP/1.1" 404 32159 "-" "Mozilla/5.0 (Windows NT 10.0; Win64; x64) AppleWebKit/537.36 (KHTML, like Gecko) Chrome/120.0.0.0 Safari/537.36"
20.171.55.167 - - [31/Jul/2026:12:32:23 +0000] "GET /al.php HTTP/1.1" 404 32156 "-" "Mozilla/5.0 (Windows NT 10.0; Win64; x64) AppleWebKit/537.36 (KHTML, like Gecko) Chrome/120.0.0.0 Safari/537.36"
20.171.55.167 - - [31/Jul/2026:12:32:26 +0000] "GET /alfacgiapialfa.php HTTP/1.1" 403 5137 "-" "Mozilla/5.0 (Windows NT 10.0; Win64; x64) AppleWebKit/537.36 (KHTML, like Gecko) Chrome/120.0.0.0 Safari/537.36"
20.171.55.167 - - [31/Jul/2026:12:32:27 +0000] "GET /alpa.php HTTP/1.1" 404 32153 "-" "Mozilla/5.0 (Windows NT 10.0; Win64; x64) AppleWebKit/537.36 (KHTML, like Gecko) Chrome/120.0.0.0 Safari/537.36"
20.171.55.167 - - [31/Jul/2026:12:32:29 +0000] "GET /api.php HTTP/1.1" 404 32154 "-" "Mozilla/5.0 (Windows NT 10.0; Win64; x64) AppleWebKit/537.36 (KHTML, like Gecko) Chrome/120.0.0.0 Safari/537.36"
20.171.55.167 - - [31/Jul/2026:12:32:32 +0000] "GET /archiveo.php HTTP/1.1" 404 32152 "-" "Mozilla/5.0 (Windows NT 10.0; Win64; x64) AppleWebKit/537.36 (KHTML, like Gecko) Chrome/120.0.0.0 Safari/537.36"
20.171.55.167 - - [31/Jul/2026:12:32:35 +0000] "GET /assetalfa.php HTTP/1.1" 404 32154 "-" "Mozilla/5.0 (Windows NT 10.0; Win64; x64) AppleWebKit/537.36 (KHTML, like Gecko) Chrome/120.0.0.0 Safari/537.36"
69.72.244.100 - - [31/Jul/2026:12:32:40 +0000] "POST /wp-cron.php?doing_wp_cron=1785501160.6770479679107666015625 HTTP/1.1" 200 0 "-" "WordPress/7.0.2; https://konzaltant.com"
