69.72.244.100 - - [31/Jul/2026:14:06:47 +0000] "POST /wp-cron.php?doing_wp_cron=1785506807.3553891181945800781250 HTTP/1.1" 200 0 "-" "WordPress/7.0.2; https://konzaltant.com"
216.244.66.203 - - [31/Jul/2026:14:06:44 +0000] "GET /products/felpa-donna/?srsltid=52648286 HTTP/1.1" 404 132944 "-" "Mozilla/5.0 (compatible; DotBot/1.2; +https://opensiteexplorer.org/dotbot; help@moz.com)"
69.72.244.100 - - [31/Jul/2026:14:07:07 +0000] "POST /wp-cron.php?doing_wp_cron=1785506827.4889070987701416015625 HTTP/1.1" 200 0 "-" "WordPress/7.0.2; https://konzaltant.com"
216.244.66.203 - - [31/Jul/2026:14:07:04 +0000] "GET /products/folk-navy-polo/?srsltid=40271586 HTTP/1.1" 404 132947 "-" "Mozilla/5.0 (compatible; DotBot/1.2; +https://opensiteexplorer.org/dotbot; help@moz.com)"
69.72.244.100 - - [31/Jul/2026:14:07:26 +0000] "POST /wp-cron.php?doing_wp_cron=1785506846.1854600906372070312500 HTTP/1.1" 200 0 "-" "WordPress/7.0.2; https://konzaltant.com"
216.244.66.203 - - [31/Jul/2026:14:07:23 +0000] "GET /products/football-cards/?srsltid=41309368 HTTP/1.1" 404 132947 "-" "Mozilla/5.0 (compatible; DotBot/1.2; +https://opensiteexplorer.org/dotbot; help@moz.com)"
69.72.244.100 - - [31/Jul/2026:14:07:43 +0000] "POST /wp-cron.php?doing_wp_cron=1785506863.7614660263061523437500 HTTP/1.1" 200 0 "-" "WordPress/7.0.2; https://konzaltant.com"
216.244.66.203 - - [31/Jul/2026:14:07:41 +0000] "GET /products/gabardina/?srsltid=45293957 HTTP/1.1" 404 132942 "-" "Mozilla/5.0 (compatible; DotBot/1.2; +https://opensiteexplorer.org/dotbot; help@moz.com)"
216.244.66.203 - - [31/Jul/2026:14:07:57 +0000] "GET /products/gi-joe/?srsltid=54775964 HTTP/1.1" 404 132939 "-" "Mozilla/5.0 (compatible; DotBot/1.2; +https://opensiteexplorer.org/dotbot; help@moz.com)"
69.72.244.100 - - [31/Jul/2026:14:08:15 +0000] "POST /wp-cron.php?doing_wp_cron=1785506895.6629450321197509765625 HTTP/1.1" 200 0 "-" "WordPress/7.0.2; https://konzaltant.com"
216.244.66.203 - - [31/Jul/2026:14:08:13 +0000] "GET /products/giacca-blazer/?srsltid=35346009 HTTP/1.1" 404 132946 "-" "Mozilla/5.0 (compatible; DotBot/1.2; +https://opensiteexplorer.org/dotbot; help@moz.com)"
69.72.244.100 - - [31/Jul/2026:14:08:31 +0000] "POST /wp-cron.php?doing_wp_cron=1785506910.9982700347900390625000 HTTP/1.1" 200 0 "-" "WordPress/7.0.2; https://konzaltant.com"
216.244.66.203 - - [31/Jul/2026:14:08:28 +0000] "GET /products/hugo-ing/?srsltid=10554467 HTTP/1.1" 404 132941 "-" "Mozilla/5.0 (compatible; DotBot/1.2; +https://opensiteexplorer.org/dotbot; help@moz.com)"
20.203.205.96 - - [31/Jul/2026:14:08:44 +0000] "GET /wp-content/plugins/hellopress/wp_filemanager.php HTTP/1.1" 403 19352 "-" "-"
69.72.244.100 - - [31/Jul/2026:14:08:45 +0000] "POST /wp-cron.php?doing_wp_cron=1785506925.7245728969573974609375 HTTP/1.1" 200 0 "-" "WordPress/7.0.2; https://konzaltant.com"
216.244.66.203 - - [31/Jul/2026:14:08:43 +0000] "GET /products/iluv-speaker/?srsltid=42350265 HTTP/1.1" 404 132945 "-" "Mozilla/5.0 (compatible; DotBot/1.2; +https://opensiteexplorer.org/dotbot; help@moz.com)"
20.203.205.96 - - [31/Jul/2026:14:08:44 +0000] "GET /this_is_a_new_hello_world.php HTTP/1.1" 404 132981 "-" "-"
20.203.205.96 - - [31/Jul/2026:14:08:47 +0000] "GET /3PJcpMFsD8B.php HTTP/1.1" 404 132967 "-" "-"
20.203.205.96 - - [31/Jul/2026:14:08:49 +0000] "GET /err.php HTTP/1.1" 404 132959 "-" "-"
20.203.205.96 - - [31/Jul/2026:14:08:52 +0000] "GET /img.php HTTP/1.1" 404 132959 "-" "-"
20.203.205.96 - - [31/Jul/2026:14:08:55 +0000] "GET //aa.php HTTP/1.1" 301 1 "-" "-"
216.244.66.203 - - [31/Jul/2026:14:08:56 +0000] "GET /products/iphone-13-126gb/?srsltid=10497720 HTTP/1.1" 404 132948 "-" "Mozilla/5.0 (compatible; DotBot/1.2; +https://opensiteexplorer.org/dotbot; help@moz.com)"
20.203.205.96 - - [31/Jul/2026:14:08:57 +0000] "GET /aa.php HTTP/1.1" 404 132958 "-" "-"
20.203.205.96 - - [31/Jul/2026:14:09:00 +0000] "GET //av.php HTTP/1.1" 301 1 "-" "-"
69.72.244.100 - - [31/Jul/2026:14:09:05 +0000] "POST /wp-cron.php?doing_wp_cron=1785506945.1923921108245849609375 HTTP/1.1" 200 0 "-" "WordPress/7.0.2; https://konzaltant.com"
20.203.205.96 - - [31/Jul/2026:14:09:02 +0000] "GET /av.php HTTP/1.1" 404 132958 "-" "-"
216.244.66.203 - - [31/Jul/2026:14:09:09 +0000] "GET /products/jeans-in-pelle/?srsltid=52658615 HTTP/1.1" 404 132947 "-" "Mozilla/5.0 (compatible; DotBot/1.2; +https://opensiteexplorer.org/dotbot; help@moz.com)"
20.203.205.96 - - [31/Jul/2026:14:09:15 +0000] "GET /xa.php HTTP/1.1" 404 132958 "-" "-"
69.72.244.100 - - [31/Jul/2026:14:09:21 +0000] "POST /wp-cron.php?doing_wp_cron=1785506961.5023930072784423828125 HTTP/1.1" 200 0 "-" "WordPress/7.0.2; https://konzaltant.com"
20.203.205.96 - - [31/Jul/2026:14:09:19 +0000] "GET /media.php HTTP/1.1" 404 132961 "-" "-"
69.72.244.100 - - [31/Jul/2026:14:09:24 +0000] "POST /wp-cron.php?doing_wp_cron=1785506964.6931788921356201171875 HTTP/1.1" 200 0 "-" "WordPress/7.0.2; https://konzaltant.com"
20.203.205.96 - - [31/Jul/2026:14:09:21 +0000] "GET /images.php HTTP/1.1" 404 132962 "-" "-"
20.203.205.96 - - [31/Jul/2026:14:09:24 +0000] "GET /gecko.php HTTP/1.1" 403 19352 "-" "-"
216.244.66.203 - - [31/Jul/2026:14:09:21 +0000] "GET /products/kostmek/?srsltid=31911389 HTTP/1.1" 404 132940 "-" "Mozilla/5.0 (compatible; DotBot/1.2; +https://opensiteexplorer.org/dotbot; help@moz.com)"
20.203.205.96 - - [31/Jul/2026:14:09:24 +0000] "GET /82.php HTTP/1.1" 404 132958 "-" "-"
20.203.205.96 - - [31/Jul/2026:14:09:27 +0000] "GET /xstelth.php HTTP/1.1" 404 132963 "-" "-"
20.203.205.96 - - [31/Jul/2026:14:09:29 +0000] "GET /xp.php HTTP/1.1" 404 132958 "-" "-"
20.203.205.96 - - [31/Jul/2026:14:09:31 +0000] "GET ///admin.php HTTP/1.1" 301 1 "-" "-"
20.203.205.96 - - [31/Jul/2026:14:09:33 +0000] "GET /admin.php HTTP/1.1" 404 132961 "-" "-"
216.244.66.203 - - [31/Jul/2026:14:09:38 +0000] "GET /products/labubu-macaron/?srsltid=16772490 HTTP/1.1" 404 132947 "-" "Mozilla/5.0 (compatible; DotBot/1.2; +https://opensiteexplorer.org/dotbot; help@moz.com)"
20.203.205.96 - - [31/Jul/2026:14:09:49 +0000] "GET /adminner.php HTTP/1.1" 404 132964 "-" "-"
216.244.66.203 - - [31/Jul/2026:14:09:52 +0000] "GET /products/legny-cellumove/?srsltid=57619405 HTTP/1.1" 404 132948 "-" "Mozilla/5.0 (compatible; DotBot/1.2; +https://opensiteexplorer.org/dotbot; help@moz.com)"
20.203.205.96 - - [31/Jul/2026:14:09:58 +0000] "GET //a.php HTTP/1.1" 403 19352 "-" "-"
20.203.205.96 - - [31/Jul/2026:14:09:59 +0000] "GET /k.php HTTP/1.1" 403 19352 "-" "-"
20.203.205.96 - - [31/Jul/2026:14:09:59 +0000] "GET /222.php HTTP/1.1" 404 132959 "-" "-"
20.203.205.96 - - [31/Jul/2026:14:10:03 +0000] "GET /mac.php HTTP/1.1" 404 132959 "-" "-"
20.203.205.96 - - [31/Jul/2026:14:10:05 +0000] "GET /wp-content/uploads/ HTTP/1.1" 404 1251 "-" "-"
20.203.205.96 - - [31/Jul/2026:14:10:05 +0000] "GET /wp-includes/Text/ HTTP/1.1" 404 1251 "-" "-"
20.203.205.96 - - [31/Jul/2026:14:10:05 +0000] "GET /ops.php HTTP/1.1" 404 132959 "-" "-"
20.203.205.96 - - [31/Jul/2026:14:10:08 +0000] "GET /8.php HTTP/1.1" 403 19352 "-" "-"
216.244.66.203 - - [31/Jul/2026:14:10:06 +0000] "GET /products/lng-klnning/?srsltid=56487461 HTTP/1.1" 404 132944 "-" "Mozilla/5.0 (compatible; DotBot/1.2; +https://opensiteexplorer.org/dotbot; help@moz.com)"
20.203.205.96 - - [31/Jul/2026:14:10:08 +0000] "GET /FWAZ.php HTTP/1.1" 404 132960 "-" "-"
20.203.205.96 - - [31/Jul/2026:14:10:10 +0000] "GET /biufile.php HTTP/1.1" 404 132963 "-" "-"
20.203.205.96 - - [31/Jul/2026:14:10:13 +0000] "GET /coffexium.php HTTP/1.1" 404 132965 "-" "-"
20.203.205.96 - - [31/Jul/2026:14:10:16 +0000] "GET /simple.php HTTP/1.1" 404 132962 "-" "-"
20.203.205.96 - - [31/Jul/2026:14:10:18 +0000] "GET /fpwch.php HTTP/1.1" 404 132961 "-" "-"
216.244.66.203 - - [31/Jul/2026:14:10:19 +0000] "GET /products/louis-vuitton/?srsltid=22625720 HTTP/1.1" 404 132946 "-" "Mozilla/5.0 (compatible; DotBot/1.2; +https://opensiteexplorer.org/dotbot; help@moz.com)"
20.203.205.96 - - [31/Jul/2026:14:10:20 +0000] "GET /dex.php HTTP/1.1" 404 132959 "-" "-"
20.203.205.96 - - [31/Jul/2026:14:10:23 +0000] "GET /1.php HTTP/1.1" 403 19352 "-" "-"
20.203.205.96 - - [31/Jul/2026:14:10:23 +0000] "GET /wp-admin/css/colors/modern/ HTTP/1.1" 404 1251 "-" "-"
20.203.205.96 - - [31/Jul/2026:14:10:23 +0000] "GET /config.json.php HTTP/1.1" 403 19352 "-" "-"
69.72.244.100 - - [31/Jul/2026:14:10:25 +0000] "POST /wp-cron.php?doing_wp_cron=1785507025.8503119945526123046875 HTTP/1.1" 200 0 "-" "WordPress/7.0.2; https://konzaltant.com"
20.203.205.96 - - [31/Jul/2026:14:10:23 +0000] "GET /k2.php HTTP/1.1" 404 132958 "-" "-"
20.203.205.96 - - [31/Jul/2026:14:10:25 +0000] "GET /raw.php HTTP/1.1" 404 132959 "-" "-"
20.203.205.96 - - [31/Jul/2026:14:10:28 +0000] "GET //wp.php HTTP/1.1" 301 1 "-" "-"
20.203.205.96 - - [31/Jul/2026:14:10:30 +0000] "GET /wp.php HTTP/1.1" 404 132958 "-" "-"
216.244.66.203 - - [31/Jul/2026:14:10:31 +0000] "GET /products/manteau-fille/?srsltid=45146242 HTTP/1.1" 404 132946 "-" "Mozilla/5.0 (compatible; DotBot/1.2; +https://opensiteexplorer.org/dotbot; help@moz.com)"
69.72.244.100 - - [31/Jul/2026:14:10:44 +0000] "POST /wp-cron.php?doing_wp_cron=1785507044.2835760116577148437500 HTTP/1.1" 200 0 "-" "WordPress/7.0.2; https://konzaltant.com"
216.244.66.203 - - [31/Jul/2026:14:10:41 +0000] "GET /products/mens-pullover/?srsltid=61863360 HTTP/1.1" 404 132946 "-" "Mozilla/5.0 (compatible; DotBot/1.2; +https://opensiteexplorer.org/dotbot; help@moz.com)"
20.203.205.96 - - [31/Jul/2026:14:10:43 +0000] "GET /fffm.php?p= HTTP/1.1" 301 1 "-" "-"
20.203.205.96 - - [31/Jul/2026:14:10:45 +0000] "GET /fffm.php HTTP/1.1" 404 132960 "-" "-"
20.203.205.96 - - [31/Jul/2026:14:10:49 +0000] "GET /111.php HTTP/1.1" 404 132959 "-" "-"
20.203.205.96 - - [31/Jul/2026:14:10:52 +0000] "GET //wp-includes/Requests/ HTTP/1.1" 404 1251 "-" "-"
20.203.205.96 - - [31/Jul/2026:14:10:52 +0000] "GET /ws.php HTTP/1.1" 404 132958 "-" "-"
216.244.66.203 - - [31/Jul/2026:14:10:52 +0000] "GET /products/obd-ii/?srsltid=32803112 HTTP/1.1" 404 132939 "-" "Mozilla/5.0 (compatible; DotBot/1.2; +https://opensiteexplorer.org/dotbot; help@moz.com)"
20.203.205.96 - - [31/Jul/2026:14:10:55 +0000] "GET ///coffee.php HTTP/1.1" 301 1 "-" "-"
20.203.205.96 - - [31/Jul/2026:14:10:57 +0000] "GET /coffee.php HTTP/1.1" 404 132962 "-" "-"
20.203.205.96 - - [31/Jul/2026:14:11:01 +0000] "GET /goods.php HTTP/1.1" 404 132961 "-" "-"
20.203.205.96 - - [31/Jul/2026:14:11:03 +0000] "GET /about.php HTTP/1.1" 403 19352 "-" "-"
20.203.205.96 - - [31/Jul/2026:14:11:04 +0000] "GET /about.php HTTP/1.1" 403 19352 "-" "-"
69.72.244.100 - - [31/Jul/2026:14:11:06 +0000] "POST /wp-cron.php?doing_wp_cron=1785507066.9828510284423828125000 HTTP/1.1" 200 0 "-" "WordPress/7.0.2; https://konzaltant.com"
20.203.205.96 - - [31/Jul/2026:14:11:04 +0000] "GET /admin.php HTTP/1.1" 404 132961 "-" "-"
216.244.66.203 - - [31/Jul/2026:14:11:06 +0000] "GET /products/orologio-plaget/?srsltid=35187793 HTTP/1.1" 404 132948 "-" "Mozilla/5.0 (compatible; DotBot/1.2; +https://opensiteexplorer.org/dotbot; help@moz.com)"
20.203.205.96 - - [31/Jul/2026:14:11:07 +0000] "GET /inputs.php HTTP/1.1" 404 132962 "-" "-"
20.203.205.96 - - [31/Jul/2026:14:11:13 +0000] "GET /inputs.php HTTP/1.1" 404 132962 "-" "-"
20.203.205.96 - - [31/Jul/2026:14:11:16 +0000] "GET //adminfuns.php HTTP/1.1" 301 1 "-" "-"
69.72.244.100 - - [31/Jul/2026:14:11:20 +0000] "POST /wp-cron.php?doing_wp_cron=1785507080.4104130268096923828125 HTTP/1.1" 200 0 "-" "WordPress/7.0.2; https://konzaltant.com"
20.203.205.96 - - [31/Jul/2026:14:11:18 +0000] "GET /adminfuns.php HTTP/1.1" 404 132965 "-" "-"
20.203.205.96 - - [31/Jul/2026:14:11:23 +0000] "GET /404.php?p= HTTP/1.1" 301 1 "-" "-"
20.203.205.96 - - [31/Jul/2026:14:11:25 +0000] "GET /404.php HTTP/1.1" 404 132959 "-" "-"
20.203.205.96 - - [31/Jul/2026:14:11:31 +0000] "GET /xxx.php HTTP/1.1" 403 19352 "-" "-"
216.244.66.203 - - [31/Jul/2026:14:11:29 +0000] "GET /products/perfume-zara/?srsltid=34392139 HTTP/1.1" 404 132945 "-" "Mozilla/5.0 (compatible; DotBot/1.2; +https://opensiteexplorer.org/dotbot; help@moz.com)"
69.72.244.100 - - [31/Jul/2026:14:11:34 +0000] "POST /wp-cron.php?doing_wp_cron=1785507094.2234890460968017578125 HTTP/1.1" 200 0 "-" "WordPress/7.0.2; https://konzaltant.com"
20.203.205.96 - - [31/Jul/2026:14:11:32 +0000] "GET /classwithtostring.php?p= HTTP/1.1" 301 1 "-" "-"
20.203.205.96 - - [31/Jul/2026:14:11:34 +0000] "GET /classwithtostring.php HTTP/1.1" 404 132973 "-" "-"
69.72.244.100 - - [31/Jul/2026:14:11:51 +0000] "POST /wp-cron.php?doing_wp_cron=1785507111.9520790576934814453125 HTTP/1.1" 200 0 "-" "WordPress/7.0.2; https://konzaltant.com"
216.244.66.203 - - [31/Jul/2026:14:11:49 +0000] "GET /products/profumo-arabo/?srsltid=50693298 HTTP/1.1" 404 132946 "-" "Mozilla/5.0 (compatible; DotBot/1.2; +https://opensiteexplorer.org/dotbot; help@moz.com)"
20.203.205.96 - - [31/Jul/2026:14:11:50 +0000] "GET /234ff.php HTTP/1.1" 404 65536 "-" "-"
20.203.205.96 - - [31/Jul/2026:14:11:53 +0000] "GET ///133.php HTTP/1.1" 301 1 "-" "-"
20.203.205.96 - - [31/Jul/2026:14:11:55 +0000] "GET /133.php HTTP/1.1" 404 132959 "-" "-"
69.72.244.100 - - [31/Jul/2026:14:12:04 +0000] "POST /wp-cron.php?doing_wp_cron=1785507124.0543699264526367187500 HTTP/1.1" 200 0 "-" "WordPress/7.0.2; https://konzaltant.com"
20.203.205.96 - - [31/Jul/2026:14:12:00 +0000] "GET /wp-ws68.php?p= HTTP/1.1" 301 1 "-" "-"
79.117.164.135 - - [31/Jul/2026:14:12:01 +0000] "GET /2015/06/09/senior-research-topics/ HTTP/1.1" 404 36117 "-" "Mozilla/5.0 (Macintosh; Intel Mac OS X 14.6; rv:125.0) Gecko/20100101 Firefox/125.0"
20.203.205.96 - - [31/Jul/2026:14:12:04 +0000] "GET /wp-ws68.php HTTP/1.1" 404 132963 "-" "-"
20.203.205.96 - - [31/Jul/2026:14:12:07 +0000] "GET /mgrr.php HTTP/1.1" 404 132960 "-" "-"
216.244.66.203 - - [31/Jul/2026:14:12:08 +0000] "GET /products/ps4-console/?srsltid=22109952 HTTP/1.1" 404 132944 "-" "Mozilla/5.0 (compatible; DotBot/1.2; +https://opensiteexplorer.org/dotbot; help@moz.com)"
20.203.205.96 - - [31/Jul/2026:14:12:10 +0000] "GET /55.php?p= HTTP/1.1" 301 1 "-" "-"
20.203.205.96 - - [31/Jul/2026:14:12:12 +0000] "GET /55.php HTTP/1.1" 404 132958 "-" "-"
69.72.244.100 - - [31/Jul/2026:14:12:19 +0000] "POST /wp-cron.php?doing_wp_cron=1785507139.5765419006347656250000 HTTP/1.1" 200 0 "-" "WordPress/7.0.2; https://konzaltant.com"
20.203.205.96 - - [31/Jul/2026:14:12:17 +0000] "GET /asd.php HTTP/1.1" 404 132959 "-" "-"
20.203.205.96 - - [31/Jul/2026:14:12:19 +0000] "GET /ajax.php HTTP/1.1" 404 132960 "-" "-"
20.203.205.96 - - [31/Jul/2026:14:12:22 +0000] "GET /yj09.php HTTP/1.1" 404 132960 "-" "-"
20.203.205.96 - - [31/Jul/2026:14:12:24 +0000] "GET /ora.php HTTP/1.1" 404 132959 "-" "-"
216.244.66.203 - - [31/Jul/2026:14:12:27 +0000] "GET /products/sandro/?srsltid=43816038 HTTP/1.1" 404 132939 "-" "Mozilla/5.0 (compatible; DotBot/1.2; +https://opensiteexplorer.org/dotbot; help@moz.com)"
69.72.244.100 - - [31/Jul/2026:14:12:47 +0000] "POST /wp-cron.php?doing_wp_cron=1785507167.3222970962524414062500 HTTP/1.1" 200 0 "-" "WordPress/7.0.2; https://konzaltant.com"
216.244.66.203 - - [31/Jul/2026:14:12:44 +0000] "GET /products/set-minigonne/?srsltid=34957318 HTTP/1.1" 404 132946 "-" "Mozilla/5.0 (compatible; DotBot/1.2; +https://opensiteexplorer.org/dotbot; help@moz.com)"
37.59.204.130 - - [31/Jul/2026:14:12:51 +0000] "GET /sitemap.xml HTTP/2" 301 5 "-" "Mozilla/5.0 (compatible; AhrefsBot/7.0; +http://ahrefs.com/robot/)"
37.59.204.130 - - [31/Jul/2026:14:12:54 +0000] "GET /sitemap_index.xml HTTP/2" 200 609 "-" "Mozilla/5.0 (compatible; AhrefsBot/7.0; +http://ahrefs.com/robot/)"
172.98.32.244 - - [31/Jul/2026:14:12:52 +0000] "POST /wp-login.php HTTP/1.1" 401 1522 "-" "Mozilla/5.0 (Macintosh; Intel Mac OS X 10_15_7) AppleWebKit/605.1.15 Version/17.0 Safari/605.1.15"
185.251.19.7 - - [31/Jul/2026:14:12:52 +0000] "POST /wp-login.php HTTP/1.1" 401 1522 "-" "Mozilla/5.0 (Windows NT 10.0; Win64; rv:143.0) Gecko/20100101 Firefox/143.0"
216.244.66.203 - - [31/Jul/2026:14:13:01 +0000] "GET /products/set-vero-moda/?srsltid=38547007 HTTP/1.1" 404 132946 "-" "Mozilla/5.0 (compatible; DotBot/1.2; +https://opensiteexplorer.org/dotbot; help@moz.com)"
69.72.244.100 - - [31/Jul/2026:14:13:19 +0000] "POST /wp-cron.php?doing_wp_cron=1785507199.1458220481872558593750 HTTP/1.1" 200 0 "-" "WordPress/7.0.2; https://konzaltant.com"
216.244.66.203 - - [31/Jul/2026:14:13:16 +0000] "GET /products/set-yc/?srsltid=58884988 HTTP/1.1" 404 132939 "-" "Mozilla/5.0 (compatible; DotBot/1.2; +https://opensiteexplorer.org/dotbot; help@moz.com)"
216.244.66.203 - - [31/Jul/2026:14:13:32 +0000] "GET /products/sistema-tumbler-24-oz/?srsltid=6055415 HTTP/1.1" 404 132953 "-" "Mozilla/5.0 (compatible; DotBot/1.2; +https://opensiteexplorer.org/dotbot; help@moz.com)"
69.72.244.100 - - [31/Jul/2026:14:13:52 +0000] "POST /wp-cron.php?doing_wp_cron=1785507232.8464789390563964843750 HTTP/1.1" 200 0 "-" "WordPress/7.0.2; https://konzaltant.com"
216.244.66.203 - - [31/Jul/2026:14:13:50 +0000] "GET /products/skirt-top-set/?srsltid=14645667 HTTP/1.1" 404 132946 "-" "Mozilla/5.0 (compatible; DotBot/1.2; +https://opensiteexplorer.org/dotbot; help@moz.com)"
69.72.244.100 - - [31/Jul/2026:14:14:09 +0000] "POST /wp-cron.php?doing_wp_cron=1785507249.6216731071472167968750 HTTP/1.1" 200 0 "-" "WordPress/7.0.2; https://konzaltant.com"
216.244.66.203 - - [31/Jul/2026:14:14:07 +0000] "GET /products/striuk/?srsltid=33680794 HTTP/1.1" 404 132939 "-" "Mozilla/5.0 (compatible; DotBot/1.2; +https://opensiteexplorer.org/dotbot; help@moz.com)"
69.72.244.100 - - [31/Jul/2026:14:14:25 +0000] "POST /wp-cron.php?doing_wp_cron=1785507265.4322440624237060546875 HTTP/1.1" 200 0 "-" "WordPress/7.0.2; https://konzaltant.com"
216.244.66.203 - - [31/Jul/2026:14:14:22 +0000] "GET /products/vintage-etched-round-glass-pitcher/?srsltid=352533 HTTP/1.1" 404 132965 "-" "Mozilla/5.0 (compatible; DotBot/1.2; +https://opensiteexplorer.org/dotbot; help@moz.com)"
69.72.244.100 - - [31/Jul/2026:14:14:40 +0000] "POST /wp-cron.php?doing_wp_cron=1785507280.5043630599975585937500 HTTP/1.1" 200 0 "-" "WordPress/7.0.2; https://konzaltant.com"
216.244.66.203 - - [31/Jul/2026:14:14:37 +0000] "GET /products/vintage-strawberry-trays/?srsltid=5794358 HTTP/1.1" 404 132956 "-" "Mozilla/5.0 (compatible; DotBot/1.2; +https://opensiteexplorer.org/dotbot; help@moz.com)"
69.72.244.100 - - [31/Jul/2026:14:14:54 +0000] "POST /wp-cron.php?doing_wp_cron=1785507294.1081249713897705078125 HTTP/1.1" 200 0 "-" "WordPress/7.0.2; https://konzaltant.com"
216.244.66.203 - - [31/Jul/2026:14:14:51 +0000] "GET /products/warme-kleider/?srsltid=50530585 HTTP/1.1" 404 132946 "-" "Mozilla/5.0 (compatible; DotBot/1.2; +https://opensiteexplorer.org/dotbot; help@moz.com)"
69.72.244.100 - - [31/Jul/2026:14:15:07 +0000] "POST /wp-cron.php?doing_wp_cron=1785507307.1151790618896484375000 HTTP/1.1" 200 0 "-" "WordPress/7.0.2; https://konzaltant.com"
216.244.66.203 - - [31/Jul/2026:14:15:04 +0000] "GET /products/weste-oversized/?srsltid=32775460 HTTP/1.1" 404 132948 "-" "Mozilla/5.0 (compatible; DotBot/1.2; +https://opensiteexplorer.org/dotbot; help@moz.com)"
69.72.244.100 - - [31/Jul/2026:14:15:19 +0000] "POST /wp-cron.php?doing_wp_cron=1785507319.2192509174346923828125 HTTP/1.1" 200 0 "-" "WordPress/7.0.2; https://konzaltant.com"
216.244.66.203 - - [31/Jul/2026:14:15:16 +0000] "GET /products/zara-trui/?srsltid=51400413 HTTP/1.1" 404 132942 "-" "Mozilla/5.0 (compatible; DotBot/1.2; +https://opensiteexplorer.org/dotbot; help@moz.com)"
48.44.105.158 - - [31/Jul/2026:14:21:20 +0000] "GET /wp-content/plugins/tutor/assets/images/addons/gradebook/thumbnail.png HTTP/2" 200 1025 "https://konzaltant.com/portfolio/interior-design/" "Mozilla/5.0 (Macintosh; Intel Mac OS X 10_15_7) AppleWebKit/537.36 (KHTML, like Gecko) Chrome/131.0.0.0 Safari/537.36"
48.44.105.158 - - [31/Jul/2026:14:21:20 +0000] "GET /wp-content/plugins/tutor/assets/images/addons/tutor-certificate/thumbnail.png HTTP/2" 200 1315 "https://konzaltant.com/portfolio/interior-design/" "Mozilla/5.0 (Macintosh; Intel Mac OS X 10_15_7) AppleWebKit/537.36 (KHTML, like Gecko) Chrome/131.0.0.0 Safari/537.36"
48.44.105.158 - - [31/Jul/2026:14:21:20 +0000] "GET /wp-content/uploads/2024/08/ksnewlogo-e1724760063194.png HTTP/2" 200 10293 "https://konzaltant.com/portfolio/interior-design/" "Mozilla/5.0 (Macintosh; Intel Mac OS X 10_15_7) AppleWebKit/537.36 (KHTML, like Gecko) Chrome/131.0.0.0 Safari/537.36"
48.44.105.158 - - [31/Jul/2026:14:21:20 +0000] "GET /wp-content/uploads/2024/08/cropped-ksnewlogo-150x150.png HTTP/2" 200 15366 "https://konzaltant.com/portfolio/interior-design/" "Mozilla/5.0 (Macintosh; Intel Mac OS X 10_15_7) AppleWebKit/537.36 (KHTML, like Gecko) Chrome/131.0.0.0 Safari/537.36"
74.7.175.132 - - [31/Jul/2026:14:24:40 +0000] "GET /robots.txt HTTP/2" 200 26 "-" "Mozilla/5.0 (Macintosh; Intel Mac OS X 10_15_7) AppleWebKit/537.36 (KHTML, like Gecko) Chrome/131.0.0.0 Safari/537.36; compatible; OAI-SearchBot/1.4; robots.txt; +https://openai.com/searchbot"
66.249.76.160 - - [31/Jul/2026:14:25:04 +0000] "GET /robots.txt HTTP/1.1" 200 66 "-" "Mozilla/5.0 (compatible; Googlebot/2.1; +http://www.google.com/bot.html)"
69.72.244.100 - - [31/Jul/2026:14:25:07 +0000] "POST /wp-cron.php?doing_wp_cron=1785507907.0003049373626708984375 HTTP/1.1" 200 0 "-" "WordPress/7.0.2; https://konzaltant.com"
66.249.66.1 - - [31/Jul/2026:14:25:04 +0000] "GET /products/product/?srsltid=22700689 HTTP/1.1" 404 32156 "-" "Mozilla/5.0 (Linux; Android 6.0.1; Nexus 5X Build/MMB29P) AppleWebKit/537.36 (KHTML, like Gecko) Chrome/150.0.7871.186 Mobile Safari/537.36 (compatible; Googlebot/2.1; +http://www.google.com/bot.html)"
142.111.200.7 - - [31/Jul/2026:14:25:42 +0000] "GET /wp-content/uploads/2025/07/ksnewlogo-white-1.png HTTP/2" 200 5014 "https://konzaltant.com/portfolio/interior-design/" "Mozilla/5.0 (Macintosh; Intel Mac OS X 10_15_7) AppleWebKit/537.36 (KHTML, like Gecko) Chrome/131.0.0.0 Safari/537.36"
142.111.132.161 - - [31/Jul/2026:14:25:45 +0000] "GET /wp-content/plugins/tutor/assets/images/addons/tutor-notifications/thumbnail.png HTTP/2" 200 2174 "https://konzaltant.com/portfolio/interior-design/" "Mozilla/5.0 (Macintosh; Intel Mac OS X 10_15_7) AppleWebKit/537.36 (KHTML, like Gecko) Chrome/131.0.0.0 Safari/537.36"
142.111.179.116 - - [31/Jul/2026:14:25:46 +0000] "GET /wp-content/plugins/tutor/assets/images/addons/tutor-course-preview/thumbnail.png HTTP/2" 200 724 "https://konzaltant.com/portfolio/interior-design/" "Mozilla/5.0 (Macintosh; Intel Mac OS X 10_15_7) AppleWebKit/537.36 (KHTML, like Gecko) Chrome/131.0.0.0 Safari/537.36"
216.244.66.203 - - [31/Jul/2026:14:28:29 +0000] "GET /robots.txt HTTP/1.1" 200 66 "-" "Mozilla/5.0 (compatible; DotBot/1.2; +https://opensiteexplorer.org/dotbot; help@moz.com)"
216.244.66.203 - - [31/Jul/2026:14:28:29 +0000] "GET /robots.txt HTTP/1.1" 200 66 "-" "Mozilla/5.0 (compatible; DotBot/1.2; +https://opensiteexplorer.org/dotbot; help@moz.com)"
185.251.19.7 - - [31/Jul/2026:14:28:32 +0000] "POST /wp-login.php HTTP/1.1" 401 1523 "-" "Mozilla/5.0 (Windows NT 10.0; Win64; x64) AppleWebKit/537.36 Chrome/129.0.0.0 Safari/537.36"
69.72.244.100 - - [31/Jul/2026:14:28:36 +0000] "POST /wp-cron.php?doing_wp_cron=1785508116.6690380573272705078125 HTTP/1.1" 200 0 "-" "WordPress/7.0.2; https://konzaltant.com"
172.98.32.244 - - [31/Jul/2026:14:28:32 +0000] "POST /wp-login.php HTTP/1.1" 401 1520 "-" "Mozilla/5.0 (Windows NT 10.0; Win64; x64) AppleWebKit/537.36 Chrome/129.0.0.0 Safari/537.36"
69.72.244.100 - - [31/Jul/2026:14:35:40 +0000] "POST /wp-cron.php?doing_wp_cron=1785508540.2674219608306884765625 HTTP/1.1" 200 0 "-" "WordPress/7.0.2; https://konzaltant.com"
216.244.66.203 - - [31/Jul/2026:14:35:37 +0000] "GET /products/american-girl-doll-outfit/?srsltid=61688423 HTTP/1.1" 404 132958 "-" "Mozilla/5.0 (compatible; DotBot/1.2; +https://opensiteexplorer.org/dotbot; help@moz.com)"
69.72.244.100 - - [31/Jul/2026:14:35:42 +0000] "POST /wp-admin/admin-ajax.php HTTP/1.1" 200 21 "-" "WordPress/7.0.2; https://konzaltant.com"
69.72.244.100 - - [31/Jul/2026:14:35:52 +0000] "POST /wp-cron.php?doing_wp_cron=1785508552.7906060218811035156250 HTTP/1.1" 200 0 "-" "WordPress/7.0.2; https://konzaltant.com"
69.72.244.100 - - [31/Jul/2026:14:35:44 +0000] "POST /wp-admin/admin-ajax.php?action=as_async_request_queue_runner&nonce=bc185c182e HTTP/1.1" 200 21 "-" "WordPress/7.0.2; https://konzaltant.com"
216.244.66.203 - - [31/Jul/2026:14:35:52 +0000] "GET /products/ami-3-libros/?srsltid=38501355 HTTP/1.1" 404 132945 "-" "Mozilla/5.0 (compatible; DotBot/1.2; +https://opensiteexplorer.org/dotbot; help@moz.com)"
69.72.244.100 - - [31/Jul/2026:14:36:29 +0000] "POST /wp-cron.php?doing_wp_cron=1785508589.2953479290008544921875 HTTP/1.1" 200 0 "-" "WordPress/7.0.2; https://konzaltant.com"
216.244.66.203 - - [31/Jul/2026:14:36:26 +0000] "GET /products/apple-airpods-2nd-gen/?srsltid=1127945 HTTP/1.1" 404 132953 "-" "Mozilla/5.0 (compatible; DotBot/1.2; +https://opensiteexplorer.org/dotbot; help@moz.com)"
69.72.244.100 - - [31/Jul/2026:14:37:02 +0000] "POST /wp-cron.php?doing_wp_cron=1785508621.9808189868927001953125 HTTP/1.1" 200 0 "-" "WordPress/7.0.2; https://konzaltant.com"
216.244.66.203 - - [31/Jul/2026:14:36:59 +0000] "GET /products/berretto-rosa/?srsltid=56032074 HTTP/1.1" 404 132946 "-" "Mozilla/5.0 (compatible; DotBot/1.2; +https://opensiteexplorer.org/dotbot; help@moz.com)"
69.72.244.100 - - [31/Jul/2026:14:37:33 +0000] "POST /wp-cron.php?doing_wp_cron=1785508653.9321999549865722656250 HTTP/1.1" 200 0 "-" "WordPress/7.0.2; https://konzaltant.com"
216.244.66.203 - - [31/Jul/2026:14:37:31 +0000] "GET /products/blazer-pinko/?srsltid=32170216 HTTP/1.1" 404 132945 "-" "Mozilla/5.0 (compatible; DotBot/1.2; +https://opensiteexplorer.org/dotbot; help@moz.com)"
216.73.217.30 - - [31/Jul/2026:14:38:03 +0000] "GET /robots.txt HTTP/2" 200 66 "-" "Mozilla/5.0 AppleWebKit/537.36 (KHTML, like Gecko; compatible; ClaudeBot/1.0; +claudebot@anthropic.com)"
69.72.244.100 - - [31/Jul/2026:14:38:04 +0000] "POST /wp-cron.php?doing_wp_cron=1785508684.7714788913726806640625 HTTP/1.1" 200 0 "-" "WordPress/7.0.2; https://konzaltant.com"
216.244.66.203 - - [31/Jul/2026:14:38:02 +0000] "GET /products/camisa-lino-marfil/?srsltid=56007066 HTTP/1.1" 404 132951 "-" "Mozilla/5.0 (compatible; DotBot/1.2; +https://opensiteexplorer.org/dotbot; help@moz.com)"
216.73.217.30 - - [31/Jul/2026:14:38:03 +0000] "GET /sitemap.xml HTTP/2" 301 5 "-" "Mozilla/5.0 AppleWebKit/537.36 (KHTML, like Gecko; compatible; ClaudeBot/1.0; +claudebot@anthropic.com)"
216.73.217.30 - - [31/Jul/2026:14:38:06 +0000] "GET /sitemap_index.xml HTTP/2" 200 609 "https://konzaltant.com/sitemap.xml" "Mozilla/5.0 AppleWebKit/537.36 (KHTML, like Gecko; compatible; ClaudeBot/1.0; +claudebot@anthropic.com)"
69.72.244.100 - - [31/Jul/2026:14:38:34 +0000] "POST /wp-cron.php?doing_wp_cron=1785508714.2457020282745361328125 HTTP/1.1" 200 0 "-" "WordPress/7.0.2; https://konzaltant.com"
216.244.66.203 - - [31/Jul/2026:14:38:31 +0000] "GET /products/chaussures-talon/?srsltid=59078590 HTTP/1.1" 404 132949 "-" "Mozilla/5.0 (compatible; DotBot/1.2; +https://opensiteexplorer.org/dotbot; help@moz.com)"
69.72.244.100 - - [31/Jul/2026:14:39:02 +0000] "POST /wp-cron.php?doing_wp_cron=1785508742.8816130161285400390625 HTTP/1.1" 200 0 "-" "WordPress/7.0.2; https://konzaltant.com"
216.244.66.203 - - [31/Jul/2026:14:39:00 +0000] "GET /products/enrico-buccella/?srsltid=20310439 HTTP/1.1" 404 132948 "-" "Mozilla/5.0 (compatible; DotBot/1.2; +https://opensiteexplorer.org/dotbot; help@moz.com)"
69.72.244.100 - - [31/Jul/2026:14:39:30 +0000] "POST /wp-cron.php?doing_wp_cron=1785508770.4303910732269287109375 HTTP/1.1" 200 0 "-" "WordPress/7.0.2; https://konzaltant.com"
216.244.66.203 - - [31/Jul/2026:14:39:27 +0000] "GET /products/garmin-drivesmart-65-gps/?srsltid=37374067 HTTP/1.1" 404 132957 "-" "Mozilla/5.0 (compatible; DotBot/1.2; +https://opensiteexplorer.org/dotbot; help@moz.com)"
69.72.244.100 - - [31/Jul/2026:14:39:56 +0000] "POST /wp-cron.php?doing_wp_cron=1785508796.9218649864196777343750 HTTP/1.1" 200 0 "-" "WordPress/7.0.2; https://konzaltant.com"
216.244.66.203 - - [31/Jul/2026:14:39:54 +0000] "GET /products/jeans-bundle-pack-3-new/?srsltid=4985200 HTTP/1.1" 404 132955 "-" "Mozilla/5.0 (compatible; DotBot/1.2; +https://opensiteexplorer.org/dotbot; help@moz.com)"
69.72.244.100 - - [31/Jul/2026:14:40:10 +0000] "POST /wp-cron.php?doing_wp_cron=1785508810.0314970016479492187500 HTTP/1.1" 200 0 "-" "WordPress/7.0.2; https://konzaltant.com"
69.72.244.100 - - [31/Jul/2026:14:40:01 +0000] "GET /wp-json/jetpack/v4/sync/spawn-sync?time=1785508801&request_lock_id=1785508801.0465 HTTP/1.1" 200 38 "-" "WordPress/7.0.2; https://konzaltant.com"
69.72.244.100 - - [31/Jul/2026:14:40:13 +0000] "POST /wp-cron.php?doing_wp_cron=1785508812.9946420192718505859375 HTTP/1.1" 200 0 "-" "WordPress/7.0.2; https://konzaltant.com"
69.72.244.100 - - [31/Jul/2026:14:40:05 +0000] "POST /wp-admin/admin-ajax.php?action=as_async_request_queue_runner&nonce=bc185c182e HTTP/1.1" 200 21 "-" "WordPress/7.0.2; https://konzaltant.com"
216.244.66.203 - - [31/Jul/2026:14:40:19 +0000] "GET /products/jupe-satine/?srsltid=32168059 HTTP/1.1" 404 132944 "-" "Mozilla/5.0 (compatible; DotBot/1.2; +https://opensiteexplorer.org/dotbot; help@moz.com)"
216.244.66.203 - - [31/Jul/2026:14:40:44 +0000] "GET /products/polo-ralph-lauren-pants-mens-34x34-khaki-straight-leg-rl67-c/?srsltid=285290 HTTP/1.1" 404 132991 "-" "Mozilla/5.0 (compatible; DotBot/1.2; +https://opensiteexplorer.org/dotbot; help@moz.com)"
216.244.66.203 - - [31/Jul/2026:14:41:08 +0000] "GET /products/s925-vintage-weapon-pistol-gun-pendant-for-men/?srsltid=4717335 HTTP/1.1" 404 132978 "-" "Mozilla/5.0 (compatible; DotBot/1.2; +https://opensiteexplorer.org/dotbot; help@moz.com)"
69.72.244.100 - - [31/Jul/2026:14:41:34 +0000] "POST /wp-cron.php?doing_wp_cron=1785508894.4227640628814697265625 HTTP/1.1" 200 0 "-" "WordPress/7.0.2; https://konzaltant.com"
216.244.66.203 - - [31/Jul/2026:14:41:31 +0000] "GET /products/short-karitraa-neuf/?srsltid=52252697 HTTP/1.1" 404 132952 "-" "Mozilla/5.0 (compatible; DotBot/1.2; +https://opensiteexplorer.org/dotbot; help@moz.com)"
69.72.244.100 - - [31/Jul/2026:14:41:55 +0000] "POST /wp-cron.php?doing_wp_cron=1785508915.9112091064453125000000 HTTP/1.1" 200 0 "-" "WordPress/7.0.2; https://konzaltant.com"
216.244.66.203 - - [31/Jul/2026:14:41:53 +0000] "GET /products/spanische-fcher-aus-holz/?srsltid=31413917 HTTP/1.1" 404 132957 "-" "Mozilla/5.0 (compatible; DotBot/1.2; +https://opensiteexplorer.org/dotbot; help@moz.com)"
5.90.163.248 - - [31/Jul/2026:14:42:00 +0000] "GET /motivation-and-your-personal-vision-an-unbeatable-force/ HTTP/1.1" 200 38757 "-" "Mozilla/5.0 (Macintosh; Intel Mac OS X 11_3_1) AppleWebKit/537.36 (KHTML, like Gecko) Chrome/130.0.6723.116 Safari/537.36"
69.72.244.100 - - [31/Jul/2026:14:42:17 +0000] "POST /wp-cron.php?doing_wp_cron=1785508937.1797790527343750000000 HTTP/1.1" 200 0 "-" "WordPress/7.0.2; https://konzaltant.com"
216.244.66.203 - - [31/Jul/2026:14:42:13 +0000] "GET /products/spider-hoodie/?srsltid=37024351 HTTP/1.1" 404 132946 "-" "Mozilla/5.0 (compatible; DotBot/1.2; +https://opensiteexplorer.org/dotbot; help@moz.com)"
216.244.66.203 - - [31/Jul/2026:14:42:34 +0000] "GET /products/spider-man-kids-backpack/?srsltid=60073842 HTTP/1.1" 404 132957 "-" "Mozilla/5.0 (compatible; DotBot/1.2; +https://opensiteexplorer.org/dotbot; help@moz.com)"
69.72.244.100 - - [31/Jul/2026:14:42:56 +0000] "POST /wp-cron.php?doing_wp_cron=1785508975.9981739521026611328125 HTTP/1.1" 200 0 "-" "WordPress/7.0.2; https://konzaltant.com"
216.244.66.203 - - [31/Jul/2026:14:42:53 +0000] "GET /products/sterling-silver-diamonds-blue-topaz/?srsltid=3728550 HTTP/1.1" 404 132967 "-" "Mozilla/5.0 (compatible; DotBot/1.2; +https://opensiteexplorer.org/dotbot; help@moz.com)"
69.72.244.100 - - [31/Jul/2026:14:43:14 +0000] "POST /wp-cron.php?doing_wp_cron=1785508994.0571150779724121093750 HTTP/1.1" 200 0 "-" "WordPress/7.0.2; https://konzaltant.com"
216.244.66.203 - - [31/Jul/2026:14:43:11 +0000] "GET /products/sukienka-rowa-8-lat/?srsltid=33108226 HTTP/1.1" 404 132952 "-" "Mozilla/5.0 (compatible; DotBot/1.2; +https://opensiteexplorer.org/dotbot; help@moz.com)"
69.72.244.100 - - [31/Jul/2026:14:43:30 +0000] "POST /wp-cron.php?doing_wp_cron=1785509010.2695450782775878906250 HTTP/1.1" 200 0 "-" "WordPress/7.0.2; https://konzaltant.com"
216.244.66.203 - - [31/Jul/2026:14:43:28 +0000] "GET /products/swetr-christian-berg-r-42/?srsltid=34042240 HTTP/1.1" 404 132958 "-" "Mozilla/5.0 (compatible; DotBot/1.2; +https://opensiteexplorer.org/dotbot; help@moz.com)"
69.72.244.100 - - [31/Jul/2026:14:43:45 +0000] "POST /wp-cron.php?doing_wp_cron=1785509025.8111751079559326171875 HTTP/1.1" 200 0 "-" "WordPress/7.0.2; https://konzaltant.com"
216.244.66.203 - - [31/Jul/2026:14:43:43 +0000] "GET /products/swollen-members-vinyl/?srsltid=24785157 HTTP/1.1" 404 132954 "-" "Mozilla/5.0 (compatible; DotBot/1.2; +https://opensiteexplorer.org/dotbot; help@moz.com)"
104.244.79.40 - - [31/Jul/2026:14:43:53 +0000] "GET /wp-login.php HTTP/2" 200 4243 "-" "Mozilla/5.0 (Windows NT 10.0; Win64; x64) AppleWebKit/537.36 (KHTML, like Gecko) Chrome/150.0.0.0 Safari/537.36"
104.244.79.40 - - [31/Jul/2026:14:43:56 +0000] "POST /wp-login.php HTTP/2" 401 1315 "https://konzaltant.com/wp-login.php" "Mozilla/5.0 (Windows NT 10.0; Win64; x64) AppleWebKit/537.36 (KHTML, like Gecko) Chrome/150.0.0.0 Safari/537.36"
216.244.66.203 - - [31/Jul/2026:14:43:57 +0000] "GET /products/tarte-maracuya-juicy-lip/?srsltid=5244818 HTTP/1.1" 404 132956 "-" "Mozilla/5.0 (compatible; DotBot/1.2; +https://opensiteexplorer.org/dotbot; help@moz.com)"
69.72.244.100 - - [31/Jul/2026:14:44:21 +0000] "POST /wp-cron.php?doing_wp_cron=1785509061.8682210445404052734375 HTTP/1.1" 200 0 "-" "WordPress/7.0.2; https://konzaltant.com"
172.98.32.249 - - [31/Jul/2026:14:44:17 +0000] "POST /wp-login.php HTTP/1.1" 401 1516 "-" "Mozilla/5.0 (Windows NT 10.0; Win64; x64) AppleWebKit/537.36 Chrome/129.0.0.0 Safari/537.36"
172.98.32.241 - - [31/Jul/2026:14:44:17 +0000] "POST /wp-login.php HTTP/1.1" 401 1523 "-" "Mozilla/5.0 (Macintosh; Intel Mac OS X 10_15_7) AppleWebKit/605.1.15 Version/17.0 Safari/605.1.15"
216.244.66.203 - - [31/Jul/2026:14:44:22 +0000] "GET /products/the-farmer-in-all-of-us-an-american-portrait/?srsltid=1062376 HTTP/1.1" 404 132976 "-" "Mozilla/5.0 (compatible; DotBot/1.2; +https://opensiteexplorer.org/dotbot; help@moz.com)"
69.72.244.100 - - [31/Jul/2026:14:44:25 +0000] "POST /wp-admin/admin-ajax.php HTTP/1.1" 200 21 "-" "WordPress/7.0.2; https://konzaltant.com"
69.72.244.100 - - [31/Jul/2026:14:44:27 +0000] "POST /wp-admin/admin-ajax.php?action=as_async_request_queue_runner&nonce=bc185c182e HTTP/1.1" 200 21 "-" "WordPress/7.0.2; https://konzaltant.com"
69.72.244.100 - - [31/Jul/2026:14:44:46 +0000] "POST /wp-cron.php?doing_wp_cron=1785509086.8122110366821289062500 HTTP/1.1" 200 0 "-" "WordPress/7.0.2; https://konzaltant.com"
216.244.66.203 - - [31/Jul/2026:14:44:44 +0000] "GET /products/tie-100-silk/?srsltid=39906662 HTTP/1.1" 404 132945 "-" "Mozilla/5.0 (compatible; DotBot/1.2; +https://opensiteexplorer.org/dotbot; help@moz.com)"
69.72.244.100 - - [31/Jul/2026:14:45:30 +0000] "POST /wp-cron.php?doing_wp_cron=1785509130.6824510097503662109375 HTTP/1.1" 200 0 "-" "WordPress/7.0.2; https://konzaltant.com"
194.180.49.110 - - [31/Jul/2026:14:45:27 +0000] "GET /wp-json/gravitysmtp/v1/tests/mock-data?page=gravitysmtp-settings HTTP/1.1" 404 115 "http://konzaltant.com/wp-json/gravitysmtp/v1/tests/mock-data?page=gravitysmtp-settings" "vuln_scanner/3.1.0 (CVE-2026-4020)"
194.180.49.110 - - [31/Jul/2026:14:45:31 +0000] "GET /?rest_route=/gravitysmtp/v1/tests/mock-data&page=gravitysmtp-settings HTTP/1.1" 404 115 "http://konzaltant.com/?rest_route=/gravitysmtp/v1/tests/mock-data&page=gravitysmtp-settings" "vuln_scanner/3.1.0 (CVE-2026-4020)"
194.180.49.110 - - [31/Jul/2026:14:45:35 +0000] "GET /wp-json/gravitysmtp/v1/tests/mock-data HTTP/1.1" 404 115 "http://konzaltant.com/wp-json/gravitysmtp/v1/tests/mock-data" "vuln_scanner/3.1.0 (CVE-2026-4020)"
69.72.244.100 - - [31/Jul/2026:14:45:47 +0000] "POST /wp-cron.php?doing_wp_cron=1785509147.7071158885955810546875 HTTP/1.1" 200 0 "-" "WordPress/7.0.2; https://konzaltant.com"
216.244.66.203 - - [31/Jul/2026:14:45:44 +0000] "GET /products/tom-ford-gradient-aviator-sunglasses/?srsltid=4723321 HTTP/1.1" 404 132968 "-" "Mozilla/5.0 (compatible; DotBot/1.2; +https://opensiteexplorer.org/dotbot; help@moz.com)"
69.72.244.100 - - [31/Jul/2026:14:46:22 +0000] "POST /wp-cron.php?doing_wp_cron=1785509182.1951520442962646484375 HTTP/1.1" 200 0 "-" "WordPress/7.0.2; https://konzaltant.com"
216.244.66.203 - - [31/Jul/2026:14:46:17 +0000] "GET /products/tpob-play-clipper/?srsltid=37751370 HTTP/1.1" 404 132950 "-" "Mozilla/5.0 (compatible; DotBot/1.2; +https://opensiteexplorer.org/dotbot; help@moz.com)"
69.72.244.100 - - [31/Jul/2026:14:46:56 +0000] "POST /wp-cron.php?doing_wp_cron=1785509216.1357679367065429687500 HTTP/1.1" 200 0 "-" "WordPress/7.0.2; https://konzaltant.com"
216.244.66.203 - - [31/Jul/2026:14:46:51 +0000] "GET /products/truitje-met-streepjes/?srsltid=33618168 HTTP/1.1" 404 132954 "-" "Mozilla/5.0 (compatible; DotBot/1.2; +https://opensiteexplorer.org/dotbot; help@moz.com)"
69.72.244.100 - - [31/Jul/2026:14:51:01 +0000] "POST /wp-cron.php?doing_wp_cron=1785509461.4034850597381591796875 HTTP/1.1" 200 0 "-" "WordPress/7.0.2; https://konzaltant.com"
69.72.244.100 - - [31/Jul/2026:14:51:22 +0000] "POST /wp-cron.php?doing_wp_cron=1785509482.9878070354461669921875 HTTP/1.1" 200 0 "-" "WordPress/7.0.2; https://konzaltant.com"
216.244.66.203 - - [31/Jul/2026:14:51:20 +0000] "GET /products/1935-gallaher-ltd-portraits-of-famous-stars-2-gertrude-micha/?srsltid=24609731 HTTP/1.1" 404 132993 "-" "Mozilla/5.0 (compatible; DotBot/1.2; +https://opensiteexplorer.org/dotbot; help@moz.com)"
20.171.55.167 - - [31/Jul/2026:14:51:43 +0000] "GET /.env.php HTTP/1.1" 404 3420 "-" "Mozilla/5.0 (Windows NT 10.0; Win64; x64) AppleWebKit/537.36 (KHTML, like Gecko) Chrome/120.0.0.0 Safari/537.36"
69.72.244.100 - - [31/Jul/2026:14:51:43 +0000] "POST /wp-cron.php?doing_wp_cron=1785509503.8458030223846435546875 HTTP/1.1" 200 0 "-" "WordPress/7.0.2; https://konzaltant.com"
20.171.55.167 - - [31/Jul/2026:14:51:43 +0000] "GET /02.php HTTP/1.1" 404 3420 "-" "Mozilla/5.0 (Windows NT 10.0; Win64; x64) AppleWebKit/537.36 (KHTML, like Gecko) Chrome/120.0.0.0 Safari/537.36"
216.244.66.203 - - [31/Jul/2026:14:51:41 +0000] "GET /products/1989-score-football-270-troy-aikman-cowboys-rc-rookie-hof-bg/?srsltid=20776433 HTTP/1.1" 404 132993 "-" "Mozilla/5.0 (compatible; DotBot/1.2; +https://opensiteexplorer.org/dotbot; help@moz.com)"
20.171.55.167 - - [31/Jul/2026:14:51:44 +0000] "GET /13k.php HTTP/1.1" 404 3420 "-" "Mozilla/5.0 (Windows NT 10.0; Win64; x64) AppleWebKit/537.36 (KHTML, like Gecko) Chrome/120.0.0.0 Safari/537.36"
20.171.55.167 - - [31/Jul/2026:14:51:44 +0000] "GET /2020/02/rest-api.php HTTP/1.1" 404 3420 "-" "Mozilla/5.0 (Windows NT 10.0; Win64; x64) AppleWebKit/537.36 (KHTML, like Gecko) Chrome/120.0.0.0 Safari/537.36"
20.171.55.167 - - [31/Jul/2026:14:51:44 +0000] "GET /3301.php HTTP/1.1" 404 3420 "-" "Mozilla/5.0 (Windows NT 10.0; Win64; x64) AppleWebKit/537.36 (KHTML, like Gecko) Chrome/120.0.0.0 Safari/537.36"
20.171.55.167 - - [31/Jul/2026:14:51:44 +0000] "GET /5ed04.php HTTP/1.1" 404 3420 "-" "Mozilla/5.0 (Windows NT 10.0; Win64; x64) AppleWebKit/537.36 (KHTML, like Gecko) Chrome/120.0.0.0 Safari/537.36"
20.171.55.167 - - [31/Jul/2026:14:51:44 +0000] "GET /AK-74.php HTTP/1.1" 404 3420 "-" "Mozilla/5.0 (Windows NT 10.0; Win64; x64) AppleWebKit/537.36 (KHTML, like Gecko) Chrome/120.0.0.0 Safari/537.36"
20.171.55.167 - - [31/Jul/2026:14:51:45 +0000] "GET /Capi.php HTTP/1.1" 404 3420 "-" "Mozilla/5.0 (Windows NT 10.0; Win64; x64) AppleWebKit/537.36 (KHTML, like Gecko) Chrome/120.0.0.0 Safari/537.36"
20.171.55.167 - - [31/Jul/2026:14:51:45 +0000] "GET /Diff/Renderer/index.php HTTP/1.1" 404 3420 "-" "Mozilla/5.0 (Windows NT 10.0; Win64; x64) AppleWebKit/537.36 (KHTML, like Gecko) Chrome/120.0.0.0 Safari/537.36"
20.171.55.167 - - [31/Jul/2026:14:51:45 +0000] "GET /Gel.php HTTP/1.1" 404 3420 "-" "Mozilla/5.0 (Windows NT 10.0; Win64; x64) AppleWebKit/537.36 (KHTML, like Gecko) Chrome/120.0.0.0 Safari/537.36"
20.171.55.167 - - [31/Jul/2026:14:51:45 +0000] "GET /Mhbgf.php/xx.php HTTP/1.1" 404 3420 "-" "Mozilla/5.0 (Windows NT 10.0; Win64; x64) AppleWebKit/537.36 (KHTML, like Gecko) Chrome/120.0.0.0 Safari/537.36"
20.171.55.167 - - [31/Jul/2026:14:51:45 +0000] "GET /RxR_owown.php HTTP/1.1" 404 3420 "-" "Mozilla/5.0 (Windows NT 10.0; Win64; x64) AppleWebKit/537.36 (KHTML, like Gecko) Chrome/120.0.0.0 Safari/537.36"
20.171.55.167 - - [31/Jul/2026:14:51:45 +0000] "GET /Text/network.php HTTP/1.1" 404 3420 "-" "Mozilla/5.0 (Windows NT 10.0; Win64; x64) AppleWebKit/537.36 (KHTML, like Gecko) Chrome/120.0.0.0 Safari/537.36"
20.171.55.167 - - [31/Jul/2026:14:51:46 +0000] "GET /_Podt.php HTTP/1.1" 404 3420 "-" "Mozilla/5.0 (Windows NT 10.0; Win64; x64) AppleWebKit/537.36 (KHTML, like Gecko) Chrome/120.0.0.0 Safari/537.36"
20.171.55.167 - - [31/Jul/2026:14:51:46 +0000] "GET /acces.php HTTP/1.1" 404 3420 "-" "Mozilla/5.0 (Windows NT 10.0; Win64; x64) AppleWebKit/537.36 (KHTML, like Gecko) Chrome/120.0.0.0 Safari/537.36"
20.171.55.167 - - [31/Jul/2026:14:51:46 +0000] "GET /admin-heade.php HTTP/1.1" 404 3420 "-" "Mozilla/5.0 (Windows NT 10.0; Win64; x64) AppleWebKit/537.36 (KHTML, like Gecko) Chrome/120.0.0.0 Safari/537.36"
20.171.55.167 - - [31/Jul/2026:14:51:47 +0000] "GET /admink.php HTTP/1.1" 404 3420 "-" "Mozilla/5.0 (Windows NT 10.0; Win64; x64) AppleWebKit/537.36 (KHTML, like Gecko) Chrome/120.0.0.0 Safari/537.36"
20.171.55.167 - - [31/Jul/2026:14:51:47 +0000] "GET /akp.php HTTP/1.1" 404 3420 "-" "Mozilla/5.0 (Windows NT 10.0; Win64; x64) AppleWebKit/537.36 (KHTML, like Gecko) Chrome/120.0.0.0 Safari/537.36"
20.171.55.167 - - [31/Jul/2026:14:51:47 +0000] "GET /alfacgiapi/go.php HTTP/1.1" 404 3420 "-" "Mozilla/5.0 (Windows NT 10.0; Win64; x64) AppleWebKit/537.36 (KHTML, like Gecko) Chrome/120.0.0.0 Safari/537.36"
20.171.55.167 - - [31/Jul/2026:14:51:47 +0000] "GET /align.php HTTP/1.1" 404 3420 "-" "Mozilla/5.0 (Windows NT 10.0; Win64; x64) AppleWebKit/537.36 (KHTML, like Gecko) Chrome/120.0.0.0 Safari/537.36"
20.171.55.167 - - [31/Jul/2026:14:51:47 +0000] "GET /antek.php HTTP/1.1" 404 3420 "-" "Mozilla/5.0 (Windows NT 10.0; Win64; x64) AppleWebKit/537.36 (KHTML, like Gecko) Chrome/120.0.0.0 Safari/537.36"
20.171.55.167 - - [31/Jul/2026:14:51:47 +0000] "GET /appwp.php HTTP/1.1" 404 3420 "-" "Mozilla/5.0 (Windows NT 10.0; Win64; x64) AppleWebKit/537.36 (KHTML, like Gecko) Chrome/120.0.0.0 Safari/537.36"
20.171.55.167 - - [31/Jul/2026:14:51:48 +0000] "GET /ask.php HTTP/1.1" 404 3420 "-" "Mozilla/5.0 (Windows NT 10.0; Win64; x64) AppleWebKit/537.36 (KHTML, like Gecko) Chrome/120.0.0.0 Safari/537.36"
20.171.55.167 - - [31/Jul/2026:14:51:48 +0000] "GET /auth.php HTTP/1.1" 404 3420 "-" "Mozilla/5.0 (Windows NT 10.0; Win64; x64) AppleWebKit/537.36 (KHTML, like Gecko) Chrome/120.0.0.0 Safari/537.36"
20.171.55.167 - - [31/Jul/2026:14:51:48 +0000] "GET /b.php HTTP/1.1" 404 3420 "-" "Mozilla/5.0 (Windows NT 10.0; Win64; x64) AppleWebKit/537.36 (KHTML, like Gecko) Chrome/120.0.0.0 Safari/537.36"
20.171.55.167 - - [31/Jul/2026:14:51:48 +0000] "GET /berlin.php HTTP/1.1" 404 3420 "-" "Mozilla/5.0 (Windows NT 10.0; Win64; x64) AppleWebKit/537.36 (KHTML, like Gecko) Chrome/120.0.0.0 Safari/537.36"
20.171.55.167 - - [31/Jul/2026:14:51:48 +0000] "GET /block-patwp.php HTTP/1.1" 404 3420 "-" "Mozilla/5.0 (Windows NT 10.0; Win64; x64) AppleWebKit/537.36 (KHTML, like Gecko) Chrome/120.0.0.0 Safari/537.36"
20.171.55.167 - - [31/Jul/2026:14:51:48 +0000] "GET /bosctspi.php HTTP/1.1" 404 3420 "-" "Mozilla/5.0 (Windows NT 10.0; Win64; x64) AppleWebKit/537.36 (KHTML, like Gecko) Chrome/120.0.0.0 Safari/537.36"
20.171.55.167 - - [31/Jul/2026:14:51:49 +0000] "GET /bypas.php HTTP/1.1" 404 3420 "-" "Mozilla/5.0 (Windows NT 10.0; Win64; x64) AppleWebKit/537.36 (KHTML, like Gecko) Chrome/120.0.0.0 Safari/537.36"
20.171.55.167 - - [31/Jul/2026:14:51:49 +0000] "GET /cakiltheme/idx.php HTTP/1.1" 404 3420 "-" "Mozilla/5.0 (Windows NT 10.0; Win64; x64) AppleWebKit/537.36 (KHTML, like Gecko) Chrome/120.0.0.0 Safari/537.36"
20.171.55.167 - - [31/Jul/2026:14:51:49 +0000] "GET /cdxadmin.php HTTP/1.1" 404 3420 "-" "Mozilla/5.0 (Windows NT 10.0; Win64; x64) AppleWebKit/537.36 (KHTML, like Gecko) Chrome/120.0.0.0 Safari/537.36"
20.171.55.167 - - [31/Jul/2026:14:51:49 +0000] "GET /checker.php HTTP/1.1" 404 3420 "-" "Mozilla/5.0 (Windows NT 10.0; Win64; x64) AppleWebKit/537.36 (KHTML, like Gecko) Chrome/120.0.0.0 Safari/537.36"
20.171.55.167 - - [31/Jul/2026:14:51:49 +0000] "GET /class-simplepie.php HTTP/1.1" 404 3420 "-" "Mozilla/5.0 (Windows NT 10.0; Win64; x64) AppleWebKit/537.36 (KHTML, like Gecko) Chrome/120.0.0.0 Safari/537.36"
20.171.55.167 - - [31/Jul/2026:14:51:49 +0000] "GET /class-wp-http-proxy.php HTTP/1.1" 404 3420 "-" "Mozilla/5.0 (Windows NT 10.0; Win64; x64) AppleWebKit/537.36 (KHTML, like Gecko) Chrome/120.0.0.0 Safari/537.36"
20.171.55.167 - - [31/Jul/2026:14:51:50 +0000] "GET /class-wp-smtp-bar.php HTTP/1.1" 404 3420 "-" "Mozilla/5.0 (Windows NT 10.0; Win64; x64) AppleWebKit/537.36 (KHTML, like Gecko) Chrome/120.0.0.0 Safari/537.36"
20.171.55.167 - - [31/Jul/2026:14:51:50 +0000] "GET /click.php HTTP/1.1" 404 3420 "-" "Mozilla/5.0 (Windows NT 10.0; Win64; x64) AppleWebKit/537.36 (KHTML, like Gecko) Chrome/120.0.0.0 Safari/537.36"
20.171.55.167 - - [31/Jul/2026:14:51:50 +0000] "GET /colors/alfa-rex.php HTTP/1.1" 404 3420 "-" "Mozilla/5.0 (Windows NT 10.0; Win64; x64) AppleWebKit/537.36 (KHTML, like Gecko) Chrome/120.0.0.0 Safari/537.36"
20.171.55.167 - - [31/Jul/2026:14:51:50 +0000] "GET /colors/blue/info.php HTTP/1.1" 404 3420 "-" "Mozilla/5.0 (Windows NT 10.0; Win64; x64) AppleWebKit/537.36 (KHTML, like Gecko) Chrome/120.0.0.0 Safari/537.36"
20.171.55.167 - - [31/Jul/2026:14:51:50 +0000] "GET /colors/coffee/autoload_classmap.php HTTP/1.1" 404 3420 "-" "Mozilla/5.0 (Windows NT 10.0; Win64; x64) AppleWebKit/537.36 (KHTML, like Gecko) Chrome/120.0.0.0 Safari/537.36"
20.171.55.167 - - [31/Jul/2026:14:51:50 +0000] "GET /colors/ectoplasm/about.php HTTP/1.1" 404 3420 "-" "Mozilla/5.0 (Windows NT 10.0; Win64; x64) AppleWebKit/537.36 (KHTML, like Gecko) Chrome/120.0.0.0 Safari/537.36"
20.171.55.167 - - [31/Jul/2026:14:51:51 +0000] "GET /colors/midnight/alfa-rex.php HTTP/1.1" 404 3420 "-" "Mozilla/5.0 (Windows NT 10.0; Win64; x64) AppleWebKit/537.36 (KHTML, like Gecko) Chrome/120.0.0.0 Safari/537.36"
20.171.55.167 - - [31/Jul/2026:14:51:51 +0000] "GET /colors/xmrlpc.php HTTP/1.1" 404 3420 "-" "Mozilla/5.0 (Windows NT 10.0; Win64; x64) AppleWebKit/537.36 (KHTML, like Gecko) Chrome/120.0.0.0 Safari/537.36"
20.171.55.167 - - [31/Jul/2026:14:51:51 +0000] "GET /componentsbypass.php HTTP/1.1" 404 3420 "-" "Mozilla/5.0 (Windows NT 10.0; Win64; x64) AppleWebKit/537.36 (KHTML, like Gecko) Chrome/120.0.0.0 Safari/537.36"
20.171.55.167 - - [31/Jul/2026:14:51:51 +0000] "GET /contact.php HTTP/1.1" 404 3420 "-" "Mozilla/5.0 (Windows NT 10.0; Win64; x64) AppleWebKit/537.36 (KHTML, like Gecko) Chrome/120.0.0.0 Safari/537.36"
20.171.55.167 - - [31/Jul/2026:14:51:51 +0000] "GET /corek.php HTTP/1.1" 404 3420 "-" "Mozilla/5.0 (Windows NT 10.0; Win64; x64) AppleWebKit/537.36 (KHTML, like Gecko) Chrome/120.0.0.0 Safari/537.36"
20.171.55.167 - - [31/Jul/2026:14:51:51 +0000] "GET /custom-plugin.php HTTP/1.1" 404 3420 "-" "Mozilla/5.0 (Windows NT 10.0; Win64; x64) AppleWebKit/537.36 (KHTML, like Gecko) Chrome/120.0.0.0 Safari/537.36"
20.171.55.167 - - [31/Jul/2026:14:51:52 +0000] "GET /database.php HTTP/1.1" 404 3420 "-" "Mozilla/5.0 (Windows NT 10.0; Win64; x64) AppleWebKit/537.36 (KHTML, like Gecko) Chrome/120.0.0.0 Safari/537.36"
20.171.55.167 - - [31/Jul/2026:14:51:52 +0000] "GET /defaul.php HTTP/1.1" 404 3420 "-" "Mozilla/5.0 (Windows NT 10.0; Win64; x64) AppleWebKit/537.36 (KHTML, like Gecko) Chrome/120.0.0.0 Safari/537.36"
20.171.55.167 - - [31/Jul/2026:14:51:52 +0000] "GET /dialog.php HTTP/1.1" 404 3420 "-" "Mozilla/5.0 (Windows NT 10.0; Win64; x64) AppleWebKit/537.36 (KHTML, like Gecko) Chrome/120.0.0.0 Safari/537.36"
20.171.55.167 - - [31/Jul/2026:14:51:52 +0000] "GET /dist/vendor/vcard.php HTTP/1.1" 404 3420 "-" "Mozilla/5.0 (Windows NT 10.0; Win64; x64) AppleWebKit/537.36 (KHTML, like Gecko) Chrome/120.0.0.0 Safari/537.36"
20.171.55.167 - - [31/Jul/2026:14:51:52 +0000] "GET /documentsalfa.php HTTP/1.1" 404 3420 "-" "Mozilla/5.0 (Windows NT 10.0; Win64; x64) AppleWebKit/537.36 (KHTML, like Gecko) Chrome/120.0.0.0 Safari/537.36"
20.171.55.167 - - [31/Jul/2026:14:51:52 +0000] "GET /dropdown.php HTTP/1.1" 404 3420 "-" "Mozilla/5.0 (Windows NT 10.0; Win64; x64) AppleWebKit/537.36 (KHTML, like Gecko) Chrome/120.0.0.0 Safari/537.36"
20.171.55.167 - - [31/Jul/2026:14:51:53 +0000] "GET /ee8.php HTTP/1.1" 404 3420 "-" "Mozilla/5.0 (Windows NT 10.0; Win64; x64) AppleWebKit/537.36 (KHTML, like Gecko) Chrome/120.0.0.0 Safari/537.36"
20.171.55.167 - - [31/Jul/2026:14:51:53 +0000] "GET /erinyani/baxa1.php HTTP/1.1" 404 3420 "-" "Mozilla/5.0 (Windows NT 10.0; Win64; x64) AppleWebKit/537.36 (KHTML, like Gecko) Chrome/120.0.0.0 Safari/537.36"
20.171.55.167 - - [31/Jul/2026:14:51:53 +0000] "GET /extension/wpm.php HTTP/1.1" 404 3420 "-" "Mozilla/5.0 (Windows NT 10.0; Win64; x64) AppleWebKit/537.36 (KHTML, like Gecko) Chrome/120.0.0.0 Safari/537.36"
20.171.55.167 - - [31/Jul/2026:14:51:53 +0000] "GET /ff.php HTTP/1.1" 404 3420 "-" "Mozilla/5.0 (Windows NT 10.0; Win64; x64) AppleWebKit/537.36 (KHTML, like Gecko) Chrome/120.0.0.0 Safari/537.36"
20.171.55.167 - - [31/Jul/2026:14:51:53 +0000] "GET /file_uploadadmin.php HTTP/1.1" 404 3420 "-" "Mozilla/5.0 (Windows NT 10.0; Win64; x64) AppleWebKit/537.36 (KHTML, like Gecko) Chrome/120.0.0.0 Safari/537.36"
