108.136.214.244 - - [31/Jul/2026:14:20:29 +0000] "GET /filemanager.php HTTP/1.1" 301 0 "-" "Mozilla/5.0 (Linux; Android 10; K) AppleWebKit/537.36 (KHTML, like Gecko) Chrome/114.0.0.0 Mobile Safari/537.36"
216.244.66.196 - - [31/Jul/2026:14:20:29 +0000] "GET /products/next-baby/?srsltid=44630066 HTTP/1.1" 404 63948 "-" "Mozilla/5.0 (compatible; DotBot/1.2; +https://opensiteexplorer.org/dotbot; help@moz.com)"
108.136.214.244 - - [31/Jul/2026:14:20:31 +0000] "GET /fm1.php HTTP/1.1" 404 15807 "-" "Mozilla/5.0 (Linux; Android 10; K) AppleWebKit/537.36 (KHTML, like Gecko) Chrome/114.0.0.0 Mobile Safari/537.36"
108.136.214.244 - - [31/Jul/2026:14:20:31 +0000] "GET /flame.php HTTP/1.1" 404 15813 "-" "Mozilla/5.0 (Linux; Android 10; K) AppleWebKit/537.36 (KHTML, like Gecko) Chrome/114.0.0.0 Mobile Safari/537.36"
108.136.214.244 - - [31/Jul/2026:14:20:31 +0000] "GET /fm.php HTTP/1.1" 404 15807 "-" "Mozilla/5.0 (Linux; Android 10; K) AppleWebKit/537.36 (KHTML, like Gecko) Chrome/114.0.0.0 Mobile Safari/537.36"
108.136.214.244 - - [31/Jul/2026:14:20:31 +0000] "GET /filemanager.php HTTP/1.1" 404 15807 "-" "Mozilla/5.0 (Linux; Android 10; K) AppleWebKit/537.36 (KHTML, like Gecko) Chrome/114.0.0.0 Mobile Safari/537.36"
108.136.214.244 - - [31/Jul/2026:14:20:31 +0000] "GET /foxx.php HTTP/1.1" 404 15813 "-" "Mozilla/5.0 (Linux; Android 10; K) AppleWebKit/537.36 (KHTML, like Gecko) Chrome/114.0.0.0 Mobile Safari/537.36"
108.136.214.244 - - [31/Jul/2026:14:20:33 +0000] "GET /gel4y.php HTTP/1.1" 403 1242 "-" "Mozilla/5.0 (Linux; Android 10; K) AppleWebKit/537.36 (KHTML, like Gecko) Chrome/114.0.0.0 Mobile Safari/537.36"
108.136.214.244 - - [31/Jul/2026:14:20:33 +0000] "GET /gecko.php HTTP/1.1" 403 5806 "-" "Mozilla/5.0 (Linux; Android 10; K) AppleWebKit/537.36 (KHTML, like Gecko) Chrome/114.0.0.0 Mobile Safari/537.36"
108.136.214.244 - - [31/Jul/2026:14:20:33 +0000] "GET /g.php HTTP/1.1" 301 0 "-" "Mozilla/5.0 (Linux; Android 10; K) AppleWebKit/537.36 (KHTML, like Gecko) Chrome/114.0.0.0 Mobile Safari/537.36"
108.136.214.244 - - [31/Jul/2026:14:20:33 +0000] "GET /fx.php HTTP/1.1" 301 0 "-" "Mozilla/5.0 (Linux; Android 10; K) AppleWebKit/537.36 (KHTML, like Gecko) Chrome/114.0.0.0 Mobile Safari/537.36"
108.136.214.244 - - [31/Jul/2026:14:20:33 +0000] "GET /fw.php HTTP/1.1" 301 0 "-" "Mozilla/5.0 (Linux; Android 10; K) AppleWebKit/537.36 (KHTML, like Gecko) Chrome/114.0.0.0 Mobile Safari/537.36"
108.136.214.244 - - [31/Jul/2026:14:20:33 +0000] "GET /g.php HTTP/1.1" 404 15813 "-" "Mozilla/5.0 (Linux; Android 10; K) AppleWebKit/537.36 (KHTML, like Gecko) Chrome/114.0.0.0 Mobile Safari/537.36"
108.136.214.244 - - [31/Jul/2026:14:20:34 +0000] "GET /fw.php HTTP/1.1" 404 15813 "-" "Mozilla/5.0 (Linux; Android 10; K) AppleWebKit/537.36 (KHTML, like Gecko) Chrome/114.0.0.0 Mobile Safari/537.36"
108.136.214.244 - - [31/Jul/2026:14:20:33 +0000] "GET /fx.php HTTP/1.1" 404 15813 "-" "Mozilla/5.0 (Linux; Android 10; K) AppleWebKit/537.36 (KHTML, like Gecko) Chrome/114.0.0.0 Mobile Safari/537.36"
108.136.214.244 - - [31/Jul/2026:14:20:35 +0000] "GET /haxor.php HTTP/1.1" 403 5812 "-" "Mozilla/5.0 (Linux; Android 10; K) AppleWebKit/537.36 (KHTML, like Gecko) Chrome/114.0.0.0 Mobile Safari/537.36"
108.136.214.244 - - [31/Jul/2026:14:20:35 +0000] "GET /gelay.php HTTP/1.1" 301 0 "-" "Mozilla/5.0 (Linux; Android 10; K) AppleWebKit/537.36 (KHTML, like Gecko) Chrome/114.0.0.0 Mobile Safari/537.36"
108.136.214.244 - - [31/Jul/2026:14:20:35 +0000] "GET /h.php HTTP/1.1" 301 0 "-" "Mozilla/5.0 (Linux; Android 10; K) AppleWebKit/537.36 (KHTML, like Gecko) Chrome/114.0.0.0 Mobile Safari/537.36"
108.136.214.244 - - [31/Jul/2026:14:20:35 +0000] "GET /hello.php HTTP/1.1" 301 0 "-" "Mozilla/5.0 (Linux; Android 10; K) AppleWebKit/537.36 (KHTML, like Gecko) Chrome/114.0.0.0 Mobile Safari/537.36"
108.136.214.244 - - [31/Jul/2026:14:20:35 +0000] "GET /green.php HTTP/1.1" 301 0 "-" "Mozilla/5.0 (Linux; Android 10; K) AppleWebKit/537.36 (KHTML, like Gecko) Chrome/114.0.0.0 Mobile Safari/537.36"
216.244.66.196 - - [31/Jul/2026:14:20:36 +0000] "GET /products/pantaln-vaquero/?srsltid=56412223 HTTP/1.1" 404 63948 "-" "Mozilla/5.0 (compatible; DotBot/1.2; +https://opensiteexplorer.org/dotbot; help@moz.com)"
108.136.214.244 - - [31/Jul/2026:14:20:36 +0000] "GET /gelay.php HTTP/1.1" 404 15807 "-" "Mozilla/5.0 (Linux; Android 10; K) AppleWebKit/537.36 (KHTML, like Gecko) Chrome/114.0.0.0 Mobile Safari/537.36"
108.136.214.244 - - [31/Jul/2026:14:20:36 +0000] "GET /hello.php HTTP/1.1" 404 15807 "-" "Mozilla/5.0 (Linux; Android 10; K) AppleWebKit/537.36 (KHTML, like Gecko) Chrome/114.0.0.0 Mobile Safari/537.36"
108.136.214.244 - - [31/Jul/2026:14:20:36 +0000] "GET /green.php HTTP/1.1" 404 15813 "-" "Mozilla/5.0 (Linux; Android 10; K) AppleWebKit/537.36 (KHTML, like Gecko) Chrome/114.0.0.0 Mobile Safari/537.36"
108.136.214.244 - - [31/Jul/2026:14:20:36 +0000] "GET /h.php HTTP/1.1" 404 15813 "-" "Mozilla/5.0 (Linux; Android 10; K) AppleWebKit/537.36 (KHTML, like Gecko) Chrome/114.0.0.0 Mobile Safari/537.36"
108.136.214.244 - - [31/Jul/2026:14:20:38 +0000] "GET /id.php HTTP/1.1" 301 0 "-" "Mozilla/5.0 (Linux; Android 10; K) AppleWebKit/537.36 (KHTML, like Gecko) Chrome/114.0.0.0 Mobile Safari/537.36"
108.136.214.244 - - [31/Jul/2026:14:20:38 +0000] "GET /if.php HTTP/1.1" 301 0 "-" "Mozilla/5.0 (Linux; Android 10; K) AppleWebKit/537.36 (KHTML, like Gecko) Chrome/114.0.0.0 Mobile Safari/537.36"
108.136.214.244 - - [31/Jul/2026:14:20:38 +0000] "GET /hi.php HTTP/1.1" 301 0 "-" "Mozilla/5.0 (Linux; Android 10; K) AppleWebKit/537.36 (KHTML, like Gecko) Chrome/114.0.0.0 Mobile Safari/537.36"
108.136.214.244 - - [31/Jul/2026:14:20:38 +0000] "GET /i.php HTTP/1.1" 301 0 "-" "Mozilla/5.0 (Linux; Android 10; K) AppleWebKit/537.36 (KHTML, like Gecko) Chrome/114.0.0.0 Mobile Safari/537.36"
108.136.214.244 - - [31/Jul/2026:14:20:38 +0000] "GET /idx.php HTTP/1.1" 301 0 "-" "Mozilla/5.0 (Linux; Android 10; K) AppleWebKit/537.36 (KHTML, like Gecko) Chrome/114.0.0.0 Mobile Safari/537.36"
108.136.214.244 - - [31/Jul/2026:14:20:39 +0000] "GET /id.php HTTP/1.1" 404 15813 "-" "Mozilla/5.0 (Linux; Android 10; K) AppleWebKit/537.36 (KHTML, like Gecko) Chrome/114.0.0.0 Mobile Safari/537.36"
108.136.214.244 - - [31/Jul/2026:14:20:39 +0000] "GET /hi.php HTTP/1.1" 404 15813 "-" "Mozilla/5.0 (Linux; Android 10; K) AppleWebKit/537.36 (KHTML, like Gecko) Chrome/114.0.0.0 Mobile Safari/537.36"
108.136.214.244 - - [31/Jul/2026:14:20:39 +0000] "GET /i.php HTTP/1.1" 404 15813 "-" "Mozilla/5.0 (Linux; Android 10; K) AppleWebKit/537.36 (KHTML, like Gecko) Chrome/114.0.0.0 Mobile Safari/537.36"
108.136.214.244 - - [31/Jul/2026:14:20:39 +0000] "GET /if.php HTTP/1.1" 404 15813 "-" "Mozilla/5.0 (Linux; Android 10; K) AppleWebKit/537.36 (KHTML, like Gecko) Chrome/114.0.0.0 Mobile Safari/537.36"
108.136.214.244 - - [31/Jul/2026:14:20:40 +0000] "GET /idx.php HTTP/1.1" 404 15813 "-" "Mozilla/5.0 (Linux; Android 10; K) AppleWebKit/537.36 (KHTML, like Gecko) Chrome/114.0.0.0 Mobile Safari/537.36"
216.244.66.196 - - [31/Jul/2026:14:20:41 +0000] "GET /products/pantalon-blanc-zara/?srsltid=10335391 HTTP/1.1" 404 63948 "-" "Mozilla/5.0 (compatible; DotBot/1.2; +https://opensiteexplorer.org/dotbot; help@moz.com)"
108.136.214.244 - - [31/Jul/2026:14:20:42 +0000] "GET /indoxploit.php HTTP/1.1" 403 5806 "-" "Mozilla/5.0 (Linux; Android 10; K) AppleWebKit/537.36 (KHTML, like Gecko) Chrome/114.0.0.0 Mobile Safari/537.36"
108.136.214.244 - - [31/Jul/2026:14:20:42 +0000] "GET /init.php HTTP/1.1" 301 0 "-" "Mozilla/5.0 (Linux; Android 10; K) AppleWebKit/537.36 (KHTML, like Gecko) Chrome/114.0.0.0 Mobile Safari/537.36"
108.136.214.244 - - [31/Jul/2026:14:20:42 +0000] "GET /index/function.php HTTP/1.1" 301 0 "-" "Mozilla/5.0 (Linux; Android 10; K) AppleWebKit/537.36 (KHTML, like Gecko) Chrome/114.0.0.0 Mobile Safari/537.36"
108.136.214.244 - - [31/Jul/2026:14:20:42 +0000] "GET /images/inputs.php HTTP/1.1" 301 0 "-" "Mozilla/5.0 (Linux; Android 10; K) AppleWebKit/537.36 (KHTML, like Gecko) Chrome/114.0.0.0 Mobile Safari/537.36"
108.136.214.244 - - [31/Jul/2026:14:20:42 +0000] "GET /info.php HTTP/1.1" 301 0 "-" "Mozilla/5.0 (Linux; Android 10; K) AppleWebKit/537.36 (KHTML, like Gecko) Chrome/114.0.0.0 Mobile Safari/537.36"
108.136.214.244 - - [31/Jul/2026:14:20:43 +0000] "GET /init.php HTTP/1.1" 404 15813 "-" "Mozilla/5.0 (Linux; Android 10; K) AppleWebKit/537.36 (KHTML, like Gecko) Chrome/114.0.0.0 Mobile Safari/537.36"
108.136.214.244 - - [31/Jul/2026:14:20:43 +0000] "GET /index/function.php HTTP/1.1" 404 15807 "-" "Mozilla/5.0 (Linux; Android 10; K) AppleWebKit/537.36 (KHTML, like Gecko) Chrome/114.0.0.0 Mobile Safari/537.36"
108.136.214.244 - - [31/Jul/2026:14:20:43 +0000] "GET /images/inputs.php HTTP/1.1" 404 15807 "-" "Mozilla/5.0 (Linux; Android 10; K) AppleWebKit/537.36 (KHTML, like Gecko) Chrome/114.0.0.0 Mobile Safari/537.36"
108.136.214.244 - - [31/Jul/2026:14:20:43 +0000] "GET /info.php HTTP/1.1" 404 15813 "-" "Mozilla/5.0 (Linux; Android 10; K) AppleWebKit/537.36 (KHTML, like Gecko) Chrome/114.0.0.0 Mobile Safari/537.36"
108.136.214.244 - - [31/Jul/2026:14:20:44 +0000] "GET /install.php HTTP/1.1" 301 0 "-" "Mozilla/5.0 (Linux; Android 10; K) AppleWebKit/537.36 (KHTML, like Gecko) Chrome/114.0.0.0 Mobile Safari/537.36"
108.136.214.244 - - [31/Jul/2026:14:20:44 +0000] "GET /jindex.php HTTP/1.1" 301 0 "-" "Mozilla/5.0 (Linux; Android 10; K) AppleWebKit/537.36 (KHTML, like Gecko) Chrome/114.0.0.0 Mobile Safari/537.36"
108.136.214.244 - - [31/Jul/2026:14:20:44 +0000] "GET /j.php HTTP/1.1" 301 0 "-" "Mozilla/5.0 (Linux; Android 10; K) AppleWebKit/537.36 (KHTML, like Gecko) Chrome/114.0.0.0 Mobile Safari/537.36"
108.136.214.244 - - [31/Jul/2026:14:20:44 +0000] "GET /inputs.php HTTP/1.1" 301 0 "-" "Mozilla/5.0 (Linux; Android 10; K) AppleWebKit/537.36 (KHTML, like Gecko) Chrome/114.0.0.0 Mobile Safari/537.36"
108.136.214.244 - - [31/Jul/2026:14:20:44 +0000] "GET /iq.php HTTP/1.1" 301 0 "-" "Mozilla/5.0 (Linux; Android 10; K) AppleWebKit/537.36 (KHTML, like Gecko) Chrome/114.0.0.0 Mobile Safari/537.36"
108.136.214.244 - - [31/Jul/2026:14:20:45 +0000] "GET /jindex.php HTTP/1.1" 404 15813 "-" "Mozilla/5.0 (Linux; Android 10; K) AppleWebKit/537.36 (KHTML, like Gecko) Chrome/114.0.0.0 Mobile Safari/537.36"
216.244.66.196 - - [31/Jul/2026:14:20:45 +0000] "GET /products/pink-bow-leather-jacket/?srsltid=1871173 HTTP/1.1" 404 63948 "-" "Mozilla/5.0 (compatible; DotBot/1.2; +https://opensiteexplorer.org/dotbot; help@moz.com)"
108.136.214.244 - - [31/Jul/2026:14:20:45 +0000] "GET /install.php HTTP/1.1" 404 15813 "-" "Mozilla/5.0 (Linux; Android 10; K) AppleWebKit/537.36 (KHTML, like Gecko) Chrome/114.0.0.0 Mobile Safari/537.36"
108.136.214.244 - - [31/Jul/2026:14:20:46 +0000] "GET /j.php HTTP/1.1" 404 15813 "-" "Mozilla/5.0 (Linux; Android 10; K) AppleWebKit/537.36 (KHTML, like Gecko) Chrome/114.0.0.0 Mobile Safari/537.36"
108.136.214.244 - - [31/Jul/2026:14:20:46 +0000] "GET /inputs.php HTTP/1.1" 404 15813 "-" "Mozilla/5.0 (Linux; Android 10; K) AppleWebKit/537.36 (KHTML, like Gecko) Chrome/114.0.0.0 Mobile Safari/537.36"
108.136.214.244 - - [31/Jul/2026:14:20:46 +0000] "GET /iq.php HTTP/1.1" 404 15807 "-" "Mozilla/5.0 (Linux; Android 10; K) AppleWebKit/537.36 (KHTML, like Gecko) Chrome/114.0.0.0 Mobile Safari/537.36"
108.136.214.244 - - [31/Jul/2026:14:20:48 +0000] "GET /js.php HTTP/1.1" 301 0 "-" "Mozilla/5.0 (Linux; Android 10; K) AppleWebKit/537.36 (KHTML, like Gecko) Chrome/114.0.0.0 Mobile Safari/537.36"
108.136.214.244 - - [31/Jul/2026:14:20:48 +0000] "GET /kk.php HTTP/1.1" 301 0 "-" "Mozilla/5.0 (Linux; Android 10; K) AppleWebKit/537.36 (KHTML, like Gecko) Chrome/114.0.0.0 Mobile Safari/537.36"
108.136.214.244 - - [31/Jul/2026:14:20:48 +0000] "GET /kn.php HTTP/1.1" 301 0 "-" "Mozilla/5.0 (Linux; Android 10; K) AppleWebKit/537.36 (KHTML, like Gecko) Chrome/114.0.0.0 Mobile Safari/537.36"
108.136.214.244 - - [31/Jul/2026:14:20:48 +0000] "GET /js.php?get HTTP/1.1" 301 0 "-" "Mozilla/5.0 (Linux; Android 10; K) AppleWebKit/537.36 (KHTML, like Gecko) Chrome/114.0.0.0 Mobile Safari/537.36"
108.136.214.244 - - [31/Jul/2026:14:20:48 +0000] "GET /k.php HTTP/1.1" 301 0 "-" "Mozilla/5.0 (Linux; Android 10; K) AppleWebKit/537.36 (KHTML, like Gecko) Chrome/114.0.0.0 Mobile Safari/537.36"
108.136.214.244 - - [31/Jul/2026:14:20:49 +0000] "GET /kn.php HTTP/1.1" 404 15813 "-" "Mozilla/5.0 (Linux; Android 10; K) AppleWebKit/537.36 (KHTML, like Gecko) Chrome/114.0.0.0 Mobile Safari/537.36"
108.136.214.244 - - [31/Jul/2026:14:20:49 +0000] "GET /js.php HTTP/1.1" 404 15813 "-" "Mozilla/5.0 (Linux; Android 10; K) AppleWebKit/537.36 (KHTML, like Gecko) Chrome/114.0.0.0 Mobile Safari/537.36"
108.136.214.244 - - [31/Jul/2026:14:20:49 +0000] "GET /kk.php HTTP/1.1" 404 15813 "-" "Mozilla/5.0 (Linux; Android 10; K) AppleWebKit/537.36 (KHTML, like Gecko) Chrome/114.0.0.0 Mobile Safari/537.36"
108.136.214.244 - - [31/Jul/2026:14:20:49 +0000] "GET /js.php?get HTTP/1.1" 404 15807 "-" "Mozilla/5.0 (Linux; Android 10; K) AppleWebKit/537.36 (KHTML, like Gecko) Chrome/114.0.0.0 Mobile Safari/537.36"
108.136.214.244 - - [31/Jul/2026:14:20:49 +0000] "GET /k.php HTTP/1.1" 404 15813 "-" "Mozilla/5.0 (Linux; Android 10; K) AppleWebKit/537.36 (KHTML, like Gecko) Chrome/114.0.0.0 Mobile Safari/537.36"
108.136.214.244 - - [31/Jul/2026:14:20:51 +0000] "GET /leaf.php HTTP/1.1" 301 0 "-" "Mozilla/5.0 (Linux; Android 10; K) AppleWebKit/537.36 (KHTML, like Gecko) Chrome/114.0.0.0 Mobile Safari/537.36"
74.224.61.32 - - [31/Jul/2026:14:20:51 +0000] "GET /visas/ HTTP/1.1" 301 0 "-" "Mozilla/5.0 (Windows NT 10.0; Win64; x64) AppleWebKit/537.36 (KHTML, like Gecko) Chrome/142.0.7444.163 Safari/537.36"
108.136.214.244 - - [31/Jul/2026:14:20:51 +0000] "GET /lf.php HTTP/1.1" 301 0 "-" "Mozilla/5.0 (Linux; Android 10; K) AppleWebKit/537.36 (KHTML, like Gecko) Chrome/114.0.0.0 Mobile Safari/537.36"
108.136.214.244 - - [31/Jul/2026:14:20:51 +0000] "GET /l.php HTTP/1.1" 301 0 "-" "Mozilla/5.0 (Linux; Android 10; K) AppleWebKit/537.36 (KHTML, like Gecko) Chrome/114.0.0.0 Mobile Safari/537.36"
108.136.214.244 - - [31/Jul/2026:14:20:51 +0000] "GET /load.php HTTP/1.1" 301 0 "-" "Mozilla/5.0 (Linux; Android 10; K) AppleWebKit/537.36 (KHTML, like Gecko) Chrome/114.0.0.0 Mobile Safari/537.36"
108.136.214.244 - - [31/Jul/2026:14:20:51 +0000] "GET /loader/ff.php?pass=shell HTTP/1.1" 301 0 "-" "Mozilla/5.0 (Linux; Android 10; K) AppleWebKit/537.36 (KHTML, like Gecko) Chrome/114.0.0.0 Mobile Safari/537.36"
216.244.66.196 - - [31/Jul/2026:14:20:53 +0000] "GET /products/prada-boots/?srsltid=24814360 HTTP/1.1" 404 63948 "-" "Mozilla/5.0 (compatible; DotBot/1.2; +https://opensiteexplorer.org/dotbot; help@moz.com)"
108.136.214.244 - - [31/Jul/2026:14:20:53 +0000] "GET /leaf.php HTTP/1.1" 404 15813 "-" "Mozilla/5.0 (Linux; Android 10; K) AppleWebKit/537.36 (KHTML, like Gecko) Chrome/114.0.0.0 Mobile Safari/537.36"
108.136.214.244 - - [31/Jul/2026:14:20:53 +0000] "GET /lf.php HTTP/1.1" 404 15807 "-" "Mozilla/5.0 (Linux; Android 10; K) AppleWebKit/537.36 (KHTML, like Gecko) Chrome/114.0.0.0 Mobile Safari/537.36"
108.136.214.244 - - [31/Jul/2026:14:20:53 +0000] "GET /load.php HTTP/1.1" 404 15813 "-" "Mozilla/5.0 (Linux; Android 10; K) AppleWebKit/537.36 (KHTML, like Gecko) Chrome/114.0.0.0 Mobile Safari/537.36"
108.136.214.244 - - [31/Jul/2026:14:20:53 +0000] "GET /loader/ff.php?pass=shell HTTP/1.1" 404 15813 "-" "Mozilla/5.0 (Linux; Android 10; K) AppleWebKit/537.36 (KHTML, like Gecko) Chrome/114.0.0.0 Mobile Safari/537.36"
74.224.61.32 - - [31/Jul/2026:14:20:53 +0000] "GET /visas/ HTTP/1.1" 200 16695 "-" "Mozilla/5.0 (Windows NT 10.0; Win64; x64) AppleWebKit/537.36 (KHTML, like Gecko) Chrome/142.0.7444.163 Safari/537.36"
108.136.214.244 - - [31/Jul/2026:14:20:53 +0000] "GET /l.php HTTP/1.1" 404 15813 "-" "Mozilla/5.0 (Linux; Android 10; K) AppleWebKit/537.36 (KHTML, like Gecko) Chrome/114.0.0.0 Mobile Safari/537.36"
74.224.61.32 - - [31/Jul/2026:14:20:55 +0000] "GET /wp-content/plugins/wp-job-manager/assets/dist/css/job-listings.css?ver=598383a28ac5f9f156e4 HTTP/1.1" 200 1307 "http://kenyahighcomkigali.org/visas/" "Mozilla/5.0 (Windows NT 10.0; Win64; x64) AppleWebKit/537.36 (KHTML, like Gecko) Chrome/142.0.7444.163 Safari/537.36"
108.136.214.244 - - [31/Jul/2026:14:20:55 +0000] "GET /lock360.php HTTP/1.1" 403 5806 "-" "Mozilla/5.0 (Linux; Android 10; K) AppleWebKit/537.36 (KHTML, like Gecko) Chrome/114.0.0.0 Mobile Safari/537.36"
74.224.61.32 - - [31/Jul/2026:14:20:55 +0000] "GET /wp-content/themes/egovt/assets/libs/bootstrap/css/bootstrap.min.css HTTP/1.1" 200 22311 "http://kenyahighcomkigali.org/visas/" "Mozilla/5.0 (Windows NT 10.0; Win64; x64) AppleWebKit/537.36 (KHTML, like Gecko) Chrome/142.0.7444.163 Safari/537.36"
74.224.61.32 - - [31/Jul/2026:14:20:55 +0000] "GET /wp-content/themes/egovt/assets/libs/select2/select2.min.css HTTP/1.1" 200 2007 "http://kenyahighcomkigali.org/visas/" "Mozilla/5.0 (Windows NT 10.0; Win64; x64) AppleWebKit/537.36 (KHTML, like Gecko) Chrome/142.0.7444.163 Safari/537.36"
74.224.61.32 - - [31/Jul/2026:14:20:55 +0000] "GET /wp-content/themes/egovt/assets/libs/fancybox-master/dist/jquery.fancybox.min.css HTTP/1.1" 200 3097 "http://kenyahighcomkigali.org/visas/" "Mozilla/5.0 (Windows NT 10.0; Win64; x64) AppleWebKit/537.36 (KHTML, like Gecko) Chrome/142.0.7444.163 Safari/537.36"
74.224.61.32 - - [31/Jul/2026:14:20:55 +0000] "GET /wp-content/themes/egovt/assets/libs/linearicons/style.css HTTP/1.1" 200 1625 "http://kenyahighcomkigali.org/visas/" "Mozilla/5.0 (Windows NT 10.0; Win64; x64) AppleWebKit/537.36 (KHTML, like Gecko) Chrome/142.0.7444.163 Safari/537.36"
74.224.61.32 - - [31/Jul/2026:14:20:55 +0000] "GET /wp-content/themes/egovt/assets/libs/fontawesome/css/v4-shims.min.css HTTP/1.1" 200 4174 "http://kenyahighcomkigali.org/visas/" "Mozilla/5.0 (Windows NT 10.0; Win64; x64) AppleWebKit/537.36 (KHTML, like Gecko) Chrome/142.0.7444.163 Safari/537.36"
74.224.61.32 - - [31/Jul/2026:14:20:56 +0000] "GET /wp-content/themes/egovt/assets/libs/fontawesome/css/all.min.css HTTP/1.1" 200 10572 "http://kenyahighcomkigali.org/visas/" "Mozilla/5.0 (Windows NT 10.0; Win64; x64) AppleWebKit/537.36 (KHTML, like Gecko) Chrome/142.0.7444.163 Safari/537.36"
74.224.61.32 - - [31/Jul/2026:14:20:56 +0000] "GET /wp-content/themes/egovt/assets/css/theme.css HTTP/1.1" 200 26985 "http://kenyahighcomkigali.org/visas/" "Mozilla/5.0 (Windows NT 10.0; Win64; x64) AppleWebKit/537.36 (KHTML, like Gecko) Chrome/142.0.7444.163 Safari/537.36"
74.224.61.32 - - [31/Jul/2026:14:20:56 +0000] "GET /wp-content/themes/egovt/assets/libs/elegant_font/ele_style.css HTTP/1.1" 200 4514 "http://kenyahighcomkigali.org/visas/" "Mozilla/5.0 (Windows NT 10.0; Win64; x64) AppleWebKit/537.36 (KHTML, like Gecko) Chrome/142.0.7444.163 Safari/537.36"
74.224.61.32 - - [31/Jul/2026:14:20:56 +0000] "GET /wp-content/themes/egovt/style.css HTTP/1.1" 200 495 "http://kenyahighcomkigali.org/visas/" "Mozilla/5.0 (Windows NT 10.0; Win64; x64) AppleWebKit/537.36 (KHTML, like Gecko) Chrome/142.0.7444.163 Safari/537.36"
74.224.61.32 - - [31/Jul/2026:14:20:56 +0000] "GET /wp-content/plugins/revslider/public/assets/css/rs6.css?ver=6.5.20 HTTP/1.1" 200 12411 "http://kenyahighcomkigali.org/visas/" "Mozilla/5.0 (Windows NT 10.0; Win64; x64) AppleWebKit/537.36 (KHTML, like Gecko) Chrome/142.0.7444.163 Safari/537.36"
74.224.61.32 - - [31/Jul/2026:14:20:56 +0000] "GET /wp-includes/js/jquery/jquery.min.js?ver=3.7.1 HTTP/1.1" 200 30412 "http://kenyahighcomkigali.org/visas/" "Mozilla/5.0 (Windows NT 10.0; Win64; x64) AppleWebKit/537.36 (KHTML, like Gecko) Chrome/142.0.7444.163 Safari/537.36"
108.136.214.244 - - [31/Jul/2026:14:20:55 +0000] "GET /login.php HTTP/1.1" 301 0 "-" "Mozilla/5.0 (Linux; Android 10; K) AppleWebKit/537.36 (KHTML, like Gecko) Chrome/114.0.0.0 Mobile Safari/537.36"
108.136.214.244 - - [31/Jul/2026:14:20:55 +0000] "GET /lock.php HTTP/1.1" 301 0 "-" "Mozilla/5.0 (Linux; Android 10; K) AppleWebKit/537.36 (KHTML, like Gecko) Chrome/114.0.0.0 Mobile Safari/537.36"
108.136.214.244 - - [31/Jul/2026:14:20:55 +0000] "GET /log.php HTTP/1.1" 301 0 "-" "Mozilla/5.0 (Linux; Android 10; K) AppleWebKit/537.36 (KHTML, like Gecko) Chrome/114.0.0.0 Mobile Safari/537.36"
108.136.214.244 - - [31/Jul/2026:14:20:55 +0000] "GET /local.php HTTP/1.1" 301 0 "-" "Mozilla/5.0 (Linux; Android 10; K) AppleWebKit/537.36 (KHTML, like Gecko) Chrome/114.0.0.0 Mobile Safari/537.36"
74.224.61.32 - - [31/Jul/2026:14:20:57 +0000] "GET /wp-includes/js/jquery/jquery-migrate.min.js?ver=3.4.1 HTTP/1.1" 200 4870 "http://kenyahighcomkigali.org/visas/" "Mozilla/5.0 (Windows NT 10.0; Win64; x64) AppleWebKit/537.36 (KHTML, like Gecko) Chrome/142.0.7444.163 Safari/537.36"
74.224.61.32 - - [31/Jul/2026:14:20:57 +0000] "GET /wp-content/themes/egovt/assets/libs/select2/select2.min.js HTTP/1.1" 200 19391 "http://kenyahighcomkigali.org/visas/" "Mozilla/5.0 (Windows NT 10.0; Win64; x64) AppleWebKit/537.36 (KHTML, like Gecko) Chrome/142.0.7444.163 Safari/537.36"
74.224.61.32 - - [31/Jul/2026:14:20:57 +0000] "GET /wp-content/themes/egovt/assets/libs/bootstrap/js/bootstrap.bundle.min.js HTTP/1.1" 200 22118 "http://kenyahighcomkigali.org/visas/" "Mozilla/5.0 (Windows NT 10.0; Win64; x64) AppleWebKit/537.36 (KHTML, like Gecko) Chrome/142.0.7444.163 Safari/537.36"
74.224.61.32 - - [31/Jul/2026:14:20:57 +0000] "GET /wp-includes/js/jquery/ui/tabs.min.js?ver=1.13.3 HTTP/1.1" 200 3947 "http://kenyahighcomkigali.org/visas/" "Mozilla/5.0 (Windows NT 10.0; Win64; x64) AppleWebKit/537.36 (KHTML, like Gecko) Chrome/142.0.7444.163 Safari/537.36"
74.224.61.32 - - [31/Jul/2026:14:20:57 +0000] "GET /wp-includes/js/jquery/ui/core.min.js?ver=1.13.3 HTTP/1.1" 200 7104 "http://kenyahighcomkigali.org/visas/" "Mozilla/5.0 (Windows NT 10.0; Win64; x64) AppleWebKit/537.36 (KHTML, like Gecko) Chrome/142.0.7444.163 Safari/537.36"
74.224.61.32 - - [31/Jul/2026:14:20:57 +0000] "GET /wp-content/themes/egovt/assets/libs/fancybox-master/dist/jquery.fancybox.min.js HTTP/1.1" 200 22108 "http://kenyahighcomkigali.org/visas/" "Mozilla/5.0 (Windows NT 10.0; Win64; x64) AppleWebKit/537.36 (KHTML, like Gecko) Chrome/142.0.7444.163 Safari/537.36"
74.224.61.32 - - [31/Jul/2026:14:20:57 +0000] "GET /wp-content/themes/egovt/assets/libs/feather.min.js HTTP/1.1" 200 20759 "http://kenyahighcomkigali.org/visas/" "Mozilla/5.0 (Windows NT 10.0; Win64; x64) AppleWebKit/537.36 (KHTML, like Gecko) Chrome/142.0.7444.163 Safari/537.36"
74.224.61.32 - - [31/Jul/2026:14:20:57 +0000] "GET /wp-includes/js/jquery/ui/datepicker.min.js?ver=1.13.3 HTTP/1.1" 200 10935 "http://kenyahighcomkigali.org/visas/" "Mozilla/5.0 (Windows NT 10.0; Win64; x64) AppleWebKit/537.36 (KHTML, like Gecko) Chrome/142.0.7444.163 Safari/537.36"
74.224.61.32 - - [31/Jul/2026:14:20:57 +0000] "GET /wp-content/themes/egovt/assets/libs/elegant_font/fonts/ElegantIcons.woff HTTP/1.1" 200 63664 "http://kenyahighcomkigali.org/wp-content/themes/egovt/assets/libs/elegant_font/ele_style.css" "Mozilla/5.0 (Windows NT 10.0; Win64; x64) AppleWebKit/537.36 (KHTML, like Gecko) Chrome/142.0.7444.163 Safari/537.36"
74.224.61.32 - - [31/Jul/2026:14:20:57 +0000] "GET /wp-content/plugins/revslider/public/assets/js/rbtools.min.js?ver=6.5.18 HTTP/1.1" 200 48930 "http://kenyahighcomkigali.org/visas/" "Mozilla/5.0 (Windows NT 10.0; Win64; x64) AppleWebKit/537.36 (KHTML, like Gecko) Chrome/142.0.7444.163 Safari/537.36"
108.136.214.244 - - [31/Jul/2026:14:20:57 +0000] "GET /login.php HTTP/1.1" 302 0 "-" "Mozilla/5.0 (Linux; Android 10; K) AppleWebKit/537.36 (KHTML, like Gecko) Chrome/114.0.0.0 Mobile Safari/537.36"
74.224.61.32 - - [31/Jul/2026:14:20:57 +0000] "GET /wp-content/themes/egovt/assets/js/script.js HTTP/1.1" 200 2202 "http://kenyahighcomkigali.org/visas/" "Mozilla/5.0 (Windows NT 10.0; Win64; x64) AppleWebKit/537.36 (KHTML, like Gecko) Chrome/142.0.7444.163 Safari/537.36"
108.136.214.244 - - [31/Jul/2026:14:20:57 +0000] "GET /local.php HTTP/1.1" 404 15813 "-" "Mozilla/5.0 (Linux; Android 10; K) AppleWebKit/537.36 (KHTML, like Gecko) Chrome/114.0.0.0 Mobile Safari/537.36"
108.136.214.244 - - [31/Jul/2026:14:20:57 +0000] "GET /lock.php HTTP/1.1" 404 15813 "-" "Mozilla/5.0 (Linux; Android 10; K) AppleWebKit/537.36 (KHTML, like Gecko) Chrome/114.0.0.0 Mobile Safari/537.36"
108.136.214.244 - - [31/Jul/2026:14:20:57 +0000] "GET /log.php HTTP/1.1" 404 15813 "-" "Mozilla/5.0 (Linux; Android 10; K) AppleWebKit/537.36 (KHTML, like Gecko) Chrome/114.0.0.0 Mobile Safari/537.36"
74.224.61.32 - - [31/Jul/2026:14:20:57 +0000] "GET /wp-content/plugins/revslider/public/assets/js/rs6.min.js?ver=6.5.20 HTTP/1.1" 200 101572 "http://kenyahighcomkigali.org/visas/" "Mozilla/5.0 (Windows NT 10.0; Win64; x64) AppleWebKit/537.36 (KHTML, like Gecko) Chrome/142.0.7444.163 Safari/537.36"
74.224.61.32 - - [31/Jul/2026:14:20:58 +0000] "GET /wp-includes/js/wp-emoji-release.min.js?ver=7.0.2 HTTP/1.1" 200 5399 "http://kenyahighcomkigali.org/visas/" "Mozilla/5.0 (Windows NT 10.0; Win64; x64) AppleWebKit/537.36 (KHTML, like Gecko) Chrome/142.0.7444.163 Safari/537.36"
74.224.61.32 - - [31/Jul/2026:14:20:58 +0000] "GET /favicon.ico HTTP/1.1" 404 1251 "http://kenyahighcomkigali.org/visas/" "Mozilla/5.0 (Windows NT 10.0; Win64; x64) AppleWebKit/537.36 (KHTML, like Gecko) Chrome/142.0.7444.163 Safari/537.36"
216.244.66.196 - - [31/Jul/2026:14:20:59 +0000] "GET /products/pull-tommy-jeans/?srsltid=30911780 HTTP/1.1" 404 63948 "-" "Mozilla/5.0 (compatible; DotBot/1.2; +https://opensiteexplorer.org/dotbot; help@moz.com)"
216.244.66.196 - - [31/Jul/2026:14:21:04 +0000] "GET /products/rae-dunn-mama-chicks-kitchen/?srsltid=3931478 HTTP/1.1" 404 63948 "-" "Mozilla/5.0 (compatible; DotBot/1.2; +https://opensiteexplorer.org/dotbot; help@moz.com)"
216.244.66.196 - - [31/Jul/2026:14:21:09 +0000] "GET /products/robe-en-jean/?srsltid=44632332 HTTP/1.1" 404 63948 "-" "Mozilla/5.0 (compatible; DotBot/1.2; +https://opensiteexplorer.org/dotbot; help@moz.com)"
216.244.66.196 - - [31/Jul/2026:14:21:13 +0000] "GET /products/sandales-compenses/?srsltid=10546753 HTTP/1.1" 404 63948 "-" "Mozilla/5.0 (compatible; DotBot/1.2; +https://opensiteexplorer.org/dotbot; help@moz.com)"
216.244.66.196 - - [31/Jul/2026:14:21:17 +0000] "GET /products/t-shirt-rayures/?srsltid=33788067 HTTP/1.1" 404 63948 "-" "Mozilla/5.0 (compatible; DotBot/1.2; +https://opensiteexplorer.org/dotbot; help@moz.com)"
216.244.66.196 - - [31/Jul/2026:14:21:22 +0000] "GET /products/tank-dell-trio/?srsltid=48570414 HTTP/1.1" 404 63948 "-" "Mozilla/5.0 (compatible; DotBot/1.2; +https://opensiteexplorer.org/dotbot; help@moz.com)"
216.244.66.196 - - [31/Jul/2026:14:21:26 +0000] "GET /products/tom-ford-sunglasses/?srsltid=16735826 HTTP/1.1" 404 63948 "-" "Mozilla/5.0 (compatible; DotBot/1.2; +https://opensiteexplorer.org/dotbot; help@moz.com)"
216.244.66.196 - - [31/Jul/2026:14:21:47 +0000] "GET /products/vestido-gris/?srsltid=51451242 HTTP/1.1" 404 63948 "-" "Mozilla/5.0 (compatible; DotBot/1.2; +https://opensiteexplorer.org/dotbot; help@moz.com)"
216.244.66.196 - - [31/Jul/2026:14:21:53 +0000] "GET /products/vintage-levi-501/?srsltid=48594259 HTTP/1.1" 404 63948 "-" "Mozilla/5.0 (compatible; DotBot/1.2; +https://opensiteexplorer.org/dotbot; help@moz.com)"
216.244.66.196 - - [31/Jul/2026:14:21:59 +0000] "GET /products/wise-owl-camp-pillow/?srsltid=8844201 HTTP/1.1" 404 63948 "-" "Mozilla/5.0 (compatible; DotBot/1.2; +https://opensiteexplorer.org/dotbot; help@moz.com)"
216.244.66.196 - - [31/Jul/2026:14:22:04 +0000] "GET /products/wwf-hasbro-lot/?srsltid=40554526 HTTP/1.1" 404 63948 "-" "Mozilla/5.0 (compatible; DotBot/1.2; +https://opensiteexplorer.org/dotbot; help@moz.com)"
108.136.214.244 - - [31/Jul/2026:14:22:06 +0000] "GET /mini.php HTTP/1.1" 403 5812 "-" "Mozilla/5.0 (Linux; Android 10; K) AppleWebKit/537.36 (KHTML, like Gecko) Chrome/114.0.0.0 Mobile Safari/537.36"
108.136.214.244 - - [31/Jul/2026:14:22:06 +0000] "GET /MARIJUANA.php HTTP/1.1" 403 5812 "-" "Mozilla/5.0 (Linux; Android 10; K) AppleWebKit/537.36 (KHTML, like Gecko) Chrome/114.0.0.0 Mobile Safari/537.36"
108.136.214.244 - - [31/Jul/2026:14:22:06 +0000] "GET /mas.php HTTP/1.1" 301 0 "-" "Mozilla/5.0 (Linux; Android 10; K) AppleWebKit/537.36 (KHTML, like Gecko) Chrome/114.0.0.0 Mobile Safari/537.36"
108.136.214.244 - - [31/Jul/2026:14:22:06 +0000] "GET /mass.php HTTP/1.1" 301 0 "-" "Mozilla/5.0 (Linux; Android 10; K) AppleWebKit/537.36 (KHTML, like Gecko) Chrome/114.0.0.0 Mobile Safari/537.36"
108.136.214.244 - - [31/Jul/2026:14:22:06 +0000] "GET /min.php HTTP/1.1" 301 0 "-" "Mozilla/5.0 (Linux; Android 10; K) AppleWebKit/537.36 (KHTML, like Gecko) Chrome/114.0.0.0 Mobile Safari/537.36"
108.136.214.244 - - [31/Jul/2026:14:22:08 +0000] "GET /mas.php HTTP/1.1" 404 15813 "-" "Mozilla/5.0 (Linux; Android 10; K) AppleWebKit/537.36 (KHTML, like Gecko) Chrome/114.0.0.0 Mobile Safari/537.36"
108.136.214.244 - - [31/Jul/2026:14:22:08 +0000] "GET /mass.php HTTP/1.1" 404 15813 "-" "Mozilla/5.0 (Linux; Android 10; K) AppleWebKit/537.36 (KHTML, like Gecko) Chrome/114.0.0.0 Mobile Safari/537.36"
216.244.66.196 - - [31/Jul/2026:14:22:08 +0000] "GET /products/1080p-mobile-movie-projector/?srsltid=18476227 HTTP/1.1" 404 63948 "-" "Mozilla/5.0 (compatible; DotBot/1.2; +https://opensiteexplorer.org/dotbot; help@moz.com)"
108.136.214.244 - - [31/Jul/2026:14:22:09 +0000] "GET /min.php HTTP/1.1" 404 15813 "-" "Mozilla/5.0 (Linux; Android 10; K) AppleWebKit/537.36 (KHTML, like Gecko) Chrome/114.0.0.0 Mobile Safari/537.36"
108.136.214.244 - - [31/Jul/2026:14:22:10 +0000] "GET /minishell.php HTTP/1.1" 403 5812 "-" "Mozilla/5.0 (Linux; Android 10; K) AppleWebKit/537.36 (KHTML, like Gecko) Chrome/114.0.0.0 Mobile Safari/537.36"
108.136.214.244 - - [31/Jul/2026:14:22:10 +0000] "GET /new.php HTTP/1.1" 301 0 "-" "Mozilla/5.0 (Linux; Android 10; K) AppleWebKit/537.36 (KHTML, like Gecko) Chrome/114.0.0.0 Mobile Safari/537.36"
108.136.214.244 - - [31/Jul/2026:14:22:10 +0000] "GET /mrjn.php HTTP/1.1" 301 0 "-" "Mozilla/5.0 (Linux; Android 10; K) AppleWebKit/537.36 (KHTML, like Gecko) Chrome/114.0.0.0 Mobile Safari/537.36"
108.136.214.244 - - [31/Jul/2026:14:22:10 +0000] "GET /new-index.php HTTP/1.1" 301 0 "-" "Mozilla/5.0 (Linux; Android 10; K) AppleWebKit/537.36 (KHTML, like Gecko) Chrome/114.0.0.0 Mobile Safari/537.36"
108.136.214.244 - - [31/Jul/2026:14:22:10 +0000] "GET /n.php HTTP/1.1" 301 0 "-" "Mozilla/5.0 (Linux; Android 10; K) AppleWebKit/537.36 (KHTML, like Gecko) Chrome/114.0.0.0 Mobile Safari/537.36"
108.136.214.244 - - [31/Jul/2026:14:22:11 +0000] "GET /n.php HTTP/1.1" 404 15813 "-" "Mozilla/5.0 (Linux; Android 10; K) AppleWebKit/537.36 (KHTML, like Gecko) Chrome/114.0.0.0 Mobile Safari/537.36"
108.136.214.244 - - [31/Jul/2026:14:22:11 +0000] "GET /mrjn.php HTTP/1.1" 404 15813 "-" "Mozilla/5.0 (Linux; Android 10; K) AppleWebKit/537.36 (KHTML, like Gecko) Chrome/114.0.0.0 Mobile Safari/537.36"
108.136.214.244 - - [31/Jul/2026:14:22:11 +0000] "GET /new.php HTTP/1.1" 404 15813 "-" "Mozilla/5.0 (Linux; Android 10; K) AppleWebKit/537.36 (KHTML, like Gecko) Chrome/114.0.0.0 Mobile Safari/537.36"
108.136.214.244 - - [31/Jul/2026:14:22:12 +0000] "GET /new-index.php HTTP/1.1" 404 15807 "-" "Mozilla/5.0 (Linux; Android 10; K) AppleWebKit/537.36 (KHTML, like Gecko) Chrome/114.0.0.0 Mobile Safari/537.36"
216.244.66.196 - - [31/Jul/2026:14:22:13 +0000] "GET /products/1997-commemorative-stamp-collection/?srsltid=62213699 HTTP/1.1" 404 63948 "-" "Mozilla/5.0 (compatible; DotBot/1.2; +https://opensiteexplorer.org/dotbot; help@moz.com)"
108.136.214.244 - - [31/Jul/2026:14:22:14 +0000] "GET /nn.php HTTP/1.1" 301 0 "-" "Mozilla/5.0 (Linux; Android 10; K) AppleWebKit/537.36 (KHTML, like Gecko) Chrome/114.0.0.0 Mobile Safari/537.36"
108.136.214.244 - - [31/Jul/2026:14:22:14 +0000] "GET /o.php HTTP/1.1" 301 0 "-" "Mozilla/5.0 (Linux; Android 10; K) AppleWebKit/537.36 (KHTML, like Gecko) Chrome/114.0.0.0 Mobile Safari/537.36"
108.136.214.244 - - [31/Jul/2026:14:22:14 +0000] "GET /ninja.php HTTP/1.1" 301 0 "-" "Mozilla/5.0 (Linux; Android 10; K) AppleWebKit/537.36 (KHTML, like Gecko) Chrome/114.0.0.0 Mobile Safari/537.36"
108.136.214.244 - - [31/Jul/2026:14:22:14 +0000] "GET /NewFile.php HTTP/1.1" 301 0 "-" "Mozilla/5.0 (Linux; Android 10; K) AppleWebKit/537.36 (KHTML, like Gecko) Chrome/114.0.0.0 Mobile Safari/537.36"
108.136.214.244 - - [31/Jul/2026:14:22:14 +0000] "GET /ok.php HTTP/1.1" 301 0 "-" "Mozilla/5.0 (Linux; Android 10; K) AppleWebKit/537.36 (KHTML, like Gecko) Chrome/114.0.0.0 Mobile Safari/537.36"
108.136.214.244 - - [31/Jul/2026:14:22:15 +0000] "GET /nn.php HTTP/1.1" 404 15813 "-" "Mozilla/5.0 (Linux; Android 10; K) AppleWebKit/537.36 (KHTML, like Gecko) Chrome/114.0.0.0 Mobile Safari/537.36"
108.136.214.244 - - [31/Jul/2026:14:22:15 +0000] "GET /NewFile.php HTTP/1.1" 404 15813 "-" "Mozilla/5.0 (Linux; Android 10; K) AppleWebKit/537.36 (KHTML, like Gecko) Chrome/114.0.0.0 Mobile Safari/537.36"
108.136.214.244 - - [31/Jul/2026:14:22:15 +0000] "GET /ninja.php HTTP/1.1" 404 15813 "-" "Mozilla/5.0 (Linux; Android 10; K) AppleWebKit/537.36 (KHTML, like Gecko) Chrome/114.0.0.0 Mobile Safari/537.36"
108.136.214.244 - - [31/Jul/2026:14:22:16 +0000] "GET /o.php HTTP/1.1" 404 15813 "-" "Mozilla/5.0 (Linux; Android 10; K) AppleWebKit/537.36 (KHTML, like Gecko) Chrome/114.0.0.0 Mobile Safari/537.36"
108.136.214.244 - - [31/Jul/2026:14:22:16 +0000] "GET /ok.php HTTP/1.1" 404 15813 "-" "Mozilla/5.0 (Linux; Android 10; K) AppleWebKit/537.36 (KHTML, like Gecko) Chrome/114.0.0.0 Mobile Safari/537.36"
108.136.214.244 - - [31/Jul/2026:14:22:17 +0000] "GET /priv8.php HTTP/1.1" 403 5812 "-" "Mozilla/5.0 (Linux; Android 10; K) AppleWebKit/537.36 (KHTML, like Gecko) Chrome/114.0.0.0 Mobile Safari/537.36"
108.136.214.244 - - [31/Jul/2026:14:22:17 +0000] "GET /priv.php HTTP/1.1" 301 0 "-" "Mozilla/5.0 (Linux; Android 10; K) AppleWebKit/537.36 (KHTML, like Gecko) Chrome/114.0.0.0 Mobile Safari/537.36"
108.136.214.244 - - [31/Jul/2026:14:22:17 +0000] "GET /pi.php HTTP/1.1" 301 0 "-" "Mozilla/5.0 (Linux; Android 10; K) AppleWebKit/537.36 (KHTML, like Gecko) Chrome/114.0.0.0 Mobile Safari/537.36"
108.136.214.244 - - [31/Jul/2026:14:22:17 +0000] "GET /phpinfo.php?re@=vo@ HTTP/1.1" 301 0 "-" "Mozilla/5.0 (Linux; Android 10; K) AppleWebKit/537.36 (KHTML, like Gecko) Chrome/114.0.0.0 Mobile Safari/537.36"
108.136.214.244 - - [31/Jul/2026:14:22:17 +0000] "GET /p.php HTTP/1.1" 301 0 "-" "Mozilla/5.0 (Linux; Android 10; K) AppleWebKit/537.36 (KHTML, like Gecko) Chrome/114.0.0.0 Mobile Safari/537.36"
216.244.66.196 - - [31/Jul/2026:14:22:18 +0000] "GET /products/alo-gold-rush-puffer-jacket/?srsltid=27013229 HTTP/1.1" 404 63948 "-" "Mozilla/5.0 (compatible; DotBot/1.2; +https://opensiteexplorer.org/dotbot; help@moz.com)"
108.136.214.244 - - [31/Jul/2026:14:22:18 +0000] "GET /phpinfo.php?re@=vo@ HTTP/1.1" 404 15813 "-" "Mozilla/5.0 (Linux; Android 10; K) AppleWebKit/537.36 (KHTML, like Gecko) Chrome/114.0.0.0 Mobile Safari/537.36"
108.136.214.244 - - [31/Jul/2026:14:22:18 +0000] "GET /priv.php HTTP/1.1" 404 15813 "-" "Mozilla/5.0 (Linux; Android 10; K) AppleWebKit/537.36 (KHTML, like Gecko) Chrome/114.0.0.0 Mobile Safari/537.36"
108.136.214.244 - - [31/Jul/2026:14:22:19 +0000] "GET /pi.php HTTP/1.1" 404 15813 "-" "Mozilla/5.0 (Linux; Android 10; K) AppleWebKit/537.36 (KHTML, like Gecko) Chrome/114.0.0.0 Mobile Safari/537.36"
108.136.214.244 - - [31/Jul/2026:14:22:19 +0000] "GET /p.php HTTP/1.1" 404 15813 "-" "Mozilla/5.0 (Linux; Android 10; K) AppleWebKit/537.36 (KHTML, like Gecko) Chrome/114.0.0.0 Mobile Safari/537.36"
108.136.214.244 - - [31/Jul/2026:14:22:20 +0000] "GET /r00t.php HTTP/1.1" 403 5812 "-" "Mozilla/5.0 (Linux; Android 10; K) AppleWebKit/537.36 (KHTML, like Gecko) Chrome/114.0.0.0 Mobile Safari/537.36"
108.136.214.244 - - [31/Jul/2026:14:22:20 +0000] "GET /r.php HTTP/1.1" 301 0 "-" "Mozilla/5.0 (Linux; Android 10; K) AppleWebKit/537.36 (KHTML, like Gecko) Chrome/114.0.0.0 Mobile Safari/537.36"
108.136.214.244 - - [31/Jul/2026:14:22:20 +0000] "GET /radio.php HTTP/1.1" 301 0 "-" "Mozilla/5.0 (Linux; Android 10; K) AppleWebKit/537.36 (KHTML, like Gecko) Chrome/114.0.0.0 Mobile Safari/537.36"
108.136.214.244 - - [31/Jul/2026:14:22:20 +0000] "GET /q.php HTTP/1.1" 301 0 "-" "Mozilla/5.0 (Linux; Android 10; K) AppleWebKit/537.36 (KHTML, like Gecko) Chrome/114.0.0.0 Mobile Safari/537.36"
108.136.214.244 - - [31/Jul/2026:14:22:20 +0000] "GET /qindex.php HTTP/1.1" 301 0 "-" "Mozilla/5.0 (Linux; Android 10; K) AppleWebKit/537.36 (KHTML, like Gecko) Chrome/114.0.0.0 Mobile Safari/537.36"
108.136.214.244 - - [31/Jul/2026:14:22:21 +0000] "GET /r.php HTTP/1.1" 404 15813 "-" "Mozilla/5.0 (Linux; Android 10; K) AppleWebKit/537.36 (KHTML, like Gecko) Chrome/114.0.0.0 Mobile Safari/537.36"
108.136.214.244 - - [31/Jul/2026:14:22:21 +0000] "GET /radio.php HTTP/1.1" 404 15813 "-" "Mozilla/5.0 (Linux; Android 10; K) AppleWebKit/537.36 (KHTML, like Gecko) Chrome/114.0.0.0 Mobile Safari/537.36"
108.136.214.244 - - [31/Jul/2026:14:22:21 +0000] "GET /q.php HTTP/1.1" 404 15813 "-" "Mozilla/5.0 (Linux; Android 10; K) AppleWebKit/537.36 (KHTML, like Gecko) Chrome/114.0.0.0 Mobile Safari/537.36"
108.136.214.244 - - [31/Jul/2026:14:22:21 +0000] "GET /qindex.php HTTP/1.1" 404 15813 "-" "Mozilla/5.0 (Linux; Android 10; K) AppleWebKit/537.36 (KHTML, like Gecko) Chrome/114.0.0.0 Mobile Safari/537.36"
216.244.66.196 - - [31/Jul/2026:14:22:22 +0000] "GET /products/ankle-boots-with-heel/?srsltid=56188135 HTTP/1.1" 404 63948 "-" "Mozilla/5.0 (compatible; DotBot/1.2; +https://opensiteexplorer.org/dotbot; help@moz.com)"
108.136.214.244 - - [31/Jul/2026:14:22:23 +0000] "GET /rss.php HTTP/1.1" 301 0 "-" "Mozilla/5.0 (Linux; Android 10; K) AppleWebKit/537.36 (KHTML, like Gecko) Chrome/114.0.0.0 Mobile Safari/537.36"
108.136.214.244 - - [31/Jul/2026:14:22:23 +0000] "GET /raw.php HTTP/1.1" 301 0 "-" "Mozilla/5.0 (Linux; Android 10; K) AppleWebKit/537.36 (KHTML, like Gecko) Chrome/114.0.0.0 Mobile Safari/537.36"
108.136.214.244 - - [31/Jul/2026:14:22:23 +0000] "GET /readme.php HTTP/1.1" 301 0 "-" "Mozilla/5.0 (Linux; Android 10; K) AppleWebKit/537.36 (KHTML, like Gecko) Chrome/114.0.0.0 Mobile Safari/537.36"
108.136.214.244 - - [31/Jul/2026:14:22:23 +0000] "GET /radio.php?pass=shell HTTP/1.1" 301 0 "-" "Mozilla/5.0 (Linux; Android 10; K) AppleWebKit/537.36 (KHTML, like Gecko) Chrome/114.0.0.0 Mobile Safari/537.36"
108.136.214.244 - - [31/Jul/2026:14:22:23 +0000] "GET /root.php HTTP/1.1" 301 0 "-" "Mozilla/5.0 (Linux; Android 10; K) AppleWebKit/537.36 (KHTML, like Gecko) Chrome/114.0.0.0 Mobile Safari/537.36"
108.136.214.244 - - [31/Jul/2026:14:22:24 +0000] "GET /rss.php HTTP/1.1" 404 15813 "-" "Mozilla/5.0 (Linux; Android 10; K) AppleWebKit/537.36 (KHTML, like Gecko) Chrome/114.0.0.0 Mobile Safari/537.36"
108.136.214.244 - - [31/Jul/2026:14:22:24 +0000] "GET /raw.php HTTP/1.1" 404 15813 "-" "Mozilla/5.0 (Linux; Android 10; K) AppleWebKit/537.36 (KHTML, like Gecko) Chrome/114.0.0.0 Mobile Safari/537.36"
108.136.214.244 - - [31/Jul/2026:14:22:24 +0000] "GET /radio.php?pass=shell HTTP/1.1" 404 15813 "-" "Mozilla/5.0 (Linux; Android 10; K) AppleWebKit/537.36 (KHTML, like Gecko) Chrome/114.0.0.0 Mobile Safari/537.36"
108.136.214.244 - - [31/Jul/2026:14:22:24 +0000] "GET /root.php HTTP/1.1" 404 15813 "-" "Mozilla/5.0 (Linux; Android 10; K) AppleWebKit/537.36 (KHTML, like Gecko) Chrome/114.0.0.0 Mobile Safari/537.36"
108.136.214.244 - - [31/Jul/2026:14:22:25 +0000] "GET /readme.php HTTP/1.1" 404 15813 "-" "Mozilla/5.0 (Linux; Android 10; K) AppleWebKit/537.36 (KHTML, like Gecko) Chrome/114.0.0.0 Mobile Safari/537.36"
108.136.214.244 - - [31/Jul/2026:14:22:26 +0000] "GET /seo.php HTTP/1.1" 301 0 "-" "Mozilla/5.0 (Linux; Android 10; K) AppleWebKit/537.36 (KHTML, like Gecko) Chrome/114.0.0.0 Mobile Safari/537.36"
108.136.214.244 - - [31/Jul/2026:14:22:26 +0000] "GET /shx.php HTTP/1.1" 301 0 "-" "Mozilla/5.0 (Linux; Android 10; K) AppleWebKit/537.36 (KHTML, like Gecko) Chrome/114.0.0.0 Mobile Safari/537.36"
108.136.214.244 - - [31/Jul/2026:14:22:26 +0000] "GET /shl.php HTTP/1.1" 301 0 "-" "Mozilla/5.0 (Linux; Android 10; K) AppleWebKit/537.36 (KHTML, like Gecko) Chrome/114.0.0.0 Mobile Safari/537.36"
108.136.214.244 - - [31/Jul/2026:14:22:26 +0000] "GET /s.php HTTP/1.1" 301 0 "-" "Mozilla/5.0 (Linux; Android 10; K) AppleWebKit/537.36 (KHTML, like Gecko) Chrome/114.0.0.0 Mobile Safari/537.36"
108.136.214.244 - - [31/Jul/2026:14:22:26 +0000] "GET /send.php HTTP/1.1" 301 0 "-" "Mozilla/5.0 (Linux; Android 10; K) AppleWebKit/537.36 (KHTML, like Gecko) Chrome/114.0.0.0 Mobile Safari/537.36"
216.244.66.196 - - [31/Jul/2026:14:22:27 +0000] "GET /products/apple-leather-key-ring/?srsltid=19309667 HTTP/1.1" 404 63948 "-" "Mozilla/5.0 (compatible; DotBot/1.2; +https://opensiteexplorer.org/dotbot; help@moz.com)"
108.136.214.244 - - [31/Jul/2026:14:22:27 +0000] "GET /shl.php HTTP/1.1" 404 15813 "-" "Mozilla/5.0 (Linux; Android 10; K) AppleWebKit/537.36 (KHTML, like Gecko) Chrome/114.0.0.0 Mobile Safari/537.36"
108.136.214.244 - - [31/Jul/2026:14:22:27 +0000] "GET /send.php HTTP/1.1" 404 15807 "-" "Mozilla/5.0 (Linux; Android 10; K) AppleWebKit/537.36 (KHTML, like Gecko) Chrome/114.0.0.0 Mobile Safari/537.36"
108.136.214.244 - - [31/Jul/2026:14:22:27 +0000] "GET /seo.php HTTP/1.1" 404 15807 "-" "Mozilla/5.0 (Linux; Android 10; K) AppleWebKit/537.36 (KHTML, like Gecko) Chrome/114.0.0.0 Mobile Safari/537.36"
108.136.214.244 - - [31/Jul/2026:14:22:27 +0000] "GET /shx.php HTTP/1.1" 404 15813 "-" "Mozilla/5.0 (Linux; Android 10; K) AppleWebKit/537.36 (KHTML, like Gecko) Chrome/114.0.0.0 Mobile Safari/537.36"
108.136.214.244 - - [31/Jul/2026:14:22:27 +0000] "GET /s.php HTTP/1.1" 404 15813 "-" "Mozilla/5.0 (Linux; Android 10; K) AppleWebKit/537.36 (KHTML, like Gecko) Chrome/114.0.0.0 Mobile Safari/537.36"
108.136.214.244 - - [31/Jul/2026:14:22:30 +0000] "GET /sym403.php HTTP/1.1" 403 5812 "-" "Mozilla/5.0 (Linux; Android 10; K) AppleWebKit/537.36 (KHTML, like Gecko) Chrome/114.0.0.0 Mobile Safari/537.36"
108.136.214.244 - - [31/Jul/2026:14:22:30 +0000] "GET /sym.php HTTP/1.1" 301 0 "-" "Mozilla/5.0 (Linux; Android 10; K) AppleWebKit/537.36 (KHTML, like Gecko) Chrome/114.0.0.0 Mobile Safari/537.36"
108.136.214.244 - - [31/Jul/2026:14:22:30 +0000] "GET /simple.php HTTP/1.1" 301 0 "-" "Mozilla/5.0 (Linux; Android 10; K) AppleWebKit/537.36 (KHTML, like Gecko) Chrome/114.0.0.0 Mobile Safari/537.36"
108.136.214.244 - - [31/Jul/2026:14:22:30 +0000] "GET /style.php HTTP/1.1" 301 0 "-" "Mozilla/5.0 (Linux; Android 10; K) AppleWebKit/537.36 (KHTML, like Gecko) Chrome/114.0.0.0 Mobile Safari/537.36"
108.136.214.244 - - [31/Jul/2026:14:22:30 +0000] "GET /Sym.php HTTP/1.1" 301 0 "-" "Mozilla/5.0 (Linux; Android 10; K) AppleWebKit/537.36 (KHTML, like Gecko) Chrome/114.0.0.0 Mobile Safari/537.36"
108.136.214.244 - - [31/Jul/2026:14:22:31 +0000] "GET /sym.php HTTP/1.1" 404 15813 "-" "Mozilla/5.0 (Linux; Android 10; K) AppleWebKit/537.36 (KHTML, like Gecko) Chrome/114.0.0.0 Mobile Safari/537.36"
108.136.214.244 - - [31/Jul/2026:14:22:31 +0000] "GET /Sym.php HTTP/1.1" 404 15813 "-" "Mozilla/5.0 (Linux; Android 10; K) AppleWebKit/537.36 (KHTML, like Gecko) Chrome/114.0.0.0 Mobile Safari/537.36"
108.136.214.244 - - [31/Jul/2026:14:22:31 +0000] "GET /simple.php HTTP/1.1" 404 15813 "-" "Mozilla/5.0 (Linux; Android 10; K) AppleWebKit/537.36 (KHTML, like Gecko) Chrome/114.0.0.0 Mobile Safari/537.36"
108.136.214.244 - - [31/Jul/2026:14:22:31 +0000] "GET /style.php HTTP/1.1" 404 15813 "-" "Mozilla/5.0 (Linux; Android 10; K) AppleWebKit/537.36 (KHTML, like Gecko) Chrome/114.0.0.0 Mobile Safari/537.36"
216.244.66.196 - - [31/Jul/2026:14:22:32 +0000] "GET /products/armani-cream-printed-bubble-skirt-size-4/?srsltid=3684149 HTTP/1.1" 404 63948 "-" "Mozilla/5.0 (compatible; DotBot/1.2; +https://opensiteexplorer.org/dotbot; help@moz.com)"
108.136.214.244 - - [31/Jul/2026:14:22:33 +0000] "GET /tes.php HTTP/1.1" 301 0 "-" "Mozilla/5.0 (Linux; Android 10; K) AppleWebKit/537.36 (KHTML, like Gecko) Chrome/114.0.0.0 Mobile Safari/537.36"
108.136.214.244 - - [31/Jul/2026:14:22:33 +0000] "GET /sys.php HTTP/1.1" 301 0 "-" "Mozilla/5.0 (Linux; Android 10; K) AppleWebKit/537.36 (KHTML, like Gecko) Chrome/114.0.0.0 Mobile Safari/537.36"
108.136.214.244 - - [31/Jul/2026:14:22:33 +0000] "GET /symlink.php HTTP/1.1" 301 0 "-" "Mozilla/5.0 (Linux; Android 10; K) AppleWebKit/537.36 (KHTML, like Gecko) Chrome/114.0.0.0 Mobile Safari/537.36"
108.136.214.244 - - [31/Jul/2026:14:22:33 +0000] "GET /test.php HTTP/1.1" 301 0 "-" "Mozilla/5.0 (Linux; Android 10; K) AppleWebKit/537.36 (KHTML, like Gecko) Chrome/114.0.0.0 Mobile Safari/537.36"
108.136.214.244 - - [31/Jul/2026:14:22:33 +0000] "GET /t.php HTTP/1.1" 301 0 "-" "Mozilla/5.0 (Linux; Android 10; K) AppleWebKit/537.36 (KHTML, like Gecko) Chrome/114.0.0.0 Mobile Safari/537.36"
108.136.214.244 - - [31/Jul/2026:14:22:34 +0000] "GET /symlink.php HTTP/1.1" 404 15813 "-" "Mozilla/5.0 (Linux; Android 10; K) AppleWebKit/537.36 (KHTML, like Gecko) Chrome/114.0.0.0 Mobile Safari/537.36"
108.136.214.244 - - [31/Jul/2026:14:22:34 +0000] "GET /test.php HTTP/1.1" 404 15807 "-" "Mozilla/5.0 (Linux; Android 10; K) AppleWebKit/537.36 (KHTML, like Gecko) Chrome/114.0.0.0 Mobile Safari/537.36"
108.136.214.244 - - [31/Jul/2026:14:22:34 +0000] "GET /tes.php HTTP/1.1" 404 15813 "-" "Mozilla/5.0 (Linux; Android 10; K) AppleWebKit/537.36 (KHTML, like Gecko) Chrome/114.0.0.0 Mobile Safari/537.36"
108.136.214.244 - - [31/Jul/2026:14:22:34 +0000] "GET /sys.php HTTP/1.1" 404 15807 "-" "Mozilla/5.0 (Linux; Android 10; K) AppleWebKit/537.36 (KHTML, like Gecko) Chrome/114.0.0.0 Mobile Safari/537.36"
108.136.214.244 - - [31/Jul/2026:14:22:34 +0000] "GET /t.php HTTP/1.1" 404 15813 "-" "Mozilla/5.0 (Linux; Android 10; K) AppleWebKit/537.36 (KHTML, like Gecko) Chrome/114.0.0.0 Mobile Safari/537.36"
108.136.214.244 - - [31/Jul/2026:14:22:36 +0000] "GET /up.php HTTP/1.1" 403 5812 "-" "Mozilla/5.0 (Linux; Android 10; K) AppleWebKit/537.36 (KHTML, like Gecko) Chrome/114.0.0.0 Mobile Safari/537.36"
108.136.214.244 - - [31/Jul/2026:14:22:36 +0000] "GET /tinyfilemanager.php HTTP/1.1" 301 0 "-" "Mozilla/5.0 (Linux; Android 10; K) AppleWebKit/537.36 (KHTML, like Gecko) Chrome/114.0.0.0 Mobile Safari/537.36"
108.136.214.244 - - [31/Jul/2026:14:22:36 +0000] "GET /upfile.php HTTP/1.1" 301 0 "-" "Mozilla/5.0 (Linux; Android 10; K) AppleWebKit/537.36 (KHTML, like Gecko) Chrome/114.0.0.0 Mobile Safari/537.36"
108.136.214.244 - - [31/Jul/2026:14:22:36 +0000] "GET /u.php HTTP/1.1" 301 0 "-" "Mozilla/5.0 (Linux; Android 10; K) AppleWebKit/537.36 (KHTML, like Gecko) Chrome/114.0.0.0 Mobile Safari/537.36"
108.136.214.244 - - [31/Jul/2026:14:22:36 +0000] "GET /unknown.php HTTP/1.1" 301 0 "-" "Mozilla/5.0 (Linux; Android 10; K) AppleWebKit/537.36 (KHTML, like Gecko) Chrome/114.0.0.0 Mobile Safari/537.36"
108.136.214.244 - - [31/Jul/2026:14:22:37 +0000] "GET /unknown.php HTTP/1.1" 404 15807 "-" "Mozilla/5.0 (Linux; Android 10; K) AppleWebKit/537.36 (KHTML, like Gecko) Chrome/114.0.0.0 Mobile Safari/537.36"
108.136.214.244 - - [31/Jul/2026:14:22:38 +0000] "GET /u.php HTTP/1.1" 404 15813 "-" "Mozilla/5.0 (Linux; Android 10; K) AppleWebKit/537.36 (KHTML, like Gecko) Chrome/114.0.0.0 Mobile Safari/537.36"
108.136.214.244 - - [31/Jul/2026:14:22:38 +0000] "GET /upfile.php HTTP/1.1" 404 15813 "-" "Mozilla/5.0 (Linux; Android 10; K) AppleWebKit/537.36 (KHTML, like Gecko) Chrome/114.0.0.0 Mobile Safari/537.36"
108.136.214.244 - - [31/Jul/2026:14:22:38 +0000] "GET /tinyfilemanager.php HTTP/1.1" 404 15813 "-" "Mozilla/5.0 (Linux; Android 10; K) AppleWebKit/537.36 (KHTML, like Gecko) Chrome/114.0.0.0 Mobile Safari/537.36"
108.136.214.244 - - [31/Jul/2026:14:22:40 +0000] "GET /uploader.php HTTP/1.1" 301 0 "-" "Mozilla/5.0 (Linux; Android 10; K) AppleWebKit/537.36 (KHTML, like Gecko) Chrome/114.0.0.0 Mobile Safari/537.36"
108.136.214.244 - - [31/Jul/2026:14:22:40 +0000] "GET /uploads.php HTTP/1.1" 301 0 "-" "Mozilla/5.0 (Linux; Android 10; K) AppleWebKit/537.36 (KHTML, like Gecko) Chrome/114.0.0.0 Mobile Safari/537.36"
108.136.214.244 - - [31/Jul/2026:14:22:40 +0000] "GET /upload.php HTTP/1.1" 301 0 "-" "Mozilla/5.0 (Linux; Android 10; K) AppleWebKit/537.36 (KHTML, like Gecko) Chrome/114.0.0.0 Mobile Safari/537.36"
108.136.214.244 - - [31/Jul/2026:14:22:40 +0000] "GET /ups.php HTTP/1.1" 301 0 "-" "Mozilla/5.0 (Linux; Android 10; K) AppleWebKit/537.36 (KHTML, like Gecko) Chrome/114.0.0.0 Mobile Safari/537.36"
108.136.214.244 - - [31/Jul/2026:14:22:40 +0000] "GET /upgrade.php HTTP/1.1" 301 0 "-" "Mozilla/5.0 (Linux; Android 10; K) AppleWebKit/537.36 (KHTML, like Gecko) Chrome/114.0.0.0 Mobile Safari/537.36"
216.244.66.196 - - [31/Jul/2026:14:22:40 +0000] "GET /products/baby-girls-adidas-tracksuit/?srsltid=56782956 HTTP/1.1" 404 63948 "-" "Mozilla/5.0 (compatible; DotBot/1.2; +https://opensiteexplorer.org/dotbot; help@moz.com)"
108.136.214.244 - - [31/Jul/2026:14:22:41 +0000] "GET /uploader.php HTTP/1.1" 404 15807 "-" "Mozilla/5.0 (Linux; Android 10; K) AppleWebKit/537.36 (KHTML, like Gecko) Chrome/114.0.0.0 Mobile Safari/537.36"
108.136.214.244 - - [31/Jul/2026:14:22:41 +0000] "GET /upload.php HTTP/1.1" 404 15813 "-" "Mozilla/5.0 (Linux; Android 10; K) AppleWebKit/537.36 (KHTML, like Gecko) Chrome/114.0.0.0 Mobile Safari/537.36"
108.136.214.244 - - [31/Jul/2026:14:22:41 +0000] "GET /ups.php HTTP/1.1" 404 15813 "-" "Mozilla/5.0 (Linux; Android 10; K) AppleWebKit/537.36 (KHTML, like Gecko) Chrome/114.0.0.0 Mobile Safari/537.36"
108.136.214.244 - - [31/Jul/2026:14:22:41 +0000] "GET /uploads.php HTTP/1.1" 404 15813 "-" "Mozilla/5.0 (Linux; Android 10; K) AppleWebKit/537.36 (KHTML, like Gecko) Chrome/114.0.0.0 Mobile Safari/537.36"
108.136.214.244 - - [31/Jul/2026:14:22:41 +0000] "GET /upgrade.php HTTP/1.1" 404 15813 "-" "Mozilla/5.0 (Linux; Android 10; K) AppleWebKit/537.36 (KHTML, like Gecko) Chrome/114.0.0.0 Mobile Safari/537.36"
