4.213.147.0 - - [31/Jul/2026:13:58:33 +0000] "GET /wp-content/themes/egovt/assets/libs/fancybox-master/dist/jquery.fancybox.min.js HTTP/1.1" 200 22108 "http://kenyahighcomkigali.org/visas/" "Mozilla/5.0 (Windows NT 10.0; Win64; x64) AppleWebKit/537.36 (KHTML, like Gecko) Chrome/142.0.7444.175 Safari/537.36"
4.213.147.0 - - [31/Jul/2026:13:58:33 +0000] "GET /wp-includes/js/jquery/ui/core.min.js?ver=1.13.3 HTTP/1.1" 200 7104 "http://kenyahighcomkigali.org/visas/" "Mozilla/5.0 (Windows NT 10.0; Win64; x64) AppleWebKit/537.36 (KHTML, like Gecko) Chrome/142.0.7444.175 Safari/537.36"
4.213.147.0 - - [31/Jul/2026:13:58:33 +0000] "GET /wp-includes/js/jquery/ui/tabs.min.js?ver=1.13.3 HTTP/1.1" 200 3947 "http://kenyahighcomkigali.org/visas/" "Mozilla/5.0 (Windows NT 10.0; Win64; x64) AppleWebKit/537.36 (KHTML, like Gecko) Chrome/142.0.7444.175 Safari/537.36"
4.213.147.0 - - [31/Jul/2026:13:58:33 +0000] "GET /wp-includes/js/jquery/ui/datepicker.min.js?ver=1.13.3 HTTP/1.1" 200 10935 "http://kenyahighcomkigali.org/visas/" "Mozilla/5.0 (Windows NT 10.0; Win64; x64) AppleWebKit/537.36 (KHTML, like Gecko) Chrome/142.0.7444.175 Safari/537.36"
4.213.147.0 - - [31/Jul/2026:13:58:33 +0000] "GET /wp-content/themes/egovt/assets/js/script.js HTTP/1.1" 200 2202 "http://kenyahighcomkigali.org/visas/" "Mozilla/5.0 (Windows NT 10.0; Win64; x64) AppleWebKit/537.36 (KHTML, like Gecko) Chrome/142.0.7444.175 Safari/537.36"
4.213.147.0 - - [31/Jul/2026:13:58:33 +0000] "GET /wp-content/plugins/revslider/public/assets/js/rbtools.min.js?ver=6.5.18 HTTP/1.1" 200 48930 "http://kenyahighcomkigali.org/visas/" "Mozilla/5.0 (Windows NT 10.0; Win64; x64) AppleWebKit/537.36 (KHTML, like Gecko) Chrome/142.0.7444.175 Safari/537.36"
216.244.66.196 - - [31/Jul/2026:13:58:32 +0000] "GET /products/framed-cute-black-bear-bathroom-canvas-wall-art-decor-16-x-1/?srsltid=6996373 HTTP/1.1" 404 63948 "-" "Mozilla/5.0 (compatible; DotBot/1.2; +https://opensiteexplorer.org/dotbot; help@moz.com)"
4.213.147.0 - - [31/Jul/2026:13:58:33 +0000] "GET /wp-content/plugins/revslider/public/assets/js/rs6.min.js?ver=6.5.20 HTTP/1.1" 200 101572 "http://kenyahighcomkigali.org/visas/" "Mozilla/5.0 (Windows NT 10.0; Win64; x64) AppleWebKit/537.36 (KHTML, like Gecko) Chrome/142.0.7444.175 Safari/537.36"
4.213.147.0 - - [31/Jul/2026:13:58:33 +0000] "GET /wp-content/themes/egovt/assets/libs/elegant_font/fonts/ElegantIcons.woff HTTP/1.1" 200 63664 "http://kenyahighcomkigali.org/wp-content/themes/egovt/assets/libs/elegant_font/ele_style.css" "Mozilla/5.0 (Windows NT 10.0; Win64; x64) AppleWebKit/537.36 (KHTML, like Gecko) Chrome/142.0.7444.175 Safari/537.36"
4.213.147.0 - - [31/Jul/2026:13:58:36 +0000] "GET /favicon.ico HTTP/1.1" 404 1251 "http://kenyahighcomkigali.org/visas/" "Mozilla/5.0 (Windows NT 10.0; Win64; x64) AppleWebKit/537.36 (KHTML, like Gecko) Chrome/142.0.7444.175 Safari/537.36"
4.213.147.0 - - [31/Jul/2026:13:58:36 +0000] "GET /wp-includes/js/wp-emoji-release.min.js?ver=7.0.2 HTTP/1.1" 200 5399 "http://kenyahighcomkigali.org/visas/" "Mozilla/5.0 (Windows NT 10.0; Win64; x64) AppleWebKit/537.36 (KHTML, like Gecko) Chrome/142.0.7444.175 Safari/537.36"
216.244.66.196 - - [31/Jul/2026:13:58:37 +0000] "GET /products/funko-pop-godzilla-king-of-the-monsters-1347-mothra-black-li/?srsltid=2824604 HTTP/1.1" 404 63948 "-" "Mozilla/5.0 (compatible; DotBot/1.2; +https://opensiteexplorer.org/dotbot; help@moz.com)"
216.244.66.196 - - [31/Jul/2026:13:58:41 +0000] "GET /products/gold-plated-14k-macaveli-pendant-iced-jewlery/?srsltid=55426370 HTTP/1.1" 404 63948 "-" "Mozilla/5.0 (compatible; DotBot/1.2; +https://opensiteexplorer.org/dotbot; help@moz.com)"
216.244.66.196 - - [31/Jul/2026:13:58:46 +0000] "GET /products/gorgeous-y2k-handmade-glass-bead-bracelet/?srsltid=38553119 HTTP/1.1" 404 63948 "-" "Mozilla/5.0 (compatible; DotBot/1.2; +https://opensiteexplorer.org/dotbot; help@moz.com)"
216.244.66.196 - - [31/Jul/2026:13:58:50 +0000] "GET /products/happy-18th-birthday-beer-stein/?srsltid=207025703 HTTP/1.1" 404 63948 "-" "Mozilla/5.0 (compatible; DotBot/1.2; +https://opensiteexplorer.org/dotbot; help@moz.com)"
216.244.66.196 - - [31/Jul/2026:13:58:55 +0000] "GET /products/hollywood-dreams-nightmares-the-robert-englund-story-steelbook/?srsltid=7814764 HTTP/1.1" 404 63948 "-" "Mozilla/5.0 (compatible; DotBot/1.2; +https://opensiteexplorer.org/dotbot; help@moz.com)"
216.244.66.196 - - [31/Jul/2026:13:58:59 +0000] "GET /products/jo-malone-moonlit-camomile-cologne-perfume-big-100-ml/?srsltid=29328019 HTTP/1.1" 404 63948 "-" "Mozilla/5.0 (compatible; DotBot/1.2; +https://opensiteexplorer.org/dotbot; help@moz.com)"
216.244.66.196 - - [31/Jul/2026:13:59:03 +0000] "GET /products/jordan-12-retro-sp-a-ma-manire-white-w/?srsltid=37670046 HTTP/1.1" 404 63948 "-" "Mozilla/5.0 (compatible; DotBot/1.2; +https://opensiteexplorer.org/dotbot; help@moz.com)"
216.244.66.196 - - [31/Jul/2026:13:59:08 +0000] "GET /products/jordan-jersey-black-out-23-blank-back/?srsltid=18943414 HTTP/1.1" 404 63948 "-" "Mozilla/5.0 (compatible; DotBot/1.2; +https://opensiteexplorer.org/dotbot; help@moz.com)"
216.244.66.196 - - [31/Jul/2026:13:59:12 +0000] "GET /products/kindsight-no-shame-no-fame-vinyl-lp/?srsltid=205833289 HTTP/1.1" 404 63948 "-" "Mozilla/5.0 (compatible; DotBot/1.2; +https://opensiteexplorer.org/dotbot; help@moz.com)"
216.244.66.196 - - [31/Jul/2026:13:59:17 +0000] "GET /products/kleid-collusion-wei-mini-xs-leinen-baumwolle/?srsltid=38839274 HTTP/1.1" 404 63948 "-" "Mozilla/5.0 (compatible; DotBot/1.2; +https://opensiteexplorer.org/dotbot; help@moz.com)"
216.244.66.196 - - [31/Jul/2026:13:59:21 +0000] "GET /products/kurtka-zimowa-narciarska-snowboardowa-clima-tex/?srsltid=51595400 HTTP/1.1" 404 63948 "-" "Mozilla/5.0 (compatible; DotBot/1.2; +https://opensiteexplorer.org/dotbot; help@moz.com)"
216.244.66.196 - - [31/Jul/2026:13:59:26 +0000] "GET /products/lamine-yamal-x-spotify-blue-barcelona-jersey/?srsltid=30120156 HTTP/1.1" 404 63948 "-" "Mozilla/5.0 (compatible; DotBot/1.2; +https://opensiteexplorer.org/dotbot; help@moz.com)"
194.180.49.110 - - [31/Jul/2026:13:59:29 +0000] "GET /wp-json/gravitysmtp/v1/tests/mock-data?page=gravitysmtp-settings HTTP/1.1" 403 17008 "-" "vuln_scanner/3.1.0 (CVE-2026-4020)"
216.244.66.196 - - [31/Jul/2026:13:59:30 +0000] "GET /products/levis-550-relaxed-fit-jeans-mens-w36-l32-light-wash-denim-pa/?srsltid=8188440 HTTP/1.1" 404 63948 "-" "Mozilla/5.0 (compatible; DotBot/1.2; +https://opensiteexplorer.org/dotbot; help@moz.com)"
216.244.66.196 - - [31/Jul/2026:13:59:34 +0000] "GET /products/lind-acdc9020-de02-autoairlineac-adapter/?srsltid=200728936 HTTP/1.1" 404 63948 "-" "Mozilla/5.0 (compatible; DotBot/1.2; +https://opensiteexplorer.org/dotbot; help@moz.com)"
216.244.66.196 - - [31/Jul/2026:13:59:39 +0000] "GET /products/loft-petites-womens-black-ponte-knit-blazer-jacket-rayon-nyl/?srsltid=6634455 HTTP/1.1" 404 63948 "-" "Mozilla/5.0 (compatible; DotBot/1.2; +https://opensiteexplorer.org/dotbot; help@moz.com)"
216.244.66.196 - - [31/Jul/2026:13:59:43 +0000] "GET /products/lot-de-3-ensembles-pantalons-fille-3-ans/?srsltid=56836123 HTTP/1.1" 404 63948 "-" "Mozilla/5.0 (compatible; DotBot/1.2; +https://opensiteexplorer.org/dotbot; help@moz.com)"
216.244.66.196 - - [31/Jul/2026:13:59:47 +0000] "GET /products/mens-size-2xl-black-leather-coat-with-insert/?srsltid=13982176 HTTP/1.1" 404 63948 "-" "Mozilla/5.0 (compatible; DotBot/1.2; +https://opensiteexplorer.org/dotbot; help@moz.com)"
216.244.66.196 - - [31/Jul/2026:13:59:52 +0000] "GET /products/michael-kors-gen-6-bradshaw-smart-watch/?srsltid=17047283 HTTP/1.1" 404 63948 "-" "Mozilla/5.0 (compatible; DotBot/1.2; +https://opensiteexplorer.org/dotbot; help@moz.com)"
216.244.66.196 - - [31/Jul/2026:13:59:56 +0000] "GET /products/michael-kors-polly-runway-croc-embossed-leather-sandal/?srsltid=11017027 HTTP/1.1" 404 63948 "-" "Mozilla/5.0 (compatible; DotBot/1.2; +https://opensiteexplorer.org/dotbot; help@moz.com)"
216.244.66.196 - - [31/Jul/2026:14:00:01 +0000] "GET /products/minami-tanaka-clane-over-tweed-coat-black-size-0/?srsltid=61352310 HTTP/1.1" 404 63948 "-" "Mozilla/5.0 (compatible; DotBot/1.2; +https://opensiteexplorer.org/dotbot; help@moz.com)"
216.244.66.196 - - [31/Jul/2026:14:00:05 +0000] "GET /products/mk-suri-sm-bucket-bag-crossbody-black-logo-gold/?srsltid=28906225 HTTP/1.1" 404 63948 "-" "Mozilla/5.0 (compatible; DotBot/1.2; +https://opensiteexplorer.org/dotbot; help@moz.com)"
216.244.66.196 - - [31/Jul/2026:14:00:10 +0000] "GET /products/mondetta-ladies-collared-zip-front-tee-14-short-sleeve-polo/?srsltid=8539622 HTTP/1.1" 404 63948 "-" "Mozilla/5.0 (compatible; DotBot/1.2; +https://opensiteexplorer.org/dotbot; help@moz.com)"
216.244.66.196 - - [31/Jul/2026:14:00:14 +0000] "GET /products/monica-vinader-alta-textured-chain-necklace/?srsltid=59592460 HTTP/1.1" 404 63948 "-" "Mozilla/5.0 (compatible; DotBot/1.2; +https://opensiteexplorer.org/dotbot; help@moz.com)"
216.244.66.196 - - [31/Jul/2026:14:00:23 +0000] "GET /products/monopoly-streets-sony-playstation-3-ps3/?srsltid=206701906 HTTP/1.1" 404 63948 "-" "Mozilla/5.0 (compatible; DotBot/1.2; +https://opensiteexplorer.org/dotbot; help@moz.com)"
216.244.66.196 - - [31/Jul/2026:14:00:44 +0000] "GET /products/moosun-go-cart-tav2-torque-converter-kits-35/?srsltid=17754520 HTTP/1.1" 404 63948 "-" "Mozilla/5.0 (compatible; DotBot/1.2; +https://opensiteexplorer.org/dotbot; help@moz.com)"
220.181.108.146 - - [31/Jul/2026:14:02:12 +0000] "GET /animated-number/facebook.com/kenyahcrwanda HTTP/1.1" 301 0 "-" "Mozilla/5.0 (compatible; Baiduspider/2.0; +http://www.baidu.com/search/spider.html)"
220.181.108.178 - - [31/Jul/2026:14:02:13 +0000] "GET /animated-number/facebook.com/kenyahcrwanda HTTP/1.1" 404 15813 "-" "Mozilla/5.0 (compatible; Baiduspider/2.0; +http://www.baidu.com/search/spider.html)"
216.244.66.196 - - [31/Jul/2026:14:10:18 +0000] "GET /robots.txt HTTP/1.1" 200 102 "-" "Mozilla/5.0 (compatible; DotBot/1.2; +https://opensiteexplorer.org/dotbot; help@moz.com)"
216.244.66.196 - - [31/Jul/2026:14:10:18 +0000] "GET /robots.txt HTTP/1.1" 200 102 "-" "Mozilla/5.0 (compatible; DotBot/1.2; +https://opensiteexplorer.org/dotbot; help@moz.com)"
216.244.66.196 - - [31/Jul/2026:14:17:35 +0000] "GET /products/bracelet/?srsltid=693931 HTTP/1.1" 404 63948 "-" "Mozilla/5.0 (compatible; DotBot/1.2; +https://opensiteexplorer.org/dotbot; help@moz.com)"
216.244.66.196 - - [31/Jul/2026:14:17:41 +0000] "GET /products/albums/?srsltid=49064113 HTTP/1.1" 404 63948 "-" "Mozilla/5.0 (compatible; DotBot/1.2; +https://opensiteexplorer.org/dotbot; help@moz.com)"
216.244.66.196 - - [31/Jul/2026:14:17:46 +0000] "GET /products/backpack-puma/?srsltid=5495337 HTTP/1.1" 404 63948 "-" "Mozilla/5.0 (compatible; DotBot/1.2; +https://opensiteexplorer.org/dotbot; help@moz.com)"
216.244.66.196 - - [31/Jul/2026:14:17:51 +0000] "GET /products/figure/?srsltid=55054130 HTTP/1.1" 404 63948 "-" "Mozilla/5.0 (compatible; DotBot/1.2; +https://opensiteexplorer.org/dotbot; help@moz.com)"
216.244.66.196 - - [31/Jul/2026:14:17:55 +0000] "GET /products/garmin-watch/?srsltid=1455581 HTTP/1.1" 404 63948 "-" "Mozilla/5.0 (compatible; DotBot/1.2; +https://opensiteexplorer.org/dotbot; help@moz.com)"
216.244.66.196 - - [31/Jul/2026:14:17:59 +0000] "GET /products/gorgeous-tumble/?srsltid=8029126 HTTP/1.1" 404 63948 "-" "Mozilla/5.0 (compatible; DotBot/1.2; +https://opensiteexplorer.org/dotbot; help@moz.com)"
216.244.66.196 - - [31/Jul/2026:14:18:04 +0000] "GET /products/square-register/?srsltid=9043258 HTTP/1.1" 404 63948 "-" "Mozilla/5.0 (compatible; DotBot/1.2; +https://opensiteexplorer.org/dotbot; help@moz.com)"
108.136.214.244 - - [31/Jul/2026:14:18:04 +0000] "GET /5.php HTTP/1.1" 301 0 "-" "Mozilla/5.0 (Linux; Android 10; K) AppleWebKit/537.36 (KHTML, like Gecko) Chrome/114.0.0.0 Mobile Safari/537.36"
108.136.214.244 - - [31/Jul/2026:14:18:04 +0000] "GET /404.php HTTP/1.1" 301 0 "-" "Mozilla/5.0 (Linux; Android 10; K) AppleWebKit/537.36 (KHTML, like Gecko) Chrome/114.0.0.0 Mobile Safari/537.36"
108.136.214.244 - - [31/Jul/2026:14:18:04 +0000] "GET /500.php HTTP/1.1" 301 0 "-" "Mozilla/5.0 (Linux; Android 10; K) AppleWebKit/537.36 (KHTML, like Gecko) Chrome/114.0.0.0 Mobile Safari/537.36"
108.136.214.244 - - [31/Jul/2026:14:18:04 +0000] "GET /406.php HTTP/1.1" 301 0 "-" "Mozilla/5.0 (Linux; Android 10; K) AppleWebKit/537.36 (KHTML, like Gecko) Chrome/114.0.0.0 Mobile Safari/537.36"
108.136.214.244 - - [31/Jul/2026:14:18:04 +0000] "GET /403.php HTTP/1.1" 301 0 "-" "Mozilla/5.0 (Linux; Android 10; K) AppleWebKit/537.36 (KHTML, like Gecko) Chrome/114.0.0.0 Mobile Safari/537.36"
108.136.214.244 - - [31/Jul/2026:14:18:07 +0000] "GET /500.php HTTP/1.1" 404 15813 "-" "Mozilla/5.0 (Linux; Android 10; K) AppleWebKit/537.36 (KHTML, like Gecko) Chrome/114.0.0.0 Mobile Safari/537.36"
108.136.214.244 - - [31/Jul/2026:14:18:07 +0000] "GET /406.php HTTP/1.1" 404 15813 "-" "Mozilla/5.0 (Linux; Android 10; K) AppleWebKit/537.36 (KHTML, like Gecko) Chrome/114.0.0.0 Mobile Safari/537.36"
108.136.214.244 - - [31/Jul/2026:14:18:07 +0000] "GET /5.php HTTP/1.1" 404 15813 "-" "Mozilla/5.0 (Linux; Android 10; K) AppleWebKit/537.36 (KHTML, like Gecko) Chrome/114.0.0.0 Mobile Safari/537.36"
108.136.214.244 - - [31/Jul/2026:14:18:07 +0000] "GET /404.php HTTP/1.1" 404 15813 "-" "Mozilla/5.0 (Linux; Android 10; K) AppleWebKit/537.36 (KHTML, like Gecko) Chrome/114.0.0.0 Mobile Safari/537.36"
108.136.214.244 - - [31/Jul/2026:14:18:07 +0000] "GET /403.php HTTP/1.1" 404 15813 "-" "Mozilla/5.0 (Linux; Android 10; K) AppleWebKit/537.36 (KHTML, like Gecko) Chrome/114.0.0.0 Mobile Safari/537.36"
108.136.214.244 - - [31/Jul/2026:14:18:09 +0000] "GET /8.php HTTP/1.1" 301 0 "-" "Mozilla/5.0 (Linux; Android 10; K) AppleWebKit/537.36 (KHTML, like Gecko) Chrome/114.0.0.0 Mobile Safari/537.36"
108.136.214.244 - - [31/Jul/2026:14:18:09 +0000] "GET /6.php HTTP/1.1" 301 0 "-" "Mozilla/5.0 (Linux; Android 10; K) AppleWebKit/537.36 (KHTML, like Gecko) Chrome/114.0.0.0 Mobile Safari/537.36"
108.136.214.244 - - [31/Jul/2026:14:18:09 +0000] "GET /7.php HTTP/1.1" 301 0 "-" "Mozilla/5.0 (Linux; Android 10; K) AppleWebKit/537.36 (KHTML, like Gecko) Chrome/114.0.0.0 Mobile Safari/537.36"
108.136.214.244 - - [31/Jul/2026:14:18:09 +0000] "GET /666.php HTTP/1.1" 301 0 "-" "Mozilla/5.0 (Linux; Android 10; K) AppleWebKit/537.36 (KHTML, like Gecko) Chrome/114.0.0.0 Mobile Safari/537.36"
108.136.214.244 - - [31/Jul/2026:14:18:09 +0000] "GET /777.php HTTP/1.1" 301 0 "-" "Mozilla/5.0 (Linux; Android 10; K) AppleWebKit/537.36 (KHTML, like Gecko) Chrome/114.0.0.0 Mobile Safari/537.36"
216.244.66.196 - - [31/Jul/2026:14:18:09 +0000] "GET /products/tubby-todd/?srsltid=7146975 HTTP/1.1" 404 63948 "-" "Mozilla/5.0 (compatible; DotBot/1.2; +https://opensiteexplorer.org/dotbot; help@moz.com)"
108.136.214.244 - - [31/Jul/2026:14:18:11 +0000] "GET /8.php HTTP/1.1" 404 15813 "-" "Mozilla/5.0 (Linux; Android 10; K) AppleWebKit/537.36 (KHTML, like Gecko) Chrome/114.0.0.0 Mobile Safari/537.36"
108.136.214.244 - - [31/Jul/2026:14:18:11 +0000] "GET /7.php HTTP/1.1" 404 15813 "-" "Mozilla/5.0 (Linux; Android 10; K) AppleWebKit/537.36 (KHTML, like Gecko) Chrome/114.0.0.0 Mobile Safari/537.36"
108.136.214.244 - - [31/Jul/2026:14:18:11 +0000] "GET /777.php HTTP/1.1" 404 15813 "-" "Mozilla/5.0 (Linux; Android 10; K) AppleWebKit/537.36 (KHTML, like Gecko) Chrome/114.0.0.0 Mobile Safari/537.36"
108.136.214.244 - - [31/Jul/2026:14:18:11 +0000] "GET /6.php HTTP/1.1" 404 15813 "-" "Mozilla/5.0 (Linux; Android 10; K) AppleWebKit/537.36 (KHTML, like Gecko) Chrome/114.0.0.0 Mobile Safari/537.36"
108.136.214.244 - - [31/Jul/2026:14:18:11 +0000] "GET /666.php HTTP/1.1" 404 15813 "-" "Mozilla/5.0 (Linux; Android 10; K) AppleWebKit/537.36 (KHTML, like Gecko) Chrome/114.0.0.0 Mobile Safari/537.36"
108.136.214.244 - - [31/Jul/2026:14:18:13 +0000] "GET /a1.php HTTP/1.1" 301 0 "-" "Mozilla/5.0 (Linux; Android 10; K) AppleWebKit/537.36 (KHTML, like Gecko) Chrome/114.0.0.0 Mobile Safari/537.36"
108.136.214.244 - - [31/Jul/2026:14:18:13 +0000] "GET /abc.php HTTP/1.1" 301 0 "-" "Mozilla/5.0 (Linux; Android 10; K) AppleWebKit/537.36 (KHTML, like Gecko) Chrome/114.0.0.0 Mobile Safari/537.36"
108.136.214.244 - - [31/Jul/2026:14:18:13 +0000] "GET /9.php HTTP/1.1" 301 0 "-" "Mozilla/5.0 (Linux; Android 10; K) AppleWebKit/537.36 (KHTML, like Gecko) Chrome/114.0.0.0 Mobile Safari/537.36"
108.136.214.244 - - [31/Jul/2026:14:18:13 +0000] "GET /admin.php HTTP/1.1" 301 0 "-" "Mozilla/5.0 (Linux; Android 10; K) AppleWebKit/537.36 (KHTML, like Gecko) Chrome/114.0.0.0 Mobile Safari/537.36"
108.136.214.244 - - [31/Jul/2026:14:18:13 +0000] "GET /about.php HTTP/1.1" 301 0 "-" "Mozilla/5.0 (Linux; Android 10; K) AppleWebKit/537.36 (KHTML, like Gecko) Chrome/114.0.0.0 Mobile Safari/537.36"
108.136.214.244 - - [31/Jul/2026:14:18:14 +0000] "GET /a1.php HTTP/1.1" 404 15813 "-" "Mozilla/5.0 (Linux; Android 10; K) AppleWebKit/537.36 (KHTML, like Gecko) Chrome/114.0.0.0 Mobile Safari/537.36"
108.136.214.244 - - [31/Jul/2026:14:18:14 +0000] "GET /abc.php HTTP/1.1" 404 15813 "-" "Mozilla/5.0 (Linux; Android 10; K) AppleWebKit/537.36 (KHTML, like Gecko) Chrome/114.0.0.0 Mobile Safari/537.36"
108.136.214.244 - - [31/Jul/2026:14:18:14 +0000] "GET /9.php HTTP/1.1" 404 15807 "-" "Mozilla/5.0 (Linux; Android 10; K) AppleWebKit/537.36 (KHTML, like Gecko) Chrome/114.0.0.0 Mobile Safari/537.36"
108.136.214.244 - - [31/Jul/2026:14:18:14 +0000] "GET /about.php HTTP/1.1" 404 15813 "-" "Mozilla/5.0 (Linux; Android 10; K) AppleWebKit/537.36 (KHTML, like Gecko) Chrome/114.0.0.0 Mobile Safari/537.36"
108.136.214.244 - - [31/Jul/2026:14:18:14 +0000] "GET /admin.php HTTP/1.1" 404 15807 "-" "Mozilla/5.0 (Linux; Android 10; K) AppleWebKit/537.36 (KHTML, like Gecko) Chrome/114.0.0.0 Mobile Safari/537.36"
216.244.66.196 - - [31/Jul/2026:14:18:16 +0000] "GET /products/3-pc-bath-and-body-works/?srsltid=3844675 HTTP/1.1" 404 63948 "-" "Mozilla/5.0 (compatible; DotBot/1.2; +https://opensiteexplorer.org/dotbot; help@moz.com)"
108.136.214.244 - - [31/Jul/2026:14:18:16 +0000] "GET /alfa.php HTTP/1.1" 403 5812 "-" "Mozilla/5.0 (Linux; Android 10; K) AppleWebKit/537.36 (KHTML, like Gecko) Chrome/114.0.0.0 Mobile Safari/537.36"
108.136.214.244 - - [31/Jul/2026:14:18:16 +0000] "GET /alf.php HTTP/1.1" 301 0 "-" "Mozilla/5.0 (Linux; Android 10; K) AppleWebKit/537.36 (KHTML, like Gecko) Chrome/114.0.0.0 Mobile Safari/537.36"
108.136.214.244 - - [31/Jul/2026:14:18:16 +0000] "GET /alf4.php HTTP/1.1" 301 0 "-" "Mozilla/5.0 (Linux; Android 10; K) AppleWebKit/537.36 (KHTML, like Gecko) Chrome/114.0.0.0 Mobile Safari/537.36"
108.136.214.244 - - [31/Jul/2026:14:18:16 +0000] "GET /al.php HTTP/1.1" 301 0 "-" "Mozilla/5.0 (Linux; Android 10; K) AppleWebKit/537.36 (KHTML, like Gecko) Chrome/114.0.0.0 Mobile Safari/537.36"
108.136.214.244 - - [31/Jul/2026:14:18:16 +0000] "GET /administrator.php HTTP/1.1" 301 0 "-" "Mozilla/5.0 (Linux; Android 10; K) AppleWebKit/537.36 (KHTML, like Gecko) Chrome/114.0.0.0 Mobile Safari/537.36"
108.136.214.244 - - [31/Jul/2026:14:18:18 +0000] "GET /al.php HTTP/1.1" 404 15813 "-" "Mozilla/5.0 (Linux; Android 10; K) AppleWebKit/537.36 (KHTML, like Gecko) Chrome/114.0.0.0 Mobile Safari/537.36"
108.136.214.244 - - [31/Jul/2026:14:18:18 +0000] "GET /alf.php HTTP/1.1" 404 15813 "-" "Mozilla/5.0 (Linux; Android 10; K) AppleWebKit/537.36 (KHTML, like Gecko) Chrome/114.0.0.0 Mobile Safari/537.36"
108.136.214.244 - - [31/Jul/2026:14:18:18 +0000] "GET /administrator.php HTTP/1.1" 404 15813 "-" "Mozilla/5.0 (Linux; Android 10; K) AppleWebKit/537.36 (KHTML, like Gecko) Chrome/114.0.0.0 Mobile Safari/537.36"
108.136.214.244 - - [31/Jul/2026:14:18:18 +0000] "GET /alf4.php HTTP/1.1" 404 15807 "-" "Mozilla/5.0 (Linux; Android 10; K) AppleWebKit/537.36 (KHTML, like Gecko) Chrome/114.0.0.0 Mobile Safari/537.36"
108.136.214.244 - - [31/Jul/2026:14:18:20 +0000] "GET /alfa123.php HTTP/1.1" 403 5806 "-" "Mozilla/5.0 (Linux; Android 10; K) AppleWebKit/537.36 (KHTML, like Gecko) Chrome/114.0.0.0 Mobile Safari/537.36"
108.136.214.244 - - [31/Jul/2026:14:18:20 +0000] "GET /alfanew.php HTTP/1.1" 403 5812 "-" "Mozilla/5.0 (Linux; Android 10; K) AppleWebKit/537.36 (KHTML, like Gecko) Chrome/114.0.0.0 Mobile Safari/537.36"
108.136.214.244 - - [31/Jul/2026:14:18:20 +0000] "GET /alwso.php HTTP/1.1" 301 0 "-" "Mozilla/5.0 (Linux; Android 10; K) AppleWebKit/537.36 (KHTML, like Gecko) Chrome/114.0.0.0 Mobile Safari/537.36"
108.136.214.244 - - [31/Jul/2026:14:18:20 +0000] "GET /anon.php HTTP/1.1" 301 0 "-" "Mozilla/5.0 (Linux; Android 10; K) AppleWebKit/537.36 (KHTML, like Gecko) Chrome/114.0.0.0 Mobile Safari/537.36"
108.136.214.244 - - [31/Jul/2026:14:18:20 +0000] "GET /alpha.php HTTP/1.1" 301 0 "-" "Mozilla/5.0 (Linux; Android 10; K) AppleWebKit/537.36 (KHTML, like Gecko) Chrome/114.0.0.0 Mobile Safari/537.36"
108.136.214.244 - - [31/Jul/2026:14:18:21 +0000] "GET /alwso.php HTTP/1.1" 404 15813 "-" "Mozilla/5.0 (Linux; Android 10; K) AppleWebKit/537.36 (KHTML, like Gecko) Chrome/114.0.0.0 Mobile Safari/537.36"
216.244.66.196 - - [31/Jul/2026:14:18:21 +0000] "GET /products/almirn-advance-1/?srsltid=44592186 HTTP/1.1" 404 63948 "-" "Mozilla/5.0 (compatible; DotBot/1.2; +https://opensiteexplorer.org/dotbot; help@moz.com)"
108.136.214.244 - - [31/Jul/2026:14:18:21 +0000] "GET /alpha.php HTTP/1.1" 404 15813 "-" "Mozilla/5.0 (Linux; Android 10; K) AppleWebKit/537.36 (KHTML, like Gecko) Chrome/114.0.0.0 Mobile Safari/537.36"
108.136.214.244 - - [31/Jul/2026:14:18:21 +0000] "GET /anon.php HTTP/1.1" 404 15813 "-" "Mozilla/5.0 (Linux; Android 10; K) AppleWebKit/537.36 (KHTML, like Gecko) Chrome/114.0.0.0 Mobile Safari/537.36"
108.136.214.244 - - [31/Jul/2026:14:18:22 +0000] "GET /asd.php HTTP/1.1" 301 0 "-" "Mozilla/5.0 (Linux; Android 10; K) AppleWebKit/537.36 (KHTML, like Gecko) Chrome/114.0.0.0 Mobile Safari/537.36"
108.136.214.244 - - [31/Jul/2026:14:18:22 +0000] "GET /anons79.php HTTP/1.1" 301 0 "-" "Mozilla/5.0 (Linux; Android 10; K) AppleWebKit/537.36 (KHTML, like Gecko) Chrome/114.0.0.0 Mobile Safari/537.36"
108.136.214.244 - - [31/Jul/2026:14:18:22 +0000] "GET /assets/css/about.php HTTP/1.1" 301 0 "-" "Mozilla/5.0 (Linux; Android 10; K) AppleWebKit/537.36 (KHTML, like Gecko) Chrome/114.0.0.0 Mobile Safari/537.36"
108.136.214.244 - - [31/Jul/2026:14:18:22 +0000] "GET /anonsec.php HTTP/1.1" 301 0 "-" "Mozilla/5.0 (Linux; Android 10; K) AppleWebKit/537.36 (KHTML, like Gecko) Chrome/114.0.0.0 Mobile Safari/537.36"
108.136.214.244 - - [31/Jul/2026:14:18:22 +0000] "GET /atomlib.php HTTP/1.1" 301 0 "-" "Mozilla/5.0 (Linux; Android 10; K) AppleWebKit/537.36 (KHTML, like Gecko) Chrome/114.0.0.0 Mobile Safari/537.36"
108.136.214.244 - - [31/Jul/2026:14:18:24 +0000] "GET /assets/css/about.php HTTP/1.1" 404 15813 "-" "Mozilla/5.0 (Linux; Android 10; K) AppleWebKit/537.36 (KHTML, like Gecko) Chrome/114.0.0.0 Mobile Safari/537.36"
108.136.214.244 - - [31/Jul/2026:14:18:24 +0000] "GET /asd.php HTTP/1.1" 404 15813 "-" "Mozilla/5.0 (Linux; Android 10; K) AppleWebKit/537.36 (KHTML, like Gecko) Chrome/114.0.0.0 Mobile Safari/537.36"
108.136.214.244 - - [31/Jul/2026:14:18:24 +0000] "GET /anons79.php HTTP/1.1" 404 15813 "-" "Mozilla/5.0 (Linux; Android 10; K) AppleWebKit/537.36 (KHTML, like Gecko) Chrome/114.0.0.0 Mobile Safari/537.36"
108.136.214.244 - - [31/Jul/2026:14:18:24 +0000] "GET /atomlib.php HTTP/1.1" 404 15813 "-" "Mozilla/5.0 (Linux; Android 10; K) AppleWebKit/537.36 (KHTML, like Gecko) Chrome/114.0.0.0 Mobile Safari/537.36"
108.136.214.244 - - [31/Jul/2026:14:18:24 +0000] "GET /anonsec.php HTTP/1.1" 404 15813 "-" "Mozilla/5.0 (Linux; Android 10; K) AppleWebKit/537.36 (KHTML, like Gecko) Chrome/114.0.0.0 Mobile Safari/537.36"
108.136.214.244 - - [31/Jul/2026:14:18:27 +0000] "GET /autoload_classmap.php HTTP/1.1" 403 5812 "-" "Mozilla/5.0 (Linux; Android 10; K) AppleWebKit/537.36 (KHTML, like Gecko) Chrome/114.0.0.0 Mobile Safari/537.36"
216.244.66.196 - - [31/Jul/2026:14:18:26 +0000] "GET /products/arris-surfboard/?srsltid=29290964 HTTP/1.1" 404 63948 "-" "Mozilla/5.0 (compatible; DotBot/1.2; +https://opensiteexplorer.org/dotbot; help@moz.com)"
108.136.214.244 - - [31/Jul/2026:14:18:27 +0000] "GET /b.php HTTP/1.1" 301 0 "-" "Mozilla/5.0 (Linux; Android 10; K) AppleWebKit/537.36 (KHTML, like Gecko) Chrome/114.0.0.0 Mobile Safari/537.36"
108.136.214.244 - - [31/Jul/2026:14:18:27 +0000] "GET /batm.php HTTP/1.1" 301 0 "-" "Mozilla/5.0 (Linux; Android 10; K) AppleWebKit/537.36 (KHTML, like Gecko) Chrome/114.0.0.0 Mobile Safari/537.36"
108.136.214.244 - - [31/Jul/2026:14:18:27 +0000] "GET /bak.php HTTP/1.1" 301 0 "-" "Mozilla/5.0 (Linux; Android 10; K) AppleWebKit/537.36 (KHTML, like Gecko) Chrome/114.0.0.0 Mobile Safari/537.36"
108.136.214.244 - - [31/Jul/2026:14:18:27 +0000] "GET /base.php HTTP/1.1" 301 0 "-" "Mozilla/5.0 (Linux; Android 10; K) AppleWebKit/537.36 (KHTML, like Gecko) Chrome/114.0.0.0 Mobile Safari/537.36"
108.136.214.244 - - [31/Jul/2026:14:18:28 +0000] "GET /b.php HTTP/1.1" 404 15813 "-" "Mozilla/5.0 (Linux; Android 10; K) AppleWebKit/537.36 (KHTML, like Gecko) Chrome/114.0.0.0 Mobile Safari/537.36"
108.136.214.244 - - [31/Jul/2026:14:18:28 +0000] "GET /batm.php HTTP/1.1" 404 15813 "-" "Mozilla/5.0 (Linux; Android 10; K) AppleWebKit/537.36 (KHTML, like Gecko) Chrome/114.0.0.0 Mobile Safari/537.36"
108.136.214.244 - - [31/Jul/2026:14:18:29 +0000] "GET /bak.php HTTP/1.1" 404 15813 "-" "Mozilla/5.0 (Linux; Android 10; K) AppleWebKit/537.36 (KHTML, like Gecko) Chrome/114.0.0.0 Mobile Safari/537.36"
108.136.214.244 - - [31/Jul/2026:14:18:29 +0000] "GET /base.php HTTP/1.1" 404 15813 "-" "Mozilla/5.0 (Linux; Android 10; K) AppleWebKit/537.36 (KHTML, like Gecko) Chrome/114.0.0.0 Mobile Safari/537.36"
108.136.214.244 - - [31/Jul/2026:14:18:30 +0000] "GET /by.php HTTP/1.1" 301 0 "-" "Mozilla/5.0 (Linux; Android 10; K) AppleWebKit/537.36 (KHTML, like Gecko) Chrome/114.0.0.0 Mobile Safari/537.36"
108.136.214.244 - - [31/Jul/2026:14:18:30 +0000] "GET /blog/wp-includes/fonts/dev.php HTTP/1.1" 301 0 "-" "Mozilla/5.0 (Linux; Android 10; K) AppleWebKit/537.36 (KHTML, like Gecko) Chrome/114.0.0.0 Mobile Safari/537.36"
108.136.214.244 - - [31/Jul/2026:14:18:30 +0000] "GET /blog/wp-includes/fonts/iqb.php HTTP/1.1" 301 0 "-" "Mozilla/5.0 (Linux; Android 10; K) AppleWebKit/537.36 (KHTML, like Gecko) Chrome/114.0.0.0 Mobile Safari/537.36"
108.136.214.244 - - [31/Jul/2026:14:18:30 +0000] "GET /black.php HTTP/1.1" 301 0 "-" "Mozilla/5.0 (Linux; Android 10; K) AppleWebKit/537.36 (KHTML, like Gecko) Chrome/114.0.0.0 Mobile Safari/537.36"
108.136.214.244 - - [31/Jul/2026:14:18:30 +0000] "GET /byp.php HTTP/1.1" 301 0 "-" "Mozilla/5.0 (Linux; Android 10; K) AppleWebKit/537.36 (KHTML, like Gecko) Chrome/114.0.0.0 Mobile Safari/537.36"
216.244.66.196 - - [31/Jul/2026:14:18:31 +0000] "GET /products/aulinukai/?srsltid=56134700 HTTP/1.1" 404 63948 "-" "Mozilla/5.0 (compatible; DotBot/1.2; +https://opensiteexplorer.org/dotbot; help@moz.com)"
108.136.214.244 - - [31/Jul/2026:14:18:32 +0000] "GET /by.php HTTP/1.1" 404 15813 "-" "Mozilla/5.0 (Linux; Android 10; K) AppleWebKit/537.36 (KHTML, like Gecko) Chrome/114.0.0.0 Mobile Safari/537.36"
108.136.214.244 - - [31/Jul/2026:14:18:32 +0000] "GET /blog/wp-includes/fonts/dev.php HTTP/1.1" 404 15813 "-" "Mozilla/5.0 (Linux; Android 10; K) AppleWebKit/537.36 (KHTML, like Gecko) Chrome/114.0.0.0 Mobile Safari/537.36"
108.136.214.244 - - [31/Jul/2026:14:18:32 +0000] "GET /blog/wp-includes/fonts/iqb.php HTTP/1.1" 404 15813 "-" "Mozilla/5.0 (Linux; Android 10; K) AppleWebKit/537.36 (KHTML, like Gecko) Chrome/114.0.0.0 Mobile Safari/537.36"
108.136.214.244 - - [31/Jul/2026:14:18:32 +0000] "GET /black.php HTTP/1.1" 404 15807 "-" "Mozilla/5.0 (Linux; Android 10; K) AppleWebKit/537.36 (KHTML, like Gecko) Chrome/114.0.0.0 Mobile Safari/537.36"
108.136.214.244 - - [31/Jul/2026:14:18:32 +0000] "GET /byp.php HTTP/1.1" 404 15813 "-" "Mozilla/5.0 (Linux; Android 10; K) AppleWebKit/537.36 (KHTML, like Gecko) Chrome/114.0.0.0 Mobile Safari/537.36"
108.136.214.244 - - [31/Jul/2026:14:18:34 +0000] "GET /.well-known/acme-challenge/zmFM.php HTTP/1.1" 301 0 "-" "Mozilla/5.0 (Linux; Android 10; K) AppleWebKit/537.36 (KHTML, like Gecko) Chrome/114.0.0.0 Mobile Safari/537.36"
108.136.214.244 - - [31/Jul/2026:14:18:34 +0000] "GET /wp-includes/sitemaps/providers/zmFM.php HTTP/1.1" 301 0 "-" "Mozilla/5.0 (Linux; Android 10; K) AppleWebKit/537.36 (KHTML, like Gecko) Chrome/114.0.0.0 Mobile Safari/537.36"
108.136.214.244 - - [31/Jul/2026:14:18:34 +0000] "GET /wp-includes/install.php HTTP/1.1" 301 0 "-" "Mozilla/5.0 (Linux; Android 10; K) AppleWebKit/537.36 (KHTML, like Gecko) Chrome/114.0.0.0 Mobile Safari/537.36"
108.136.214.244 - - [31/Jul/2026:14:18:34 +0000] "GET /wp-content/install.php HTTP/1.1" 301 0 "-" "Mozilla/5.0 (Linux; Android 10; K) AppleWebKit/537.36 (KHTML, like Gecko) Chrome/114.0.0.0 Mobile Safari/537.36"
108.136.214.244 - - [31/Jul/2026:14:18:34 +0000] "GET /wp-admin/user/about.php HTTP/1.1" 302 0 "-" "Mozilla/5.0 (Linux; Android 10; K) AppleWebKit/537.36 (KHTML, like Gecko) Chrome/114.0.0.0 Mobile Safari/537.36"
108.136.214.244 - - [31/Jul/2026:14:18:36 +0000] "GET /.well-known/acme-challenge/zmFM.php HTTP/1.1" 404 15813 "-" "Mozilla/5.0 (Linux; Android 10; K) AppleWebKit/537.36 (KHTML, like Gecko) Chrome/114.0.0.0 Mobile Safari/537.36"
108.136.214.244 - - [31/Jul/2026:14:18:36 +0000] "GET /wp-includes/install.php HTTP/1.1" 404 15813 "-" "Mozilla/5.0 (Linux; Android 10; K) AppleWebKit/537.36 (KHTML, like Gecko) Chrome/114.0.0.0 Mobile Safari/537.36"
108.136.214.244 - - [31/Jul/2026:14:18:36 +0000] "GET /wp-content/install.php HTTP/1.1" 404 15813 "-" "Mozilla/5.0 (Linux; Android 10; K) AppleWebKit/537.36 (KHTML, like Gecko) Chrome/114.0.0.0 Mobile Safari/537.36"
108.136.214.244 - - [31/Jul/2026:14:18:36 +0000] "GET /wp-includes/sitemaps/providers/zmFM.php HTTP/1.1" 404 15813 "-" "Mozilla/5.0 (Linux; Android 10; K) AppleWebKit/537.36 (KHTML, like Gecko) Chrome/114.0.0.0 Mobile Safari/537.36"
216.244.66.196 - - [31/Jul/2026:14:18:38 +0000] "GET /products/basket-femme/?srsltid=44272504 HTTP/1.1" 404 63948 "-" "Mozilla/5.0 (compatible; DotBot/1.2; +https://opensiteexplorer.org/dotbot; help@moz.com)"
216.244.66.196 - - [31/Jul/2026:14:18:43 +0000] "GET /products/blezer-paszcz-zara/?srsltid=32254245 HTTP/1.1" 404 63948 "-" "Mozilla/5.0 (compatible; DotBot/1.2; +https://opensiteexplorer.org/dotbot; help@moz.com)"
216.244.66.196 - - [31/Jul/2026:14:18:47 +0000] "GET /products/bluz-dam/?srsltid=57034795 HTTP/1.1" 404 63948 "-" "Mozilla/5.0 (compatible; DotBot/1.2; +https://opensiteexplorer.org/dotbot; help@moz.com)"
216.244.66.196 - - [31/Jul/2026:14:18:51 +0000] "GET /products/bottes-mountain/?srsltid=50982719 HTTP/1.1" 404 63948 "-" "Mozilla/5.0 (compatible; DotBot/1.2; +https://opensiteexplorer.org/dotbot; help@moz.com)"
216.244.66.196 - - [31/Jul/2026:14:18:56 +0000] "GET /products/bradley/?srsltid=42596445 HTTP/1.1" 404 63948 "-" "Mozilla/5.0 (compatible; DotBot/1.2; +https://opensiteexplorer.org/dotbot; help@moz.com)"
216.244.66.196 - - [31/Jul/2026:14:19:01 +0000] "GET /products/camiseta-perrito/?srsltid=58952647 HTTP/1.1" 404 63948 "-" "Mozilla/5.0 (compatible; DotBot/1.2; +https://opensiteexplorer.org/dotbot; help@moz.com)"
216.244.66.196 - - [31/Jul/2026:14:19:05 +0000] "GET /products/canon-g7x-mark-iii/?srsltid=5160876 HTTP/1.1" 404 63948 "-" "Mozilla/5.0 (compatible; DotBot/1.2; +https://opensiteexplorer.org/dotbot; help@moz.com)"
216.244.66.196 - - [31/Jul/2026:14:19:10 +0000] "GET /products/canvas-wall-art/?srsltid=29265374 HTTP/1.1" 404 63948 "-" "Mozilla/5.0 (compatible; DotBot/1.2; +https://opensiteexplorer.org/dotbot; help@moz.com)"
216.244.66.196 - - [31/Jul/2026:14:19:14 +0000] "GET /products/canzoniere-anni-50/?srsltid=10413321 HTTP/1.1" 404 63948 "-" "Mozilla/5.0 (compatible; DotBot/1.2; +https://opensiteexplorer.org/dotbot; help@moz.com)"
216.244.66.196 - - [31/Jul/2026:14:19:18 +0000] "GET /products/chinosy-levis/?srsltid=40168231 HTTP/1.1" 404 63948 "-" "Mozilla/5.0 (compatible; DotBot/1.2; +https://opensiteexplorer.org/dotbot; help@moz.com)"
216.244.66.196 - - [31/Jul/2026:14:19:24 +0000] "GET /products/concept-trsasjtk/?srsltid=58059841 HTTP/1.1" 404 63948 "-" "Mozilla/5.0 (compatible; DotBot/1.2; +https://opensiteexplorer.org/dotbot; help@moz.com)"
216.244.66.196 - - [31/Jul/2026:14:19:30 +0000] "GET /products/disney-princess-knobs/?srsltid=6869428 HTTP/1.1" 404 63948 "-" "Mozilla/5.0 (compatible; DotBot/1.2; +https://opensiteexplorer.org/dotbot; help@moz.com)"
216.244.66.196 - - [31/Jul/2026:14:19:35 +0000] "GET /products/disney-toy-lot/?srsltid=46010527 HTTP/1.1" 404 63948 "-" "Mozilla/5.0 (compatible; DotBot/1.2; +https://opensiteexplorer.org/dotbot; help@moz.com)"
216.244.66.196 - - [31/Jul/2026:14:19:39 +0000] "GET /products/funko-pop/?srsltid=62221969 HTTP/1.1" 404 63948 "-" "Mozilla/5.0 (compatible; DotBot/1.2; +https://opensiteexplorer.org/dotbot; help@moz.com)"
216.244.66.196 - - [31/Jul/2026:14:19:44 +0000] "GET /products/gioco-di-montaggio/?srsltid=34385321 HTTP/1.1" 404 63948 "-" "Mozilla/5.0 (compatible; DotBot/1.2; +https://opensiteexplorer.org/dotbot; help@moz.com)"
216.244.66.196 - - [31/Jul/2026:14:19:48 +0000] "GET /products/grunt-style-hoodie/?srsltid=46259006 HTTP/1.1" 404 63948 "-" "Mozilla/5.0 (compatible; DotBot/1.2; +https://opensiteexplorer.org/dotbot; help@moz.com)"
216.244.66.196 - - [31/Jul/2026:14:19:53 +0000] "GET /products/handmade-disney-inspired-ears-mulan/?srsltid=873365 HTTP/1.1" 404 63948 "-" "Mozilla/5.0 (compatible; DotBot/1.2; +https://opensiteexplorer.org/dotbot; help@moz.com)"
216.244.66.196 - - [31/Jul/2026:14:19:57 +0000] "GET /products/ho-slot-car/?srsltid=13888935 HTTP/1.1" 404 63948 "-" "Mozilla/5.0 (compatible; DotBot/1.2; +https://opensiteexplorer.org/dotbot; help@moz.com)"
216.244.66.196 - - [31/Jul/2026:14:20:02 +0000] "GET /products/kamizelka-mska/?srsltid=51489721 HTTP/1.1" 404 63948 "-" "Mozilla/5.0 (compatible; DotBot/1.2; +https://opensiteexplorer.org/dotbot; help@moz.com)"
108.136.214.244 - - [31/Jul/2026:14:20:05 +0000] "GET /wp-content/plugins/index.php HTTP/1.1" 200 0 "-" "Mozilla/5.0 (Linux; Android 10; K) AppleWebKit/537.36 (KHTML, like Gecko) Chrome/114.0.0.0 Mobile Safari/537.36"
108.136.214.244 - - [31/Jul/2026:14:20:05 +0000] "GET /wp-admin/network/admin.php HTTP/1.1" 302 0 "-" "Mozilla/5.0 (Linux; Android 10; K) AppleWebKit/537.36 (KHTML, like Gecko) Chrome/114.0.0.0 Mobile Safari/537.36"
108.136.214.244 - - [31/Jul/2026:14:20:05 +0000] "GET /wp-content/upgrade/index.php HTTP/1.1" 301 0 "-" "Mozilla/5.0 (Linux; Android 10; K) AppleWebKit/537.36 (KHTML, like Gecko) Chrome/114.0.0.0 Mobile Safari/537.36"
108.136.214.244 - - [31/Jul/2026:14:20:05 +0000] "GET /wp-admin/maint/atomlib.php HTTP/1.1" 301 0 "-" "Mozilla/5.0 (Linux; Android 10; K) AppleWebKit/537.36 (KHTML, like Gecko) Chrome/114.0.0.0 Mobile Safari/537.36"
108.136.214.244 - - [31/Jul/2026:14:20:05 +0000] "GET /wp-content/IXR/index.php HTTP/1.1" 301 0 "-" "Mozilla/5.0 (Linux; Android 10; K) AppleWebKit/537.36 (KHTML, like Gecko) Chrome/114.0.0.0 Mobile Safari/537.36"
108.136.214.244 - - [31/Jul/2026:14:20:07 +0000] "GET /wp-content/upgrade/ HTTP/1.1" 404 1251 "-" "Mozilla/5.0 (Linux; Android 10; K) AppleWebKit/537.36 (KHTML, like Gecko) Chrome/114.0.0.0 Mobile Safari/537.36"
216.244.66.196 - - [31/Jul/2026:14:20:06 +0000] "GET /products/lego-pirat/?srsltid=58717172 HTTP/1.1" 404 63948 "-" "Mozilla/5.0 (compatible; DotBot/1.2; +https://opensiteexplorer.org/dotbot; help@moz.com)"
108.136.214.244 - - [31/Jul/2026:14:20:07 +0000] "GET /wp-admin/maint/atomlib.php HTTP/1.1" 404 15813 "-" "Mozilla/5.0 (Linux; Android 10; K) AppleWebKit/537.36 (KHTML, like Gecko) Chrome/114.0.0.0 Mobile Safari/537.36"
108.136.214.244 - - [31/Jul/2026:14:20:07 +0000] "GET /wp-content/IXR/ HTTP/1.1" 404 15813 "-" "Mozilla/5.0 (Linux; Android 10; K) AppleWebKit/537.36 (KHTML, like Gecko) Chrome/114.0.0.0 Mobile Safari/537.36"
108.136.214.244 - - [31/Jul/2026:14:20:09 +0000] "GET /bypass.php HTTP/1.1" 403 5806 "-" "Mozilla/5.0 (Linux; Android 10; K) AppleWebKit/537.36 (KHTML, like Gecko) Chrome/114.0.0.0 Mobile Safari/537.36"
108.136.214.244 - - [31/Jul/2026:14:20:09 +0000] "GET /wp-content/uploads/index.php HTTP/1.1" 301 0 "-" "Mozilla/5.0 (Linux; Android 10; K) AppleWebKit/537.36 (KHTML, like Gecko) Chrome/114.0.0.0 Mobile Safari/537.36"
108.136.214.244 - - [31/Jul/2026:14:20:10 +0000] "GET /wp-content/uploads/ HTTP/1.1" 404 1251 "-" "Mozilla/5.0 (Linux; Android 10; K) AppleWebKit/537.36 (KHTML, like Gecko) Chrome/114.0.0.0 Mobile Safari/537.36"
108.136.214.244 - - [31/Jul/2026:14:20:09 +0000] "GET /bypas.php HTTP/1.1" 301 0 "-" "Mozilla/5.0 (Linux; Android 10; K) AppleWebKit/537.36 (KHTML, like Gecko) Chrome/114.0.0.0 Mobile Safari/537.36"
108.136.214.244 - - [31/Jul/2026:14:20:09 +0000] "GET /byp7.php HTTP/1.1" 301 0 "-" "Mozilla/5.0 (Linux; Android 10; K) AppleWebKit/537.36 (KHTML, like Gecko) Chrome/114.0.0.0 Mobile Safari/537.36"
108.136.214.244 - - [31/Jul/2026:14:20:09 +0000] "GET /byp403.php HTTP/1.1" 301 0 "-" "Mozilla/5.0 (Linux; Android 10; K) AppleWebKit/537.36 (KHTML, like Gecko) Chrome/114.0.0.0 Mobile Safari/537.36"
108.136.214.244 - - [31/Jul/2026:14:20:10 +0000] "GET /bypas.php HTTP/1.1" 404 15807 "-" "Mozilla/5.0 (Linux; Android 10; K) AppleWebKit/537.36 (KHTML, like Gecko) Chrome/114.0.0.0 Mobile Safari/537.36"
108.136.214.244 - - [31/Jul/2026:14:20:10 +0000] "GET /byp403.php HTTP/1.1" 404 15813 "-" "Mozilla/5.0 (Linux; Android 10; K) AppleWebKit/537.36 (KHTML, like Gecko) Chrome/114.0.0.0 Mobile Safari/537.36"
108.136.214.244 - - [31/Jul/2026:14:20:10 +0000] "GET /byp7.php HTTP/1.1" 404 15813 "-" "Mozilla/5.0 (Linux; Android 10; K) AppleWebKit/537.36 (KHTML, like Gecko) Chrome/114.0.0.0 Mobile Safari/537.36"
108.136.214.244 - - [31/Jul/2026:14:20:12 +0000] "GET /cgi-bin/index.php HTTP/1.1" 404 1251 "-" "Mozilla/5.0 (Linux; Android 10; K) AppleWebKit/537.36 (KHTML, like Gecko) Chrome/114.0.0.0 Mobile Safari/537.36"
108.136.214.244 - - [31/Jul/2026:14:20:12 +0000] "GET /c99.php HTTP/1.1" 403 1242 "-" "Mozilla/5.0 (Linux; Android 10; K) AppleWebKit/537.36 (KHTML, like Gecko) Chrome/114.0.0.0 Mobile Safari/537.36"
108.136.214.244 - - [31/Jul/2026:14:20:12 +0000] "GET /cgi.php HTTP/1.1" 301 0 "-" "Mozilla/5.0 (Linux; Android 10; K) AppleWebKit/537.36 (KHTML, like Gecko) Chrome/114.0.0.0 Mobile Safari/537.36"
108.136.214.244 - - [31/Jul/2026:14:20:12 +0000] "GET /c.php HTTP/1.1" 301 0 "-" "Mozilla/5.0 (Linux; Android 10; K) AppleWebKit/537.36 (KHTML, like Gecko) Chrome/114.0.0.0 Mobile Safari/537.36"
108.136.214.244 - - [31/Jul/2026:14:20:12 +0000] "GET /byps.php HTTP/1.1" 301 0 "-" "Mozilla/5.0 (Linux; Android 10; K) AppleWebKit/537.36 (KHTML, like Gecko) Chrome/114.0.0.0 Mobile Safari/537.36"
216.244.66.196 - - [31/Jul/2026:14:20:12 +0000] "GET /products/maglione-nero/?srsltid=58577455 HTTP/1.1" 404 63948 "-" "Mozilla/5.0 (compatible; DotBot/1.2; +https://opensiteexplorer.org/dotbot; help@moz.com)"
108.136.214.244 - - [31/Jul/2026:14:20:13 +0000] "GET /cgi.php HTTP/1.1" 404 15813 "-" "Mozilla/5.0 (Linux; Android 10; K) AppleWebKit/537.36 (KHTML, like Gecko) Chrome/114.0.0.0 Mobile Safari/537.36"
108.136.214.244 - - [31/Jul/2026:14:20:13 +0000] "GET /c.php HTTP/1.1" 404 15813 "-" "Mozilla/5.0 (Linux; Android 10; K) AppleWebKit/537.36 (KHTML, like Gecko) Chrome/114.0.0.0 Mobile Safari/537.36"
108.136.214.244 - - [31/Jul/2026:14:20:13 +0000] "GET /byps.php HTTP/1.1" 404 15813 "-" "Mozilla/5.0 (Linux; Android 10; K) AppleWebKit/537.36 (KHTML, like Gecko) Chrome/114.0.0.0 Mobile Safari/537.36"
108.136.214.244 - - [31/Jul/2026:14:20:14 +0000] "GET /chosen.php HTTP/1.1" 403 5812 "-" "Mozilla/5.0 (Linux; Android 10; K) AppleWebKit/537.36 (KHTML, like Gecko) Chrome/114.0.0.0 Mobile Safari/537.36"
108.136.214.244 - - [31/Jul/2026:14:20:14 +0000] "GET /chosen.php?p= HTTP/1.1" 403 5812 "-" "Mozilla/5.0 (Linux; Android 10; K) AppleWebKit/537.36 (KHTML, like Gecko) Chrome/114.0.0.0 Mobile Safari/537.36"
108.136.214.244 - - [31/Jul/2026:14:20:14 +0000] "GET /cmd.php HTTP/1.1" 301 0 "-" "Mozilla/5.0 (Linux; Android 10; K) AppleWebKit/537.36 (KHTML, like Gecko) Chrome/114.0.0.0 Mobile Safari/537.36"
108.136.214.244 - - [31/Jul/2026:14:20:14 +0000] "GET /compat.php HTTP/1.1" 301 0 "-" "Mozilla/5.0 (Linux; Android 10; K) AppleWebKit/537.36 (KHTML, like Gecko) Chrome/114.0.0.0 Mobile Safari/537.36"
108.136.214.244 - - [31/Jul/2026:14:20:14 +0000] "GET /con.php HTTP/1.1" 301 0 "-" "Mozilla/5.0 (Linux; Android 10; K) AppleWebKit/537.36 (KHTML, like Gecko) Chrome/114.0.0.0 Mobile Safari/537.36"
108.136.214.244 - - [31/Jul/2026:14:20:15 +0000] "GET /compat.php HTTP/1.1" 404 15807 "-" "Mozilla/5.0 (Linux; Android 10; K) AppleWebKit/537.36 (KHTML, like Gecko) Chrome/114.0.0.0 Mobile Safari/537.36"
108.136.214.244 - - [31/Jul/2026:14:20:15 +0000] "GET /cmd.php HTTP/1.1" 404 15807 "-" "Mozilla/5.0 (Linux; Android 10; K) AppleWebKit/537.36 (KHTML, like Gecko) Chrome/114.0.0.0 Mobile Safari/537.36"
108.136.214.244 - - [31/Jul/2026:14:20:15 +0000] "GET /con.php HTTP/1.1" 404 15807 "-" "Mozilla/5.0 (Linux; Android 10; K) AppleWebKit/537.36 (KHTML, like Gecko) Chrome/114.0.0.0 Mobile Safari/537.36"
108.136.214.244 - - [31/Jul/2026:14:20:16 +0000] "GET /config.php HTTP/1.1" 301 0 "-" "Mozilla/5.0 (Linux; Android 10; K) AppleWebKit/537.36 (KHTML, like Gecko) Chrome/114.0.0.0 Mobile Safari/537.36"
108.136.214.244 - - [31/Jul/2026:14:20:16 +0000] "GET /d.php HTTP/1.1" 301 0 "-" "Mozilla/5.0 (Linux; Android 10; K) AppleWebKit/537.36 (KHTML, like Gecko) Chrome/114.0.0.0 Mobile Safari/537.36"
108.136.214.244 - - [31/Jul/2026:14:20:16 +0000] "GET /css.php HTTP/1.1" 301 0 "-" "Mozilla/5.0 (Linux; Android 10; K) AppleWebKit/537.36 (KHTML, like Gecko) Chrome/114.0.0.0 Mobile Safari/537.36"
108.136.214.244 - - [31/Jul/2026:14:20:16 +0000] "GET /cong.php HTTP/1.1" 301 0 "-" "Mozilla/5.0 (Linux; Android 10; K) AppleWebKit/537.36 (KHTML, like Gecko) Chrome/114.0.0.0 Mobile Safari/537.36"
108.136.214.244 - - [31/Jul/2026:14:20:16 +0000] "GET /content.php HTTP/1.1" 301 0 "-" "Mozilla/5.0 (Linux; Android 10; K) AppleWebKit/537.36 (KHTML, like Gecko) Chrome/114.0.0.0 Mobile Safari/537.36"
216.244.66.196 - - [31/Jul/2026:14:20:17 +0000] "GET /products/nautica-polo/?srsltid=44912833 HTTP/1.1" 404 63948 "-" "Mozilla/5.0 (compatible; DotBot/1.2; +https://opensiteexplorer.org/dotbot; help@moz.com)"
108.136.214.244 - - [31/Jul/2026:14:20:18 +0000] "GET /config.php HTTP/1.1" 404 15813 "-" "Mozilla/5.0 (Linux; Android 10; K) AppleWebKit/537.36 (KHTML, like Gecko) Chrome/114.0.0.0 Mobile Safari/537.36"
108.136.214.244 - - [31/Jul/2026:14:20:18 +0000] "GET /d.php HTTP/1.1" 404 15813 "-" "Mozilla/5.0 (Linux; Android 10; K) AppleWebKit/537.36 (KHTML, like Gecko) Chrome/114.0.0.0 Mobile Safari/537.36"
108.136.214.244 - - [31/Jul/2026:14:20:18 +0000] "GET /css.php HTTP/1.1" 404 15813 "-" "Mozilla/5.0 (Linux; Android 10; K) AppleWebKit/537.36 (KHTML, like Gecko) Chrome/114.0.0.0 Mobile Safari/537.36"
108.136.214.244 - - [31/Jul/2026:14:20:18 +0000] "GET /content.php HTTP/1.1" 404 15813 "-" "Mozilla/5.0 (Linux; Android 10; K) AppleWebKit/537.36 (KHTML, like Gecko) Chrome/114.0.0.0 Mobile Safari/537.36"
108.136.214.244 - - [31/Jul/2026:14:20:18 +0000] "GET /cong.php HTTP/1.1" 404 15813 "-" "Mozilla/5.0 (Linux; Android 10; K) AppleWebKit/537.36 (KHTML, like Gecko) Chrome/114.0.0.0 Mobile Safari/537.36"
108.136.214.244 - - [31/Jul/2026:14:20:20 +0000] "GET /dropdown.php HTTP/1.1" 403 5812 "-" "Mozilla/5.0 (Linux; Android 10; K) AppleWebKit/537.36 (KHTML, like Gecko) Chrome/114.0.0.0 Mobile Safari/537.36"
108.136.214.244 - - [31/Jul/2026:14:20:20 +0000] "GET /docindex.php HTTP/1.1" 301 0 "-" "Mozilla/5.0 (Linux; Android 10; K) AppleWebKit/537.36 (KHTML, like Gecko) Chrome/114.0.0.0 Mobile Safari/537.36"
108.136.214.244 - - [31/Jul/2026:14:20:20 +0000] "GET /dev.php HTTP/1.1" 301 0 "-" "Mozilla/5.0 (Linux; Android 10; K) AppleWebKit/537.36 (KHTML, like Gecko) Chrome/114.0.0.0 Mobile Safari/537.36"
108.136.214.244 - - [31/Jul/2026:14:20:20 +0000] "GET /db.php?u HTTP/1.1" 301 0 "-" "Mozilla/5.0 (Linux; Android 10; K) AppleWebKit/537.36 (KHTML, like Gecko) Chrome/114.0.0.0 Mobile Safari/537.36"
108.136.214.244 - - [31/Jul/2026:14:20:20 +0000] "GET /doc.php HTTP/1.1" 301 0 "-" "Mozilla/5.0 (Linux; Android 10; K) AppleWebKit/537.36 (KHTML, like Gecko) Chrome/114.0.0.0 Mobile Safari/537.36"
108.136.214.244 - - [31/Jul/2026:14:20:21 +0000] "GET /docindex.php HTTP/1.1" 404 15807 "-" "Mozilla/5.0 (Linux; Android 10; K) AppleWebKit/537.36 (KHTML, like Gecko) Chrome/114.0.0.0 Mobile Safari/537.36"
108.136.214.244 - - [31/Jul/2026:14:20:21 +0000] "GET /db.php?u HTTP/1.1" 404 15813 "-" "Mozilla/5.0 (Linux; Android 10; K) AppleWebKit/537.36 (KHTML, like Gecko) Chrome/114.0.0.0 Mobile Safari/537.36"
108.136.214.244 - - [31/Jul/2026:14:20:21 +0000] "GET /doc.php HTTP/1.1" 404 15807 "-" "Mozilla/5.0 (Linux; Android 10; K) AppleWebKit/537.36 (KHTML, like Gecko) Chrome/114.0.0.0 Mobile Safari/537.36"
108.136.214.244 - - [31/Jul/2026:14:20:21 +0000] "GET /dev.php HTTP/1.1" 404 15807 "-" "Mozilla/5.0 (Linux; Android 10; K) AppleWebKit/537.36 (KHTML, like Gecko) Chrome/114.0.0.0 Mobile Safari/537.36"
108.136.214.244 - - [31/Jul/2026:14:20:22 +0000] "GET /evil.php HTTP/1.1" 403 5806 "-" "Mozilla/5.0 (Linux; Android 10; K) AppleWebKit/537.36 (KHTML, like Gecko) Chrome/114.0.0.0 Mobile Safari/537.36"
108.136.214.244 - - [31/Jul/2026:14:20:22 +0000] "GET /e.php HTTP/1.1" 301 0 "-" "Mozilla/5.0 (Linux; Android 10; K) AppleWebKit/537.36 (KHTML, like Gecko) Chrome/114.0.0.0 Mobile Safari/537.36"
108.136.214.244 - - [31/Jul/2026:14:20:22 +0000] "GET /eagle.php HTTP/1.1" 301 0 "-" "Mozilla/5.0 (Linux; Android 10; K) AppleWebKit/537.36 (KHTML, like Gecko) Chrome/114.0.0.0 Mobile Safari/537.36"
108.136.214.244 - - [31/Jul/2026:14:20:22 +0000] "GET /exploit.php HTTP/1.1" 301 0 "-" "Mozilla/5.0 (Linux; Android 10; K) AppleWebKit/537.36 (KHTML, like Gecko) Chrome/114.0.0.0 Mobile Safari/537.36"
108.136.214.244 - - [31/Jul/2026:14:20:22 +0000] "GET /error.php?phpshells HTTP/1.1" 301 0 "-" "Mozilla/5.0 (Linux; Android 10; K) AppleWebKit/537.36 (KHTML, like Gecko) Chrome/114.0.0.0 Mobile Safari/537.36"
216.244.66.196 - - [31/Jul/2026:14:20:23 +0000] "GET /products/new-balance/?srsltid=33966605 HTTP/1.1" 404 63948 "-" "Mozilla/5.0 (compatible; DotBot/1.2; +https://opensiteexplorer.org/dotbot; help@moz.com)"
108.136.214.244 - - [31/Jul/2026:14:20:23 +0000] "GET /e.php HTTP/1.1" 404 15813 "-" "Mozilla/5.0 (Linux; Android 10; K) AppleWebKit/537.36 (KHTML, like Gecko) Chrome/114.0.0.0 Mobile Safari/537.36"
108.136.214.244 - - [31/Jul/2026:14:20:23 +0000] "GET /eagle.php HTTP/1.1" 404 15813 "-" "Mozilla/5.0 (Linux; Android 10; K) AppleWebKit/537.36 (KHTML, like Gecko) Chrome/114.0.0.0 Mobile Safari/537.36"
108.136.214.244 - - [31/Jul/2026:14:20:24 +0000] "GET /error.php?phpshells HTTP/1.1" 404 15813 "-" "Mozilla/5.0 (Linux; Android 10; K) AppleWebKit/537.36 (KHTML, like Gecko) Chrome/114.0.0.0 Mobile Safari/537.36"
108.136.214.244 - - [31/Jul/2026:14:20:24 +0000] "GET /exploit.php HTTP/1.1" 404 15813 "-" "Mozilla/5.0 (Linux; Android 10; K) AppleWebKit/537.36 (KHTML, like Gecko) Chrome/114.0.0.0 Mobile Safari/537.36"
108.136.214.244 - - [31/Jul/2026:14:20:25 +0000] "GET /f0x.php HTTP/1.1" 403 5812 "-" "Mozilla/5.0 (Linux; Android 10; K) AppleWebKit/537.36 (KHTML, like Gecko) Chrome/114.0.0.0 Mobile Safari/537.36"
108.136.214.244 - - [31/Jul/2026:14:20:25 +0000] "GET /file.php HTTP/1.1" 301 0 "-" "Mozilla/5.0 (Linux; Android 10; K) AppleWebKit/537.36 (KHTML, like Gecko) Chrome/114.0.0.0 Mobile Safari/537.36"
108.136.214.244 - - [31/Jul/2026:14:20:25 +0000] "GET /f.php HTTP/1.1" 301 0 "-" "Mozilla/5.0 (Linux; Android 10; K) AppleWebKit/537.36 (KHTML, like Gecko) Chrome/114.0.0.0 Mobile Safari/537.36"
108.136.214.244 - - [31/Jul/2026:14:20:25 +0000] "GET /fg.php HTTP/1.1" 301 0 "-" "Mozilla/5.0 (Linux; Android 10; K) AppleWebKit/537.36 (KHTML, like Gecko) Chrome/114.0.0.0 Mobile Safari/537.36"
108.136.214.244 - - [31/Jul/2026:14:20:25 +0000] "GET /fierza.php HTTP/1.1" 301 0 "-" "Mozilla/5.0 (Linux; Android 10; K) AppleWebKit/537.36 (KHTML, like Gecko) Chrome/114.0.0.0 Mobile Safari/537.36"
108.136.214.244 - - [31/Jul/2026:14:20:27 +0000] "GET /f.php HTTP/1.1" 404 15807 "-" "Mozilla/5.0 (Linux; Android 10; K) AppleWebKit/537.36 (KHTML, like Gecko) Chrome/114.0.0.0 Mobile Safari/537.36"
108.136.214.244 - - [31/Jul/2026:14:20:27 +0000] "GET /file.php HTTP/1.1" 404 15813 "-" "Mozilla/5.0 (Linux; Android 10; K) AppleWebKit/537.36 (KHTML, like Gecko) Chrome/114.0.0.0 Mobile Safari/537.36"
108.136.214.244 - - [31/Jul/2026:14:20:27 +0000] "GET /fierza.php HTTP/1.1" 404 15813 "-" "Mozilla/5.0 (Linux; Android 10; K) AppleWebKit/537.36 (KHTML, like Gecko) Chrome/114.0.0.0 Mobile Safari/537.36"
108.136.214.244 - - [31/Jul/2026:14:20:27 +0000] "GET /fg.php HTTP/1.1" 404 15813 "-" "Mozilla/5.0 (Linux; Android 10; K) AppleWebKit/537.36 (KHTML, like Gecko) Chrome/114.0.0.0 Mobile Safari/537.36"
108.136.214.244 - - [31/Jul/2026:14:20:29 +0000] "GET /fm.php HTTP/1.1" 301 0 "-" "Mozilla/5.0 (Linux; Android 10; K) AppleWebKit/537.36 (KHTML, like Gecko) Chrome/114.0.0.0 Mobile Safari/537.36"
108.136.214.244 - - [31/Jul/2026:14:20:29 +0000] "GET /flame.php HTTP/1.1" 301 0 "-" "Mozilla/5.0 (Linux; Android 10; K) AppleWebKit/537.36 (KHTML, like Gecko) Chrome/114.0.0.0 Mobile Safari/537.36"
108.136.214.244 - - [31/Jul/2026:14:20:29 +0000] "GET /fm1.php HTTP/1.1" 301 0 "-" "Mozilla/5.0 (Linux; Android 10; K) AppleWebKit/537.36 (KHTML, like Gecko) Chrome/114.0.0.0 Mobile Safari/537.36"
108.136.214.244 - - [31/Jul/2026:14:20:29 +0000] "GET /foxx.php HTTP/1.1" 301 0 "-" "Mozilla/5.0 (Linux; Android 10; K) AppleWebKit/537.36 (KHTML, like Gecko) Chrome/114.0.0.0 Mobile Safari/537.36"
