197.157.187.23 - - [31/Jul/2026:21:49:39 +0000] "GET /wp-content/themes/egovt/assets/libs/bootstrap/js/bootstrap.bundle.min.js HTTP/2" 200 21250 "https://kenyahighcomkigali.org/kenya/" "Mozilla/5.0 (Linux; Android 13; Airtel Imagine Build/TP1A.220624.014) AppleWebKit/537.36 (KHTML, like Gecko) Chrome/150.0.7871.181 Mobile Safari/537.36"
197.157.187.23 - - [31/Jul/2026:21:49:39 +0000] "GET /wp-content/uploads/2020/12/KHC-Logo-e1606152527502.png HTTP/2" 200 17548 "https://kenyahighcomkigali.org/kenya/" "Mozilla/5.0 (Linux; Android 13; Airtel Imagine Build/TP1A.220624.014) AppleWebKit/537.36 (KHTML, like Gecko) Chrome/150.0.7871.181 Mobile Safari/537.36"
197.157.187.23 - - [31/Jul/2026:21:49:40 +0000] "GET /wp-content/themes/egovt/assets/libs/select2/select2.min.js HTTP/3" 200 17909 "https://kenyahighcomkigali.org/kenya/" "Mozilla/5.0 (Linux; Android 13; Airtel Imagine Build/TP1A.220624.014) AppleWebKit/537.36 (KHTML, like Gecko) Chrome/150.0.7871.181 Mobile Safari/537.36"
197.157.187.23 - - [31/Jul/2026:21:49:40 +0000] "GET /wp-content/themes/egovt/assets/libs/feather.min.js HTTP/3" 200 19312 "https://kenyahighcomkigali.org/kenya/" "Mozilla/5.0 (Linux; Android 13; Airtel Imagine Build/TP1A.220624.014) AppleWebKit/537.36 (KHTML, like Gecko) Chrome/150.0.7871.181 Mobile Safari/537.36"
197.157.187.23 - - [31/Jul/2026:21:49:40 +0000] "GET /wp-includes/js/jquery/ui/tabs.min.js?ver=1.13.3 HTTP/3" 200 3794 "https://kenyahighcomkigali.org/kenya/" "Mozilla/5.0 (Linux; Android 13; Airtel Imagine Build/TP1A.220624.014) AppleWebKit/537.36 (KHTML, like Gecko) Chrome/150.0.7871.181 Mobile Safari/537.36"
197.157.187.23 - - [31/Jul/2026:21:49:40 +0000] "GET /wp-content/themes/egovt/assets/js/script.js HTTP/3" 200 1990 "https://kenyahighcomkigali.org/kenya/" "Mozilla/5.0 (Linux; Android 13; Airtel Imagine Build/TP1A.220624.014) AppleWebKit/537.36 (KHTML, like Gecko) Chrome/150.0.7871.181 Mobile Safari/537.36"
20.104.18.253 - - [31/Jul/2026:21:49:40 +0000] "GET /00.php HTTP/1.1" 404 13680 "-" "Mozilla/5.0 (Windows NT 10.0; Win64; x64) AppleWebKit/537.36 (KHTML, like Gecko) Chrome/120.0.0.0 Safari/537.36"
197.157.187.23 - - [31/Jul/2026:21:49:40 +0000] "GET /wp-content/themes/egovt/assets/libs/elegant_font/fonts/ElegantIcons.woff HTTP/3" 200 63664 "https://kenyahighcomkigali.org/wp-content/themes/egovt/assets/libs/elegant_font/ele_style.css" "Mozilla/5.0 (Linux; Android 13; Airtel Imagine Build/TP1A.220624.014) AppleWebKit/537.36 (KHTML, like Gecko) Chrome/150.0.7871.181 Mobile Safari/537.36"
197.157.187.23 - - [31/Jul/2026:21:49:40 +0000] "GET /wp-content/themes/egovt/assets/libs/fontawesome/webfonts/fa-solid-900.woff2 HTTP/3" 200 67400 "https://kenyahighcomkigali.org/wp-content/themes/egovt/assets/libs/fontawesome/css/all.min.css" "Mozilla/5.0 (Linux; Android 13; Airtel Imagine Build/TP1A.220624.014) AppleWebKit/537.36 (KHTML, like Gecko) Chrome/150.0.7871.181 Mobile Safari/537.36"
197.157.187.23 - - [31/Jul/2026:21:49:40 +0000] "GET /wp-content/themes/egovt/assets/libs/fancybox-master/dist/jquery.fancybox.min.js HTTP/3" 200 20999 "https://kenyahighcomkigali.org/kenya/" "Mozilla/5.0 (Linux; Android 13; Airtel Imagine Build/TP1A.220624.014) AppleWebKit/537.36 (KHTML, like Gecko) Chrome/150.0.7871.181 Mobile Safari/537.36"
197.157.187.23 - - [31/Jul/2026:21:49:40 +0000] "GET /wp-includes/js/jquery/ui/core.min.js?ver=1.13.3 HTTP/3" 200 6812 "https://kenyahighcomkigali.org/kenya/" "Mozilla/5.0 (Linux; Android 13; Airtel Imagine Build/TP1A.220624.014) AppleWebKit/537.36 (KHTML, like Gecko) Chrome/150.0.7871.181 Mobile Safari/537.36"
197.157.187.23 - - [31/Jul/2026:21:49:40 +0000] "GET /wp-includes/js/jquery/ui/datepicker.min.js?ver=1.13.3 HTTP/3" 200 10506 "https://kenyahighcomkigali.org/kenya/" "Mozilla/5.0 (Linux; Android 13; Airtel Imagine Build/TP1A.220624.014) AppleWebKit/537.36 (KHTML, like Gecko) Chrome/150.0.7871.181 Mobile Safari/537.36"
197.157.187.23 - - [31/Jul/2026:21:49:40 +0000] "GET /wp-content/plugins/revslider/public/assets/js/rbtools.min.js?ver=6.5.18 HTTP/3" 200 47289 "https://kenyahighcomkigali.org/kenya/" "Mozilla/5.0 (Linux; Android 13; Airtel Imagine Build/TP1A.220624.014) AppleWebKit/537.36 (KHTML, like Gecko) Chrome/150.0.7871.181 Mobile Safari/537.36"
197.157.187.23 - - [31/Jul/2026:21:49:40 +0000] "GET /wp-content/plugins/revslider/public/assets/js/rs6.min.js?ver=6.5.20 HTTP/3" 200 97037 "https://kenyahighcomkigali.org/kenya/" "Mozilla/5.0 (Linux; Android 13; Airtel Imagine Build/TP1A.220624.014) AppleWebKit/537.36 (KHTML, like Gecko) Chrome/150.0.7871.181 Mobile Safari/537.36"
20.104.18.253 - - [31/Jul/2026:21:49:40 +0000] "GET /wp-ws68.php HTTP/1.1" 404 13681 "-" "Mozilla/5.0 (Windows NT 10.0; Win64; x64) AppleWebKit/537.36 (KHTML, like Gecko) Chrome/120.0.0.0 Safari/537.36"
197.157.187.23 - - [31/Jul/2026:21:49:41 +0000] "GET /favicon.ico HTTP/3" 404 1251 "https://kenyahighcomkigali.org/kenya/" "Mozilla/5.0 (Linux; Android 13; Airtel Imagine Build/TP1A.220624.014) AppleWebKit/537.36 (KHTML, like Gecko) Chrome/150.0.7871.181 Mobile Safari/537.36"
197.157.187.23 - - [31/Jul/2026:21:49:41 +0000] "GET /wp-includes/js/wp-emoji-release.min.js?ver=7.0.2 HTTP/3" 200 4974 "https://kenyahighcomkigali.org/kenya/" "Mozilla/5.0 (Linux; Android 13; Airtel Imagine Build/TP1A.220624.014) AppleWebKit/537.36 (KHTML, like Gecko) Chrome/150.0.7871.181 Mobile Safari/537.36"
20.104.18.253 - - [31/Jul/2026:21:49:41 +0000] "GET /wp-info.php HTTP/1.1" 403 5137 "-" "Mozilla/5.0 (Windows NT 10.0; Win64; x64) AppleWebKit/537.36 (KHTML, like Gecko) Chrome/120.0.0.0 Safari/537.36"
20.104.18.253 - - [31/Jul/2026:21:49:41 +0000] "GET /bmlfvgdl.php HTTP/1.1" 404 13681 "-" "Mozilla/5.0 (Windows NT 10.0; Win64; x64) AppleWebKit/537.36 (KHTML, like Gecko) Chrome/120.0.0.0 Safari/537.36"
20.104.18.253 - - [31/Jul/2026:21:49:42 +0000] "GET /libraries/phpmailer//index.php HTTP/1.1" 301 0 "-" "Mozilla/5.0 (Windows NT 10.0; Win64; x64) AppleWebKit/537.36 (KHTML, like Gecko) Chrome/120.0.0.0 Safari/537.36"
20.104.18.253 - - [31/Jul/2026:21:49:43 +0000] "GET /version.php HTTP/1.1" 404 13680 "-" "Mozilla/5.0 (Windows NT 10.0; Win64; x64) AppleWebKit/537.36 (KHTML, like Gecko) Chrome/120.0.0.0 Safari/537.36"
20.104.18.253 - - [31/Jul/2026:21:49:43 +0000] "GET /wp-content/themes/seotheme/mar.php HTTP/1.1" 403 1242 "-" "Mozilla/5.0 (Windows NT 10.0; Win64; x64) AppleWebKit/537.36 (KHTML, like Gecko) Chrome/120.0.0.0 Safari/537.36"
20.104.18.253 - - [31/Jul/2026:21:49:43 +0000] "GET /colorsalfa.php HTTP/1.1" 404 13681 "-" "Mozilla/5.0 (Windows NT 10.0; Win64; x64) AppleWebKit/537.36 (KHTML, like Gecko) Chrome/120.0.0.0 Safari/537.36"
20.104.18.253 - - [31/Jul/2026:21:49:44 +0000] "GET /vp.php HTTP/1.1" 404 13680 "-" "Mozilla/5.0 (Windows NT 10.0; Win64; x64) AppleWebKit/537.36 (KHTML, like Gecko) Chrome/120.0.0.0 Safari/537.36"
20.104.18.253 - - [31/Jul/2026:21:49:45 +0000] "GET /ms-functions.php HTTP/1.1" 404 13681 "-" "Mozilla/5.0 (Windows NT 10.0; Win64; x64) AppleWebKit/537.36 (KHTML, like Gecko) Chrome/120.0.0.0 Safari/537.36"
20.104.18.253 - - [31/Jul/2026:21:49:45 +0000] "GET /class-wp-simple-js.php HTTP/1.1" 404 13681 "-" "Mozilla/5.0 (Windows NT 10.0; Win64; x64) AppleWebKit/537.36 (KHTML, like Gecko) Chrome/120.0.0.0 Safari/537.36"
20.104.18.253 - - [31/Jul/2026:21:49:46 +0000] "GET /.well-known/pki-validation/wp-config.php HTTP/1.1" 403 5135 "-" "Mozilla/5.0 (Windows NT 10.0; Win64; x64) AppleWebKit/537.36 (KHTML, like Gecko) Chrome/120.0.0.0 Safari/537.36"
20.104.18.253 - - [31/Jul/2026:21:49:46 +0000] "GET /colors/midnight/admin.php HTTP/1.1" 404 13681 "-" "Mozilla/5.0 (Windows NT 10.0; Win64; x64) AppleWebKit/537.36 (KHTML, like Gecko) Chrome/120.0.0.0 Safari/537.36"
20.104.18.253 - - [31/Jul/2026:21:49:47 +0000] "GET /w.php HTTP/1.1" 404 13681 "-" "Mozilla/5.0 (Windows NT 10.0; Win64; x64) AppleWebKit/537.36 (KHTML, like Gecko) Chrome/120.0.0.0 Safari/537.36"
20.104.18.253 - - [31/Jul/2026:21:49:49 +0000] "GET /css/flower.php HTTP/1.1" 403 5135 "-" "Mozilla/5.0 (Windows NT 10.0; Win64; x64) AppleWebKit/537.36 (KHTML, like Gecko) Chrome/120.0.0.0 Safari/537.36"
20.104.18.253 - - [31/Jul/2026:21:49:49 +0000] "GET /wp-admin/user/cloud.php HTTP/1.1" 404 13681 "-" "Mozilla/5.0 (Windows NT 10.0; Win64; x64) AppleWebKit/537.36 (KHTML, like Gecko) Chrome/120.0.0.0 Safari/537.36"
20.104.18.253 - - [31/Jul/2026:21:49:50 +0000] "GET /wp-content/plugins/css-ready-sel/file.php HTTP/1.1" 404 13680 "-" "Mozilla/5.0 (Windows NT 10.0; Win64; x64) AppleWebKit/537.36 (KHTML, like Gecko) Chrome/120.0.0.0 Safari/537.36"
20.104.18.253 - - [31/Jul/2026:21:49:51 +0000] "GET /wp-content/plugins/ioxi/ HTTP/1.1" 404 13681 "-" "Mozilla/5.0 (Windows NT 10.0; Win64; x64) AppleWebKit/537.36 (KHTML, like Gecko) Chrome/120.0.0.0 Safari/537.36"
20.104.18.253 - - [31/Jul/2026:21:49:52 +0000] "GET /qinfofuns.php HTTP/1.1" 404 13681 "-" "Mozilla/5.0 (Windows NT 10.0; Win64; x64) AppleWebKit/537.36 (KHTML, like Gecko) Chrome/120.0.0.0 Safari/537.36"
20.104.18.253 - - [31/Jul/2026:21:49:53 +0000] "GET /.well-known/zxhfwqyt.php HTTP/1.1" 404 13681 "-" "Mozilla/5.0 (Windows NT 10.0; Win64; x64) AppleWebKit/537.36 (KHTML, like Gecko) Chrome/120.0.0.0 Safari/537.36"
20.104.18.253 - - [31/Jul/2026:21:49:54 +0000] "GET /wp-uploads.php HTTP/1.1" 404 13681 "-" "Mozilla/5.0 (Windows NT 10.0; Win64; x64) AppleWebKit/537.36 (KHTML, like Gecko) Chrome/120.0.0.0 Safari/537.36"
20.104.18.253 - - [31/Jul/2026:21:49:55 +0000] "GET /xleet.php HTTP/1.1" 403 1242 "-" "Mozilla/5.0 (Windows NT 10.0; Win64; x64) AppleWebKit/537.36 (KHTML, like Gecko) Chrome/120.0.0.0 Safari/537.36"
20.104.18.253 - - [31/Jul/2026:21:49:55 +0000] "GET /dav.php HTTP/1.1" 404 13681 "-" "Mozilla/5.0 (Windows NT 10.0; Win64; x64) AppleWebKit/537.36 (KHTML, like Gecko) Chrome/120.0.0.0 Safari/537.36"
20.104.18.253 - - [31/Jul/2026:21:49:56 +0000] "GET /css/colors/ocean/ HTTP/1.1" 404 13681 "-" "Mozilla/5.0 (Windows NT 10.0; Win64; x64) AppleWebKit/537.36 (KHTML, like Gecko) Chrome/120.0.0.0 Safari/537.36"
17.246.23.16 - - [31/Jul/2026:21:49:57 +0000] "GET /products/disney-mickey-mouse-holiday-express/?srsltid=292959 HTTP/2" 301 0 "-" "Mozilla/5.0 (Macintosh; Intel Mac OS X 10_15_7) AppleWebKit/605.1.15 (KHTML, like Gecko) Version/17.4 Safari/605.1.15 (Applebot/0.1; +http://www.apple.com/go/applebot)"
20.104.18.253 - - [31/Jul/2026:21:49:57 +0000] "GET /update-core.php HTTP/1.1" 404 13681 "-" "Mozilla/5.0 (Windows NT 10.0; Win64; x64) AppleWebKit/537.36 (KHTML, like Gecko) Chrome/120.0.0.0 Safari/537.36"
20.104.18.253 - - [31/Jul/2026:21:49:58 +0000] "GET /images/2008.php HTTP/1.1" 404 13681 "-" "Mozilla/5.0 (Windows NT 10.0; Win64; x64) AppleWebKit/537.36 (KHTML, like Gecko) Chrome/120.0.0.0 Safari/537.36"
17.246.19.175 - - [31/Jul/2026:21:49:58 +0000] "GET /products/disney-mickey-mouse-holiday-express/?srsltid=292959 HTTP/2" 404 15792 "-" "Mozilla/5.0 (Macintosh; Intel Mac OS X 10_15_7) AppleWebKit/605.1.15 (KHTML, like Gecko) Version/17.4 Safari/605.1.15 (Applebot/0.1; +http://www.apple.com/go/applebot)"
20.104.18.253 - - [31/Jul/2026:21:50:00 +0000] "GET /zadad4dadad1.php HTTP/1.1" 404 13681 "-" "Mozilla/5.0 (Windows NT 10.0; Win64; x64) AppleWebKit/537.36 (KHTML, like Gecko) Chrome/120.0.0.0 Safari/537.36"
17.246.23.141 - - [31/Jul/2026:21:50:02 +0000] "GET /products/cuero-vintage-handmade-leather-travel-messenger-bag-briefcas/?srsltid=9472048 HTTP/2" 404 15792 "-" "Mozilla/5.0 (Macintosh; Intel Mac OS X 10_15_7) AppleWebKit/605.1.15 (KHTML, like Gecko) Version/17.4 Safari/605.1.15 (Applebot/0.1; +http://www.apple.com/go/applebot)"
20.104.18.253 - - [31/Jul/2026:21:50:02 +0000] "GET /fm1.php HTTP/1.1" 404 13680 "-" "Mozilla/5.0 (Windows NT 10.0; Win64; x64) AppleWebKit/537.36 (KHTML, like Gecko) Chrome/120.0.0.0 Safari/537.36"
20.104.18.253 - - [31/Jul/2026:21:50:03 +0000] "GET /class-wp-filesystem-direct.php HTTP/1.1" 404 13681 "-" "Mozilla/5.0 (Windows NT 10.0; Win64; x64) AppleWebKit/537.36 (KHTML, like Gecko) Chrome/120.0.0.0 Safari/537.36"
20.104.18.253 - - [31/Jul/2026:21:50:05 +0000] "GET /wp-includes/block-patterns/post.php HTTP/1.1" 404 13680 "-" "Mozilla/5.0 (Windows NT 10.0; Win64; x64) AppleWebKit/537.36 (KHTML, like Gecko) Chrome/120.0.0.0 Safari/537.36"
20.104.18.253 - - [31/Jul/2026:21:50:06 +0000] "GET /media/priv.php HTTP/1.1" 404 13680 "-" "Mozilla/5.0 (Windows NT 10.0; Win64; x64) AppleWebKit/537.36 (KHTML, like Gecko) Chrome/120.0.0.0 Safari/537.36"
20.104.18.253 - - [31/Jul/2026:21:50:07 +0000] "GET /ay.php HTTP/1.1" 404 13681 "-" "Mozilla/5.0 (Windows NT 10.0; Win64; x64) AppleWebKit/537.36 (KHTML, like Gecko) Chrome/120.0.0.0 Safari/537.36"
20.104.18.253 - - [31/Jul/2026:21:50:08 +0000] "GET /v2geb.php HTTP/1.1" 404 13681 "-" "Mozilla/5.0 (Windows NT 10.0; Win64; x64) AppleWebKit/537.36 (KHTML, like Gecko) Chrome/120.0.0.0 Safari/537.36"
20.104.18.253 - - [31/Jul/2026:21:50:09 +0000] "GET /wp-admin/network/xmrlpc.php HTTP/1.1" 404 13680 "-" "Mozilla/5.0 (Windows NT 10.0; Win64; x64) AppleWebKit/537.36 (KHTML, like Gecko) Chrome/120.0.0.0 Safari/537.36"
20.104.18.253 - - [31/Jul/2026:21:50:09 +0000] "GET /wp-includes/certificates/plugins.php HTTP/1.1" 404 13680 "-" "Mozilla/5.0 (Windows NT 10.0; Win64; x64) AppleWebKit/537.36 (KHTML, like Gecko) Chrome/120.0.0.0 Safari/537.36"
20.104.18.253 - - [31/Jul/2026:21:50:10 +0000] "GET /joomlabypass.php HTTP/1.1" 404 13681 "-" "Mozilla/5.0 (Windows NT 10.0; Win64; x64) AppleWebKit/537.36 (KHTML, like Gecko) Chrome/120.0.0.0 Safari/537.36"
20.104.18.253 - - [31/Jul/2026:21:50:11 +0000] "GET /assets/bypass.php HTTP/1.1" 403 5137 "-" "Mozilla/5.0 (Windows NT 10.0; Win64; x64) AppleWebKit/537.36 (KHTML, like Gecko) Chrome/120.0.0.0 Safari/537.36"
20.104.18.253 - - [31/Jul/2026:21:50:12 +0000] "GET /wp-includes/rest-api/index.php HTTP/1.1" 301 0 "-" "Mozilla/5.0 (Windows NT 10.0; Win64; x64) AppleWebKit/537.36 (KHTML, like Gecko) Chrome/120.0.0.0 Safari/537.36"
20.104.18.253 - - [31/Jul/2026:21:50:13 +0000] "GET /assetswp.php HTTP/1.1" 404 13681 "-" "Mozilla/5.0 (Windows NT 10.0; Win64; x64) AppleWebKit/537.36 (KHTML, like Gecko) Chrome/120.0.0.0 Safari/537.36"
20.104.18.253 - - [31/Jul/2026:21:50:14 +0000] "GET /.well-knownk.php HTTP/1.1" 404 13680 "-" "Mozilla/5.0 (Windows NT 10.0; Win64; x64) AppleWebKit/537.36 (KHTML, like Gecko) Chrome/120.0.0.0 Safari/537.36"
20.104.18.253 - - [31/Jul/2026:21:50:15 +0000] "GET /twentyfive/include.php HTTP/1.1" 404 13680 "-" "Mozilla/5.0 (Windows NT 10.0; Win64; x64) AppleWebKit/537.36 (KHTML, like Gecko) Chrome/120.0.0.0 Safari/537.36"
57.141.0.33 - - [31/Jul/2026:21:50:16 +0000] "GET /products/detail/106332367 HTTP/2" 429 0 "-" "Mozilla/5.0 (Macintosh; Intel Mac OS X 10_15_7) AppleWebKit/537.36 (KHTML, like Gecko) Chrome/145.0.0.0 Safari/537.36 (compatible; meta-externalagent/1.1 (+https://developers.facebook.com/docs/sharing/webmasters/crawler))"
20.104.18.253 - - [31/Jul/2026:21:50:15 +0000] "GET /wp-admins.php HTTP/1.1" 404 13681 "-" "Mozilla/5.0 (Windows NT 10.0; Win64; x64) AppleWebKit/537.36 (KHTML, like Gecko) Chrome/120.0.0.0 Safari/537.36"
17.246.19.205 - - [31/Jul/2026:21:50:16 +0000] "GET /products/the-boyz-photocard-set/?srsltid=1749309 HTTP/2" 404 15792 "-" "Mozilla/5.0 (Macintosh; Intel Mac OS X 10_15_7) AppleWebKit/605.1.15 (KHTML, like Gecko) Version/17.4 Safari/605.1.15 (Applebot/0.1; +http://www.apple.com/go/applebot)"
20.104.18.253 - - [31/Jul/2026:21:50:16 +0000] "GET /newlms/assets/frontend/ HTTP/1.1" 404 13681 "-" "Mozilla/5.0 (Windows NT 10.0; Win64; x64) AppleWebKit/537.36 (KHTML, like Gecko) Chrome/120.0.0.0 Safari/537.36"
20.104.18.253 - - [31/Jul/2026:21:50:17 +0000] "GET /tejdTP.php HTTP/1.1" 404 13681 "-" "Mozilla/5.0 (Windows NT 10.0; Win64; x64) AppleWebKit/537.36 (KHTML, like Gecko) Chrome/120.0.0.0 Safari/537.36"
20.104.18.253 - - [31/Jul/2026:21:50:18 +0000] "GET /test.php7 HTTP/1.1" 404 13680 "-" "Mozilla/5.0 (Windows NT 10.0; Win64; x64) AppleWebKit/537.36 (KHTML, like Gecko) Chrome/120.0.0.0 Safari/537.36"
20.104.18.253 - - [31/Jul/2026:21:50:19 +0000] "GET /randkeyword.php7 HTTP/1.1" 404 13681 "-" "Mozilla/5.0 (Windows NT 10.0; Win64; x64) AppleWebKit/537.36 (KHTML, like Gecko) Chrome/120.0.0.0 Safari/537.36"
20.104.18.253 - - [31/Jul/2026:21:50:20 +0000] "GET /assets/images/video/ HTTP/1.1" 404 13681 "-" "Mozilla/5.0 (Windows NT 10.0; Win64; x64) AppleWebKit/537.36 (KHTML, like Gecko) Chrome/120.0.0.0 Safari/537.36"
20.104.18.253 - - [31/Jul/2026:21:50:21 +0000] "GET /wp-includes/cqhnpmqs.php HTTP/1.1" 404 13681 "-" "Mozilla/5.0 (Windows NT 10.0; Win64; x64) AppleWebKit/537.36 (KHTML, like Gecko) Chrome/120.0.0.0 Safari/537.36"
20.104.18.253 - - [31/Jul/2026:21:50:22 +0000] "GET /1index.php HTTP/1.1" 404 13681 "-" "Mozilla/5.0 (Windows NT 10.0; Win64; x64) AppleWebKit/537.36 (KHTML, like Gecko) Chrome/120.0.0.0 Safari/537.36"
20.104.18.253 - - [31/Jul/2026:21:50:24 +0000] "GET /menu.php HTTP/1.1" 404 13680 "-" "Mozilla/5.0 (Windows NT 10.0; Win64; x64) AppleWebKit/537.36 (KHTML, like Gecko) Chrome/120.0.0.0 Safari/537.36"
20.104.18.253 - - [31/Jul/2026:21:50:25 +0000] "GET /alfacgiapi/go.php HTTP/1.1" 403 5135 "-" "Mozilla/5.0 (Windows NT 10.0; Win64; x64) AppleWebKit/537.36 (KHTML, like Gecko) Chrome/120.0.0.0 Safari/537.36"
20.104.18.253 - - [31/Jul/2026:21:50:25 +0000] "GET /I3zu2h.php HTTP/1.1" 404 13681 "-" "Mozilla/5.0 (Windows NT 10.0; Win64; x64) AppleWebKit/537.36 (KHTML, like Gecko) Chrome/120.0.0.0 Safari/537.36"
20.104.18.253 - - [31/Jul/2026:21:50:26 +0000] "GET /b.php HTTP/1.1" 404 13680 "-" "Mozilla/5.0 (Windows NT 10.0; Win64; x64) AppleWebKit/537.36 (KHTML, like Gecko) Chrome/120.0.0.0 Safari/537.36"
20.104.18.253 - - [31/Jul/2026:21:50:27 +0000] "GET /twentyeleven/functions.php HTTP/1.1" 404 13681 "-" "Mozilla/5.0 (Windows NT 10.0; Win64; x64) AppleWebKit/537.36 (KHTML, like Gecko) Chrome/120.0.0.0 Safari/537.36"
20.104.18.253 - - [31/Jul/2026:21:50:28 +0000] "GET /marsvf.php HTTP/1.1" 404 13681 "-" "Mozilla/5.0 (Windows NT 10.0; Win64; x64) AppleWebKit/537.36 (KHTML, like Gecko) Chrome/120.0.0.0 Safari/537.36"
20.104.18.253 - - [31/Jul/2026:21:50:29 +0000] "GET /wp-includes/blocks/flower.php HTTP/1.1" 403 5137 "-" "Mozilla/5.0 (Windows NT 10.0; Win64; x64) AppleWebKit/537.36 (KHTML, like Gecko) Chrome/120.0.0.0 Safari/537.36"
20.104.18.253 - - [31/Jul/2026:21:50:29 +0000] "GET /colors/index.php HTTP/1.1" 301 0 "-" "Mozilla/5.0 (Windows NT 10.0; Win64; x64) AppleWebKit/537.36 (KHTML, like Gecko) Chrome/120.0.0.0 Safari/537.36"
20.104.18.253 - - [31/Jul/2026:21:50:30 +0000] "GET /fonts/iqb.php HTTP/1.1" 404 13681 "-" "Mozilla/5.0 (Windows NT 10.0; Win64; x64) AppleWebKit/537.36 (KHTML, like Gecko) Chrome/120.0.0.0 Safari/537.36"
20.104.18.253 - - [31/Jul/2026:21:50:31 +0000] "GET /c999shell.php HTTP/1.1" 403 5135 "-" "Mozilla/5.0 (Windows NT 10.0; Win64; x64) AppleWebKit/537.36 (KHTML, like Gecko) Chrome/120.0.0.0 Safari/537.36"
20.104.18.253 - - [31/Jul/2026:21:50:31 +0000] "GET /assets/app.php HTTP/1.1" 404 13681 "-" "Mozilla/5.0 (Windows NT 10.0; Win64; x64) AppleWebKit/537.36 (KHTML, like Gecko) Chrome/120.0.0.0 Safari/537.36"
20.104.18.253 - - [31/Jul/2026:21:50:32 +0000] "GET //wp-admin/network/autoload_classmap.php HTTP/1.1" 403 5137 "-" "Mozilla/5.0 (Windows NT 10.0; Win64; x64) AppleWebKit/537.36 (KHTML, like Gecko) Chrome/120.0.0.0 Safari/537.36"
20.104.18.253 - - [31/Jul/2026:21:50:32 +0000] "GET /access.php HTTP/1.1" 404 13681 "-" "Mozilla/5.0 (Windows NT 10.0; Win64; x64) AppleWebKit/537.36 (KHTML, like Gecko) Chrome/120.0.0.0 Safari/537.36"
20.104.18.253 - - [31/Jul/2026:21:50:33 +0000] "GET /wp-content/plugins/envato-market/inc/ HTTP/1.1" 404 13680 "-" "Mozilla/5.0 (Windows NT 10.0; Win64; x64) AppleWebKit/537.36 (KHTML, like Gecko) Chrome/120.0.0.0 Safari/537.36"
20.104.18.253 - - [31/Jul/2026:21:50:34 +0000] "GET /w8a6btny.php HTTP/1.1" 404 13681 "-" "Mozilla/5.0 (Windows NT 10.0; Win64; x64) AppleWebKit/537.36 (KHTML, like Gecko) Chrome/120.0.0.0 Safari/537.36"
20.104.18.253 - - [31/Jul/2026:21:50:35 +0000] "GET /wp-content/languages/themes/ HTTP/1.1" 404 13680 "-" "Mozilla/5.0 (Windows NT 10.0; Win64; x64) AppleWebKit/537.36 (KHTML, like Gecko) Chrome/120.0.0.0 Safari/537.36"
20.104.18.253 - - [31/Jul/2026:21:50:35 +0000] "GET /widgets/menu.php HTTP/1.1" 404 13681 "-" "Mozilla/5.0 (Windows NT 10.0; Win64; x64) AppleWebKit/537.36 (KHTML, like Gecko) Chrome/120.0.0.0 Safari/537.36"
20.104.18.253 - - [31/Jul/2026:21:50:36 +0000] "GET /wp-post.php HTTP/1.1" 404 13680 "-" "Mozilla/5.0 (Windows NT 10.0; Win64; x64) AppleWebKit/537.36 (KHTML, like Gecko) Chrome/120.0.0.0 Safari/537.36"
20.104.18.253 - - [31/Jul/2026:21:50:37 +0000] "GET /alfa-rex.php7 HTTP/1.1" 403 5137 "-" "Mozilla/5.0 (Windows NT 10.0; Win64; x64) AppleWebKit/537.36 (KHTML, like Gecko) Chrome/120.0.0.0 Safari/537.36"
20.104.18.253 - - [31/Jul/2026:21:50:37 +0000] "GET /thumbnail.php HTTP/1.1" 404 13680 "-" "Mozilla/5.0 (Windows NT 10.0; Win64; x64) AppleWebKit/537.36 (KHTML, like Gecko) Chrome/120.0.0.0 Safari/537.36"
20.104.18.253 - - [31/Jul/2026:21:50:38 +0000] "GET /wp-content/plugins/html404/ HTTP/1.1" 404 13680 "-" "Mozilla/5.0 (Windows NT 10.0; Win64; x64) AppleWebKit/537.36 (KHTML, like Gecko) Chrome/120.0.0.0 Safari/537.36"
20.104.18.253 - - [31/Jul/2026:21:50:39 +0000] "GET /vuln.php HTTP/1.1" 404 13680 "-" "Mozilla/5.0 (Windows NT 10.0; Win64; x64) AppleWebKit/537.36 (KHTML, like Gecko) Chrome/120.0.0.0 Safari/537.36"
20.104.18.253 - - [31/Jul/2026:21:50:40 +0000] "GET /wtu.php HTTP/1.1" 404 13681 "-" "Mozilla/5.0 (Windows NT 10.0; Win64; x64) AppleWebKit/537.36 (KHTML, like Gecko) Chrome/120.0.0.0 Safari/537.36"
20.104.18.253 - - [31/Jul/2026:21:50:41 +0000] "GET /wp-includes/certificates/dropdown.php HTTP/1.1" 403 5135 "-" "Mozilla/5.0 (Windows NT 10.0; Win64; x64) AppleWebKit/537.36 (KHTML, like Gecko) Chrome/120.0.0.0 Safari/537.36"
20.104.18.253 - - [31/Jul/2026:21:50:41 +0000] "GET /api_upload.php HTTP/1.1" 404 13680 "-" "Mozilla/5.0 (Windows NT 10.0; Win64; x64) AppleWebKit/537.36 (KHTML, like Gecko) Chrome/120.0.0.0 Safari/537.36"
20.104.18.253 - - [31/Jul/2026:21:50:42 +0000] "GET /wp-includes/random_compat/flower.php HTTP/1.1" 403 5137 "-" "Mozilla/5.0 (Windows NT 10.0; Win64; x64) AppleWebKit/537.36 (KHTML, like Gecko) Chrome/120.0.0.0 Safari/537.36"
20.104.18.253 - - [31/Jul/2026:21:50:42 +0000] "GET /wp-includes/css/SEEP77.php HTTP/1.1" 404 13681 "-" "Mozilla/5.0 (Windows NT 10.0; Win64; x64) AppleWebKit/537.36 (KHTML, like Gecko) Chrome/120.0.0.0 Safari/537.36"
20.104.18.253 - - [31/Jul/2026:21:50:44 +0000] "GET /archivarix.cms.php HTTP/1.1" 404 13681 "-" "Mozilla/5.0 (Windows NT 10.0; Win64; x64) AppleWebKit/537.36 (KHTML, like Gecko) Chrome/120.0.0.0 Safari/537.36"
20.104.18.253 - - [31/Jul/2026:21:50:45 +0000] "GET /hideo/network.php HTTP/1.1" 404 13681 "-" "Mozilla/5.0 (Windows NT 10.0; Win64; x64) AppleWebKit/537.36 (KHTML, like Gecko) Chrome/120.0.0.0 Safari/537.36"
20.104.18.253 - - [31/Jul/2026:21:50:46 +0000] "GET /wp-content/plugins/gvxnffc/ HTTP/1.1" 404 13681 "-" "Mozilla/5.0 (Windows NT 10.0; Win64; x64) AppleWebKit/537.36 (KHTML, like Gecko) Chrome/120.0.0.0 Safari/537.36"
20.104.18.253 - - [31/Jul/2026:21:50:47 +0000] "GET /class-walker-comment-beta.php HTTP/1.1" 404 13680 "-" "Mozilla/5.0 (Windows NT 10.0; Win64; x64) AppleWebKit/537.36 (KHTML, like Gecko) Chrome/120.0.0.0 Safari/537.36"
20.104.18.253 - - [31/Jul/2026:21:50:47 +0000] "GET /gdftps.php HTTP/1.1" 404 13680 "-" "Mozilla/5.0 (Windows NT 10.0; Win64; x64) AppleWebKit/537.36 (KHTML, like Gecko) Chrome/120.0.0.0 Safari/537.36"
20.104.18.253 - - [31/Jul/2026:21:50:48 +0000] "GET /cgi-bin/upfile.php HTTP/1.1" 404 13680 "-" "Mozilla/5.0 (Windows NT 10.0; Win64; x64) AppleWebKit/537.36 (KHTML, like Gecko) Chrome/120.0.0.0 Safari/537.36"
20.104.18.253 - - [31/Jul/2026:21:50:49 +0000] "GET /wp-content/themes/h47vbpo2/ HTTP/1.1" 404 13681 "-" "Mozilla/5.0 (Windows NT 10.0; Win64; x64) AppleWebKit/537.36 (KHTML, like Gecko) Chrome/120.0.0.0 Safari/537.36"
20.104.18.253 - - [31/Jul/2026:21:50:51 +0000] "GET /wp-includes/js/jquery/ HTTP/1.1" 404 1251 "-" "Mozilla/5.0 (Windows NT 10.0; Win64; x64) AppleWebKit/537.36 (KHTML, like Gecko) Chrome/120.0.0.0 Safari/537.36"
20.104.18.253 - - [31/Jul/2026:21:50:51 +0000] "GET /poiczmao.php HTTP/1.1" 404 13681 "-" "Mozilla/5.0 (Windows NT 10.0; Win64; x64) AppleWebKit/537.36 (KHTML, like Gecko) Chrome/120.0.0.0 Safari/537.36"
66.249.66.199 - - [31/Jul/2026:21:50:59 +0000] "GET /community/item/fx4j15sbh5wi2ud.htm HTTP/1.1" 404 13681 "-" "Mozilla/5.0 (compatible; Googlebot/2.1; +http://www.google.com/bot.html)"
57.141.0.11 - - [31/Jul/2026:21:51:23 +0000] "GET /products/detail/39566216 HTTP/2" 429 0 "-" "Mozilla/5.0 (X11; Linux x86_64) AppleWebKit/537.36 (KHTML, like Gecko) Chrome/145.0.0.0 Safari/537.36 (compatible; meta-externalagent/1.1 (+https://developers.facebook.com/docs/sharing/webmasters/crawler))"
121.229.156.98 - - [31/Jul/2026:21:51:25 +0000] "GET /donation-confirmation/ HTTP/1.1" 200 16728 "-" "Sogou web spider/4.0(+http://www.sogou.com/docs/help/webmasters.htm#07)"
197.157.187.23 - - [31/Jul/2026:21:51:47 +0000] "GET /kenya/ HTTP/2" 200 16157 "-" "Mozilla/5.0 (Linux; Android 13; Airtel Imagine Build/TP1A.220624.014) AppleWebKit/537.36 (KHTML, like Gecko) Chrome/150.0.7871.181 Mobile Safari/537.36"
197.157.187.23 - - [31/Jul/2026:21:51:49 +0000] "GET /favicon.ico HTTP/2" 404 1251 "https://kenyahighcomkigali.org/kenya/" "Mozilla/5.0 (Linux; Android 13; Airtel Imagine Build/TP1A.220624.014) AppleWebKit/537.36 (KHTML, like Gecko) Chrome/150.0.7871.181 Mobile Safari/537.36"
17.22.253.49 - - [31/Jul/2026:21:51:57 +0000] "GET /products/1534-vintage-locker-necklace-22-pendant-15in/?srsltid=54237725 HTTP/2" 404 15792 "-" "Mozilla/5.0 (Macintosh; Intel Mac OS X 10_15_7) AppleWebKit/605.1.15 (KHTML, like Gecko) Version/17.4 Safari/605.1.15 (Applebot/0.1; +http://www.apple.com/go/applebot)"
17.22.253.181 - - [31/Jul/2026:21:51:59 +0000] "GET /products/max-factor-wild-shadow-pot-ombretto-in-crema-06-magnetic-bro/?srsltid=202645656 HTTP/2" 404 15792 "-" "Mozilla/5.0 (Macintosh; Intel Mac OS X 10_15_7) AppleWebKit/605.1.15 (KHTML, like Gecko) Version/17.4 Safari/605.1.15 (Applebot/0.1; +http://www.apple.com/go/applebot)"
121.229.156.50 - - [31/Jul/2026:21:52:01 +0000] "GET /products/new-alexander-mcqueen-punk-leather-buckle-point-toe-mules-size-40/?srsltid=3193218 HTTP/1.1" 301 0 "-" "Sogou web spider/4.0(+http://www.sogou.com/docs/help/webmasters.htm#07)"
121.229.156.50 - - [31/Jul/2026:21:52:02 +0000] "GET /products/new-alexander-mcqueen-punk-leather-buckle-point-toe-mules-size-40/?srsltid=3193218 HTTP/1.1" 404 15786 "-" "Sogou web spider/4.0(+http://www.sogou.com/docs/help/webmasters.htm#07)"
66.249.66.200 - - [31/Jul/2026:21:52:21 +0000] "GET /genus/issue/exurf7ievrigl4z.htm HTTP/1.1" 404 13681 "-" "Mozilla/5.0 (Linux; Android 6.0.1; Nexus 5X Build/MMB29P) AppleWebKit/537.36 (KHTML, like Gecko) Chrome/150.0.7871.186 Mobile Safari/537.36 (compatible; Googlebot/2.1; +http://www.google.com/bot.html)"
112.86.225.234 - - [31/Jul/2026:21:52:24 +0000] "GET /products/bahco-chalk-powder-tube-blue-227g-bahclblue/?srsltid=204816706 HTTP/1.1" 301 0 "-" "Sogou web spider/4.0(+http://www.sogou.com/docs/help/webmasters.htm#07)"
112.86.225.234 - - [31/Jul/2026:21:52:25 +0000] "GET /products/bahco-chalk-powder-tube-blue-227g-bahclblue/?srsltid=204816706 HTTP/1.1" 404 15792 "-" "Sogou web spider/4.0(+http://www.sogou.com/docs/help/webmasters.htm#07)"
57.141.0.6 - - [31/Jul/2026:21:52:30 +0000] "GET /products/detail/36610377 HTTP/2" 429 0 "-" "Mozilla/5.0 (Windows NT 10.0; Win64; x64) AppleWebKit/537.36 (KHTML, like Gecko) Chrome/145.0.0.0 Safari/537.36 (compatible; meta-externalagent/1.1 (+https://developers.facebook.com/docs/sharing/webmasters/crawler))"
66.249.76.36 - - [31/Jul/2026:21:52:38 +0000] "GET /cultivar/outgrowth/e94k15sehps2v29.htm HTTP/1.1" 404 13681 "-" "Mozilla/5.0 (Linux; Android 6.0.1; Nexus 5X Build/MMB29P) AppleWebKit/537.36 (KHTML, like Gecko) Chrome/150.0.7871.186 Mobile Safari/537.36 (compatible; Googlebot/2.1; +http://www.google.com/bot.html)"
66.249.66.199 - - [31/Jul/2026:21:52:39 +0000] "GET /cultivar/outgrowth/e94k15sehps2v29.htm HTTP/1.1" 404 13680 "-" "Mozilla/5.0 (compatible; Googlebot/2.1; +http://www.google.com/bot.html)"
112.86.225.48 - - [31/Jul/2026:21:52:44 +0000] "GET /products/burberry-blue-polo-size-s/?srsltid=15149108 HTTP/1.1" 404 15792 "-" "Sogou web spider/4.0(+http://www.sogou.com/docs/help/webmasters.htm#07)"
17.246.23.104 - - [31/Jul/2026:21:53:09 +0000] "GET /products/libro-una-vita-come-tante/?srsltid=59207637 HTTP/2" 301 0 "-" "Mozilla/5.0 (Macintosh; Intel Mac OS X 10_15_7) AppleWebKit/605.1.15 (KHTML, like Gecko) Version/17.4 Safari/605.1.15 (Applebot/0.1; +http://www.apple.com/go/applebot)"
17.246.15.177 - - [31/Jul/2026:21:53:11 +0000] "GET /products/libro-una-vita-come-tante/?srsltid=59207637 HTTP/2" 404 15792 "-" "Mozilla/5.0 (Macintosh; Intel Mac OS X 10_15_7) AppleWebKit/605.1.15 (KHTML, like Gecko) Version/17.4 Safari/605.1.15 (Applebot/0.1; +http://www.apple.com/go/applebot)"
17.246.23.47 - - [31/Jul/2026:21:53:13 +0000] "GET /products/indiana-glass-heirloom-sunset-creamer-pitcher/?srsltid=27352638 HTTP/2" 404 15786 "-" "Mozilla/5.0 (Macintosh; Intel Mac OS X 10_15_7) AppleWebKit/605.1.15 (KHTML, like Gecko) Version/17.4 Safari/605.1.15 (Applebot/0.1; +http://www.apple.com/go/applebot)"
66.249.66.198 - - [31/Jul/2026:21:53:20 +0000] "GET /grade/freight/eix9ialoyulj472.htm HTTP/1.1" 404 13681 "-" "Mozilla/5.0 (compatible; Googlebot/2.1; +http://www.google.com/bot.html)"
17.246.19.54 - - [31/Jul/2026:21:53:24 +0000] "GET /products/five-nights-at-freddys-6-inch-endo-series-collector-figure-e/?srsltid=55058157 HTTP/2" 301 0 "-" "Mozilla/5.0 (Macintosh; Intel Mac OS X 10_15_7) AppleWebKit/605.1.15 (KHTML, like Gecko) Version/17.4 Safari/605.1.15 (Applebot/0.1; +http://www.apple.com/go/applebot)"
17.241.75.243 - - [31/Jul/2026:21:53:25 +0000] "GET /products/stray-kids-unsealed-do-it-album-read-description/?srsltid=47162169 HTTP/2" 301 0 "-" "Mozilla/5.0 (Macintosh; Intel Mac OS X 10_15_7) AppleWebKit/605.1.15 (KHTML, like Gecko) Version/17.4 Safari/605.1.15 (Applebot/0.1; +http://www.apple.com/go/applebot)"
17.246.15.81 - - [31/Jul/2026:21:53:25 +0000] "GET /products/five-nights-at-freddys-6-inch-endo-series-collector-figure-e/?srsltid=55058157 HTTP/2" 404 15792 "-" "Mozilla/5.0 (Macintosh; Intel Mac OS X 10_15_7) AppleWebKit/605.1.15 (KHTML, like Gecko) Version/17.4 Safari/605.1.15 (Applebot/0.1; +http://www.apple.com/go/applebot)"
17.241.75.183 - - [31/Jul/2026:21:53:26 +0000] "GET /products/stray-kids-unsealed-do-it-album-read-description/?srsltid=47162169 HTTP/2" 404 15792 "-" "Mozilla/5.0 (Macintosh; Intel Mac OS X 10_15_7) AppleWebKit/605.1.15 (KHTML, like Gecko) Version/17.4 Safari/605.1.15 (Applebot/0.1; +http://www.apple.com/go/applebot)"
57.141.0.28 - - [31/Jul/2026:21:53:37 +0000] "GET /products/gts-gt0688c-clear-headlight-covers-2pc-for-1998-2001-prizm/?srsltid=205990270 HTTP/2" 429 0 "-" "Mozilla/5.0 (Windows NT 10.0; Win64; x64) AppleWebKit/537.36 (KHTML, like Gecko) Chrome/145.0.0.0 Safari/537.36 (compatible; meta-externalagent/1.1 (+https://developers.facebook.com/docs/sharing/webmasters/crawler))"
17.246.19.244 - - [31/Jul/2026:21:53:43 +0000] "GET /products/bnwt-size-10-mens-unltd-echo-sneakers/?srsltid=22906710 HTTP/2" 404 15792 "-" "Mozilla/5.0 (Macintosh; Intel Mac OS X 10_15_7) AppleWebKit/605.1.15 (KHTML, like Gecko) Version/17.4 Safari/605.1.15 (Applebot/0.1; +http://www.apple.com/go/applebot)"
17.241.75.59 - - [31/Jul/2026:21:53:56 +0000] "GET /products/hajime-sorayama-hyper-illustrations-2/?srsltid=62924133 HTTP/2" 404 15792 "-" "Mozilla/5.0 (Macintosh; Intel Mac OS X 10_15_7) AppleWebKit/605.1.15 (KHTML, like Gecko) Version/17.4 Safari/605.1.15 (Applebot/0.1; +http://www.apple.com/go/applebot)"
121.229.156.106 - - [31/Jul/2026:21:53:58 +0000] "GET /products/230w-nail-vacuum-cleaner-nail-dust-collector-super-power-brushless-motor-nail-dust-suction-nails-art-salon-device-led-spotlight/?srsltid=203379279 HTTP/1.1" 404 15792 "-" "Sogou web spider/4.0(+http://www.sogou.com/docs/help/webmasters.htm#07)"
66.249.66.198 - - [31/Jul/2026:21:54:09 +0000] "GET /species/prototype/eqi53v6ujf64fsn.htm HTTP/1.1" 404 13681 "-" "Mozilla/5.0 (compatible; Googlebot/2.1; +http://www.google.com/bot.html)"
66.249.66.199 - - [31/Jul/2026:21:54:10 +0000] "GET /species/prototype/eqi53v6ujf64fsn.htm HTTP/1.1" 404 13681 "-" "Mozilla/5.0 (Linux; Android 6.0.1; Nexus 5X Build/MMB29P) AppleWebKit/537.36 (KHTML, like Gecko) Chrome/150.0.7871.186 Mobile Safari/537.36 (compatible; Googlebot/2.1; +http://www.google.com/bot.html)"
197.157.187.23 - - [31/Jul/2026:21:54:12 +0000] "GET /kenya/ HTTP/2" 200 16159 "-" "Mozilla/5.0 (Linux; Android 13; Airtel Imagine Build/TP1A.220624.014) AppleWebKit/537.36 (KHTML, like Gecko) Chrome/150.0.7871.181 Mobile Safari/537.36"
197.157.187.23 - - [31/Jul/2026:21:54:14 +0000] "GET /favicon.ico HTTP/2" 404 1251 "https://kenyahighcomkigali.org/kenya/" "Mozilla/5.0 (Linux; Android 13; Airtel Imagine Build/TP1A.220624.014) AppleWebKit/537.36 (KHTML, like Gecko) Chrome/150.0.7871.181 Mobile Safari/537.36"
17.22.245.58 - - [31/Jul/2026:21:54:26 +0000] "GET /products/yamatic-impact-sprinkler-on-adjustable-tripod-base-360-degre/?srsltid=206103061 HTTP/2" 404 15792 "-" "Mozilla/5.0 (Macintosh; Intel Mac OS X 10_15_7) AppleWebKit/605.1.15 (KHTML, like Gecko) Version/17.4 Safari/605.1.15 (Applebot/0.1; +http://www.apple.com/go/applebot)"
17.246.19.41 - - [31/Jul/2026:21:54:35 +0000] "GET /products/collana-cuore-cupido/?srsltid=57779826 HTTP/2" 404 15792 "-" "Mozilla/5.0 (Macintosh; Intel Mac OS X 10_15_7) AppleWebKit/605.1.15 (KHTML, like Gecko) Version/17.4 Safari/605.1.15 (Applebot/0.1; +http://www.apple.com/go/applebot)"
57.141.0.28 - - [31/Jul/2026:21:54:43 +0000] "GET /products/medela-pump-in-style-breast-pump/?srsltid=11800978 HTTP/2" 429 0 "-" "Mozilla/5.0 (Macintosh; Intel Mac OS X 10_15_7) AppleWebKit/537.36 (KHTML, like Gecko) Chrome/145.0.0.0 Safari/537.36 (compatible; meta-externalagent/1.1 (+https://developers.facebook.com/docs/sharing/webmasters/crawler))"
197.157.187.23 - - [31/Jul/2026:21:54:49 +0000] "GET /?s=Job+offer HTTP/2" 200 15845 "https://kenyahighcomkigali.org/kenya/" "Mozilla/5.0 (Linux; Android 13; Airtel Imagine Build/TP1A.220624.014) AppleWebKit/537.36 (KHTML, like Gecko) Chrome/150.0.7871.181 Mobile Safari/537.36"
66.249.93.7 - - [31/Jul/2026:21:54:50 +0000] "GET /?s=Job+offer HTTP/1.1" 200 15844 "-" "Mozilla/5.0 (Linux; Android 10; K) AppleWebKit/537.36 (KHTML, like Gecko) Chrome/138.0.0.0 Mobile Safari/537.36 (compatible; Google-Read-Aloud; +https://support.google.com/webmasters/answer/1061943)"
66.102.8.32 - - [31/Jul/2026:21:54:51 +0000] "GET /?s=Job+offer HTTP/1.1" 200 15845 "-" "Mozilla/5.0 (Linux; Android 10; K) AppleWebKit/537.36 (KHTML, like Gecko) Chrome/138.0.0.0 Mobile Safari/537.36 (compatible; Google-Read-Aloud; +https://support.google.com/webmasters/answer/1061943)"
66.102.8.39 - - [31/Jul/2026:21:54:51 +0000] "GET /?s=Job+offer HTTP/1.1" 200 15845 "-" "Mozilla/5.0 (Linux; Android 10; K) AppleWebKit/537.36 (KHTML, like Gecko) Chrome/138.0.0.0 Mobile Safari/537.36 (compatible; Google-Read-Aloud; +https://support.google.com/webmasters/answer/1061943)"
66.102.8.32 - - [31/Jul/2026:21:54:52 +0000] "GET /wp-content/themes/egovt/assets/libs/fontawesome/css/all.min.css HTTP/1.1" 200 10183 "https://kenyahighcomkigali.org/?s=Job+offer" "Mozilla/5.0 (Linux; Android 10; K) AppleWebKit/537.36 (KHTML, like Gecko) Chrome/138.0.0.0 Mobile Safari/537.36 (compatible; Google-Read-Aloud; +https://support.google.com/webmasters/answer/1061943)"
66.102.8.39 - - [31/Jul/2026:21:54:52 +0000] "GET /wp-content/plugins/wp-job-manager/assets/dist/css/job-listings.css?ver=598383a28ac5f9f156e4 HTTP/1.1" 200 1161 "https://kenyahighcomkigali.org/?s=Job+offer" "Mozilla/5.0 (Linux; Android 10; K) AppleWebKit/537.36 (KHTML, like Gecko) Chrome/138.0.0.0 Mobile Safari/537.36 (compatible; Google-Read-Aloud; +https://support.google.com/webmasters/answer/1061943)"
66.102.8.32 - - [31/Jul/2026:21:54:52 +0000] "GET /wp-includes/js/jquery/jquery-migrate.min.js?ver=3.4.1 HTTP/1.1" 200 4678 "https://kenyahighcomkigali.org/?s=Job+offer" "Mozilla/5.0 (Linux; Android 10; K) AppleWebKit/537.36 (KHTML, like Gecko) Chrome/138.0.0.0 Mobile Safari/537.36 (compatible; Google-Read-Aloud; +https://support.google.com/webmasters/answer/1061943)"
66.102.8.39 - - [31/Jul/2026:21:54:52 +0000] "GET /wp-content/themes/egovt/assets/libs/linearicons/style.css HTTP/1.1" 200 1501 "https://kenyahighcomkigali.org/?s=Job+offer" "Mozilla/5.0 (Linux; Android 10; K) AppleWebKit/537.36 (KHTML, like Gecko) Chrome/138.0.0.0 Mobile Safari/537.36 (compatible; Google-Read-Aloud; +https://support.google.com/webmasters/answer/1061943)"
66.102.8.38 - - [31/Jul/2026:21:54:52 +0000] "GET /wp-content/plugins/revslider/public/assets/css/rs6.css?ver=6.5.20 HTTP/1.1" 200 11868 "https://kenyahighcomkigali.org/?s=Job+offer" "Mozilla/5.0 (Linux; Android 10; K) AppleWebKit/537.36 (KHTML, like Gecko) Chrome/138.0.0.0 Mobile Safari/537.36 (compatible; Google-Read-Aloud; +https://support.google.com/webmasters/answer/1061943)"
66.102.8.39 - - [31/Jul/2026:21:54:52 +0000] "GET /wp-content/themes/egovt/assets/libs/bootstrap/css/bootstrap.min.css HTTP/1.1" 200 20188 "https://kenyahighcomkigali.org/?s=Job+offer" "Mozilla/5.0 (Linux; Android 10; K) AppleWebKit/537.36 (KHTML, like Gecko) Chrome/138.0.0.0 Mobile Safari/537.36 (compatible; Google-Read-Aloud; +https://support.google.com/webmasters/answer/1061943)"
66.102.8.39 - - [31/Jul/2026:21:54:52 +0000] "GET /wp-content/themes/egovt/assets/libs/fancybox-master/dist/jquery.fancybox.min.css HTTP/1.1" 200 2897 "https://kenyahighcomkigali.org/?s=Job+offer" "Mozilla/5.0 (Linux; Android 10; K) AppleWebKit/537.36 (KHTML, like Gecko) Chrome/138.0.0.0 Mobile Safari/537.36 (compatible; Google-Read-Aloud; +https://support.google.com/webmasters/answer/1061943)"
66.102.8.39 - - [31/Jul/2026:21:54:52 +0000] "GET /wp-content/themes/egovt/assets/libs/fancybox-master/dist/jquery.fancybox.min.css HTTP/1.1" 200 2897 "https://kenyahighcomkigali.org/?s=Job+offer" "Mozilla/5.0 (Linux; Android 10; K) AppleWebKit/537.36 (KHTML, like Gecko) Chrome/138.0.0.0 Mobile Safari/537.36 (compatible; Google-Read-Aloud; +https://support.google.com/webmasters/answer/1061943)"
66.102.8.38 - - [31/Jul/2026:21:54:52 +0000] "GET /wp-content/plugins/wp-job-manager/assets/dist/css/job-listings.css?ver=598383a28ac5f9f156e4 HTTP/1.1" 200 1161 "https://kenyahighcomkigali.org/?s=Job+offer" "Mozilla/5.0 (Linux; Android 10; K) AppleWebKit/537.36 (KHTML, like Gecko) Chrome/138.0.0.0 Mobile Safari/537.36 (compatible; Google-Read-Aloud; +https://support.google.com/webmasters/answer/1061943)"
66.102.8.38 - - [31/Jul/2026:21:54:52 +0000] "GET /wp-content/themes/egovt/assets/libs/elegant_font/ele_style.css HTTP/1.1" 200 4381 "https://kenyahighcomkigali.org/?s=Job+offer" "Mozilla/5.0 (Linux; Android 10; K) AppleWebKit/537.36 (KHTML, like Gecko) Chrome/138.0.0.0 Mobile Safari/537.36 (compatible; Google-Read-Aloud; +https://support.google.com/webmasters/answer/1061943)"
66.102.8.32 - - [31/Jul/2026:21:54:52 +0000] "GET /wp-content/themes/egovt/assets/css/theme.css HTTP/1.1" 200 26563 "https://kenyahighcomkigali.org/?s=Job+offer" "Mozilla/5.0 (Linux; Android 10; K) AppleWebKit/537.36 (KHTML, like Gecko) Chrome/138.0.0.0 Mobile Safari/537.36 (compatible; Google-Read-Aloud; +https://support.google.com/webmasters/answer/1061943)"
66.102.8.38 - - [31/Jul/2026:21:54:52 +0000] "GET /wp-content/themes/egovt/style.css HTTP/1.1" 200 413 "https://kenyahighcomkigali.org/?s=Job+offer" "Mozilla/5.0 (Linux; Android 10; K) AppleWebKit/537.36 (KHTML, like Gecko) Chrome/138.0.0.0 Mobile Safari/537.36 (compatible; Google-Read-Aloud; +https://support.google.com/webmasters/answer/1061943)"
66.102.8.38 - - [31/Jul/2026:21:54:52 +0000] "GET /wp-content/themes/egovt/assets/css/theme.css HTTP/1.1" 200 26563 "https://kenyahighcomkigali.org/?s=Job+offer" "Mozilla/5.0 (Linux; Android 10; K) AppleWebKit/537.36 (KHTML, like Gecko) Chrome/138.0.0.0 Mobile Safari/537.36 (compatible; Google-Read-Aloud; +https://support.google.com/webmasters/answer/1061943)"
66.102.8.39 - - [31/Jul/2026:21:54:52 +0000] "GET /wp-content/themes/egovt/assets/libs/bootstrap/js/bootstrap.bundle.min.js HTTP/1.1" 200 21250 "https://kenyahighcomkigali.org/?s=Job+offer" "Mozilla/5.0 (Linux; Android 10; K) AppleWebKit/537.36 (KHTML, like Gecko) Chrome/138.0.0.0 Mobile Safari/537.36 (compatible; Google-Read-Aloud; +https://support.google.com/webmasters/answer/1061943)"
66.102.8.38 - - [31/Jul/2026:21:54:52 +0000] "GET /wp-content/themes/egovt/assets/libs/select2/select2.min.css HTTP/1.1" 200 1812 "https://kenyahighcomkigali.org/?s=Job+offer" "Mozilla/5.0 (Linux; Android 10; K) AppleWebKit/537.36 (KHTML, like Gecko) Chrome/138.0.0.0 Mobile Safari/537.36 (compatible; Google-Read-Aloud; +https://support.google.com/webmasters/answer/1061943)"
66.102.8.32 - - [31/Jul/2026:21:54:52 +0000] "GET /wp-content/themes/egovt/assets/libs/fontawesome/css/all.min.css HTTP/1.1" 200 10183 "https://kenyahighcomkigali.org/?s=Job+offer" "Mozilla/5.0 (Linux; Android 10; K) AppleWebKit/537.36 (KHTML, like Gecko) Chrome/138.0.0.0 Mobile Safari/537.36 (compatible; Google-Read-Aloud; +https://support.google.com/webmasters/answer/1061943)"
66.102.8.38 - - [31/Jul/2026:21:54:52 +0000] "GET /wp-content/themes/egovt/style.css HTTP/1.1" 200 413 "https://kenyahighcomkigali.org/?s=Job+offer" "Mozilla/5.0 (Linux; Android 10; K) AppleWebKit/537.36 (KHTML, like Gecko) Chrome/138.0.0.0 Mobile Safari/537.36 (compatible; Google-Read-Aloud; +https://support.google.com/webmasters/answer/1061943)"
66.102.8.32 - - [31/Jul/2026:21:54:52 +0000] "GET /wp-content/themes/egovt/assets/libs/select2/select2.min.js HTTP/1.1" 200 17909 "https://kenyahighcomkigali.org/?s=Job+offer" "Mozilla/5.0 (Linux; Android 10; K) AppleWebKit/537.36 (KHTML, like Gecko) Chrome/138.0.0.0 Mobile Safari/537.36 (compatible; Google-Read-Aloud; +https://support.google.com/webmasters/answer/1061943)"
66.102.8.39 - - [31/Jul/2026:21:54:52 +0000] "GET /wp-content/themes/egovt/assets/libs/select2/select2.min.css HTTP/1.1" 200 1812 "https://kenyahighcomkigali.org/?s=Job+offer" "Mozilla/5.0 (Linux; Android 10; K) AppleWebKit/537.36 (KHTML, like Gecko) Chrome/138.0.0.0 Mobile Safari/537.36 (compatible; Google-Read-Aloud; +https://support.google.com/webmasters/answer/1061943)"
66.102.8.38 - - [31/Jul/2026:21:54:52 +0000] "GET /wp-content/themes/egovt/assets/libs/linearicons/style.css HTTP/1.1" 200 1501 "https://kenyahighcomkigali.org/?s=Job+offer" "Mozilla/5.0 (Linux; Android 10; K) AppleWebKit/537.36 (KHTML, like Gecko) Chrome/138.0.0.0 Mobile Safari/537.36 (compatible; Google-Read-Aloud; +https://support.google.com/webmasters/answer/1061943)"
66.102.8.32 - - [31/Jul/2026:21:54:52 +0000] "GET /wp-content/themes/egovt/assets/libs/fontawesome/css/v4-shims.min.css HTTP/1.1" 200 3952 "https://kenyahighcomkigali.org/?s=Job+offer" "Mozilla/5.0 (Linux; Android 10; K) AppleWebKit/537.36 (KHTML, like Gecko) Chrome/138.0.0.0 Mobile Safari/537.36 (compatible; Google-Read-Aloud; +https://support.google.com/webmasters/answer/1061943)"
66.102.8.39 - - [31/Jul/2026:21:54:52 +0000] "GET /wp-content/themes/egovt/assets/libs/fontawesome/css/v4-shims.min.css HTTP/1.1" 200 3952 "https://kenyahighcomkigali.org/?s=Job+offer" "Mozilla/5.0 (Linux; Android 10; K) AppleWebKit/537.36 (KHTML, like Gecko) Chrome/138.0.0.0 Mobile Safari/537.36 (compatible; Google-Read-Aloud; +https://support.google.com/webmasters/answer/1061943)"
66.102.8.39 - - [31/Jul/2026:21:54:52 +0000] "GET /wp-content/themes/egovt/assets/libs/elegant_font/ele_style.css HTTP/1.1" 200 4381 "https://kenyahighcomkigali.org/?s=Job+offer" "Mozilla/5.0 (Linux; Android 10; K) AppleWebKit/537.36 (KHTML, like Gecko) Chrome/138.0.0.0 Mobile Safari/537.36 (compatible; Google-Read-Aloud; +https://support.google.com/webmasters/answer/1061943)"
66.102.8.38 - - [31/Jul/2026:21:54:52 +0000] "GET /wp-includes/js/jquery/jquery.min.js?ver=3.7.1 HTTP/1.1" 200 29744 "https://kenyahighcomkigali.org/?s=Job+offer" "Mozilla/5.0 (Linux; Android 10; K) AppleWebKit/537.36 (KHTML, like Gecko) Chrome/138.0.0.0 Mobile Safari/537.36 (compatible; Google-Read-Aloud; +https://support.google.com/webmasters/answer/1061943)"
66.102.8.39 - - [31/Jul/2026:21:54:52 +0000] "GET /wp-content/themes/egovt/assets/libs/bootstrap/css/bootstrap.min.css HTTP/1.1" 200 20188 "https://kenyahighcomkigali.org/?s=Job+offer" "Mozilla/5.0 (Linux; Android 10; K) AppleWebKit/537.36 (KHTML, like Gecko) Chrome/138.0.0.0 Mobile Safari/537.36 (compatible; Google-Read-Aloud; +https://support.google.com/webmasters/answer/1061943)"
66.102.8.32 - - [31/Jul/2026:21:54:52 +0000] "GET /wp-content/plugins/revslider/public/assets/css/rs6.css?ver=6.5.20 HTTP/1.1" 200 11868 "https://kenyahighcomkigali.org/?s=Job+offer" "Mozilla/5.0 (Linux; Android 10; K) AppleWebKit/537.36 (KHTML, like Gecko) Chrome/138.0.0.0 Mobile Safari/537.36 (compatible; Google-Read-Aloud; +https://support.google.com/webmasters/answer/1061943)"
66.102.8.38 - - [31/Jul/2026:21:54:52 +0000] "GET /wp-content/themes/egovt/assets/libs/elegant_font/fonts/ElegantIcons.woff HTTP/1.1" 200 63664 "https://kenyahighcomkigali.org/wp-content/themes/egovt/assets/libs/elegant_font/ele_style.css" "Mozilla/5.0 (Linux; Android 10; K) AppleWebKit/537.36 (KHTML, like Gecko) Chrome/138.0.0.0 Mobile Safari/537.36 (compatible; Google-Read-Aloud; +https://support.google.com/webmasters/answer/1061943)"
66.102.8.39 - - [31/Jul/2026:21:54:52 +0000] "GET /wp-content/themes/egovt/assets/libs/feather.min.js HTTP/1.1" 200 19312 "https://kenyahighcomkigali.org/?s=Job+offer" "Mozilla/5.0 (Linux; Android 10; K) AppleWebKit/537.36 (KHTML, like Gecko) Chrome/138.0.0.0 Mobile Safari/537.36 (compatible; Google-Read-Aloud; +https://support.google.com/webmasters/answer/1061943)"
66.102.8.38 - - [31/Jul/2026:21:54:52 +0000] "GET /wp-content/themes/egovt/assets/libs/fancybox-master/dist/jquery.fancybox.min.js HTTP/1.1" 200 20999 "https://kenyahighcomkigali.org/?s=Job+offer" "Mozilla/5.0 (Linux; Android 10; K) AppleWebKit/537.36 (KHTML, like Gecko) Chrome/138.0.0.0 Mobile Safari/537.36 (compatible; Google-Read-Aloud; +https://support.google.com/webmasters/answer/1061943)"
66.102.8.39 - - [31/Jul/2026:21:54:52 +0000] "GET /wp-content/themes/egovt/assets/libs/fontawesome/webfonts/fa-solid-900.woff2 HTTP/1.1" 200 67400 "https://kenyahighcomkigali.org/wp-content/themes/egovt/assets/libs/fontawesome/css/all.min.css" "Mozilla/5.0 (Linux; Android 10; K) AppleWebKit/537.36 (KHTML, like Gecko) Chrome/138.0.0.0 Mobile Safari/537.36 (compatible; Google-Read-Aloud; +https://support.google.com/webmasters/answer/1061943)"
66.102.8.39 - - [31/Jul/2026:21:54:52 +0000] "GET /wp-includes/js/jquery/ui/datepicker.min.js?ver=1.13.3 HTTP/1.1" 200 10506 "https://kenyahighcomkigali.org/?s=Job+offer" "Mozilla/5.0 (Linux; Android 10; K) AppleWebKit/537.36 (KHTML, like Gecko) Chrome/138.0.0.0 Mobile Safari/537.36 (compatible; Google-Read-Aloud; +https://support.google.com/webmasters/answer/1061943)"
66.102.8.38 - - [31/Jul/2026:21:54:52 +0000] "GET /wp-includes/js/jquery/ui/core.min.js?ver=1.13.3 HTTP/1.1" 200 6812 "https://kenyahighcomkigali.org/?s=Job+offer" "Mozilla/5.0 (Linux; Android 10; K) AppleWebKit/537.36 (KHTML, like Gecko) Chrome/138.0.0.0 Mobile Safari/537.36 (compatible; Google-Read-Aloud; +https://support.google.com/webmasters/answer/1061943)"
66.102.8.32 - - [31/Jul/2026:21:54:52 +0000] "GET /wp-content/plugins/revslider/public/assets/js/rbtools.min.js?ver=6.5.18 HTTP/1.1" 200 47289 "https://kenyahighcomkigali.org/?s=Job+offer" "Mozilla/5.0 (Linux; Android 10; K) AppleWebKit/537.36 (KHTML, like Gecko) Chrome/138.0.0.0 Mobile Safari/537.36 (compatible; Google-Read-Aloud; +https://support.google.com/webmasters/answer/1061943)"
66.102.8.39 - - [31/Jul/2026:21:54:52 +0000] "GET /wp-includes/js/jquery/ui/tabs.min.js?ver=1.13.3 HTTP/1.1" 200 3794 "https://kenyahighcomkigali.org/?s=Job+offer" "Mozilla/5.0 (Linux; Android 10; K) AppleWebKit/537.36 (KHTML, like Gecko) Chrome/138.0.0.0 Mobile Safari/537.36 (compatible; Google-Read-Aloud; +https://support.google.com/webmasters/answer/1061943)"
66.102.8.32 - - [31/Jul/2026:21:54:52 +0000] "GET /wp-content/themes/egovt/assets/js/script.js HTTP/1.1" 200 1990 "https://kenyahighcomkigali.org/?s=Job+offer" "Mozilla/5.0 (Linux; Android 10; K) AppleWebKit/537.36 (KHTML, like Gecko) Chrome/138.0.0.0 Mobile Safari/537.36 (compatible; Google-Read-Aloud; +https://support.google.com/webmasters/answer/1061943)"
66.102.8.32 - - [31/Jul/2026:21:54:52 +0000] "GET /wp-content/plugins/revslider/public/assets/js/rs6.min.js?ver=6.5.20 HTTP/1.1" 200 97037 "https://kenyahighcomkigali.org/?s=Job+offer" "Mozilla/5.0 (Linux; Android 10; K) AppleWebKit/537.36 (KHTML, like Gecko) Chrome/138.0.0.0 Mobile Safari/537.36 (compatible; Google-Read-Aloud; +https://support.google.com/webmasters/answer/1061943)"
17.22.237.127 - - [31/Jul/2026:21:55:00 +0000] "GET /products/pilcro-and-the-letterpress-high-rise-silver-tuxedo-stripe-je/?srsltid=7886791 HTTP/2" 404 15792 "-" "Mozilla/5.0 (Macintosh; Intel Mac OS X 10_15_7) AppleWebKit/605.1.15 (KHTML, like Gecko) Version/17.4 Safari/605.1.15 (Applebot/0.1; +http://www.apple.com/go/applebot)"
197.157.187.23 - - [31/Jul/2026:21:55:07 +0000] "GET /?p=805 HTTP/2" 404 13681 "https://kenyahighcomkigali.org/?s=Job+offer" "Mozilla/5.0 (Linux; Android 13; Airtel Imagine Build/TP1A.220624.014) AppleWebKit/537.36 (KHTML, like Gecko) Chrome/150.0.7871.181 Mobile Safari/537.36"
197.157.187.23 - - [31/Jul/2026:21:55:08 +0000] "GET /wp-content/themes/egovt/assets/img/img_404.png HTTP/2" 200 4640 "https://kenyahighcomkigali.org/?p=805" "Mozilla/5.0 (Linux; Android 13; Airtel Imagine Build/TP1A.220624.014) AppleWebKit/537.36 (KHTML, like Gecko) Chrome/150.0.7871.181 Mobile Safari/537.36"
