216.73.216.177 - - [31/Jul/2026:12:24:08 +0000] "GET /?l=10483804571100 HTTP/2" 429 0 "-" "Mozilla/5.0 AppleWebKit/537.36 (KHTML, like Gecko; compatible; ClaudeBot/1.0; +claudebot@anthropic.com)"
216.73.216.177 - - [31/Jul/2026:12:24:13 +0000] "GET /?l=6915272091100 HTTP/2" 429 0 "-" "Mozilla/5.0 AppleWebKit/537.36 (KHTML, like Gecko; compatible; ClaudeBot/1.0; +claudebot@anthropic.com)"
216.73.216.177 - - [31/Jul/2026:12:24:15 +0000] "GET /?l=15961161051100 HTTP/2" 429 0 "-" "Mozilla/5.0 AppleWebKit/537.36 (KHTML, like Gecko; compatible; ClaudeBot/1.0; +claudebot@anthropic.com)"
216.73.216.177 - - [31/Jul/2026:12:24:20 +0000] "GET /?l=14804611691100 HTTP/2" 200 6 "-" "Mozilla/5.0 AppleWebKit/537.36 (KHTML, like Gecko; compatible; ClaudeBot/1.0; +claudebot@anthropic.com)"
216.73.216.177 - - [31/Jul/2026:12:24:25 +0000] "GET /?l=39911457691100 HTTP/2" 429 0 "-" "Mozilla/5.0 AppleWebKit/537.36 (KHTML, like Gecko; compatible; ClaudeBot/1.0; +claudebot@anthropic.com)"
216.73.216.177 - - [31/Jul/2026:12:24:29 +0000] "GET /?l=27505672651100 HTTP/2" 429 0 "-" "Mozilla/5.0 AppleWebKit/537.36 (KHTML, like Gecko; compatible; ClaudeBot/1.0; +claudebot@anthropic.com)"
216.73.216.177 - - [31/Jul/2026:12:24:34 +0000] "GET /?l=25056847291100 HTTP/2" 429 0 "-" "Mozilla/5.0 AppleWebKit/537.36 (KHTML, like Gecko; compatible; ClaudeBot/1.0; +claudebot@anthropic.com)"
216.73.216.177 - - [31/Jul/2026:12:24:39 +0000] "GET /?l=41605275371100 HTTP/2" 429 0 "-" "Mozilla/5.0 AppleWebKit/537.36 (KHTML, like Gecko; compatible; ClaudeBot/1.0; +claudebot@anthropic.com)"
216.73.216.177 - - [31/Jul/2026:12:24:45 +0000] "GET /?l=28177828331100 HTTP/2" 429 0 "-" "Mozilla/5.0 AppleWebKit/537.36 (KHTML, like Gecko; compatible; ClaudeBot/1.0; +claudebot@anthropic.com)"
216.73.216.177 - - [31/Jul/2026:12:24:50 +0000] "GET /?l=23087724251100 HTTP/2" 429 0 "-" "Mozilla/5.0 AppleWebKit/537.36 (KHTML, like Gecko; compatible; ClaudeBot/1.0; +claudebot@anthropic.com)"
216.73.216.177 - - [31/Jul/2026:12:24:55 +0000] "GET /?l=38915081691100 HTTP/2" 429 0 "-" "Mozilla/5.0 AppleWebKit/537.36 (KHTML, like Gecko; compatible; ClaudeBot/1.0; +claudebot@anthropic.com)"
216.73.216.177 - - [31/Jul/2026:12:25:00 +0000] "GET /?l=18808300091100 HTTP/2" 429 0 "-" "Mozilla/5.0 AppleWebKit/537.36 (KHTML, like Gecko; compatible; ClaudeBot/1.0; +claudebot@anthropic.com)"
216.73.216.177 - - [31/Jul/2026:12:25:05 +0000] "GET /?l=21341290171100 HTTP/2" 200 6 "-" "Mozilla/5.0 AppleWebKit/537.36 (KHTML, like Gecko; compatible; ClaudeBot/1.0; +claudebot@anthropic.com)"
66.249.66.200 - - [31/Jul/2026:12:25:06 +0000] "GET /women-s-clothing HTTP/1.1" 404 6 "-" "Mozilla/5.0 (Linux; Android 6.0.1; Nexus 5X Build/MMB29P) AppleWebKit/537.36 (KHTML, like Gecko) Chrome/150.0.7871.186 Mobile Safari/537.36 (compatible; Googlebot/2.1; +http://www.google.com/bot.html)"
216.73.216.177 - - [31/Jul/2026:12:25:10 +0000] "GET /?l=36190800331100 HTTP/2" 429 0 "-" "Mozilla/5.0 AppleWebKit/537.36 (KHTML, like Gecko; compatible; ClaudeBot/1.0; +claudebot@anthropic.com)"
66.249.66.199 - - [31/Jul/2026:12:25:14 +0000] "GET /?item/20287783430730.html HTTP/1.1" 200 6 "-" "Mozilla/5.0 (Linux; Android 6.0.1; Nexus 5X Build/MMB29P) AppleWebKit/537.36 (KHTML, like Gecko) Chrome/150.0.7871.186 Mobile Safari/537.36 (compatible; Googlebot/2.1; +http://www.google.com/bot.html)"
216.73.216.177 - - [31/Jul/2026:12:25:15 +0000] "GET /?l=36871908331100 HTTP/2" 429 0 "-" "Mozilla/5.0 AppleWebKit/537.36 (KHTML, like Gecko; compatible; ClaudeBot/1.0; +claudebot@anthropic.com)"
216.73.216.177 - - [31/Jul/2026:12:25:20 +0000] "GET /?l=5166901211100 HTTP/2" 429 0 "-" "Mozilla/5.0 AppleWebKit/537.36 (KHTML, like Gecko; compatible; ClaudeBot/1.0; +claudebot@anthropic.com)"
216.73.216.177 - - [31/Jul/2026:12:25:25 +0000] "GET /?l=13633859131100 HTTP/2" 429 0 "-" "Mozilla/5.0 AppleWebKit/537.36 (KHTML, like Gecko; compatible; ClaudeBot/1.0; +claudebot@anthropic.com)"
216.73.216.177 - - [31/Jul/2026:12:25:30 +0000] "GET /?l=6276493931100 HTTP/2" 429 0 "-" "Mozilla/5.0 AppleWebKit/537.36 (KHTML, like Gecko; compatible; ClaudeBot/1.0; +claudebot@anthropic.com)"
66.249.66.198 - - [31/Jul/2026:12:25:37 +0000] "GET /?item/44984854931220.html HTTP/1.1" 200 6 "-" "Mozilla/5.0 (Linux; Android 6.0.1; Nexus 5X Build/MMB29P) AppleWebKit/537.36 (KHTML, like Gecko) Chrome/150.0.7871.186 Mobile Safari/537.36 (compatible; Googlebot/2.1; +http://www.google.com/bot.html)"
216.73.216.177 - - [31/Jul/2026:12:25:39 +0000] "GET /?l=10429229851100 HTTP/2" 429 0 "-" "Mozilla/5.0 AppleWebKit/537.36 (KHTML, like Gecko; compatible; ClaudeBot/1.0; +claudebot@anthropic.com)"
216.73.216.177 - - [31/Jul/2026:12:25:44 +0000] "GET /?l=25730810651100 HTTP/2" 429 0 "-" "Mozilla/5.0 AppleWebKit/537.36 (KHTML, like Gecko; compatible; ClaudeBot/1.0; +claudebot@anthropic.com)"
216.73.216.177 - - [31/Jul/2026:12:25:49 +0000] "GET /?l=13354077611100 HTTP/2" 429 0 "-" "Mozilla/5.0 AppleWebKit/537.36 (KHTML, like Gecko; compatible; ClaudeBot/1.0; +claudebot@anthropic.com)"
216.73.216.177 - - [31/Jul/2026:12:25:54 +0000] "GET /?l=9870742811100 HTTP/2" 200 6 "-" "Mozilla/5.0 AppleWebKit/537.36 (KHTML, like Gecko; compatible; ClaudeBot/1.0; +claudebot@anthropic.com)"
66.249.66.198 - - [31/Jul/2026:12:25:59 +0000] "GET /?item/31103456463282.html HTTP/1.1" 200 6 "-" "Mozilla/5.0 (Linux; Android 6.0.1; Nexus 5X Build/MMB29P) AppleWebKit/537.36 (KHTML, like Gecko) Chrome/150.0.7871.186 Mobile Safari/537.36 (compatible; Googlebot/2.1; +http://www.google.com/bot.html)"
216.73.216.177 - - [31/Jul/2026:12:25:59 +0000] "GET /?l=9760086971100 HTTP/2" 429 0 "-" "Mozilla/5.0 AppleWebKit/537.36 (KHTML, like Gecko; compatible; ClaudeBot/1.0; +claudebot@anthropic.com)"
216.73.216.177 - - [31/Jul/2026:12:26:04 +0000] "GET /?l=41433868571100 HTTP/2" 429 0 "-" "Mozilla/5.0 AppleWebKit/537.36 (KHTML, like Gecko; compatible; ClaudeBot/1.0; +claudebot@anthropic.com)"
216.73.216.177 - - [31/Jul/2026:12:26:09 +0000] "GET /?l=16970987051100 HTTP/2" 429 0 "-" "Mozilla/5.0 AppleWebKit/537.36 (KHTML, like Gecko; compatible; ClaudeBot/1.0; +claudebot@anthropic.com)"
216.73.216.177 - - [31/Jul/2026:12:26:14 +0000] "GET /?l=40442592811100 HTTP/2" 429 0 "-" "Mozilla/5.0 AppleWebKit/537.36 (KHTML, like Gecko; compatible; ClaudeBot/1.0; +claudebot@anthropic.com)"
216.73.216.177 - - [31/Jul/2026:12:26:19 +0000] "GET /?l=22820166091100 HTTP/2" 429 0 "-" "Mozilla/5.0 AppleWebKit/537.36 (KHTML, like Gecko; compatible; ClaudeBot/1.0; +claudebot@anthropic.com)"
216.73.216.177 - - [31/Jul/2026:12:26:24 +0000] "GET /?l=14200609851100 HTTP/2" 429 0 "-" "Mozilla/5.0 AppleWebKit/537.36 (KHTML, like Gecko; compatible; ClaudeBot/1.0; +claudebot@anthropic.com)"
216.73.216.177 - - [31/Jul/2026:12:26:30 +0000] "GET /?l=4776334731100 HTTP/2" 429 0 "-" "Mozilla/5.0 AppleWebKit/537.36 (KHTML, like Gecko; compatible; ClaudeBot/1.0; +claudebot@anthropic.com)"
216.73.216.177 - - [31/Jul/2026:12:26:35 +0000] "GET /?l=28280586331100 HTTP/2" 429 0 "-" "Mozilla/5.0 AppleWebKit/537.36 (KHTML, like Gecko; compatible; ClaudeBot/1.0; +claudebot@anthropic.com)"
216.73.216.177 - - [31/Jul/2026:12:26:40 +0000] "GET /?l=31312087211100 HTTP/2" 200 6 "-" "Mozilla/5.0 AppleWebKit/537.36 (KHTML, like Gecko; compatible; ClaudeBot/1.0; +claudebot@anthropic.com)"
66.249.66.43 - - [31/Jul/2026:12:26:41 +0000] "GET /goods.php?shop/sold?id=top3151581211100 HTTP/1.1" 404 6 "-" "Mozilla/5.0 (Linux; Android 6.0.1; Nexus 5X Build/MMB29P) AppleWebKit/537.36 (KHTML, like Gecko) Chrome/150.0.7871.186 Mobile Safari/537.36 (compatible; Googlebot/2.1; +http://www.google.com/bot.html)"
216.73.216.177 - - [31/Jul/2026:12:26:45 +0000] "GET /?l=35398326331100 HTTP/2" 429 0 "-" "Mozilla/5.0 AppleWebKit/537.36 (KHTML, like Gecko; compatible; ClaudeBot/1.0; +claudebot@anthropic.com)"
216.73.216.177 - - [31/Jul/2026:12:26:45 +0000] "GET /?l=8912672411100 HTTP/2" 429 0 "-" "Mozilla/5.0 AppleWebKit/537.36 (KHTML, like Gecko; compatible; ClaudeBot/1.0; +claudebot@anthropic.com)"
216.73.216.177 - - [31/Jul/2026:12:26:50 +0000] "GET /?l=32200949291100 HTTP/2" 429 0 "-" "Mozilla/5.0 AppleWebKit/537.36 (KHTML, like Gecko; compatible; ClaudeBot/1.0; +claudebot@anthropic.com)"
216.73.216.177 - - [31/Jul/2026:12:26:55 +0000] "GET /?l=25845490731100 HTTP/2" 429 0 "-" "Mozilla/5.0 AppleWebKit/537.36 (KHTML, like Gecko; compatible; ClaudeBot/1.0; +claudebot@anthropic.com)"
216.73.216.177 - - [31/Jul/2026:12:27:00 +0000] "GET /?l=3021766091100 HTTP/2" 429 0 "-" "Mozilla/5.0 AppleWebKit/537.36 (KHTML, like Gecko; compatible; ClaudeBot/1.0; +claudebot@anthropic.com)"
216.73.216.177 - - [31/Jul/2026:12:27:05 +0000] "GET /?l=15457119611100 HTTP/2" 429 0 "-" "Mozilla/5.0 AppleWebKit/537.36 (KHTML, like Gecko; compatible; ClaudeBot/1.0; +claudebot@anthropic.com)"
216.73.216.177 - - [31/Jul/2026:12:27:10 +0000] "GET /?l=42407928331100 HTTP/2" 429 0 "-" "Mozilla/5.0 AppleWebKit/537.36 (KHTML, like Gecko; compatible; ClaudeBot/1.0; +claudebot@anthropic.com)"
66.249.66.199 - - [31/Jul/2026:12:27:14 +0000] "GET /?item/45069494911856.html HTTP/1.1" 200 6 "-" "Mozilla/5.0 (Linux; Android 6.0.1; Nexus 5X Build/MMB29P) AppleWebKit/537.36 (KHTML, like Gecko) Chrome/150.0.7871.186 Mobile Safari/537.36 (compatible; Googlebot/2.1; +http://www.google.com/bot.html)"
66.249.66.43 - - [31/Jul/2026:12:27:14 +0000] "GET /goods.php?b=278997791100 HTTP/1.1" 404 6 "-" "Mozilla/5.0 (Linux; Android 6.0.1; Nexus 5X Build/MMB29P) AppleWebKit/537.36 (KHTML, like Gecko) Chrome/150.0.7871.186 Mobile Safari/537.36 (compatible; Googlebot/2.1; +http://www.google.com/bot.html)"
216.73.216.177 - - [31/Jul/2026:12:27:15 +0000] "GET /?l=2536769851100 HTTP/2" 429 0 "-" "Mozilla/5.0 AppleWebKit/537.36 (KHTML, like Gecko; compatible; ClaudeBot/1.0; +claudebot@anthropic.com)"
216.73.216.177 - - [31/Jul/2026:12:27:25 +0000] "GET /?l=40956533451100 HTTP/2" 200 6 "-" "Mozilla/5.0 AppleWebKit/537.36 (KHTML, like Gecko; compatible; ClaudeBot/1.0; +claudebot@anthropic.com)"
66.249.76.128 - - [31/Jul/2026:12:27:26 +0000] "GET /goods.php?shop/sold?id=top1717964991100 HTTP/1.1" 404 6 "-" "Mozilla/5.0 (Linux; Android 6.0.1; Nexus 5X Build/MMB29P) AppleWebKit/537.36 (KHTML, like Gecko) Chrome/150.0.7871.186 Mobile Safari/537.36 (compatible; Googlebot/2.1; +http://www.google.com/bot.html)"
216.73.216.177 - - [31/Jul/2026:12:27:30 +0000] "GET /?l=33060049211100 HTTP/2" 429 0 "-" "Mozilla/5.0 AppleWebKit/537.36 (KHTML, like Gecko; compatible; ClaudeBot/1.0; +claudebot@anthropic.com)"
216.73.216.177 - - [31/Jul/2026:12:27:35 +0000] "GET /?l=22234886651100 HTTP/2" 429 0 "-" "Mozilla/5.0 AppleWebKit/537.36 (KHTML, like Gecko; compatible; ClaudeBot/1.0; +claudebot@anthropic.com)"
66.249.66.199 - - [31/Jul/2026:12:27:39 +0000] "GET /?item/22784363841954.html HTTP/1.1" 200 6 "-" "Mozilla/5.0 (Linux; Android 6.0.1; Nexus 5X Build/MMB29P) AppleWebKit/537.36 (KHTML, like Gecko) Chrome/150.0.7871.186 Mobile Safari/537.36 (compatible; Googlebot/2.1; +http://www.google.com/bot.html)"
216.73.216.177 - - [31/Jul/2026:12:27:40 +0000] "GET /?l=34493776171100 HTTP/2" 429 0 "-" "Mozilla/5.0 AppleWebKit/537.36 (KHTML, like Gecko; compatible; ClaudeBot/1.0; +claudebot@anthropic.com)"
216.73.216.177 - - [31/Jul/2026:12:27:45 +0000] "GET /?l=2883779851100 HTTP/2" 429 0 "-" "Mozilla/5.0 AppleWebKit/537.36 (KHTML, like Gecko; compatible; ClaudeBot/1.0; +claudebot@anthropic.com)"
216.73.216.177 - - [31/Jul/2026:12:27:50 +0000] "GET /?l=33698698251100 HTTP/2" 429 0 "-" "Mozilla/5.0 AppleWebKit/537.36 (KHTML, like Gecko; compatible; ClaudeBot/1.0; +claudebot@anthropic.com)"
216.73.216.177 - - [31/Jul/2026:12:27:55 +0000] "GET /?l=37100752011100 HTTP/2" 429 0 "-" "Mozilla/5.0 AppleWebKit/537.36 (KHTML, like Gecko; compatible; ClaudeBot/1.0; +claudebot@anthropic.com)"
66.249.66.198 - - [31/Jul/2026:12:27:59 +0000] "GET /?item/45627604395812.html HTTP/1.1" 200 6 "-" "Mozilla/5.0 (Linux; Android 6.0.1; Nexus 5X Build/MMB29P) AppleWebKit/537.36 (KHTML, like Gecko) Chrome/150.0.7871.186 Mobile Safari/537.36 (compatible; Googlebot/2.1; +http://www.google.com/bot.html)"
66.249.76.230 - - [31/Jul/2026:12:27:59 +0000] "GET /?item/36881576843949.html HTTP/1.1" 200 6 "-" "Mozilla/5.0 (Linux; Android 6.0.1; Nexus 5X Build/MMB29P) AppleWebKit/537.36 (KHTML, like Gecko) Chrome/150.0.7871.186 Mobile Safari/537.36 (compatible; Googlebot/2.1; +http://www.google.com/bot.html)"
216.73.216.177 - - [31/Jul/2026:12:28:01 +0000] "GET /?l=21201991211100 HTTP/2" 429 0 "-" "Mozilla/5.0 AppleWebKit/537.36 (KHTML, like Gecko; compatible; ClaudeBot/1.0; +claudebot@anthropic.com)"
216.73.216.177 - - [31/Jul/2026:12:28:05 +0000] "GET /?l=19019088491100 HTTP/2" 429 0 "-" "Mozilla/5.0 AppleWebKit/537.36 (KHTML, like Gecko; compatible; ClaudeBot/1.0; +claudebot@anthropic.com)"
66.249.66.43 - - [31/Jul/2026:12:28:07 +0000] "GET /goods.php?b=287667631100 HTTP/1.1" 404 6 "-" "Mozilla/5.0 (Linux; Android 6.0.1; Nexus 5X Build/MMB29P) AppleWebKit/537.36 (KHTML, like Gecko) Chrome/150.0.7871.186 Mobile Safari/537.36 (compatible; Googlebot/2.1; +http://www.google.com/bot.html)"
216.73.216.177 - - [31/Jul/2026:12:28:10 +0000] "GET /?l=24869063771100 HTTP/2" 200 6 "-" "Mozilla/5.0 AppleWebKit/537.36 (KHTML, like Gecko; compatible; ClaudeBot/1.0; +claudebot@anthropic.com)"
66.249.66.199 - - [31/Jul/2026:12:28:15 +0000] "GET /?item/19605845869118.html HTTP/1.1" 200 6 "-" "Mozilla/5.0 (Linux; Android 6.0.1; Nexus 5X Build/MMB29P) AppleWebKit/537.36 (KHTML, like Gecko) Chrome/150.0.7871.186 Mobile Safari/537.36 (compatible; Googlebot/2.1; +http://www.google.com/bot.html)"
216.73.216.177 - - [31/Jul/2026:12:28:16 +0000] "GET /?l=18627338411100 HTTP/2" 429 0 "-" "Mozilla/5.0 AppleWebKit/537.36 (KHTML, like Gecko; compatible; ClaudeBot/1.0; +claudebot@anthropic.com)"
216.73.216.177 - - [31/Jul/2026:12:28:21 +0000] "GET /?l=20390127691100 HTTP/2" 429 0 "-" "Mozilla/5.0 AppleWebKit/537.36 (KHTML, like Gecko; compatible; ClaudeBot/1.0; +claudebot@anthropic.com)"
216.73.216.177 - - [31/Jul/2026:12:28:26 +0000] "GET /?l=8506288731100 HTTP/2" 429 0 "-" "Mozilla/5.0 AppleWebKit/537.36 (KHTML, like Gecko; compatible; ClaudeBot/1.0; +claudebot@anthropic.com)"
216.73.216.177 - - [31/Jul/2026:12:28:31 +0000] "GET /?l=14937368571100 HTTP/2" 429 0 "-" "Mozilla/5.0 AppleWebKit/537.36 (KHTML, like Gecko; compatible; ClaudeBot/1.0; +claudebot@anthropic.com)"
216.73.216.177 - - [31/Jul/2026:12:28:36 +0000] "GET /?l=14107944731100 HTTP/2" 429 0 "-" "Mozilla/5.0 AppleWebKit/537.36 (KHTML, like Gecko; compatible; ClaudeBot/1.0; +claudebot@anthropic.com)"
66.249.76.129 - - [31/Jul/2026:12:28:40 +0000] "GET /goods.php?b=289566431100 HTTP/1.1" 404 6 "-" "Mozilla/5.0 (Linux; Android 6.0.1; Nexus 5X Build/MMB29P) AppleWebKit/537.36 (KHTML, like Gecko) Chrome/150.0.7871.186 Mobile Safari/537.36 (compatible; Googlebot/2.1; +http://www.google.com/bot.html)"
216.73.216.177 - - [31/Jul/2026:12:28:41 +0000] "GET /?l=30586949291100 HTTP/2" 429 0 "-" "Mozilla/5.0 AppleWebKit/537.36 (KHTML, like Gecko; compatible; ClaudeBot/1.0; +claudebot@anthropic.com)"
216.73.216.177 - - [31/Jul/2026:12:28:46 +0000] "GET /?l=8606313691100 HTTP/2" 429 0 "-" "Mozilla/5.0 AppleWebKit/537.36 (KHTML, like Gecko; compatible; ClaudeBot/1.0; +claudebot@anthropic.com)"
66.249.76.128 - - [31/Jul/2026:12:28:49 +0000] "GET /?item%2F27887124298990_html HTTP/1.1" 200 6 "-" "Mozilla/5.0 (Linux; Android 6.0.1; Nexus 5X Build/MMB29P) AppleWebKit/537.36 (KHTML, like Gecko) Chrome/150.0.7871.186 Mobile Safari/537.36 (compatible; Googlebot/2.1; +http://www.google.com/bot.html)"
216.73.216.177 - - [31/Jul/2026:12:28:51 +0000] "GET /?l=28437574731100 HTTP/2" 429 0 "-" "Mozilla/5.0 AppleWebKit/537.36 (KHTML, like Gecko; compatible; ClaudeBot/1.0; +claudebot@anthropic.com)"
216.73.216.177 - - [31/Jul/2026:12:28:56 +0000] "GET /?l=38416678491100 HTTP/2" 200 6 "-" "Mozilla/5.0 AppleWebKit/537.36 (KHTML, like Gecko; compatible; ClaudeBot/1.0; +claudebot@anthropic.com)"
216.73.216.177 - - [31/Jul/2026:12:29:01 +0000] "GET /?l=3886289051100 HTTP/2" 429 0 "-" "Mozilla/5.0 AppleWebKit/537.36 (KHTML, like Gecko; compatible; ClaudeBot/1.0; +claudebot@anthropic.com)"
216.73.216.177 - - [31/Jul/2026:12:29:06 +0000] "GET /?l=32770476091100 HTTP/2" 429 0 "-" "Mozilla/5.0 AppleWebKit/537.36 (KHTML, like Gecko; compatible; ClaudeBot/1.0; +claudebot@anthropic.com)"
66.249.66.199 - - [31/Jul/2026:12:29:10 +0000] "GET /?item/46505115553612.html HTTP/1.1" 200 6 "-" "Mozilla/5.0 (Linux; Android 6.0.1; Nexus 5X Build/MMB29P) AppleWebKit/537.36 (KHTML, like Gecko) Chrome/150.0.7871.186 Mobile Safari/537.36 (compatible; Googlebot/2.1; +http://www.google.com/bot.html)"
216.73.216.177 - - [31/Jul/2026:12:29:11 +0000] "GET /?l=22842245611100 HTTP/2" 429 0 "-" "Mozilla/5.0 AppleWebKit/537.36 (KHTML, like Gecko; compatible; ClaudeBot/1.0; +claudebot@anthropic.com)"
216.73.216.177 - - [31/Jul/2026:12:29:16 +0000] "GET /?l=19884429211100 HTTP/2" 429 0 "-" "Mozilla/5.0 AppleWebKit/537.36 (KHTML, like Gecko; compatible; ClaudeBot/1.0; +claudebot@anthropic.com)"
216.73.216.177 - - [31/Jul/2026:12:29:21 +0000] "GET /?l=16574201291100 HTTP/2" 429 0 "-" "Mozilla/5.0 AppleWebKit/537.36 (KHTML, like Gecko; compatible; ClaudeBot/1.0; +claudebot@anthropic.com)"
216.73.216.177 - - [31/Jul/2026:12:29:26 +0000] "GET /?l=37440208491100 HTTP/2" 429 0 "-" "Mozilla/5.0 AppleWebKit/537.36 (KHTML, like Gecko; compatible; ClaudeBot/1.0; +claudebot@anthropic.com)"
66.249.66.42 - - [31/Jul/2026:12:29:28 +0000] "GET /goods.php?b=1712244351100 HTTP/1.1" 404 6 "-" "Mozilla/5.0 (Linux; Android 6.0.1; Nexus 5X Build/MMB29P) AppleWebKit/537.36 (KHTML, like Gecko) Chrome/150.0.7871.186 Mobile Safari/537.36 (compatible; Googlebot/2.1; +http://www.google.com/bot.html)"
216.73.216.177 - - [31/Jul/2026:12:29:32 +0000] "GET /?l=25188980091100 HTTP/2" 429 0 "-" "Mozilla/5.0 AppleWebKit/537.36 (KHTML, like Gecko; compatible; ClaudeBot/1.0; +claudebot@anthropic.com)"
216.73.216.177 - - [31/Jul/2026:12:29:37 +0000] "GET /?l=29962869291100 HTTP/2" 429 0 "-" "Mozilla/5.0 AppleWebKit/537.36 (KHTML, like Gecko; compatible; ClaudeBot/1.0; +claudebot@anthropic.com)"
216.73.216.177 - - [31/Jul/2026:12:29:42 +0000] "GET /?l=33623356731100 HTTP/2" 200 6 "-" "Mozilla/5.0 AppleWebKit/537.36 (KHTML, like Gecko; compatible; ClaudeBot/1.0; +claudebot@anthropic.com)"
216.73.216.177 - - [31/Jul/2026:12:29:47 +0000] "GET /?l=30639436571100 HTTP/2" 429 0 "-" "Mozilla/5.0 AppleWebKit/537.36 (KHTML, like Gecko; compatible; ClaudeBot/1.0; +claudebot@anthropic.com)"
216.73.216.177 - - [31/Jul/2026:12:29:52 +0000] "GET /?l=3588667451100 HTTP/2" 429 0 "-" "Mozilla/5.0 AppleWebKit/537.36 (KHTML, like Gecko; compatible; ClaudeBot/1.0; +claudebot@anthropic.com)"
66.249.66.198 - - [31/Jul/2026:12:29:53 +0000] "GET /?item/13971636596406.html HTTP/1.1" 200 6 "-" "Mozilla/5.0 (Linux; Android 6.0.1; Nexus 5X Build/MMB29P) AppleWebKit/537.36 (KHTML, like Gecko) Chrome/150.0.7871.186 Mobile Safari/537.36 (compatible; Googlebot/2.1; +http://www.google.com/bot.html)"
216.73.216.177 - - [31/Jul/2026:12:29:57 +0000] "GET /?l=10850806651100 HTTP/2" 429 0 "-" "Mozilla/5.0 AppleWebKit/537.36 (KHTML, like Gecko; compatible; ClaudeBot/1.0; +claudebot@anthropic.com)"
66.249.76.128 - - [31/Jul/2026:12:30:01 +0000] "GET /goods.php?b=2270085531100 HTTP/1.1" 404 6 "-" "Mozilla/5.0 (Linux; Android 6.0.1; Nexus 5X Build/MMB29P) AppleWebKit/537.36 (KHTML, like Gecko) Chrome/150.0.7871.186 Mobile Safari/537.36 (compatible; Googlebot/2.1; +http://www.google.com/bot.html)"
216.73.216.177 - - [31/Jul/2026:12:30:02 +0000] "GET /?l=17335449771100 HTTP/2" 429 0 "-" "Mozilla/5.0 AppleWebKit/537.36 (KHTML, like Gecko; compatible; ClaudeBot/1.0; +claudebot@anthropic.com)"
216.73.216.177 - - [31/Jul/2026:12:30:07 +0000] "GET /?l=2637935371100 HTTP/2" 429 0 "-" "Mozilla/5.0 AppleWebKit/537.36 (KHTML, like Gecko; compatible; ClaudeBot/1.0; +claudebot@anthropic.com)"
216.73.216.177 - - [31/Jul/2026:12:30:12 +0000] "GET /?l=19091869131100 HTTP/2" 429 0 "-" "Mozilla/5.0 AppleWebKit/537.36 (KHTML, like Gecko; compatible; ClaudeBot/1.0; +claudebot@anthropic.com)"
216.73.216.177 - - [31/Jul/2026:12:30:17 +0000] "GET /?l=32805811931100 HTTP/2" 429 0 "-" "Mozilla/5.0 AppleWebKit/537.36 (KHTML, like Gecko; compatible; ClaudeBot/1.0; +claudebot@anthropic.com)"
66.249.66.199 - - [31/Jul/2026:12:30:19 +0000] "GET /?item/19832393481745.html HTTP/1.1" 200 6 "-" "Mozilla/5.0 (Linux; Android 6.0.1; Nexus 5X Build/MMB29P) AppleWebKit/537.36 (KHTML, like Gecko) Chrome/150.0.7871.186 Mobile Safari/537.36 (compatible; Googlebot/2.1; +http://www.google.com/bot.html)"
216.73.216.177 - - [31/Jul/2026:12:30:22 +0000] "GET /?l=6541878571100 HTTP/2" 429 0 "-" "Mozilla/5.0 AppleWebKit/537.36 (KHTML, like Gecko; compatible; ClaudeBot/1.0; +claudebot@anthropic.com)"
66.249.76.128 - - [31/Jul/2026:12:30:27 +0000] "GET /goods.php?b=292939831100 HTTP/1.1" 404 6 "-" "Mozilla/5.0 (Linux; Android 6.0.1; Nexus 5X Build/MMB29P) AppleWebKit/537.36 (KHTML, like Gecko) Chrome/150.0.7871.186 Mobile Safari/537.36 (compatible; Googlebot/2.1; +http://www.google.com/bot.html)"
216.73.216.177 - - [31/Jul/2026:12:30:27 +0000] "GET /?l=16907632171100 HTTP/2" 200 6 "-" "Mozilla/5.0 AppleWebKit/537.36 (KHTML, like Gecko; compatible; ClaudeBot/1.0; +claudebot@anthropic.com)"
216.73.216.177 - - [31/Jul/2026:12:30:32 +0000] "GET /?l=37479288811100 HTTP/2" 429 0 "-" "Mozilla/5.0 AppleWebKit/537.36 (KHTML, like Gecko; compatible; ClaudeBot/1.0; +claudebot@anthropic.com)"
216.73.216.177 - - [31/Jul/2026:12:30:37 +0000] "GET /?l=26932724171100 HTTP/2" 429 0 "-" "Mozilla/5.0 AppleWebKit/537.36 (KHTML, like Gecko; compatible; ClaudeBot/1.0; +claudebot@anthropic.com)"
66.249.76.231 - - [31/Jul/2026:12:30:42 +0000] "GET /?item/45145494288730.html HTTP/1.1" 200 6 "-" "Mozilla/5.0 (Linux; Android 6.0.1; Nexus 5X Build/MMB29P) AppleWebKit/537.36 (KHTML, like Gecko) Chrome/150.0.7871.186 Mobile Safari/537.36 (compatible; Googlebot/2.1; +http://www.google.com/bot.html)"
216.73.216.177 - - [31/Jul/2026:12:30:42 +0000] "GET /?l=37239857291100 HTTP/2" 429 0 "-" "Mozilla/5.0 AppleWebKit/537.36 (KHTML, like Gecko; compatible; ClaudeBot/1.0; +claudebot@anthropic.com)"
216.73.216.177 - - [31/Jul/2026:12:30:47 +0000] "GET /?l=28287149931100 HTTP/2" 429 0 "-" "Mozilla/5.0 AppleWebKit/537.36 (KHTML, like Gecko; compatible; ClaudeBot/1.0; +claudebot@anthropic.com)"
216.73.216.177 - - [31/Jul/2026:12:30:52 +0000] "GET /?l=16394057371100 HTTP/2" 429 0 "-" "Mozilla/5.0 AppleWebKit/537.36 (KHTML, like Gecko; compatible; ClaudeBot/1.0; +claudebot@anthropic.com)"
216.73.216.177 - - [31/Jul/2026:12:30:57 +0000] "GET /?l=19384691771100 HTTP/2" 429 0 "-" "Mozilla/5.0 AppleWebKit/537.36 (KHTML, like Gecko; compatible; ClaudeBot/1.0; +claudebot@anthropic.com)"
216.73.216.177 - - [31/Jul/2026:12:31:02 +0000] "GET /?l=7862625531100 HTTP/2" 429 0 "-" "Mozilla/5.0 AppleWebKit/537.36 (KHTML, like Gecko; compatible; ClaudeBot/1.0; +claudebot@anthropic.com)"
66.249.66.42 - - [31/Jul/2026:12:31:02 +0000] "GET /goods.php?b=4045641291100 HTTP/1.1" 404 6 "-" "Mozilla/5.0 (Linux; Android 6.0.1; Nexus 5X Build/MMB29P) AppleWebKit/537.36 (KHTML, like Gecko) Chrome/150.0.7871.186 Mobile Safari/537.36 (compatible; Googlebot/2.1; +http://www.google.com/bot.html)"
216.73.216.177 - - [31/Jul/2026:12:31:07 +0000] "GET /?l=3082517051100 HTTP/2" 429 0 "-" "Mozilla/5.0 AppleWebKit/537.36 (KHTML, like Gecko; compatible; ClaudeBot/1.0; +claudebot@anthropic.com)"
66.249.66.71 - - [31/Jul/2026:12:31:10 +0000] "GET /?item/13439075411923.html HTTP/1.1" 200 6 "-" "Mozilla/5.0 (Linux; Android 6.0.1; Nexus 5X Build/MMB29P) AppleWebKit/537.36 (KHTML, like Gecko) Chrome/150.0.7871.186 Mobile Safari/537.36 (compatible; Googlebot/2.1; +http://www.google.com/bot.html)"
216.73.216.177 - - [31/Jul/2026:12:31:13 +0000] "GET /?l=16479125931100 HTTP/2" 200 6 "-" "Mozilla/5.0 AppleWebKit/537.36 (KHTML, like Gecko; compatible; ClaudeBot/1.0; +claudebot@anthropic.com)"
216.73.216.177 - - [31/Jul/2026:12:31:18 +0000] "GET /?l=30394452891100 HTTP/2" 429 0 "-" "Mozilla/5.0 AppleWebKit/537.36 (KHTML, like Gecko; compatible; ClaudeBot/1.0; +claudebot@anthropic.com)"
216.73.216.177 - - [31/Jul/2026:12:31:23 +0000] "GET /?l=40215642891100 HTTP/2" 429 0 "-" "Mozilla/5.0 AppleWebKit/537.36 (KHTML, like Gecko; compatible; ClaudeBot/1.0; +claudebot@anthropic.com)"
216.73.216.177 - - [31/Jul/2026:12:31:28 +0000] "GET /?l=42022548171100 HTTP/2" 429 0 "-" "Mozilla/5.0 AppleWebKit/537.36 (KHTML, like Gecko; compatible; ClaudeBot/1.0; +claudebot@anthropic.com)"
216.73.216.177 - - [31/Jul/2026:12:31:33 +0000] "GET /?l=27816421451100 HTTP/2" 429 0 "-" "Mozilla/5.0 AppleWebKit/537.36 (KHTML, like Gecko; compatible; ClaudeBot/1.0; +claudebot@anthropic.com)"
66.249.66.43 - - [31/Jul/2026:12:31:33 +0000] "GET /goods.php?b=279377551100 HTTP/1.1" 404 6 "-" "Mozilla/5.0 (Linux; Android 6.0.1; Nexus 5X Build/MMB29P) AppleWebKit/537.36 (KHTML, like Gecko) Chrome/150.0.7871.186 Mobile Safari/537.36 (compatible; Googlebot/2.1; +http://www.google.com/bot.html)"
216.73.216.177 - - [31/Jul/2026:12:31:38 +0000] "GET /?l=5750588171100 HTTP/2" 429 0 "-" "Mozilla/5.0 AppleWebKit/537.36 (KHTML, like Gecko; compatible; ClaudeBot/1.0; +claudebot@anthropic.com)"
66.249.66.199 - - [31/Jul/2026:12:31:41 +0000] "GET /?item/43344093297930.html HTTP/1.1" 200 6 "-" "Mozilla/5.0 (Linux; Android 6.0.1; Nexus 5X Build/MMB29P) AppleWebKit/537.36 (KHTML, like Gecko) Chrome/150.0.7871.186 Mobile Safari/537.36 (compatible; Googlebot/2.1; +http://www.google.com/bot.html)"
216.73.216.177 - - [31/Jul/2026:12:31:43 +0000] "GET /?l=17582843691100 HTTP/2" 429 0 "-" "Mozilla/5.0 AppleWebKit/537.36 (KHTML, like Gecko; compatible; ClaudeBot/1.0; +claudebot@anthropic.com)"
216.73.216.177 - - [31/Jul/2026:12:31:48 +0000] "GET /?l=18900922171100 HTTP/2" 429 0 "-" "Mozilla/5.0 AppleWebKit/537.36 (KHTML, like Gecko; compatible; ClaudeBot/1.0; +claudebot@anthropic.com)"
216.73.216.177 - - [31/Jul/2026:12:31:53 +0000] "GET /?l=10021920811100 HTTP/2" 429 0 "-" "Mozilla/5.0 AppleWebKit/537.36 (KHTML, like Gecko; compatible; ClaudeBot/1.0; +claudebot@anthropic.com)"
216.73.216.177 - - [31/Jul/2026:12:31:58 +0000] "GET /?l=3382183051100 HTTP/2" 200 6 "-" "Mozilla/5.0 AppleWebKit/537.36 (KHTML, like Gecko; compatible; ClaudeBot/1.0; +claudebot@anthropic.com)"
66.249.66.42 - - [31/Jul/2026:12:31:59 +0000] "GET /?item%2F36956243570377_html HTTP/1.1" 200 6 "-" "Mozilla/5.0 (Linux; Android 6.0.1; Nexus 5X Build/MMB29P) AppleWebKit/537.36 (KHTML, like Gecko) Chrome/150.0.7871.186 Mobile Safari/537.36 (compatible; Googlebot/2.1; +http://www.google.com/bot.html)"
216.73.216.177 - - [31/Jul/2026:12:32:03 +0000] "GET /?l=32310981051100 HTTP/2" 429 0 "-" "Mozilla/5.0 AppleWebKit/537.36 (KHTML, like Gecko; compatible; ClaudeBot/1.0; +claudebot@anthropic.com)"
216.73.216.177 - - [31/Jul/2026:12:32:08 +0000] "GET /?l=38278692251100 HTTP/2" 429 0 "-" "Mozilla/5.0 AppleWebKit/537.36 (KHTML, like Gecko; compatible; ClaudeBot/1.0; +claudebot@anthropic.com)"
216.73.216.177 - - [31/Jul/2026:12:32:13 +0000] "GET /?l=23054691051100 HTTP/2" 429 0 "-" "Mozilla/5.0 AppleWebKit/537.36 (KHTML, like Gecko; compatible; ClaudeBot/1.0; +claudebot@anthropic.com)"
66.249.76.130 - - [31/Jul/2026:12:32:14 +0000] "GET /goods.php?product/review/2566189251100 HTTP/1.1" 404 6 "-" "Mozilla/5.0 (Linux; Android 6.0.1; Nexus 5X Build/MMB29P) AppleWebKit/537.36 (KHTML, like Gecko) Chrome/150.0.7871.186 Mobile Safari/537.36 (compatible; Googlebot/2.1; +http://www.google.com/bot.html)"
216.73.216.177 - - [31/Jul/2026:12:32:18 +0000] "GET /?l=13681655051100 HTTP/2" 429 0 "-" "Mozilla/5.0 AppleWebKit/537.36 (KHTML, like Gecko; compatible; ClaudeBot/1.0; +claudebot@anthropic.com)"
216.73.216.177 - - [31/Jul/2026:12:32:23 +0000] "GET /?l=12319654251100 HTTP/2" 429 0 "-" "Mozilla/5.0 AppleWebKit/537.36 (KHTML, like Gecko; compatible; ClaudeBot/1.0; +claudebot@anthropic.com)"
216.73.216.177 - - [31/Jul/2026:12:32:28 +0000] "GET /?l=36384480331100 HTTP/2" 429 0 "-" "Mozilla/5.0 AppleWebKit/537.36 (KHTML, like Gecko; compatible; ClaudeBot/1.0; +claudebot@anthropic.com)"
66.249.66.200 - - [31/Jul/2026:12:32:29 +0000] "GET /?item/45162305270494.html HTTP/1.1" 200 6 "-" "Mozilla/5.0 (Linux; Android 6.0.1; Nexus 5X Build/MMB29P) AppleWebKit/537.36 (KHTML, like Gecko) Chrome/150.0.7871.186 Mobile Safari/537.36 (compatible; Googlebot/2.1; +http://www.google.com/bot.html)"
216.73.216.177 - - [31/Jul/2026:12:32:29 +0000] "GET /robots.txt HTTP/2" 200 71 "-" "Mozilla/5.0 AppleWebKit/537.36 (KHTML, like Gecko; compatible; ClaudeBot/1.0; +claudebot@anthropic.com)"
216.73.216.177 - - [31/Jul/2026:12:32:34 +0000] "GET /?l=24648505291100 HTTP/2" 429 0 "-" "Mozilla/5.0 AppleWebKit/537.36 (KHTML, like Gecko; compatible; ClaudeBot/1.0; +claudebot@anthropic.com)"
216.73.216.177 - - [31/Jul/2026:12:32:39 +0000] "GET /?l=24071919931100 HTTP/2" 429 0 "-" "Mozilla/5.0 AppleWebKit/537.36 (KHTML, like Gecko; compatible; ClaudeBot/1.0; +claudebot@anthropic.com)"
216.73.216.177 - - [31/Jul/2026:12:32:44 +0000] "GET /?l=2412319691100 HTTP/2" 200 6 "-" "Mozilla/5.0 AppleWebKit/537.36 (KHTML, like Gecko; compatible; ClaudeBot/1.0; +claudebot@anthropic.com)"
216.73.216.177 - - [31/Jul/2026:12:32:49 +0000] "GET /?l=25056761211100 HTTP/2" 429 0 "-" "Mozilla/5.0 AppleWebKit/537.36 (KHTML, like Gecko; compatible; ClaudeBot/1.0; +claudebot@anthropic.com)"
216.73.216.177 - - [31/Jul/2026:12:32:54 +0000] "GET /?l=29625952171100 HTTP/2" 429 0 "-" "Mozilla/5.0 AppleWebKit/537.36 (KHTML, like Gecko; compatible; ClaudeBot/1.0; +claudebot@anthropic.com)"
216.73.216.177 - - [31/Jul/2026:12:32:59 +0000] "GET /?l=24105727851100 HTTP/2" 429 0 "-" "Mozilla/5.0 AppleWebKit/537.36 (KHTML, like Gecko; compatible; ClaudeBot/1.0; +claudebot@anthropic.com)"
216.73.216.177 - - [31/Jul/2026:12:33:04 +0000] "GET /?l=34068605531100 HTTP/2" 429 0 "-" "Mozilla/5.0 AppleWebKit/537.36 (KHTML, like Gecko; compatible; ClaudeBot/1.0; +claudebot@anthropic.com)"
216.73.216.177 - - [31/Jul/2026:12:33:09 +0000] "GET /?l=33144687371100 HTTP/2" 429 0 "-" "Mozilla/5.0 AppleWebKit/537.36 (KHTML, like Gecko; compatible; ClaudeBot/1.0; +claudebot@anthropic.com)"
216.73.216.177 - - [31/Jul/2026:12:33:14 +0000] "GET /?l=22269124971100 HTTP/2" 429 0 "-" "Mozilla/5.0 AppleWebKit/537.36 (KHTML, like Gecko; compatible; ClaudeBot/1.0; +claudebot@anthropic.com)"
216.73.216.177 - - [31/Jul/2026:12:33:19 +0000] "GET /?l=38661941931100 HTTP/2" 429 0 "-" "Mozilla/5.0 AppleWebKit/537.36 (KHTML, like Gecko; compatible; ClaudeBot/1.0; +claudebot@anthropic.com)"
66.249.66.42 - - [31/Jul/2026:12:33:22 +0000] "GET /goods.php?productSearch/pictureSearch?id=1222115591100 HTTP/1.1" 404 6 "-" "Mozilla/5.0 (Linux; Android 6.0.1; Nexus 5X Build/MMB29P) AppleWebKit/537.36 (KHTML, like Gecko) Chrome/150.0.7871.186 Mobile Safari/537.36 (compatible; Googlebot/2.1; +http://www.google.com/bot.html)"
66.249.66.199 - - [31/Jul/2026:12:33:22 +0000] "GET /?item/42565774422905.html HTTP/1.1" 200 6 "-" "Mozilla/5.0 (Linux; Android 6.0.1; Nexus 5X Build/MMB29P) AppleWebKit/537.36 (KHTML, like Gecko) Chrome/150.0.7871.186 Mobile Safari/537.36 (compatible; Googlebot/2.1; +http://www.google.com/bot.html)"
66.249.66.199 - - [31/Jul/2026:12:33:22 +0000] "GET /?item/36831864263861.html HTTP/1.1" 200 6 "-" "Mozilla/5.0 (Linux; Android 6.0.1; Nexus 5X Build/MMB29P) AppleWebKit/537.36 (KHTML, like Gecko) Chrome/150.0.7871.186 Mobile Safari/537.36 (compatible; Googlebot/2.1; +http://www.google.com/bot.html)"
216.73.216.177 - - [31/Jul/2026:12:33:24 +0000] "GET /?l=29306294091100 HTTP/2" 429 0 "-" "Mozilla/5.0 AppleWebKit/537.36 (KHTML, like Gecko; compatible; ClaudeBot/1.0; +claudebot@anthropic.com)"
66.249.66.43 - - [31/Jul/2026:12:33:27 +0000] "GET /goods.php?b=292408571100 HTTP/1.1" 404 6 "-" "Mozilla/5.0 (Linux; Android 6.0.1; Nexus 5X Build/MMB29P) AppleWebKit/537.36 (KHTML, like Gecko) Chrome/150.0.7871.186 Mobile Safari/537.36 (compatible; Googlebot/2.1; +http://www.google.com/bot.html)"
66.249.66.198 - - [31/Jul/2026:12:33:28 +0000] "GET /?item/38145065051329.html HTTP/1.1" 200 6 "-" "Mozilla/5.0 (Linux; Android 6.0.1; Nexus 5X Build/MMB29P) AppleWebKit/537.36 (KHTML, like Gecko) Chrome/150.0.7871.186 Mobile Safari/537.36 (compatible; Googlebot/2.1; +http://www.google.com/bot.html)"
216.73.216.177 - - [31/Jul/2026:12:33:29 +0000] "GET /?l=36413381691100 HTTP/2" 200 6 "-" "Mozilla/5.0 AppleWebKit/537.36 (KHTML, like Gecko; compatible; ClaudeBot/1.0; +claudebot@anthropic.com)"
216.73.216.177 - - [31/Jul/2026:12:33:34 +0000] "GET /?l=22023172891100 HTTP/2" 429 0 "-" "Mozilla/5.0 AppleWebKit/537.36 (KHTML, like Gecko; compatible; ClaudeBot/1.0; +claudebot@anthropic.com)"
216.73.216.177 - - [31/Jul/2026:12:33:39 +0000] "GET /?l=26399802891100 HTTP/2" 429 0 "-" "Mozilla/5.0 AppleWebKit/537.36 (KHTML, like Gecko; compatible; ClaudeBot/1.0; +claudebot@anthropic.com)"
216.73.216.177 - - [31/Jul/2026:12:33:44 +0000] "GET /?l=12206372971100 HTTP/2" 429 0 "-" "Mozilla/5.0 AppleWebKit/537.36 (KHTML, like Gecko; compatible; ClaudeBot/1.0; +claudebot@anthropic.com)"
216.73.216.177 - - [31/Jul/2026:12:33:49 +0000] "GET /?l=6215592331100 HTTP/2" 429 0 "-" "Mozilla/5.0 AppleWebKit/537.36 (KHTML, like Gecko; compatible; ClaudeBot/1.0; +claudebot@anthropic.com)"
216.73.216.177 - - [31/Jul/2026:12:33:54 +0000] "GET /?l=11811674651100 HTTP/2" 429 0 "-" "Mozilla/5.0 AppleWebKit/537.36 (KHTML, like Gecko; compatible; ClaudeBot/1.0; +claudebot@anthropic.com)"
216.73.216.177 - - [31/Jul/2026:12:33:59 +0000] "GET /?l=35465813051100 HTTP/2" 429 0 "-" "Mozilla/5.0 AppleWebKit/537.36 (KHTML, like Gecko; compatible; ClaudeBot/1.0; +claudebot@anthropic.com)"
66.249.66.42 - - [31/Jul/2026:12:34:02 +0000] "GET /goods.php?product/review/2552186611100 HTTP/1.1" 404 6 "-" "Mozilla/5.0 (Linux; Android 6.0.1; Nexus 5X Build/MMB29P) AppleWebKit/537.36 (KHTML, like Gecko) Chrome/150.0.7871.186 Mobile Safari/537.36 (compatible; Googlebot/2.1; +http://www.google.com/bot.html)"
216.73.216.177 - - [31/Jul/2026:12:34:04 +0000] "GET /?l=3024111771100 HTTP/2" 429 0 "-" "Mozilla/5.0 AppleWebKit/537.36 (KHTML, like Gecko; compatible; ClaudeBot/1.0; +claudebot@anthropic.com)"
216.73.216.177 - - [31/Jul/2026:12:34:09 +0000] "GET /?l=10629494971100 HTTP/2" 429 0 "-" "Mozilla/5.0 AppleWebKit/537.36 (KHTML, like Gecko; compatible; ClaudeBot/1.0; +claudebot@anthropic.com)"
66.249.66.198 - - [31/Jul/2026:12:34:10 +0000] "GET /?item/33090416523028.html HTTP/1.1" 200 6 "-" "Mozilla/5.0 (Linux; Android 6.0.1; Nexus 5X Build/MMB29P) AppleWebKit/537.36 (KHTML, like Gecko) Chrome/150.0.7871.186 Mobile Safari/537.36 (compatible; Googlebot/2.1; +http://www.google.com/bot.html)"
216.73.216.177 - - [31/Jul/2026:12:34:14 +0000] "GET /?l=40160551691100 HTTP/2" 200 6 "-" "Mozilla/5.0 AppleWebKit/537.36 (KHTML, like Gecko; compatible; ClaudeBot/1.0; +claudebot@anthropic.com)"
216.73.216.177 - - [31/Jul/2026:12:34:19 +0000] "GET /?l=37277172971100 HTTP/2" 429 0 "-" "Mozilla/5.0 AppleWebKit/537.36 (KHTML, like Gecko; compatible; ClaudeBot/1.0; +claudebot@anthropic.com)"
66.249.66.198 - - [31/Jul/2026:12:34:21 +0000] "GET /?item/31895533164251.html HTTP/1.1" 200 6 "-" "Mozilla/5.0 (Linux; Android 6.0.1; Nexus 5X Build/MMB29P) AppleWebKit/537.36 (KHTML, like Gecko) Chrome/150.0.7871.186 Mobile Safari/537.36 (compatible; Googlebot/2.1; +http://www.google.com/bot.html)"
216.73.216.177 - - [31/Jul/2026:12:34:24 +0000] "GET /?l=36682144971100 HTTP/2" 429 0 "-" "Mozilla/5.0 AppleWebKit/537.36 (KHTML, like Gecko; compatible; ClaudeBot/1.0; +claudebot@anthropic.com)"
66.249.66.42 - - [31/Jul/2026:12:34:27 +0000] "GET /goods.php?productSearch/pictureSearch?id=2246338411100 HTTP/1.1" 404 6 "-" "Mozilla/5.0 (Linux; Android 6.0.1; Nexus 5X Build/MMB29P) AppleWebKit/537.36 (KHTML, like Gecko) Chrome/150.0.7871.186 Mobile Safari/537.36 (compatible; Googlebot/2.1; +http://www.google.com/bot.html)"
216.73.216.177 - - [31/Jul/2026:12:34:29 +0000] "GET /?l=10802343611100 HTTP/2" 429 0 "-" "Mozilla/5.0 AppleWebKit/537.36 (KHTML, like Gecko; compatible; ClaudeBot/1.0; +claudebot@anthropic.com)"
216.73.216.177 - - [31/Jul/2026:12:34:34 +0000] "GET /?l=5399037451100 HTTP/2" 429 0 "-" "Mozilla/5.0 AppleWebKit/537.36 (KHTML, like Gecko; compatible; ClaudeBot/1.0; +claudebot@anthropic.com)"
216.73.216.177 - - [31/Jul/2026:12:34:39 +0000] "GET /?l=32884359931100 HTTP/2" 429 0 "-" "Mozilla/5.0 AppleWebKit/537.36 (KHTML, like Gecko; compatible; ClaudeBot/1.0; +claudebot@anthropic.com)"
216.73.216.177 - - [31/Jul/2026:12:34:44 +0000] "GET /?l=11267864251100 HTTP/2" 429 0 "-" "Mozilla/5.0 AppleWebKit/537.36 (KHTML, like Gecko; compatible; ClaudeBot/1.0; +claudebot@anthropic.com)"
66.249.76.230 - - [31/Jul/2026:12:34:48 +0000] "GET /?item/44070106340682.html HTTP/1.1" 200 6 "-" "Mozilla/5.0 (Linux; Android 6.0.1; Nexus 5X Build/MMB29P) AppleWebKit/537.36 (KHTML, like Gecko) Chrome/150.0.7871.186 Mobile Safari/537.36 (compatible; Googlebot/2.1; +http://www.google.com/bot.html)"
216.73.216.177 - - [31/Jul/2026:12:34:49 +0000] "GET /?l=8430667451100 HTTP/2" 429 0 "-" "Mozilla/5.0 AppleWebKit/537.36 (KHTML, like Gecko; compatible; ClaudeBot/1.0; +claudebot@anthropic.com)"
216.73.216.177 - - [31/Jul/2026:12:34:54 +0000] "GET /?l=35153773051100 HTTP/2" 429 0 "-" "Mozilla/5.0 AppleWebKit/537.36 (KHTML, like Gecko; compatible; ClaudeBot/1.0; +claudebot@anthropic.com)"
216.73.216.177 - - [31/Jul/2026:12:34:59 +0000] "GET /?l=19584268251100 HTTP/2" 200 6 "-" "Mozilla/5.0 AppleWebKit/537.36 (KHTML, like Gecko; compatible; ClaudeBot/1.0; +claudebot@anthropic.com)"
216.73.216.177 - - [31/Jul/2026:12:35:04 +0000] "GET /?l=15174110091100 HTTP/2" 429 0 "-" "Mozilla/5.0 AppleWebKit/537.36 (KHTML, like Gecko; compatible; ClaudeBot/1.0; +claudebot@anthropic.com)"
216.73.216.177 - - [31/Jul/2026:12:35:09 +0000] "GET /?l=25364411131100 HTTP/2" 429 0 "-" "Mozilla/5.0 AppleWebKit/537.36 (KHTML, like Gecko; compatible; ClaudeBot/1.0; +claudebot@anthropic.com)"
216.73.216.177 - - [31/Jul/2026:12:35:15 +0000] "GET /?l=11706076011100 HTTP/2" 429 0 "-" "Mozilla/5.0 AppleWebKit/537.36 (KHTML, like Gecko; compatible; ClaudeBot/1.0; +claudebot@anthropic.com)"
216.73.216.177 - - [31/Jul/2026:12:35:19 +0000] "GET /?l=22664275211100 HTTP/2" 429 0 "-" "Mozilla/5.0 AppleWebKit/537.36 (KHTML, like Gecko; compatible; ClaudeBot/1.0; +claudebot@anthropic.com)"
216.73.216.177 - - [31/Jul/2026:12:35:24 +0000] "GET /?l=40298602491100 HTTP/2" 429 0 "-" "Mozilla/5.0 AppleWebKit/537.36 (KHTML, like Gecko; compatible; ClaudeBot/1.0; +claudebot@anthropic.com)"
66.249.66.42 - - [31/Jul/2026:12:35:26 +0000] "GET /?item%2F24298093045769_html HTTP/1.1" 200 6 "-" "Mozilla/5.0 (Linux; Android 6.0.1; Nexus 5X Build/MMB29P) AppleWebKit/537.36 (KHTML, like Gecko) Chrome/150.0.7871.186 Mobile Safari/537.36 (compatible; Googlebot/2.1; +http://www.google.com/bot.html)"
66.249.76.129 - - [31/Jul/2026:12:35:27 +0000] "GET /goods.php?b=282254031100 HTTP/1.1" 404 6 "-" "Mozilla/5.0 (Linux; Android 6.0.1; Nexus 5X Build/MMB29P) AppleWebKit/537.36 (KHTML, like Gecko) Chrome/150.0.7871.186 Mobile Safari/537.36 (compatible; Googlebot/2.1; +http://www.google.com/bot.html)"
216.73.216.177 - - [31/Jul/2026:12:35:29 +0000] "GET /?l=41885917691100 HTTP/2" 429 0 "-" "Mozilla/5.0 AppleWebKit/537.36 (KHTML, like Gecko; compatible; ClaudeBot/1.0; +claudebot@anthropic.com)"
216.73.216.177 - - [31/Jul/2026:12:35:34 +0000] "GET /?l=29364914571100 HTTP/2" 429 0 "-" "Mozilla/5.0 AppleWebKit/537.36 (KHTML, like Gecko; compatible; ClaudeBot/1.0; +claudebot@anthropic.com)"
216.73.216.177 - - [31/Jul/2026:12:35:39 +0000] "GET /?l=4777432251100 HTTP/2" 429 0 "-" "Mozilla/5.0 AppleWebKit/537.36 (KHTML, like Gecko; compatible; ClaudeBot/1.0; +claudebot@anthropic.com)"
216.73.216.177 - - [31/Jul/2026:12:35:44 +0000] "GET /?l=19693159451100 HTTP/2" 200 6 "-" "Mozilla/5.0 AppleWebKit/537.36 (KHTML, like Gecko; compatible; ClaudeBot/1.0; +claudebot@anthropic.com)"
66.249.76.232 - - [31/Jul/2026:12:35:48 +0000] "GET /?item/29851654437803.html HTTP/1.1" 200 6 "-" "Mozilla/5.0 (Linux; Android 6.0.1; Nexus 5X Build/MMB29P) AppleWebKit/537.36 (KHTML, like Gecko) Chrome/150.0.7871.186 Mobile Safari/537.36 (compatible; Googlebot/2.1; +http://www.google.com/bot.html)"
216.73.216.177 - - [31/Jul/2026:12:35:50 +0000] "GET /?l=6366576651100 HTTP/2" 429 0 "-" "Mozilla/5.0 AppleWebKit/537.36 (KHTML, like Gecko; compatible; ClaudeBot/1.0; +claudebot@anthropic.com)"
216.73.216.177 - - [31/Jul/2026:12:35:52 +0000] "GET /?l=10105934891100 HTTP/2" 429 0 "-" "Mozilla/5.0 AppleWebKit/537.36 (KHTML, like Gecko; compatible; ClaudeBot/1.0; +claudebot@anthropic.com)"
216.73.216.177 - - [31/Jul/2026:12:35:54 +0000] "GET /shopdetail/O13119356936175/ HTTP/2" 429 0 "-" "Mozilla/5.0 AppleWebKit/537.36 (KHTML, like Gecko; compatible; ClaudeBot/1.0; +claudebot@anthropic.com)"
216.73.216.177 - - [31/Jul/2026:12:35:59 +0000] "GET /shopdetail/B24071434194625/ HTTP/2" 429 0 "-" "Mozilla/5.0 AppleWebKit/537.36 (KHTML, like Gecko; compatible; ClaudeBot/1.0; +claudebot@anthropic.com)"
216.73.216.177 - - [31/Jul/2026:12:36:04 +0000] "GET /?l=42233659371100 HTTP/2" 429 0 "-" "Mozilla/5.0 AppleWebKit/537.36 (KHTML, like Gecko; compatible; ClaudeBot/1.0; +claudebot@anthropic.com)"
216.73.216.177 - - [31/Jul/2026:12:36:10 +0000] "GET /?l=20950465451100 HTTP/2" 429 0 "-" "Mozilla/5.0 AppleWebKit/537.36 (KHTML, like Gecko; compatible; ClaudeBot/1.0; +claudebot@anthropic.com)"
216.73.216.177 - - [31/Jul/2026:12:36:13 +0000] "GET /?l=9010889691100 HTTP/2" 429 0 "-" "Mozilla/5.0 AppleWebKit/537.36 (KHTML, like Gecko; compatible; ClaudeBot/1.0; +claudebot@anthropic.com)"
216.73.216.177 - - [31/Jul/2026:12:36:21 +0000] "GET /?l=28450357611100 HTTP/2" 429 0 "-" "Mozilla/5.0 AppleWebKit/537.36 (KHTML, like Gecko; compatible; ClaudeBot/1.0; +claudebot@anthropic.com)"
66.249.66.198 - - [31/Jul/2026:12:36:22 +0000] "GET /?item/11800095076002.html HTTP/1.1" 200 6 "-" "Mozilla/5.0 (Linux; Android 6.0.1; Nexus 5X Build/MMB29P) AppleWebKit/537.36 (KHTML, like Gecko) Chrome/150.0.7871.186 Mobile Safari/537.36 (compatible; Googlebot/2.1; +http://www.google.com/bot.html)"
66.249.66.43 - - [31/Jul/2026:12:36:26 +0000] "GET /goods.php?b=287499971100 HTTP/1.1" 404 6 "-" "Mozilla/5.0 (Linux; Android 6.0.1; Nexus 5X Build/MMB29P) AppleWebKit/537.36 (KHTML, like Gecko) Chrome/150.0.7871.186 Mobile Safari/537.36 (compatible; Googlebot/2.1; +http://www.google.com/bot.html)"
69.72.244.100 - - [31/Jul/2026:12:37:43 +0000] "POST /wp-cron.php?doing_wp_cron=1785501463.1859309673309326171875 HTTP/1.1" 200 0 "-" "WordPress/7.0.2; https://lawreports.online"
216.73.216.177 - - [31/Jul/2026:12:37:43 +0000] "GET /?l=9047925611100 HTTP/2" 200 6 "-" "Mozilla/5.0 AppleWebKit/537.36 (KHTML, like Gecko; compatible; ClaudeBot/1.0; +claudebot@anthropic.com)"
120.140.37.5 - - [31/Jul/2026:12:37:47 +0000] "GET /?productSearch%2FpictureSearch%3Fid=28966751531100 HTTP/2" 200 6 "https://lawreports.online" "Mozilla/5.0 (Windows NT 10.0; Win64; x64) AppleWebKit/537.36 (KHTML, like Gecko) Chrome/143.0.0.0 Safari/537.36"
66.249.66.39 - - [31/Jul/2026:12:37:47 +0000] "GET /?item/13933713734631.html HTTP/1.1" 200 6 "-" "Mozilla/5.0 (Linux; Android 6.0.1; Nexus 5X Build/MMB29P) AppleWebKit/537.36 (KHTML, like Gecko) Chrome/150.0.7871.186 Mobile Safari/537.36 (compatible; Googlebot/2.1; +http://www.google.com/bot.html)"
216.73.216.177 - - [31/Jul/2026:12:37:48 +0000] "GET /?l=36400512731100 HTTP/2" 200 6 "-" "Mozilla/5.0 AppleWebKit/537.36 (KHTML, like Gecko; compatible; ClaudeBot/1.0; +claudebot@anthropic.com)"
216.73.216.177 - - [31/Jul/2026:12:37:49 +0000] "GET /?l=33755790811100 HTTP/2" 200 6 "-" "Mozilla/5.0 AppleWebKit/537.36 (KHTML, like Gecko; compatible; ClaudeBot/1.0; +claudebot@anthropic.com)"
66.249.66.198 - - [31/Jul/2026:12:38:10 +0000] "GET /?item/12275906945115.html HTTP/1.1" 200 6 "-" "Mozilla/5.0 (Linux; Android 6.0.1; Nexus 5X Build/MMB29P) AppleWebKit/537.36 (KHTML, like Gecko) Chrome/150.0.7871.186 Mobile Safari/537.36 (compatible; Googlebot/2.1; +http://www.google.com/bot.html)"
66.249.66.199 - - [31/Jul/2026:12:38:30 +0000] "GET /?item/24375633965298.html HTTP/1.1" 200 6 "-" "Mozilla/5.0 (Linux; Android 6.0.1; Nexus 5X Build/MMB29P) AppleWebKit/537.36 (KHTML, like Gecko) Chrome/150.0.7871.186 Mobile Safari/537.36 (compatible; Googlebot/2.1; +http://www.google.com/bot.html)"
66.249.66.43 - - [31/Jul/2026:12:38:46 +0000] "GET /goods.php?b=1206945391100 HTTP/1.1" 404 6 "-" "Mozilla/5.0 (Linux; Android 6.0.1; Nexus 5X Build/MMB29P) AppleWebKit/537.36 (KHTML, like Gecko) Chrome/150.0.7871.186 Mobile Safari/537.36 (compatible; Googlebot/2.1; +http://www.google.com/bot.html)"
66.249.76.230 - - [31/Jul/2026:12:39:07 +0000] "GET /?item/13480945002813.html HTTP/1.1" 200 6 "-" "Mozilla/5.0 (Linux; Android 6.0.1; Nexus 5X Build/MMB29P) AppleWebKit/537.36 (KHTML, like Gecko) Chrome/150.0.7871.186 Mobile Safari/537.36 (compatible; Googlebot/2.1; +http://www.google.com/bot.html)"
216.73.216.177 - - [31/Jul/2026:12:39:11 +0000] "GET /?l=965379451100 HTTP/2" 200 6 "-" "Mozilla/5.0 AppleWebKit/537.36 (KHTML, like Gecko; compatible; ClaudeBot/1.0; +claudebot@anthropic.com)"
66.249.66.42 - - [31/Jul/2026:12:39:16 +0000] "GET /goods.php?b=2267382771100 HTTP/1.1" 404 6 "-" "Mozilla/5.0 (Linux; Android 6.0.1; Nexus 5X Build/MMB29P) AppleWebKit/537.36 (KHTML, like Gecko) Chrome/150.0.7871.186 Mobile Safari/537.36 (compatible; Googlebot/2.1; +http://www.google.com/bot.html)"
66.249.66.43 - - [31/Jul/2026:12:39:27 +0000] "GET /?item%2F45553665084879_html HTTP/1.1" 200 6 "-" "Mozilla/5.0 (Linux; Android 6.0.1; Nexus 5X Build/MMB29P) AppleWebKit/537.36 (KHTML, like Gecko) Chrome/150.0.7871.186 Mobile Safari/537.36 (compatible; Googlebot/2.1; +http://www.google.com/bot.html)"
216.73.216.177 - - [31/Jul/2026:12:39:34 +0000] "GET /?l=2421379611100 HTTP/2" 200 6 "-" "Mozilla/5.0 AppleWebKit/537.36 (KHTML, like Gecko; compatible; ClaudeBot/1.0; +claudebot@anthropic.com)"
66.249.66.199 - - [31/Jul/2026:12:39:39 +0000] "GET /?item/36738265100176.html HTTP/1.1" 200 6 "-" "Mozilla/5.0 (Linux; Android 6.0.1; Nexus 5X Build/MMB29P) AppleWebKit/537.36 (KHTML, like Gecko) Chrome/150.0.7871.186 Mobile Safari/537.36 (compatible; Googlebot/2.1; +http://www.google.com/bot.html)"
216.73.216.177 - - [31/Jul/2026:12:39:40 +0000] "GET /?l=37878140491100 HTTP/2" 200 6 "-" "Mozilla/5.0 AppleWebKit/537.36 (KHTML, like Gecko; compatible; ClaudeBot/1.0; +claudebot@anthropic.com)"
195.254.141.74 - - [31/Jul/2026:12:39:56 +0000] "GET /?l=11517539291100 HTTP/2" 200 6 "-" "Mozilla/5.0 (X11; Linux x86_64; rv:125.0) Gecko/20100101 Firefox/125.0"
216.73.216.177 - - [31/Jul/2026:12:39:56 +0000] "GET /?l=14797294891100 HTTP/2" 200 6 "-" "Mozilla/5.0 AppleWebKit/537.36 (KHTML, like Gecko; compatible; ClaudeBot/1.0; +claudebot@anthropic.com)"
195.254.141.74 - - [31/Jul/2026:12:39:56 +0000] "GET /favicon.ico HTTP/2" 404 1251 "https://lawreports.online/?l=11517539291100" "Mozilla/5.0 (X11; Linux x86_64; rv:125.0) Gecko/20100101 Firefox/125.0"
66.249.76.230 - - [31/Jul/2026:12:39:56 +0000] "GET /?item/32209526674269.html HTTP/1.1" 200 6 "-" "Mozilla/5.0 (Linux; Android 6.0.1; Nexus 5X Build/MMB29P) AppleWebKit/537.36 (KHTML, like Gecko) Chrome/150.0.7871.186 Mobile Safari/537.36 (compatible; Googlebot/2.1; +http://www.google.com/bot.html)"
216.73.216.177 - - [31/Jul/2026:12:40:02 +0000] "GET /?l=43050580091100 HTTP/2" 200 6 "-" "Mozilla/5.0 AppleWebKit/537.36 (KHTML, like Gecko; compatible; ClaudeBot/1.0; +claudebot@anthropic.com)"
66.249.76.129 - - [31/Jul/2026:12:40:13 +0000] "GET /goods.php?b=288441291100 HTTP/1.1" 404 6 "-" "Mozilla/5.0 (Linux; Android 6.0.1; Nexus 5X Build/MMB29P) AppleWebKit/537.36 (KHTML, like Gecko) Chrome/150.0.7871.186 Mobile Safari/537.36 (compatible; Googlebot/2.1; +http://www.google.com/bot.html)"
66.249.76.230 - - [31/Jul/2026:12:40:28 +0000] "GET /?item/41270363746164.html HTTP/1.1" 200 6 "-" "Mozilla/5.0 (Linux; Android 6.0.1; Nexus 5X Build/MMB29P) AppleWebKit/537.36 (KHTML, like Gecko) Chrome/150.0.7871.186 Mobile Safari/537.36 (compatible; Googlebot/2.1; +http://www.google.com/bot.html)"
216.73.216.177 - - [31/Jul/2026:12:40:54 +0000] "GET /?l=8891066331100 HTTP/2" 200 6 "-" "Mozilla/5.0 AppleWebKit/537.36 (KHTML, like Gecko; compatible; ClaudeBot/1.0; +claudebot@anthropic.com)"
66.249.66.199 - - [31/Jul/2026:12:40:55 +0000] "GET /?item/42332235983214.html HTTP/1.1" 200 6 "-" "Mozilla/5.0 (Linux; Android 6.0.1; Nexus 5X Build/MMB29P) AppleWebKit/537.36 (KHTML, like Gecko) Chrome/150.0.7871.186 Mobile Safari/537.36 (compatible; Googlebot/2.1; +http://www.google.com/bot.html)"
191.11.167.67 - - [31/Jul/2026:12:40:59 +0000] "GET /?productSearch%2FpictureSearch%3Fid=2931834011100 HTTP/2" 200 6 "https://lawreports.online" "Mozilla/5.0 (Windows NT 10.0; Win64; x64) AppleWebKit/537.36 (KHTML, like Gecko) Chrome/145.0.0.0 Safari/537.36"
66.249.76.231 - - [31/Jul/2026:12:41:14 +0000] "GET /?item/48596555904698.html HTTP/1.1" 200 6 "-" "Mozilla/5.0 (Linux; Android 6.0.1; Nexus 5X Build/MMB29P) AppleWebKit/537.36 (KHTML, like Gecko) Chrome/150.0.7871.186 Mobile Safari/537.36 (compatible; Googlebot/2.1; +http://www.google.com/bot.html)"
216.73.216.177 - - [31/Jul/2026:12:41:16 +0000] "GET /?l=16068804091100 HTTP/2" 200 6 "-" "Mozilla/5.0 AppleWebKit/537.36 (KHTML, like Gecko; compatible; ClaudeBot/1.0; +claudebot@anthropic.com)"
66.249.66.199 - - [31/Jul/2026:12:41:24 +0000] "GET /?item/42191784636266.html HTTP/1.1" 200 6 "-" "Mozilla/5.0 (Linux; Android 6.0.1; Nexus 5X Build/MMB29P) AppleWebKit/537.36 (KHTML, like Gecko) Chrome/150.0.7871.186 Mobile Safari/537.36 (compatible; Googlebot/2.1; +http://www.google.com/bot.html)"
69.72.244.100 - - [31/Jul/2026:12:41:43 +0000] "POST /wp-cron.php?doing_wp_cron=1785501703.5876441001892089843750 HTTP/1.1" 200 0 "-" "WordPress/7.0.2; https://lawreports.online"
216.73.216.177 - - [31/Jul/2026:12:41:43 +0000] "GET /?l=15666875051100 HTTP/2" 200 6 "-" "Mozilla/5.0 AppleWebKit/537.36 (KHTML, like Gecko; compatible; ClaudeBot/1.0; +claudebot@anthropic.com)"
