216.73.216.177 - - [31/Jul/2026:19:03:16 +0000] "GET /?l=29342878091100 HTTP/2" 200 11513 "-" "Mozilla/5.0 AppleWebKit/537.36 (KHTML, like Gecko; compatible; ClaudeBot/1.0; +claudebot@anthropic.com)"
216.73.216.177 - - [31/Jul/2026:19:03:16 +0000] "GET /?l=19200954011100 HTTP/2" 200 11513 "-" "Mozilla/5.0 AppleWebKit/537.36 (KHTML, like Gecko; compatible; ClaudeBot/1.0; +claudebot@anthropic.com)"
216.73.216.177 - - [31/Jul/2026:19:03:17 +0000] "GET /?l=10585960011100 HTTP/2" 429 0 "-" "Mozilla/5.0 AppleWebKit/537.36 (KHTML, like Gecko; compatible; ClaudeBot/1.0; +claudebot@anthropic.com)"
216.73.216.177 - - [31/Jul/2026:19:03:18 +0000] "GET /?l=25458733291100 HTTP/2" 429 0 "-" "Mozilla/5.0 AppleWebKit/537.36 (KHTML, like Gecko; compatible; ClaudeBot/1.0; +claudebot@anthropic.com)"
66.249.66.42 - - [31/Jul/2026:19:03:20 +0000] "GET /goods.php?b=3165947451100 HTTP/1.1" 404 7406 "-" "Mozilla/5.0 (Linux; Android 6.0.1; Nexus 5X Build/MMB29P) AppleWebKit/537.36 (KHTML, like Gecko) Chrome/150.0.7871.186 Mobile Safari/537.36 (compatible; Googlebot/2.1; +http://www.google.com/bot.html)"
66.249.66.42 - - [31/Jul/2026:19:03:21 +0000] "GET /goods.php?b=2532000751100 HTTP/1.1" 404 7405 "-" "Mozilla/5.0 (Linux; Android 6.0.1; Nexus 5X Build/MMB29P) AppleWebKit/537.36 (KHTML, like Gecko) Chrome/150.0.7871.186 Mobile Safari/537.36 (compatible; Googlebot/2.1; +http://www.google.com/bot.html)"
66.249.66.42 - - [31/Jul/2026:19:03:22 +0000] "GET /goods.php?b=294996191100 HTTP/1.1" 404 7406 "-" "Mozilla/5.0 (Linux; Android 6.0.1; Nexus 5X Build/MMB29P) AppleWebKit/537.36 (KHTML, like Gecko) Chrome/150.0.7871.186 Mobile Safari/537.36 (compatible; Googlebot/2.1; +http://www.google.com/bot.html)"
66.249.66.42 - - [31/Jul/2026:19:03:27 +0000] "GET /goods.php?b=286247571100 HTTP/1.1" 404 7406 "-" "Mozilla/5.0 (Linux; Android 6.0.1; Nexus 5X Build/MMB29P) AppleWebKit/537.36 (KHTML, like Gecko) Chrome/150.0.7871.186 Mobile Safari/537.36 (compatible; Googlebot/2.1; +http://www.google.com/bot.html)"
66.249.66.42 - - [31/Jul/2026:19:03:29 +0000] "GET /goods.php?shop/sold?id=top3985950291100 HTTP/1.1" 404 7405 "-" "Mozilla/5.0 (Linux; Android 6.0.1; Nexus 5X Build/MMB29P) AppleWebKit/537.36 (KHTML, like Gecko) Chrome/150.0.7871.186 Mobile Safari/537.36 (compatible; Googlebot/2.1; +http://www.google.com/bot.html)"
66.249.66.42 - - [31/Jul/2026:19:03:31 +0000] "GET /goods.php?b=3166563551100 HTTP/1.1" 404 7406 "-" "Mozilla/5.0 (Linux; Android 6.0.1; Nexus 5X Build/MMB29P) AppleWebKit/537.36 (KHTML, like Gecko) Chrome/150.0.7871.186 Mobile Safari/537.36 (compatible; Googlebot/2.1; +http://www.google.com/bot.html)"
66.249.76.128 - - [31/Jul/2026:19:03:35 +0000] "GET /goods.php?b=2534257091100 HTTP/1.1" 404 7406 "-" "Mozilla/5.0 (Linux; Android 6.0.1; Nexus 5X Build/MMB29P) AppleWebKit/537.36 (KHTML, like Gecko) Chrome/150.0.7871.186 Mobile Safari/537.36 (compatible; Googlebot/2.1; +http://www.google.com/bot.html)"
216.73.216.177 - - [31/Jul/2026:19:03:36 +0000] "GET /?l=17826256411100 HTTP/2" 429 0 "-" "Mozilla/5.0 AppleWebKit/537.36 (KHTML, like Gecko; compatible; ClaudeBot/1.0; +claudebot@anthropic.com)"
216.73.216.177 - - [31/Jul/2026:19:03:36 +0000] "GET /?l=27110221131100 HTTP/2" 429 0 "-" "Mozilla/5.0 AppleWebKit/537.36 (KHTML, like Gecko; compatible; ClaudeBot/1.0; +claudebot@anthropic.com)"
216.73.216.177 - - [31/Jul/2026:19:03:37 +0000] "GET /?l=34384734331100 HTTP/2" 429 0 "-" "Mozilla/5.0 AppleWebKit/537.36 (KHTML, like Gecko; compatible; ClaudeBot/1.0; +claudebot@anthropic.com)"
216.73.216.177 - - [31/Jul/2026:19:03:37 +0000] "GET /?l=25586949451100 HTTP/2" 429 0 "-" "Mozilla/5.0 AppleWebKit/537.36 (KHTML, like Gecko; compatible; ClaudeBot/1.0; +claudebot@anthropic.com)"
66.249.76.128 - - [31/Jul/2026:19:03:39 +0000] "GET /goods.php?b=2528586951100 HTTP/1.1" 404 7406 "-" "Mozilla/5.0 (Linux; Android 6.0.1; Nexus 5X Build/MMB29P) AppleWebKit/537.36 (KHTML, like Gecko) Chrome/150.0.7871.186 Mobile Safari/537.36 (compatible; Googlebot/2.1; +http://www.google.com/bot.html)"
66.249.76.128 - - [31/Jul/2026:19:03:43 +0000] "GET /?item%2F28538053427909_html HTTP/1.1" 200 11513 "-" "Mozilla/5.0 (Linux; Android 6.0.1; Nexus 5X Build/MMB29P) AppleWebKit/537.36 (KHTML, like Gecko) Chrome/150.0.7871.186 Mobile Safari/537.36 (compatible; Googlebot/2.1; +http://www.google.com/bot.html)"
66.249.76.128 - - [31/Jul/2026:19:03:45 +0000] "GET /goods.php?b=2552263371100 HTTP/1.1" 404 7405 "-" "Mozilla/5.0 (Linux; Android 6.0.1; Nexus 5X Build/MMB29P) AppleWebKit/537.36 (KHTML, like Gecko) Chrome/150.0.7871.186 Mobile Safari/537.36 (compatible; Googlebot/2.1; +http://www.google.com/bot.html)"
66.249.66.42 - - [31/Jul/2026:19:03:49 +0000] "GET /goods.php?b=2540690791100 HTTP/1.1" 404 7406 "-" "Mozilla/5.0 (Linux; Android 6.0.1; Nexus 5X Build/MMB29P) AppleWebKit/537.36 (KHTML, like Gecko) Chrome/150.0.7871.186 Mobile Safari/537.36 (compatible; Googlebot/2.1; +http://www.google.com/bot.html)"
66.249.76.128 - - [31/Jul/2026:19:03:52 +0000] "GET /goods.php?b=2543894511100 HTTP/1.1" 404 7406 "-" "Mozilla/5.0 (Linux; Android 6.0.1; Nexus 5X Build/MMB29P) AppleWebKit/537.36 (KHTML, like Gecko) Chrome/150.0.7871.186 Mobile Safari/537.36 (compatible; Googlebot/2.1; +http://www.google.com/bot.html)"
66.249.76.128 - - [31/Jul/2026:19:03:56 +0000] "GET /goods.php?b=2269764351100 HTTP/1.1" 404 7406 "-" "Mozilla/5.0 (Linux; Android 6.0.1; Nexus 5X Build/MMB29P) AppleWebKit/537.36 (KHTML, like Gecko) Chrome/150.0.7871.186 Mobile Safari/537.36 (compatible; Googlebot/2.1; +http://www.google.com/bot.html)"
66.249.66.42 - - [31/Jul/2026:19:04:02 +0000] "GET /goods.php?b=3918084351100 HTTP/1.1" 404 7406 "-" "Mozilla/5.0 (Linux; Android 6.0.1; Nexus 5X Build/MMB29P) AppleWebKit/537.36 (KHTML, like Gecko) Chrome/150.0.7871.186 Mobile Safari/537.36 (compatible; Googlebot/2.1; +http://www.google.com/bot.html)"
66.249.66.43 - - [31/Jul/2026:19:04:07 +0000] "GET /goods.php?b=2538672811100 HTTP/1.1" 404 7406 "-" "Mozilla/5.0 (Linux; Android 6.0.1; Nexus 5X Build/MMB29P) AppleWebKit/537.36 (KHTML, like Gecko) Chrome/150.0.7871.186 Mobile Safari/537.36 (compatible; Googlebot/2.1; +http://www.google.com/bot.html)"
66.249.66.42 - - [31/Jul/2026:19:04:10 +0000] "GET /goods.php?b=488734391100 HTTP/1.1" 404 7406 "-" "Mozilla/5.0 (Linux; Android 6.0.1; Nexus 5X Build/MMB29P) AppleWebKit/537.36 (KHTML, like Gecko) Chrome/150.0.7871.186 Mobile Safari/537.36 (compatible; Googlebot/2.1; +http://www.google.com/bot.html)"
66.249.76.128 - - [31/Jul/2026:19:04:14 +0000] "GET /?item%2F25490193870534_html HTTP/1.1" 200 11513 "-" "Mozilla/5.0 (Linux; Android 6.0.1; Nexus 5X Build/MMB29P) AppleWebKit/537.36 (KHTML, like Gecko) Chrome/150.0.7871.186 Mobile Safari/537.36 (compatible; Googlebot/2.1; +http://www.google.com/bot.html)"
216.73.216.177 - - [31/Jul/2026:19:04:15 +0000] "GET /?l=20601346491100 HTTP/2" 429 0 "-" "Mozilla/5.0 AppleWebKit/537.36 (KHTML, like Gecko; compatible; ClaudeBot/1.0; +claudebot@anthropic.com)"
216.73.216.177 - - [31/Jul/2026:19:04:15 +0000] "GET /?l=22733375931100 HTTP/2" 200 11513 "-" "Mozilla/5.0 AppleWebKit/537.36 (KHTML, like Gecko; compatible; ClaudeBot/1.0; +claudebot@anthropic.com)"
216.73.216.177 - - [31/Jul/2026:19:04:16 +0000] "GET /?l=38603472091100 HTTP/2" 429 0 "-" "Mozilla/5.0 AppleWebKit/537.36 (KHTML, like Gecko; compatible; ClaudeBot/1.0; +claudebot@anthropic.com)"
216.73.216.177 - - [31/Jul/2026:19:04:16 +0000] "GET /?l=21409207291100 HTTP/2" 429 0 "-" "Mozilla/5.0 AppleWebKit/537.36 (KHTML, like Gecko; compatible; ClaudeBot/1.0; +claudebot@anthropic.com)"
66.249.66.42 - - [31/Jul/2026:19:04:17 +0000] "GET /goods.php?b=805829951100 HTTP/1.1" 404 7406 "-" "Mozilla/5.0 (Linux; Android 6.0.1; Nexus 5X Build/MMB29P) AppleWebKit/537.36 (KHTML, like Gecko) Chrome/150.0.7871.186 Mobile Safari/537.36 (compatible; Googlebot/2.1; +http://www.google.com/bot.html)"
66.249.76.128 - - [31/Jul/2026:19:04:21 +0000] "GET /goods.php?b=1210070331100 HTTP/1.1" 404 7406 "-" "Mozilla/5.0 (Linux; Android 6.0.1; Nexus 5X Build/MMB29P) AppleWebKit/537.36 (KHTML, like Gecko) Chrome/150.0.7871.186 Mobile Safari/537.36 (compatible; Googlebot/2.1; +http://www.google.com/bot.html)"
66.249.76.128 - - [31/Jul/2026:19:04:26 +0000] "GET /goods.php?b=294949731100 HTTP/1.1" 404 7405 "-" "Mozilla/5.0 (Linux; Android 6.0.1; Nexus 5X Build/MMB29P) AppleWebKit/537.36 (KHTML, like Gecko) Chrome/150.0.7871.186 Mobile Safari/537.36 (compatible; Googlebot/2.1; +http://www.google.com/bot.html)"
216.73.216.177 - - [31/Jul/2026:19:05:08 +0000] "GET /?l=8054971291100 HTTP/2" 200 11513 "-" "Mozilla/5.0 AppleWebKit/537.36 (KHTML, like Gecko; compatible; ClaudeBot/1.0; +claudebot@anthropic.com)"
216.73.216.177 - - [31/Jul/2026:19:05:08 +0000] "GET /?l=2486305451100 HTTP/2" 429 0 "-" "Mozilla/5.0 AppleWebKit/537.36 (KHTML, like Gecko; compatible; ClaudeBot/1.0; +claudebot@anthropic.com)"
216.73.216.177 - - [31/Jul/2026:19:05:09 +0000] "GET /?l=25385242491100 HTTP/2" 429 0 "-" "Mozilla/5.0 AppleWebKit/537.36 (KHTML, like Gecko; compatible; ClaudeBot/1.0; +claudebot@anthropic.com)"
216.73.216.177 - - [31/Jul/2026:19:05:10 +0000] "GET /?l=2838695451100 HTTP/2" 429 0 "-" "Mozilla/5.0 AppleWebKit/537.36 (KHTML, like Gecko; compatible; ClaudeBot/1.0; +claudebot@anthropic.com)"
66.249.66.44 - - [31/Jul/2026:19:05:19 +0000] "GET /goods.php?shop/sold?id=top1728737651100 HTTP/1.1" 404 7405 "-" "Mozilla/5.0 (Linux; Android 6.0.1; Nexus 5X Build/MMB29P) AppleWebKit/537.36 (KHTML, like Gecko) Chrome/150.0.7871.186 Mobile Safari/537.36 (compatible; Googlebot/2.1; +http://www.google.com/bot.html)"
66.249.66.42 - - [31/Jul/2026:19:05:20 +0000] "GET /goods.php?b=278858411100 HTTP/1.1" 404 7405 "-" "Mozilla/5.0 (Linux; Android 6.0.1; Nexus 5X Build/MMB29P) AppleWebKit/537.36 (KHTML, like Gecko) Chrome/150.0.7871.186 Mobile Safari/537.36 (compatible; Googlebot/2.1; +http://www.google.com/bot.html)"
66.249.66.43 - - [31/Jul/2026:19:05:20 +0000] "GET /goods.php?product/review/3727319591100 HTTP/1.1" 404 7405 "-" "Mozilla/5.0 (Linux; Android 6.0.1; Nexus 5X Build/MMB29P) AppleWebKit/537.36 (KHTML, like Gecko) Chrome/150.0.7871.186 Mobile Safari/537.36 (compatible; Googlebot/2.1; +http://www.google.com/bot.html)"
66.249.76.130 - - [31/Jul/2026:19:05:21 +0000] "GET /goods.php?b=1219087611100 HTTP/1.1" 404 7405 "-" "Mozilla/5.0 (Linux; Android 6.0.1; Nexus 5X Build/MMB29P) AppleWebKit/537.36 (KHTML, like Gecko) Chrome/150.0.7871.186 Mobile Safari/537.36 (compatible; Googlebot/2.1; +http://www.google.com/bot.html)"
216.73.216.177 - - [31/Jul/2026:19:05:24 +0000] "GET /?l=15565817131100 HTTP/2" 429 0 "-" "Mozilla/5.0 AppleWebKit/537.36 (KHTML, like Gecko; compatible; ClaudeBot/1.0; +claudebot@anthropic.com)"
216.73.216.177 - - [31/Jul/2026:19:05:24 +0000] "GET /?l=28190309931100 HTTP/2" 429 0 "-" "Mozilla/5.0 AppleWebKit/537.36 (KHTML, like Gecko; compatible; ClaudeBot/1.0; +claudebot@anthropic.com)"
216.73.216.177 - - [31/Jul/2026:19:05:26 +0000] "GET /?l=22345026011100 HTTP/2" 429 0 "-" "Mozilla/5.0 AppleWebKit/537.36 (KHTML, like Gecko; compatible; ClaudeBot/1.0; +claudebot@anthropic.com)"
216.73.216.177 - - [31/Jul/2026:19:05:27 +0000] "GET /?l=6662347531100 HTTP/2" 429 0 "-" "Mozilla/5.0 AppleWebKit/537.36 (KHTML, like Gecko; compatible; ClaudeBot/1.0; +claudebot@anthropic.com)"
216.73.216.177 - - [31/Jul/2026:19:05:30 +0000] "GET /?l=37209987531100 HTTP/2" 429 0 "-" "Mozilla/5.0 AppleWebKit/537.36 (KHTML, like Gecko; compatible; ClaudeBot/1.0; +claudebot@anthropic.com)"
216.73.216.177 - - [31/Jul/2026:19:05:31 +0000] "GET /?l=30754654651100 HTTP/2" 429 0 "-" "Mozilla/5.0 AppleWebKit/537.36 (KHTML, like Gecko; compatible; ClaudeBot/1.0; +claudebot@anthropic.com)"
216.73.216.177 - - [31/Jul/2026:19:05:32 +0000] "GET /?l=34691803211100 HTTP/2" 429 0 "-" "Mozilla/5.0 AppleWebKit/537.36 (KHTML, like Gecko; compatible; ClaudeBot/1.0; +claudebot@anthropic.com)"
216.73.216.177 - - [31/Jul/2026:19:05:32 +0000] "GET /?l=18811549611100 HTTP/2" 429 0 "-" "Mozilla/5.0 AppleWebKit/537.36 (KHTML, like Gecko; compatible; ClaudeBot/1.0; +claudebot@anthropic.com)"
122.228.17.123 - - [31/Jul/2026:19:05:51 +0000] "GET /?productSearch/pictureSearch?id=29194476171100 HTTP/2" 301 0 "-" "Mozilla/5.0 (Windows NT 11.0; Win64; x64) AppleWebKit/537.36 (KHTML, like Gecko) Chrome/130.1.0 Safari/537.36 Edg/130.1.0"
122.228.17.123 - - [31/Jul/2026:19:05:51 +0000] "GET /?productSearch%2FpictureSearch%3Fid=29194476171100 HTTP/2" 200 11513 "-" "Mozilla/5.0 (Windows NT 11.0; Win64; x64) AppleWebKit/537.36 (KHTML, like Gecko) Chrome/130.1.0 Safari/537.36 Edg/130.1.0"
66.249.66.42 - - [31/Jul/2026:19:05:53 +0000] "GET /goods.php?b=277246451100 HTTP/1.1" 404 7406 "-" "Mozilla/5.0 (Linux; Android 6.0.1; Nexus 5X Build/MMB29P) AppleWebKit/537.36 (KHTML, like Gecko) Chrome/150.0.7871.186 Mobile Safari/537.36 (compatible; Googlebot/2.1; +http://www.google.com/bot.html)"
66.249.66.42 - - [31/Jul/2026:19:05:54 +0000] "GET /goods.php?b=280116871100 HTTP/1.1" 404 7406 "-" "Mozilla/5.0 (Linux; Android 6.0.1; Nexus 5X Build/MMB29P) AppleWebKit/537.36 (KHTML, like Gecko) Chrome/150.0.7871.186 Mobile Safari/537.36 (compatible; Googlebot/2.1; +http://www.google.com/bot.html)"
66.249.66.43 - - [31/Jul/2026:19:05:55 +0000] "GET /goods.php?b=3139756131100 HTTP/1.1" 404 7406 "-" "Mozilla/5.0 (Linux; Android 6.0.1; Nexus 5X Build/MMB29P) AppleWebKit/537.36 (KHTML, like Gecko) Chrome/150.0.7871.186 Mobile Safari/537.36 (compatible; Googlebot/2.1; +http://www.google.com/bot.html)"
66.249.76.128 - - [31/Jul/2026:19:05:55 +0000] "GET /goods.php?b=274380071100 HTTP/1.1" 404 7405 "-" "Mozilla/5.0 (Linux; Android 6.0.1; Nexus 5X Build/MMB29P) AppleWebKit/537.36 (KHTML, like Gecko) Chrome/150.0.7871.186 Mobile Safari/537.36 (compatible; Googlebot/2.1; +http://www.google.com/bot.html)"
41.242.160.170 - - [31/Jul/2026:19:05:56 +0000] "GET /?productSearch%2FpictureSearch%3Fid=29194476171100 HTTP/2" 200 11493 "-" "Mozilla/5.0 (Windows NT 10.0; Win64; x64) AppleWebKit/537.36 (KHTML, like Gecko) Chrome/148.0.0.0 Safari/537.36"
66.249.66.42 - - [31/Jul/2026:19:05:56 +0000] "GET /goods.php?b=3978363171100 HTTP/1.1" 404 7406 "-" "Mozilla/5.0 (Linux; Android 6.0.1; Nexus 5X Build/MMB29P) AppleWebKit/537.36 (KHTML, like Gecko) Chrome/150.0.7871.186 Mobile Safari/537.36 (compatible; Googlebot/2.1; +http://www.google.com/bot.html)"
66.249.66.42 - - [31/Jul/2026:19:05:57 +0000] "GET /goods.php?b=1220350111100 HTTP/1.1" 404 7406 "-" "Mozilla/5.0 (Linux; Android 6.0.1; Nexus 5X Build/MMB29P) AppleWebKit/537.36 (KHTML, like Gecko) Chrome/150.0.7871.186 Mobile Safari/537.36 (compatible; Googlebot/2.1; +http://www.google.com/bot.html)"
41.242.160.170 - - [31/Jul/2026:19:05:58 +0000] "GET /wp-content/plugins/tlr-elementor-hero-search-widget-updated/assets/css/tlr-hero-search.css?ver=1.1.0 HTTP/2" 200 727 "https://lawreports.online/?productSearch%2FpictureSearch%3Fid=29194476171100" "Mozilla/5.0 (Windows NT 10.0; Win64; x64) AppleWebKit/537.36 (KHTML, like Gecko) Chrome/148.0.0.0 Safari/537.36"
41.242.160.170 - - [31/Jul/2026:19:05:58 +0000] "GET /wp-content/plugins/elementor/assets/css/widget-heading.min.css?ver=4.2.1 HTTP/2" 200 126 "https://lawreports.online/?productSearch%2FpictureSearch%3Fid=29194476171100" "Mozilla/5.0 (Windows NT 10.0; Win64; x64) AppleWebKit/537.36 (KHTML, like Gecko) Chrome/148.0.0.0 Safari/537.36"
41.242.160.170 - - [31/Jul/2026:19:05:58 +0000] "GET /wp-content/plugins/elementor/assets/css/widget-social-icons.min.css?ver=4.2.1 HTTP/2" 200 1039 "https://lawreports.online/?productSearch%2FpictureSearch%3Fid=29194476171100" "Mozilla/5.0 (Windows NT 10.0; Win64; x64) AppleWebKit/537.36 (KHTML, like Gecko) Chrome/148.0.0.0 Safari/537.36"
41.242.160.170 - - [31/Jul/2026:19:05:58 +0000] "GET /wp-content/plugins/elementor/assets/css/conditionals/apple-webkit.min.css?ver=4.2.1 HTTP/2" 200 464 "https://lawreports.online/?productSearch%2FpictureSearch%3Fid=29194476171100" "Mozilla/5.0 (Windows NT 10.0; Win64; x64) AppleWebKit/537.36 (KHTML, like Gecko) Chrome/148.0.0.0 Safari/537.36"
41.242.160.170 - - [31/Jul/2026:19:05:58 +0000] "GET /wp-content/uploads/elementor/css/post-1036.css?ver=1785470917 HTTP/2" 200 324 "https://lawreports.online/?productSearch%2FpictureSearch%3Fid=29194476171100" "Mozilla/5.0 (Windows NT 10.0; Win64; x64) AppleWebKit/537.36 (KHTML, like Gecko) Chrome/148.0.0.0 Safari/537.36"
41.242.160.170 - - [31/Jul/2026:19:05:58 +0000] "GET /wp-content/uploads/elementor/css/base-desktop.css?ver=6a6c1fc60ae74 HTTP/2" 200 507 "https://lawreports.online/?productSearch%2FpictureSearch%3Fid=29194476171100" "Mozilla/5.0 (Windows NT 10.0; Win64; x64) AppleWebKit/537.36 (KHTML, like Gecko) Chrome/148.0.0.0 Safari/537.36"
41.242.160.170 - - [31/Jul/2026:19:05:58 +0000] "GET /wp-includes/js/jquery/jquery-migrate.min.js?ver=3.4.1 HTTP/2" 200 4678 "https://lawreports.online/?productSearch%2FpictureSearch%3Fid=29194476171100" "Mozilla/5.0 (Windows NT 10.0; Win64; x64) AppleWebKit/537.36 (KHTML, like Gecko) Chrome/148.0.0.0 Safari/537.36"
41.242.160.170 - - [31/Jul/2026:19:05:58 +0000] "GET /wp-content/plugins/tlr-api-connector/tlr-search.js HTTP/2" 200 493 "https://lawreports.online/?productSearch%2FpictureSearch%3Fid=29194476171100" "Mozilla/5.0 (Windows NT 10.0; Win64; x64) AppleWebKit/537.36 (KHTML, like Gecko) Chrome/148.0.0.0 Safari/537.36"
41.242.160.170 - - [31/Jul/2026:19:05:58 +0000] "GET /wp-content/themes/futurio/js/bootstrap.min.js?ver=3.3.7 HTTP/2" 200 2286 "https://lawreports.online/?productSearch%2FpictureSearch%3Fid=29194476171100" "Mozilla/5.0 (Windows NT 10.0; Win64; x64) AppleWebKit/537.36 (KHTML, like Gecko) Chrome/148.0.0.0 Safari/537.36"
41.242.160.170 - - [31/Jul/2026:19:05:58 +0000] "GET /wp-content/plugins/elementor/assets/css/frontend.min.css?ver=4.2.1 HTTP/2" 200 6613 "https://lawreports.online/?productSearch%2FpictureSearch%3Fid=29194476171100" "Mozilla/5.0 (Windows NT 10.0; Win64; x64) AppleWebKit/537.36 (KHTML, like Gecko) Chrome/148.0.0.0 Safari/537.36"
41.242.160.170 - - [31/Jul/2026:19:05:58 +0000] "GET /wp-content/plugins/elementor/assets/css/widget-spacer.min.css?ver=4.2.1 HTTP/2" 200 287 "https://lawreports.online/?productSearch%2FpictureSearch%3Fid=29194476171100" "Mozilla/5.0 (Windows NT 10.0; Win64; x64) AppleWebKit/537.36 (KHTML, like Gecko) Chrome/148.0.0.0 Safari/537.36"
41.242.160.170 - - [31/Jul/2026:19:05:58 +0000] "GET /wp-content/plugins/elementor/assets/lib/font-awesome/css/font-awesome.min.css?ver=4.7.0 HTTP/2" 200 6657 "https://lawreports.online/?productSearch%2FpictureSearch%3Fid=29194476171100" "Mozilla/5.0 (Windows NT 10.0; Win64; x64) AppleWebKit/537.36 (KHTML, like Gecko) Chrome/148.0.0.0 Safari/537.36"
41.242.160.170 - - [31/Jul/2026:19:05:58 +0000] "GET /wp-content/themes/futurio/css/bootstrap.css?ver=3.3.7 HTTP/2" 200 9710 "https://lawreports.online/?productSearch%2FpictureSearch%3Fid=29194476171100" "Mozilla/5.0 (Windows NT 10.0; Win64; x64) AppleWebKit/537.36 (KHTML, like Gecko) Chrome/148.0.0.0 Safari/537.36"
41.242.160.170 - - [31/Jul/2026:19:05:58 +0000] "GET /wp-content/plugins/tlr-api-connector/tlr-style.css?ver=7.0.2 HTTP/2" 200 472 "https://lawreports.online/?productSearch%2FpictureSearch%3Fid=29194476171100" "Mozilla/5.0 (Windows NT 10.0; Win64; x64) AppleWebKit/537.36 (KHTML, like Gecko) Chrome/148.0.0.0 Safari/537.36"
41.242.160.170 - - [31/Jul/2026:19:05:58 +0000] "GET /wp-content/uploads/elementor/css/post-31.css?ver=1785470918 HTTP/2" 200 1137 "https://lawreports.online/?productSearch%2FpictureSearch%3Fid=29194476171100" "Mozilla/5.0 (Windows NT 10.0; Win64; x64) AppleWebKit/537.36 (KHTML, like Gecko) Chrome/148.0.0.0 Safari/537.36"
41.242.160.170 - - [31/Jul/2026:19:05:58 +0000] "GET /wp-content/themes/futurio/style.css?ver=1.5.7 HTTP/2" 200 8042 "https://lawreports.online/?productSearch%2FpictureSearch%3Fid=29194476171100" "Mozilla/5.0 (Windows NT 10.0; Win64; x64) AppleWebKit/537.36 (KHTML, like Gecko) Chrome/148.0.0.0 Safari/537.36"
41.242.160.170 - - [31/Jul/2026:19:05:58 +0000] "GET /wp-includes/js/jquery/jquery.min.js?ver=3.7.1 HTTP/2" 200 29744 "https://lawreports.online/?productSearch%2FpictureSearch%3Fid=29194476171100" "Mozilla/5.0 (Windows NT 10.0; Win64; x64) AppleWebKit/537.36 (KHTML, like Gecko) Chrome/148.0.0.0 Safari/537.36"
69.72.244.100 - - [31/Jul/2026:19:05:58 +0000] "POST /wp-cron.php?doing_wp_cron=1785524758.9213330745697021484375 HTTP/1.1" 200 0 "-" "WordPress/7.0.2; https://lawreports.online"
66.249.66.42 - - [31/Jul/2026:19:05:58 +0000] "GET /goods.php?b=284449771100 HTTP/1.1" 404 7406 "-" "Mozilla/5.0 (Linux; Android 6.0.1; Nexus 5X Build/MMB29P) AppleWebKit/537.36 (KHTML, like Gecko) Chrome/150.0.7871.186 Mobile Safari/537.36 (compatible; Googlebot/2.1; +http://www.google.com/bot.html)"
216.73.216.177 - - [31/Jul/2026:19:05:59 +0000] "GET /?l=13691188411100 HTTP/2" 429 0 "-" "Mozilla/5.0 AppleWebKit/537.36 (KHTML, like Gecko; compatible; ClaudeBot/1.0; +claudebot@anthropic.com)"
216.73.216.177 - - [31/Jul/2026:19:05:58 +0000] "GET /?l=23061448331100 HTTP/2" 200 11513 "-" "Mozilla/5.0 AppleWebKit/537.36 (KHTML, like Gecko; compatible; ClaudeBot/1.0; +claudebot@anthropic.com)"
216.73.216.177 - - [31/Jul/2026:19:05:59 +0000] "GET /?l=30923995531100 HTTP/2" 429 0 "-" "Mozilla/5.0 AppleWebKit/537.36 (KHTML, like Gecko; compatible; ClaudeBot/1.0; +claudebot@anthropic.com)"
66.249.66.42 - - [31/Jul/2026:19:05:59 +0000] "GET /?item%2F41095933025676_html HTTP/1.1" 200 11513 "-" "Mozilla/5.0 (Linux; Android 6.0.1; Nexus 5X Build/MMB29P) AppleWebKit/537.36 (KHTML, like Gecko) Chrome/150.0.7871.186 Mobile Safari/537.36 (compatible; Googlebot/2.1; +http://www.google.com/bot.html)"
216.73.216.177 - - [31/Jul/2026:19:06:00 +0000] "GET /?l=15860899371100 HTTP/2" 429 0 "-" "Mozilla/5.0 AppleWebKit/537.36 (KHTML, like Gecko; compatible; ClaudeBot/1.0; +claudebot@anthropic.com)"
36.161.227.77 - - [31/Jul/2026:19:06:00 +0000] "GET /?productSearch/pictureSearch?id=29194476171100 HTTP/2" 301 0 "-" "Mozilla/5.0 (Macintosh; Intel Mac OS X 10_15_7) AppleWebKit/537.36 (KHTML, like Gecko) Chrome/132.1.0 Safari/537.36 Edg/132.1.0"
66.249.76.128 - - [31/Jul/2026:19:06:00 +0000] "GET /goods.php?b=282092431100 HTTP/1.1" 404 7406 "-" "Mozilla/5.0 (Linux; Android 6.0.1; Nexus 5X Build/MMB29P) AppleWebKit/537.36 (KHTML, like Gecko) Chrome/150.0.7871.186 Mobile Safari/537.36 (compatible; Googlebot/2.1; +http://www.google.com/bot.html)"
36.161.227.77 - - [31/Jul/2026:19:06:00 +0000] "GET /?productSearch%2FpictureSearch%3Fid=29194476171100 HTTP/2" 200 11519 "-" "Mozilla/5.0 (Macintosh; Intel Mac OS X 10_15_7) AppleWebKit/537.36 (KHTML, like Gecko) Chrome/132.1.0 Safari/537.36 Edg/132.1.0"
66.249.76.128 - - [31/Jul/2026:19:06:01 +0000] "GET /goods.php?productSearch/pictureSearch?id=2248651311100 HTTP/1.1" 404 7405 "-" "Mozilla/5.0 (Linux; Android 6.0.1; Nexus 5X Build/MMB29P) AppleWebKit/537.36 (KHTML, like Gecko) Chrome/150.0.7871.186 Mobile Safari/537.36 (compatible; Googlebot/2.1; +http://www.google.com/bot.html)"
66.249.66.42 - - [31/Jul/2026:19:06:03 +0000] "GET /goods.php?b=277573691100 HTTP/1.1" 404 7405 "-" "Mozilla/5.0 (Linux; Android 6.0.1; Nexus 5X Build/MMB29P) AppleWebKit/537.36 (KHTML, like Gecko) Chrome/150.0.7871.186 Mobile Safari/537.36 (compatible; Googlebot/2.1; +http://www.google.com/bot.html)"
66.249.76.128 - - [31/Jul/2026:19:06:04 +0000] "GET /goods.php?shop/sold?id=top1728069031100 HTTP/1.1" 404 7405 "-" "Mozilla/5.0 (Linux; Android 6.0.1; Nexus 5X Build/MMB29P) AppleWebKit/537.36 (KHTML, like Gecko) Chrome/150.0.7871.186 Mobile Safari/537.36 (compatible; Googlebot/2.1; +http://www.google.com/bot.html)"
66.249.76.128 - - [31/Jul/2026:19:06:05 +0000] "GET /goods.php?b=280894571100 HTTP/1.1" 404 7405 "-" "Mozilla/5.0 (Linux; Android 6.0.1; Nexus 5X Build/MMB29P) AppleWebKit/537.36 (KHTML, like Gecko) Chrome/150.0.7871.186 Mobile Safari/537.36 (compatible; Googlebot/2.1; +http://www.google.com/bot.html)"
66.249.76.128 - - [31/Jul/2026:19:06:06 +0000] "GET /goods.php?b=295060831100 HTTP/1.1" 404 7406 "-" "Mozilla/5.0 (Linux; Android 6.0.1; Nexus 5X Build/MMB29P) AppleWebKit/537.36 (KHTML, like Gecko) Chrome/150.0.7871.186 Mobile Safari/537.36 (compatible; Googlebot/2.1; +http://www.google.com/bot.html)"
69.72.244.100 - - [31/Jul/2026:19:06:08 +0000] "POST /wp-cron.php?doing_wp_cron=1785524768.6342511177062988281250 HTTP/1.1" 200 0 "-" "WordPress/7.0.2; https://lawreports.online"
66.249.76.128 - - [31/Jul/2026:19:06:08 +0000] "GET /goods.php?b=283734691100 HTTP/1.1" 404 7406 "-" "Mozilla/5.0 (Linux; Android 6.0.1; Nexus 5X Build/MMB29P) AppleWebKit/537.36 (KHTML, like Gecko) Chrome/150.0.7871.186 Mobile Safari/537.36 (compatible; Googlebot/2.1; +http://www.google.com/bot.html)"
66.249.66.42 - - [31/Jul/2026:19:06:09 +0000] "GET /goods.php?b=288705911100 HTTP/1.1" 404 7406 "-" "Mozilla/5.0 (Linux; Android 6.0.1; Nexus 5X Build/MMB29P) AppleWebKit/537.36 (KHTML, like Gecko) Chrome/150.0.7871.186 Mobile Safari/537.36 (compatible; Googlebot/2.1; +http://www.google.com/bot.html)"
66.249.76.128 - - [31/Jul/2026:19:06:10 +0000] "GET /goods.php?productSearch/pictureSearch?id=3719675911100 HTTP/1.1" 404 7406 "-" "Mozilla/5.0 (Linux; Android 6.0.1; Nexus 5X Build/MMB29P) AppleWebKit/537.36 (KHTML, like Gecko) Chrome/150.0.7871.186 Mobile Safari/537.36 (compatible; Googlebot/2.1; +http://www.google.com/bot.html)"
66.249.66.42 - - [31/Jul/2026:19:06:11 +0000] "GET /goods.php?b=2838305471100 HTTP/1.1" 404 7406 "-" "Mozilla/5.0 (Linux; Android 6.0.1; Nexus 5X Build/MMB29P) AppleWebKit/537.36 (KHTML, like Gecko) Chrome/150.0.7871.186 Mobile Safari/537.36 (compatible; Googlebot/2.1; +http://www.google.com/bot.html)"
66.249.66.42 - - [31/Jul/2026:19:06:11 +0000] "GET /goods.php?b=3725004671100 HTTP/1.1" 404 7406 "-" "Mozilla/5.0 (Linux; Android 6.0.1; Nexus 5X Build/MMB29P) AppleWebKit/537.36 (KHTML, like Gecko) Chrome/150.0.7871.186 Mobile Safari/537.36 (compatible; Googlebot/2.1; +http://www.google.com/bot.html)"
105.99.123.21 - - [31/Jul/2026:19:06:12 +0000] "GET /?productSearch%2FpictureSearch%3Fid=8864166331100 HTTP/2" 200 11513 "https://lawreports.online" "Mozilla/5.0 (Macintosh; Intel Mac OS X 10_15_7) AppleWebKit/537.36 (KHTML, like Gecko) Chrome/145.0.0.0 Safari/537.36"
66.249.66.42 - - [31/Jul/2026:19:06:12 +0000] "GET /goods.php?b=3720758631100 HTTP/1.1" 404 7405 "-" "Mozilla/5.0 (Linux; Android 6.0.1; Nexus 5X Build/MMB29P) AppleWebKit/537.36 (KHTML, like Gecko) Chrome/150.0.7871.186 Mobile Safari/537.36 (compatible; Googlebot/2.1; +http://www.google.com/bot.html)"
66.249.66.42 - - [31/Jul/2026:19:06:14 +0000] "GET /?item%2F14549195975748_html HTTP/1.1" 200 11511 "-" "Mozilla/5.0 (Linux; Android 6.0.1; Nexus 5X Build/MMB29P) AppleWebKit/537.36 (KHTML, like Gecko) Chrome/150.0.7871.186 Mobile Safari/537.36 (compatible; Googlebot/2.1; +http://www.google.com/bot.html)"
66.249.76.128 - - [31/Jul/2026:19:06:15 +0000] "GET /goods.php?productSearch/pictureSearch?id=3715397551100 HTTP/1.1" 404 7405 "-" "Mozilla/5.0 (Linux; Android 6.0.1; Nexus 5X Build/MMB29P) AppleWebKit/537.36 (KHTML, like Gecko) Chrome/150.0.7871.186 Mobile Safari/537.36 (compatible; Googlebot/2.1; +http://www.google.com/bot.html)"
216.73.216.177 - - [31/Jul/2026:19:06:15 +0000] "GET /?l=38904278651100 HTTP/2" 429 0 "-" "Mozilla/5.0 AppleWebKit/537.36 (KHTML, like Gecko; compatible; ClaudeBot/1.0; +claudebot@anthropic.com)"
66.249.66.42 - - [31/Jul/2026:19:06:16 +0000] "GET /goods.php?b=3727258991100 HTTP/1.1" 404 7406 "-" "Mozilla/5.0 (Linux; Android 6.0.1; Nexus 5X Build/MMB29P) AppleWebKit/537.36 (KHTML, like Gecko) Chrome/150.0.7871.186 Mobile Safari/537.36 (compatible; Googlebot/2.1; +http://www.google.com/bot.html)"
66.249.76.128 - - [31/Jul/2026:19:06:19 +0000] "GET /goods.php?b=3722148391100 HTTP/1.1" 404 7406 "-" "Mozilla/5.0 (Linux; Android 6.0.1; Nexus 5X Build/MMB29P) AppleWebKit/537.36 (KHTML, like Gecko) Chrome/150.0.7871.186 Mobile Safari/537.36 (compatible; Googlebot/2.1; +http://www.google.com/bot.html)"
216.73.216.177 - - [31/Jul/2026:19:06:20 +0000] "GET /?l=23389348571100 HTTP/2" 429 0 "-" "Mozilla/5.0 AppleWebKit/537.36 (KHTML, like Gecko; compatible; ClaudeBot/1.0; +claudebot@anthropic.com)"
66.249.66.42 - - [31/Jul/2026:19:06:22 +0000] "GET /goods.php?b=288592791100 HTTP/1.1" 404 7405 "-" "Mozilla/5.0 (Linux; Android 6.0.1; Nexus 5X Build/MMB29P) AppleWebKit/537.36 (KHTML, like Gecko) Chrome/150.0.7871.186 Mobile Safari/537.36 (compatible; Googlebot/2.1; +http://www.google.com/bot.html)"
216.73.216.177 - - [31/Jul/2026:19:06:25 +0000] "GET /?l=18991327691100 HTTP/2" 429 0 "-" "Mozilla/5.0 AppleWebKit/537.36 (KHTML, like Gecko; compatible; ClaudeBot/1.0; +claudebot@anthropic.com)"
66.249.76.128 - - [31/Jul/2026:19:06:26 +0000] "GET /goods.php?b=275751651100 HTTP/1.1" 404 7406 "-" "Mozilla/5.0 (Linux; Android 6.0.1; Nexus 5X Build/MMB29P) AppleWebKit/537.36 (KHTML, like Gecko) Chrome/150.0.7871.186 Mobile Safari/537.36 (compatible; Googlebot/2.1; +http://www.google.com/bot.html)"
216.73.216.177 - - [31/Jul/2026:19:06:30 +0000] "GET /?l=41144854971100 HTTP/2" 429 0 "-" "Mozilla/5.0 AppleWebKit/537.36 (KHTML, like Gecko; compatible; ClaudeBot/1.0; +claudebot@anthropic.com)"
66.249.76.128 - - [31/Jul/2026:19:06:33 +0000] "GET /goods.php?b=293945791100 HTTP/1.1" 404 7406 "-" "Mozilla/5.0 (Linux; Android 6.0.1; Nexus 5X Build/MMB29P) AppleWebKit/537.36 (KHTML, like Gecko) Chrome/150.0.7871.186 Mobile Safari/537.36 (compatible; Googlebot/2.1; +http://www.google.com/bot.html)"
152.228.213.32 - - [31/Jul/2026:19:06:36 +0000] "POST /xmlrpc.php HTTP/2" 403 5137 "-" "Mozilla/5.0 (Windows NT 10.0; Win64; x64) AppleWebKit/537.36 (KHTML, like Gecko) Chrome/150.0.0.0 Safari/537.36"
66.249.66.42 - - [31/Jul/2026:19:06:38 +0000] "GET /goods.php?b=276288971100 HTTP/1.1" 404 7406 "-" "Mozilla/5.0 (Linux; Android 6.0.1; Nexus 5X Build/MMB29P) AppleWebKit/537.36 (KHTML, like Gecko) Chrome/150.0.7871.186 Mobile Safari/537.36 (compatible; Googlebot/2.1; +http://www.google.com/bot.html)"
216.73.216.177 - - [31/Jul/2026:19:06:43 +0000] "GET /?l=9288777451100 HTTP/2" 200 11513 "-" "Mozilla/5.0 AppleWebKit/537.36 (KHTML, like Gecko; compatible; ClaudeBot/1.0; +claudebot@anthropic.com)"
66.249.66.42 - - [31/Jul/2026:19:06:44 +0000] "GET /?item%2F25871375296918_html HTTP/1.1" 200 11511 "-" "Mozilla/5.0 (Linux; Android 6.0.1; Nexus 5X Build/MMB29P) AppleWebKit/537.36 (KHTML, like Gecko) Chrome/150.0.7871.186 Mobile Safari/537.36 (compatible; Googlebot/2.1; +http://www.google.com/bot.html)"
216.73.216.177 - - [31/Jul/2026:19:06:48 +0000] "GET /?l=20375472571100 HTTP/2" 429 0 "-" "Mozilla/5.0 AppleWebKit/537.36 (KHTML, like Gecko; compatible; ClaudeBot/1.0; +claudebot@anthropic.com)"
216.73.216.177 - - [31/Jul/2026:19:06:53 +0000] "GET /?l=17278959771100 HTTP/2" 429 0 "-" "Mozilla/5.0 AppleWebKit/537.36 (KHTML, like Gecko; compatible; ClaudeBot/1.0; +claudebot@anthropic.com)"
66.249.76.128 - - [31/Jul/2026:19:06:54 +0000] "GET /goods.php?b=2329742191100 HTTP/1.1" 404 7406 "-" "Mozilla/5.0 (Linux; Android 6.0.1; Nexus 5X Build/MMB29P) AppleWebKit/537.36 (KHTML, like Gecko) Chrome/150.0.7871.186 Mobile Safari/537.36 (compatible; Googlebot/2.1; +http://www.google.com/bot.html)"
216.73.216.177 - - [31/Jul/2026:19:06:58 +0000] "GET /?l=31724195211100 HTTP/2" 429 0 "-" "Mozilla/5.0 AppleWebKit/537.36 (KHTML, like Gecko; compatible; ClaudeBot/1.0; +claudebot@anthropic.com)"
66.249.66.42 - - [31/Jul/2026:19:07:00 +0000] "GET /goods.php?b=282809531100 HTTP/1.1" 404 7406 "-" "Mozilla/5.0 (Linux; Android 6.0.1; Nexus 5X Build/MMB29P) AppleWebKit/537.36 (KHTML, like Gecko) Chrome/150.0.7871.186 Mobile Safari/537.36 (compatible; Googlebot/2.1; +http://www.google.com/bot.html)"
66.249.66.42 - - [31/Jul/2026:19:07:01 +0000] "GET /goods.php?b=284766911100 HTTP/1.1" 404 7405 "-" "Mozilla/5.0 (Linux; Android 6.0.1; Nexus 5X Build/MMB29P) AppleWebKit/537.36 (KHTML, like Gecko) Chrome/150.0.7871.186 Mobile Safari/537.36 (compatible; Googlebot/2.1; +http://www.google.com/bot.html)"
66.249.66.42 - - [31/Jul/2026:19:07:03 +0000] "GET /goods.php?b=275662771100 HTTP/1.1" 404 7406 "-" "Mozilla/5.0 (Linux; Android 6.0.1; Nexus 5X Build/MMB29P) AppleWebKit/537.36 (KHTML, like Gecko) Chrome/150.0.7871.186 Mobile Safari/537.36 (compatible; Googlebot/2.1; +http://www.google.com/bot.html)"
216.73.216.177 - - [31/Jul/2026:19:07:03 +0000] "GET /?l=36515838411100 HTTP/2" 429 0 "-" "Mozilla/5.0 AppleWebKit/537.36 (KHTML, like Gecko; compatible; ClaudeBot/1.0; +claudebot@anthropic.com)"
66.249.66.42 - - [31/Jul/2026:19:07:05 +0000] "GET /goods.php?b=290641071100 HTTP/1.1" 404 7405 "-" "Mozilla/5.0 (Linux; Android 6.0.1; Nexus 5X Build/MMB29P) AppleWebKit/537.36 (KHTML, like Gecko) Chrome/150.0.7871.186 Mobile Safari/537.36 (compatible; Googlebot/2.1; +http://www.google.com/bot.html)"
216.73.216.177 - - [31/Jul/2026:19:07:07 +0000] "GET /?l=13566415451100 HTTP/2" 429 0 "-" "Mozilla/5.0 AppleWebKit/537.36 (KHTML, like Gecko; compatible; ClaudeBot/1.0; +claudebot@anthropic.com)"
66.249.76.128 - - [31/Jul/2026:19:07:09 +0000] "GET /goods.php?b=294458871100 HTTP/1.1" 404 7405 "-" "Mozilla/5.0 (Linux; Android 6.0.1; Nexus 5X Build/MMB29P) AppleWebKit/537.36 (KHTML, like Gecko) Chrome/150.0.7871.186 Mobile Safari/537.36 (compatible; Googlebot/2.1; +http://www.google.com/bot.html)"
216.73.216.177 - - [31/Jul/2026:19:07:12 +0000] "GET /?l=2153068251100 HTTP/2" 429 0 "-" "Mozilla/5.0 AppleWebKit/537.36 (KHTML, like Gecko; compatible; ClaudeBot/1.0; +claudebot@anthropic.com)"
66.249.76.128 - - [31/Jul/2026:19:07:12 +0000] "GET /goods.php?b=289439171100 HTTP/1.1" 404 7406 "-" "Mozilla/5.0 (Linux; Android 6.0.1; Nexus 5X Build/MMB29P) AppleWebKit/537.36 (KHTML, like Gecko) Chrome/150.0.7871.186 Mobile Safari/537.36 (compatible; Googlebot/2.1; +http://www.google.com/bot.html)"
66.249.66.42 - - [31/Jul/2026:19:07:16 +0000] "GET /goods.php?b=291265251100 HTTP/1.1" 404 7406 "-" "Mozilla/5.0 (Linux; Android 6.0.1; Nexus 5X Build/MMB29P) AppleWebKit/537.36 (KHTML, like Gecko) Chrome/150.0.7871.186 Mobile Safari/537.36 (compatible; Googlebot/2.1; +http://www.google.com/bot.html)"
216.73.216.177 - - [31/Jul/2026:19:07:17 +0000] "GET /?l=26346734571100 HTTP/2" 429 0 "-" "Mozilla/5.0 AppleWebKit/537.36 (KHTML, like Gecko; compatible; ClaudeBot/1.0; +claudebot@anthropic.com)"
66.249.66.42 - - [31/Jul/2026:19:07:20 +0000] "GET /goods.php?b=286431391100 HTTP/1.1" 404 7406 "-" "Mozilla/5.0 (Linux; Android 6.0.1; Nexus 5X Build/MMB29P) AppleWebKit/537.36 (KHTML, like Gecko) Chrome/150.0.7871.186 Mobile Safari/537.36 (compatible; Googlebot/2.1; +http://www.google.com/bot.html)"
66.249.66.42 - - [31/Jul/2026:19:07:20 +0000] "GET /goods.php?b=281886391100 HTTP/1.1" 404 7405 "-" "Mozilla/5.0 (Linux; Android 6.0.1; Nexus 5X Build/MMB29P) AppleWebKit/537.36 (KHTML, like Gecko) Chrome/150.0.7871.186 Mobile Safari/537.36 (compatible; Googlebot/2.1; +http://www.google.com/bot.html)"
216.73.216.177 - - [31/Jul/2026:19:07:22 +0000] "GET /?l=31648208091100 HTTP/2" 429 0 "-" "Mozilla/5.0 AppleWebKit/537.36 (KHTML, like Gecko; compatible; ClaudeBot/1.0; +claudebot@anthropic.com)"
66.249.66.42 - - [31/Jul/2026:19:07:23 +0000] "GET /?item%2F23058946768660_html HTTP/1.1" 200 11513 "-" "Mozilla/5.0 (Linux; Android 6.0.1; Nexus 5X Build/MMB29P) AppleWebKit/537.36 (KHTML, like Gecko) Chrome/150.0.7871.186 Mobile Safari/537.36 (compatible; Googlebot/2.1; +http://www.google.com/bot.html)"
66.249.66.42 - - [31/Jul/2026:19:07:27 +0000] "GET /?l=4058578171100 HTTP/1.1" 200 11513 "-" "Mozilla/5.0 (Linux; Android 6.0.1; Nexus 5X Build/MMB29P) AppleWebKit/537.36 (KHTML, like Gecko) Chrome/150.0.7871.186 Mobile Safari/537.36 (compatible; Googlebot/2.1; +http://www.google.com/bot.html)"
66.249.66.42 - - [31/Jul/2026:19:07:27 +0000] "GET /goods.php?b=282950931100 HTTP/1.1" 404 7405 "-" "Mozilla/5.0 (Linux; Android 6.0.1; Nexus 5X Build/MMB29P) AppleWebKit/537.36 (KHTML, like Gecko) Chrome/150.0.7871.186 Mobile Safari/537.36 (compatible; Googlebot/2.1; +http://www.google.com/bot.html)"
66.249.66.42 - - [31/Jul/2026:19:07:31 +0000] "GET /goods.php?b=291420791100 HTTP/1.1" 404 7406 "-" "Mozilla/5.0 (Linux; Android 6.0.1; Nexus 5X Build/MMB29P) AppleWebKit/537.36 (KHTML, like Gecko) Chrome/150.0.7871.186 Mobile Safari/537.36 (compatible; Googlebot/2.1; +http://www.google.com/bot.html)"
66.249.76.128 - - [31/Jul/2026:19:07:35 +0000] "GET /goods.php?b=275010311100 HTTP/1.1" 404 7406 "-" "Mozilla/5.0 (Linux; Android 6.0.1; Nexus 5X Build/MMB29P) AppleWebKit/537.36 (KHTML, like Gecko) Chrome/150.0.7871.186 Mobile Safari/537.36 (compatible; Googlebot/2.1; +http://www.google.com/bot.html)"
66.249.66.42 - - [31/Jul/2026:19:07:39 +0000] "GET /goods.php?b=278175651100 HTTP/1.1" 404 7406 "-" "Mozilla/5.0 (Linux; Android 6.0.1; Nexus 5X Build/MMB29P) AppleWebKit/537.36 (KHTML, like Gecko) Chrome/150.0.7871.186 Mobile Safari/537.36 (compatible; Googlebot/2.1; +http://www.google.com/bot.html)"
66.249.76.128 - - [31/Jul/2026:19:07:42 +0000] "GET /goods.php?product/review/2559379831100 HTTP/1.1" 404 7406 "-" "Mozilla/5.0 (Linux; Android 6.0.1; Nexus 5X Build/MMB29P) AppleWebKit/537.36 (KHTML, like Gecko) Chrome/150.0.7871.186 Mobile Safari/537.36 (compatible; Googlebot/2.1; +http://www.google.com/bot.html)"
66.249.66.42 - - [31/Jul/2026:19:07:42 +0000] "GET /goods.php?b=621563531100 HTTP/1.1" 404 7406 "-" "Mozilla/5.0 (Linux; Android 6.0.1; Nexus 5X Build/MMB29P) AppleWebKit/537.36 (KHTML, like Gecko) Chrome/150.0.7871.186 Mobile Safari/537.36 (compatible; Googlebot/2.1; +http://www.google.com/bot.html)"
66.249.66.42 - - [31/Jul/2026:19:07:46 +0000] "GET /goods.php?b=1228888651100 HTTP/1.1" 404 7405 "-" "Mozilla/5.0 (Linux; Android 6.0.1; Nexus 5X Build/MMB29P) AppleWebKit/537.36 (KHTML, like Gecko) Chrome/150.0.7871.186 Mobile Safari/537.36 (compatible; Googlebot/2.1; +http://www.google.com/bot.html)"
66.249.76.128 - - [31/Jul/2026:19:07:49 +0000] "GET /goods.php?product/category/view_more/316753611100 HTTP/1.1" 404 7406 "-" "Mozilla/5.0 (Linux; Android 6.0.1; Nexus 5X Build/MMB29P) AppleWebKit/537.36 (KHTML, like Gecko) Chrome/150.0.7871.186 Mobile Safari/537.36 (compatible; Googlebot/2.1; +http://www.google.com/bot.html)"
216.73.216.177 - - [31/Jul/2026:19:07:54 +0000] "GET /?l=10444982491100 HTTP/2" 200 11513 "-" "Mozilla/5.0 AppleWebKit/537.36 (KHTML, like Gecko; compatible; ClaudeBot/1.0; +claudebot@anthropic.com)"
66.249.76.128 - - [31/Jul/2026:19:07:55 +0000] "GET /goods.php?b=77078591100 HTTP/1.1" 404 7406 "-" "Mozilla/5.0 (Linux; Android 6.0.1; Nexus 5X Build/MMB29P) AppleWebKit/537.36 (KHTML, like Gecko) Chrome/150.0.7871.186 Mobile Safari/537.36 (compatible; Googlebot/2.1; +http://www.google.com/bot.html)"
216.73.216.177 - - [31/Jul/2026:19:07:59 +0000] "GET /?l=34410558331100 HTTP/2" 429 0 "-" "Mozilla/5.0 AppleWebKit/537.36 (KHTML, like Gecko; compatible; ClaudeBot/1.0; +claudebot@anthropic.com)"
66.249.66.42 - - [31/Jul/2026:19:07:59 +0000] "GET /goods.php?b=2266885851100 HTTP/1.1" 404 7406 "-" "Mozilla/5.0 (Linux; Android 6.0.1; Nexus 5X Build/MMB29P) AppleWebKit/537.36 (KHTML, like Gecko) Chrome/150.0.7871.186 Mobile Safari/537.36 (compatible; Googlebot/2.1; +http://www.google.com/bot.html)"
216.73.216.177 - - [31/Jul/2026:19:08:04 +0000] "GET /?l=27046780171100 HTTP/2" 429 0 "-" "Mozilla/5.0 AppleWebKit/537.36 (KHTML, like Gecko; compatible; ClaudeBot/1.0; +claudebot@anthropic.com)"
66.249.66.42 - - [31/Jul/2026:19:08:05 +0000] "GET /goods.php?productSearch/pictureSearch?id=3689577911100 HTTP/1.1" 404 7406 "-" "Mozilla/5.0 (Linux; Android 6.0.1; Nexus 5X Build/MMB29P) AppleWebKit/537.36 (KHTML, like Gecko) Chrome/150.0.7871.186 Mobile Safari/537.36 (compatible; Googlebot/2.1; +http://www.google.com/bot.html)"
66.249.76.128 - - [31/Jul/2026:19:08:06 +0000] "GET /goods.php?shop/sold?id=top1452050171100 HTTP/1.1" 404 7406 "-" "Mozilla/5.0 (Linux; Android 6.0.1; Nexus 5X Build/MMB29P) AppleWebKit/537.36 (KHTML, like Gecko) Chrome/150.0.7871.186 Mobile Safari/537.36 (compatible; Googlebot/2.1; +http://www.google.com/bot.html)"
66.249.66.42 - - [31/Jul/2026:19:08:07 +0000] "GET /goods.php?b=2274081091100 HTTP/1.1" 404 7406 "-" "Mozilla/5.0 (Linux; Android 6.0.1; Nexus 5X Build/MMB29P) AppleWebKit/537.36 (KHTML, like Gecko) Chrome/150.0.7871.186 Mobile Safari/537.36 (compatible; Googlebot/2.1; +http://www.google.com/bot.html)"
216.73.216.177 - - [31/Jul/2026:19:08:09 +0000] "GET /?l=30910975931100 HTTP/2" 429 0 "-" "Mozilla/5.0 AppleWebKit/537.36 (KHTML, like Gecko; compatible; ClaudeBot/1.0; +claudebot@anthropic.com)"
66.249.66.42 - - [31/Jul/2026:19:08:10 +0000] "GET /?item%2F19435063571204_html HTTP/1.1" 200 11513 "-" "Mozilla/5.0 (Linux; Android 6.0.1; Nexus 5X Build/MMB29P) AppleWebKit/537.36 (KHTML, like Gecko) Chrome/150.0.7871.186 Mobile Safari/537.36 (compatible; Googlebot/2.1; +http://www.google.com/bot.html)"
66.249.76.128 - - [31/Jul/2026:19:08:14 +0000] "GET /goods.php?productSearch/pictureSearch?id=3720845491100 HTTP/1.1" 404 7406 "-" "Mozilla/5.0 (Linux; Android 6.0.1; Nexus 5X Build/MMB29P) AppleWebKit/537.36 (KHTML, like Gecko) Chrome/150.0.7871.186 Mobile Safari/537.36 (compatible; Googlebot/2.1; +http://www.google.com/bot.html)"
66.249.66.42 - - [31/Jul/2026:19:08:21 +0000] "GET /goods.php?b=1207961451100 HTTP/1.1" 404 7405 "-" "Mozilla/5.0 (Linux; Android 6.0.1; Nexus 5X Build/MMB29P) AppleWebKit/537.36 (KHTML, like Gecko) Chrome/150.0.7871.186 Mobile Safari/537.36 (compatible; Googlebot/2.1; +http://www.google.com/bot.html)"
216.73.216.177 - - [31/Jul/2026:19:08:22 +0000] "GET /?l=13939184891100 HTTP/2" 429 0 "-" "Mozilla/5.0 AppleWebKit/537.36 (KHTML, like Gecko; compatible; ClaudeBot/1.0; +claudebot@anthropic.com)"
66.249.66.42 - - [31/Jul/2026:19:08:24 +0000] "GET /goods.php?b=3481075531100 HTTP/1.1" 404 7406 "-" "Mozilla/5.0 (Linux; Android 6.0.1; Nexus 5X Build/MMB29P) AppleWebKit/537.36 (KHTML, like Gecko) Chrome/150.0.7871.186 Mobile Safari/537.36 (compatible; Googlebot/2.1; +http://www.google.com/bot.html)"
216.73.216.177 - - [31/Jul/2026:19:08:26 +0000] "GET /?l=7861248251100 HTTP/2" 429 0 "-" "Mozilla/5.0 AppleWebKit/537.36 (KHTML, like Gecko; compatible; ClaudeBot/1.0; +claudebot@anthropic.com)"
66.249.66.42 - - [31/Jul/2026:19:08:28 +0000] "GET /goods.php?b=3484780211100 HTTP/1.1" 404 7406 "-" "Mozilla/5.0 (Linux; Android 6.0.1; Nexus 5X Build/MMB29P) AppleWebKit/537.36 (KHTML, like Gecko) Chrome/150.0.7871.186 Mobile Safari/537.36 (compatible; Googlebot/2.1; +http://www.google.com/bot.html)"
216.73.216.177 - - [31/Jul/2026:19:08:30 +0000] "GET /?l=36856134171100 HTTP/2" 429 0 "-" "Mozilla/5.0 AppleWebKit/537.36 (KHTML, like Gecko; compatible; ClaudeBot/1.0; +claudebot@anthropic.com)"
66.249.76.128 - - [31/Jul/2026:19:08:34 +0000] "GET /goods.php?b=3482705671100 HTTP/1.1" 404 7406 "-" "Mozilla/5.0 (Linux; Android 6.0.1; Nexus 5X Build/MMB29P) AppleWebKit/537.36 (KHTML, like Gecko) Chrome/150.0.7871.186 Mobile Safari/537.36 (compatible; Googlebot/2.1; +http://www.google.com/bot.html)"
216.73.216.177 - - [31/Jul/2026:19:08:35 +0000] "GET /?l=38564391771100 HTTP/2" 429 0 "-" "Mozilla/5.0 AppleWebKit/537.36 (KHTML, like Gecko; compatible; ClaudeBot/1.0; +claudebot@anthropic.com)"
66.249.76.128 - - [31/Jul/2026:19:08:36 +0000] "GET /goods.php?productSearch/pictureSearch?id=3482249151100 HTTP/1.1" 404 7406 "-" "Mozilla/5.0 (Linux; Android 6.0.1; Nexus 5X Build/MMB29P) AppleWebKit/537.36 (KHTML, like Gecko) Chrome/150.0.7871.186 Mobile Safari/537.36 (compatible; Googlebot/2.1; +http://www.google.com/bot.html)"
216.73.216.177 - - [31/Jul/2026:19:08:40 +0000] "GET /?l=21567164091100 HTTP/2" 200 11520 "-" "Mozilla/5.0 AppleWebKit/537.36 (KHTML, like Gecko; compatible; ClaudeBot/1.0; +claudebot@anthropic.com)"
66.249.76.128 - - [31/Jul/2026:19:08:41 +0000] "GET /goods.php?b=2006895691100 HTTP/1.1" 404 7405 "-" "Mozilla/5.0 (Linux; Android 6.0.1; Nexus 5X Build/MMB29P) AppleWebKit/537.36 (KHTML, like Gecko) Chrome/150.0.7871.186 Mobile Safari/537.36 (compatible; Googlebot/2.1; +http://www.google.com/bot.html)"
66.249.76.128 - - [31/Jul/2026:19:08:43 +0000] "GET /goods.php?shop/sold?id=top1387127371100 HTTP/1.1" 404 7406 "-" "Mozilla/5.0 (Linux; Android 6.0.1; Nexus 5X Build/MMB29P) AppleWebKit/537.36 (KHTML, like Gecko) Chrome/150.0.7871.186 Mobile Safari/537.36 (compatible; Googlebot/2.1; +http://www.google.com/bot.html)"
216.73.216.177 - - [31/Jul/2026:19:08:46 +0000] "GET /?l=39253591291100 HTTP/2" 429 0 "-" "Mozilla/5.0 AppleWebKit/537.36 (KHTML, like Gecko; compatible; ClaudeBot/1.0; +claudebot@anthropic.com)"
66.249.66.42 - - [31/Jul/2026:19:08:47 +0000] "GET /goods.php?b=409833191100 HTTP/1.1" 404 7406 "-" "Mozilla/5.0 (Linux; Android 6.0.1; Nexus 5X Build/MMB29P) AppleWebKit/537.36 (KHTML, like Gecko) Chrome/150.0.7871.186 Mobile Safari/537.36 (compatible; Googlebot/2.1; +http://www.google.com/bot.html)"
66.249.66.42 - - [31/Jul/2026:19:08:50 +0000] "GET /goods.php?b=2014444431100 HTTP/1.1" 404 7405 "-" "Mozilla/5.0 (Linux; Android 6.0.1; Nexus 5X Build/MMB29P) AppleWebKit/537.36 (KHTML, like Gecko) Chrome/150.0.7871.186 Mobile Safari/537.36 (compatible; Googlebot/2.1; +http://www.google.com/bot.html)"
216.73.216.177 - - [31/Jul/2026:19:08:50 +0000] "GET /?l=32315650891100 HTTP/2" 429 0 "-" "Mozilla/5.0 AppleWebKit/537.36 (KHTML, like Gecko; compatible; ClaudeBot/1.0; +claudebot@anthropic.com)"
185.106.30.43 - - [31/Jul/2026:19:08:52 +0000] "GET /?l=30093495691100 HTTP/2" 200 11513 "https://lawreports.online" "Mozilla/5.0 (Windows NT 10.0; Win64; x64) AppleWebKit/537.36 (KHTML, like Gecko) Chrome/144.0.0.0 Safari/537.36"
216.73.216.177 - - [31/Jul/2026:19:08:55 +0000] "GET /?l=34143860971100 HTTP/2" 429 0 "-" "Mozilla/5.0 AppleWebKit/537.36 (KHTML, like Gecko; compatible; ClaudeBot/1.0; +claudebot@anthropic.com)"
66.249.66.42 - - [31/Jul/2026:19:08:55 +0000] "GET /goods.php?b=78918811100 HTTP/1.1" 404 7406 "-" "Mozilla/5.0 (Linux; Android 6.0.1; Nexus 5X Build/MMB29P) AppleWebKit/537.36 (KHTML, like Gecko) Chrome/150.0.7871.186 Mobile Safari/537.36 (compatible; Googlebot/2.1; +http://www.google.com/bot.html)"
66.249.66.42 - - [31/Jul/2026:19:08:57 +0000] "GET /?item%2F26082836134791_html HTTP/1.1" 200 11511 "-" "Mozilla/5.0 (Linux; Android 6.0.1; Nexus 5X Build/MMB29P) AppleWebKit/537.36 (KHTML, like Gecko) Chrome/150.0.7871.186 Mobile Safari/537.36 (compatible; Googlebot/2.1; +http://www.google.com/bot.html)"
216.73.216.177 - - [31/Jul/2026:19:09:00 +0000] "GET /?l=23153833691100 HTTP/2" 429 0 "-" "Mozilla/5.0 AppleWebKit/537.36 (KHTML, like Gecko; compatible; ClaudeBot/1.0; +claudebot@anthropic.com)"
66.249.76.129 - - [31/Jul/2026:19:09:03 +0000] "GET /goods.php?b=3174160771100 HTTP/1.1" 404 7406 "-" "Mozilla/5.0 (Linux; Android 6.0.1; Nexus 5X Build/MMB29P) AppleWebKit/537.36 (KHTML, like Gecko) Chrome/150.0.7871.186 Mobile Safari/537.36 (compatible; Googlebot/2.1; +http://www.google.com/bot.html)"
216.73.216.177 - - [31/Jul/2026:19:09:06 +0000] "GET /?l=11307224331100 HTTP/2" 429 0 "-" "Mozilla/5.0 AppleWebKit/537.36 (KHTML, like Gecko; compatible; ClaudeBot/1.0; +claudebot@anthropic.com)"
216.73.216.177 - - [31/Jul/2026:19:09:11 +0000] "GET /?l=17591882091100 HTTP/2" 429 0 "-" "Mozilla/5.0 AppleWebKit/537.36 (KHTML, like Gecko; compatible; ClaudeBot/1.0; +claudebot@anthropic.com)"
66.249.66.43 - - [31/Jul/2026:19:09:11 +0000] "GET /goods.php?b=1213320511100 HTTP/1.1" 404 7406 "-" "Mozilla/5.0 (Linux; Android 6.0.1; Nexus 5X Build/MMB29P) AppleWebKit/537.36 (KHTML, like Gecko) Chrome/150.0.7871.186 Mobile Safari/537.36 (compatible; Googlebot/2.1; +http://www.google.com/bot.html)"
66.249.66.42 - - [31/Jul/2026:19:09:16 +0000] "GET /goods.php?product/category/view_more/3854603831100 HTTP/1.1" 404 7406 "-" "Mozilla/5.0 (Linux; Android 6.0.1; Nexus 5X Build/MMB29P) AppleWebKit/537.36 (KHTML, like Gecko) Chrome/150.0.7871.186 Mobile Safari/537.36 (compatible; Googlebot/2.1; +http://www.google.com/bot.html)"
216.73.216.177 - - [31/Jul/2026:19:09:16 +0000] "GET /?l=35363915851100 HTTP/2" 429 0 "-" "Mozilla/5.0 AppleWebKit/537.36 (KHTML, like Gecko; compatible; ClaudeBot/1.0; +claudebot@anthropic.com)"
66.249.66.42 - - [31/Jul/2026:19:09:16 +0000] "GET /goods.php?b=961307331100 HTTP/1.1" 404 7406 "-" "Mozilla/5.0 (Linux; Android 6.0.1; Nexus 5X Build/MMB29P) AppleWebKit/537.36 (KHTML, like Gecko) Chrome/150.0.7871.186 Mobile Safari/537.36 (compatible; Googlebot/2.1; +http://www.google.com/bot.html)"
66.249.76.128 - - [31/Jul/2026:19:09:18 +0000] "GET /goods.php?b=3986847171100 HTTP/1.1" 404 7406 "-" "Mozilla/5.0 (Linux; Android 6.0.1; Nexus 5X Build/MMB29P) AppleWebKit/537.36 (KHTML, like Gecko) Chrome/150.0.7871.186 Mobile Safari/537.36 (compatible; Googlebot/2.1; +http://www.google.com/bot.html)"
216.73.216.177 - - [31/Jul/2026:19:09:21 +0000] "GET /?l=29105921371100 HTTP/2" 429 0 "-" "Mozilla/5.0 AppleWebKit/537.36 (KHTML, like Gecko; compatible; ClaudeBot/1.0; +claudebot@anthropic.com)"
66.249.66.42 - - [31/Jul/2026:19:09:22 +0000] "GET /goods.php?b=3126102951100 HTTP/1.1" 404 7406 "-" "Mozilla/5.0 (Linux; Android 6.0.1; Nexus 5X Build/MMB29P) AppleWebKit/537.36 (KHTML, like Gecko) Chrome/150.0.7871.186 Mobile Safari/537.36 (compatible; Googlebot/2.1; +http://www.google.com/bot.html)"
66.249.66.42 - - [31/Jul/2026:19:09:26 +0000] "GET /goods.php?b=3486693151100 HTTP/1.1" 404 7406 "-" "Mozilla/5.0 (Linux; Android 6.0.1; Nexus 5X Build/MMB29P) AppleWebKit/537.36 (KHTML, like Gecko) Chrome/150.0.7871.186 Mobile Safari/537.36 (compatible; Googlebot/2.1; +http://www.google.com/bot.html)"
216.73.216.177 - - [31/Jul/2026:19:09:27 +0000] "GET /?l=29393062731100 HTTP/2" 200 11513 "-" "Mozilla/5.0 AppleWebKit/537.36 (KHTML, like Gecko; compatible; ClaudeBot/1.0; +claudebot@anthropic.com)"
66.249.76.128 - - [31/Jul/2026:19:09:27 +0000] "GET /goods.php?b=1709971851100 HTTP/1.1" 404 7406 "-" "Mozilla/5.0 (Linux; Android 6.0.1; Nexus 5X Build/MMB29P) AppleWebKit/537.36 (KHTML, like Gecko) Chrome/150.0.7871.186 Mobile Safari/537.36 (compatible; Googlebot/2.1; +http://www.google.com/bot.html)"
